[INFO] cloning repository https://github.com/Lexicality/wsl-relay2
[INFO] running `Command { std: "git" "-c" "credential.helper=" "-c" "credential.helper=/workspace/cargo-home/bin/git-credential-null" "clone" "--bare" "https://github.com/Lexicality/wsl-relay2" "/workspace/cache/git-repos/https%3A%2F%2Fgithub.com%2FLexicality%2Fwsl-relay2", kill_on_drop: false }`
[INFO] [stderr] Cloning into bare repository '/workspace/cache/git-repos/https%3A%2F%2Fgithub.com%2FLexicality%2Fwsl-relay2'...
[INFO] running `Command { std: "git" "rev-parse" "HEAD", kill_on_drop: false }`
[INFO] [stdout] 3578d4b3e2b84ad69b4db4543c12c6cdd081d398
[INFO] documenting Lexicality/wsl-relay2 against 1.75.0 for beta-1.76-rustdoc-1
[INFO] running `Command { std: "git" "clone" "/workspace/cache/git-repos/https%3A%2F%2Fgithub.com%2FLexicality%2Fwsl-relay2" "/workspace/builds/worker-2-tc1/source", kill_on_drop: false }`
[INFO] [stderr] Cloning into '/workspace/builds/worker-2-tc1/source'...
[INFO] [stderr] done.
[INFO] validating manifest of git repo https://github.com/Lexicality/wsl-relay2 on toolchain 1.75.0
[INFO] running `Command { std: CARGO_HOME="/workspace/cargo-home" RUSTUP_HOME="/workspace/rustup-home" "/workspace/cargo-home/bin/cargo" "+1.75.0" "metadata" "--manifest-path" "Cargo.toml" "--no-deps", kill_on_drop: false }`
[INFO] removed /workspace/builds/worker-2-tc1/source/.cargo/config.toml
[INFO] started tweaking git repo https://github.com/Lexicality/wsl-relay2
[INFO] finished tweaking git repo https://github.com/Lexicality/wsl-relay2
[INFO] tweaked toml for git repo https://github.com/Lexicality/wsl-relay2 written to /workspace/builds/worker-2-tc1/source/Cargo.toml
[INFO] crate git repo https://github.com/Lexicality/wsl-relay2 already has a lockfile, it will not be regenerated
[INFO] running `Command { std: CARGO_HOME="/workspace/cargo-home" RUSTUP_HOME="/workspace/rustup-home" "/workspace/cargo-home/bin/cargo" "+1.75.0" "fetch" "--manifest-path" "Cargo.toml", kill_on_drop: false }`
[INFO] [stderr]     Updating crates.io index
[INFO] [stderr]  Downloading crates ...
[INFO] [stderr]   Downloaded windows-named-pipe v0.1.0
[INFO] running `Command { std: "docker" "create" "-v" "/var/lib/crater-agent-workspace/builds/worker-2-tc1/target:/opt/rustwide/target:rw,Z" "-v" "/var/lib/crater-agent-workspace/builds/worker-2-tc1/source:/opt/rustwide/workdir:ro,Z" "-v" "/var/lib/crater-agent-workspace/cargo-home:/opt/rustwide/cargo-home:ro,Z" "-v" "/var/lib/crater-agent-workspace/rustup-home:/opt/rustwide/rustup-home:ro,Z" "-e" "SOURCE_DIR=/opt/rustwide/workdir" "-e" "CARGO_TARGET_DIR=/opt/rustwide/target" "-e" "CARGO_HOME=/opt/rustwide/cargo-home" "-e" "RUSTUP_HOME=/opt/rustwide/rustup-home" "-w" "/opt/rustwide/workdir" "-m" "1610612736" "--user" "0:0" "--network" "none" "ghcr.io/rust-lang/crates-build-env/linux@sha256:2788e3201cd34a07e3172128adcd8b3090168a8e3bcc40d7c032b9dda1df7d1c" "/opt/rustwide/cargo-home/bin/cargo" "+1.75.0" "metadata" "--no-deps" "--format-version=1", kill_on_drop: false }`
[INFO] [stdout] 764329d6df5d7489e96053d91acc06081a04c26469a33e77f27277ff7e2212f5
[INFO] running `Command { std: "docker" "start" "-a" "764329d6df5d7489e96053d91acc06081a04c26469a33e77f27277ff7e2212f5", kill_on_drop: false }`
[INFO] running `Command { std: "docker" "inspect" "764329d6df5d7489e96053d91acc06081a04c26469a33e77f27277ff7e2212f5", kill_on_drop: false }`
[INFO] running `Command { std: "docker" "rm" "-f" "764329d6df5d7489e96053d91acc06081a04c26469a33e77f27277ff7e2212f5", kill_on_drop: false }`
[INFO] [stdout] 764329d6df5d7489e96053d91acc06081a04c26469a33e77f27277ff7e2212f5
[INFO] running `Command { std: "docker" "create" "-v" "/var/lib/crater-agent-workspace/builds/worker-2-tc1/target:/opt/rustwide/target:rw,Z" "-v" "/var/lib/crater-agent-workspace/builds/worker-2-tc1/source:/opt/rustwide/workdir:ro,Z" "-v" "/var/lib/crater-agent-workspace/cargo-home:/opt/rustwide/cargo-home:ro,Z" "-v" "/var/lib/crater-agent-workspace/rustup-home:/opt/rustwide/rustup-home:ro,Z" "-e" "SOURCE_DIR=/opt/rustwide/workdir" "-e" "CARGO_TARGET_DIR=/opt/rustwide/target" "-e" "CARGO_INCREMENTAL=0" "-e" "RUST_BACKTRACE=full" "-e" "RUSTFLAGS=--cap-lints=warn" "-e" "RUSTDOCFLAGS=--cap-lints=warn" "-e" "CARGO_HOME=/opt/rustwide/cargo-home" "-e" "RUSTUP_HOME=/opt/rustwide/rustup-home" "-w" "/opt/rustwide/workdir" "-m" "1610612736" "--user" "0:0" "--network" "none" "ghcr.io/rust-lang/crates-build-env/linux@sha256:2788e3201cd34a07e3172128adcd8b3090168a8e3bcc40d7c032b9dda1df7d1c" "/opt/rustwide/cargo-home/bin/cargo" "+1.75.0" "doc" "--frozen" "--no-deps" "--document-private-items" "--message-format=json", kill_on_drop: false }`
[INFO] [stdout] 1e5aae79cb6e916cf9043221aaa55b8959a94f669ff2f4e04704ed5946705fff
[INFO] running `Command { std: "docker" "start" "-a" "1e5aae79cb6e916cf9043221aaa55b8959a94f669ff2f4e04704ed5946705fff", kill_on_drop: false }`
[INFO] [stderr]    Compiling libc v0.2.132
[INFO] [stderr]    Compiling proc-macro2 v1.0.43
[INFO] [stderr]    Compiling unicode-ident v1.0.3
[INFO] [stderr]    Compiling quote v1.0.21
[INFO] [stderr]    Compiling version_check v0.9.4
[INFO] [stderr]    Compiling syn v1.0.99
[INFO] [stderr]    Compiling log v0.4.17
[INFO] [stderr]    Compiling lock_api v0.4.8
[INFO] [stderr]    Compiling parking_lot_core v0.9.3
[INFO] [stderr]    Compiling winapi-build v0.1.1
[INFO] [stderr]    Compiling proc-macro-error-attr v1.0.4
[INFO] [stderr]    Compiling proc-macro-error v1.0.4
[INFO] [stderr]    Compiling kernel32-sys v0.2.2
[INFO] [stderr]    Compiling indexmap v1.9.1
[INFO] [stderr]    Compiling memchr v2.5.0
[INFO] [stderr]     Checking scopeguard v1.1.0
[INFO] [stderr]     Checking smallvec v1.9.0
[INFO] [stderr]    Compiling tokio v1.21.0
[INFO] [stderr]     Checking itoa v1.0.3
[INFO] [stderr]    Compiling time-macros v0.2.4
[INFO] [stderr]    Compiling winapi v0.3.9
[INFO] [stderr]     Checking winapi v0.2.8
[INFO] [stderr]     Checking once_cell v1.14.0
[INFO] [stderr]    Compiling heck v0.4.0
[INFO] [stderr]     Checking hashbrown v0.12.3
[INFO] [stderr]     Checking num_threads v0.1.6
[INFO] [stderr]     Checking os_str_bytes v6.3.0
[INFO] [stderr]     Checking atty v0.2.14
[INFO] [stderr]     Checking clap_lex v0.2.4
[INFO] [stderr]     Checking colored v2.0.0
[INFO] [stderr]     Checking parking_lot v0.12.1
[INFO] [stderr]     Checking signal-hook-registry v1.4.0
[INFO] [stderr]     Checking mio v0.8.4
[INFO] [stderr]     Checking num_cpus v1.13.1
[INFO] [stderr]     Checking socket2 v0.4.7
[INFO] [stderr]     Checking strsim v0.10.0
[INFO] [stderr]     Checking termcolor v1.1.3
[INFO] [stderr]     Checking textwrap v0.15.0
[INFO] [stderr]     Checking bytes v1.2.1
[INFO] [stderr]     Checking pin-project-lite v0.2.9
[INFO] [stderr]     Checking windows-named-pipe v0.1.0
[INFO] [stderr]     Checking humantime v2.1.0
[INFO] [stderr]     Checking time v0.3.14
[INFO] [stderr]     Checking simple_logger v2.3.0
[INFO] [stderr]    Compiling tokio-macros v1.8.0
[INFO] [stderr]    Compiling clap_derive v3.2.18
[INFO] [stderr]     Checking clap v3.2.20
[INFO] [stderr]     Checking wsl-relay v0.1.0 (/opt/rustwide/workdir)
[INFO] [stderr]  Documenting wsl-relay v0.1.0 (/opt/rustwide/workdir)
[INFO] [stdout] error[E0433]: failed to resolve: could not find `windows` in `net`
[INFO] [stdout]   --> src/pipe.rs:21:17
[INFO] [stdout]    |
[INFO] [stdout] 21 | use tokio::net::windows::named_pipe::{ClientOptions, NamedPipeClient};
[INFO] [stdout]    |                 ^^^^^^^ could not find `windows` in `net`
[INFO] [stdout] 
[INFO] [stdout] 
[INFO] [stdout] error[E0432]: unresolved import `winapi::shared`
[INFO] [stdout]   --> src/pipe.rs:23:13
[INFO] [stdout]    |
[INFO] [stdout] 23 | use winapi::shared::winerror;
[INFO] [stdout]    |             ^^^^^^ could not find `shared` in `winapi`
[INFO] [stdout] 
[INFO] [stdout] 
[INFO] [stdout] error[E0433]: failed to resolve: could not find `windows` in `net`
[INFO] [stdout]   --> src/pipe.rs:21:17
[INFO] [stdout]    |
[INFO] [stdout] 21 | use tokio::net::windows::named_pipe::{ClientOptions, NamedPipeClient};
[INFO] [stdout]    |                 ^^^^^^^ could not find `windows` in `net`
[INFO] [stdout] 
[INFO] [stdout] 
[INFO] [stdout] error[E0432]: unresolved import `winapi::shared`
[INFO] [stdout]   --> src/pipe.rs:23:13
[INFO] [stdout]    |
[INFO] [stdout] 23 | use winapi::shared::winerror;
[INFO] [stdout]    |             ^^^^^^ could not find `shared` in `winapi`
[INFO] [stdout] 
[INFO] [stdout] 
[INFO] [stdout] error: aborting due to 2 previous errors
[INFO] [stdout] 
[INFO] [stdout] 
[INFO] [stdout] Some errors have detailed explanations: E0432, E0433.
[INFO] [stdout] 
[INFO] [stdout] For more information about an error, try `rustc --explain E0432`.
[INFO] [stdout] 
[INFO] [stderr] error: could not document `wsl-relay`
[INFO] [stderr] 
[INFO] [stderr] Caused by:
[INFO] [stderr]   process didn't exit successfully: `/opt/rustwide/rustup-home/toolchains/1.75.0-x86_64-unknown-linux-gnu/bin/rustdoc --edition=2021 --crate-type lib --crate-name wsl_relay src/lib.rs -o /opt/rustwide/target/doc --error-format=json --json=diagnostic-rendered-ansi,artifacts,future-incompat --document-private-items -C metadata=f0ce1e65a0eca4b7 -L dependency=/opt/rustwide/target/debug/deps --extern clap=/opt/rustwide/target/debug/deps/libclap-92329dfceced8652.rmeta --extern humantime=/opt/rustwide/target/debug/deps/libhumantime-83a3e6f398a7428c.rmeta --extern log=/opt/rustwide/target/debug/deps/liblog-db3182d8979d3809.rmeta --extern simple_logger=/opt/rustwide/target/debug/deps/libsimple_logger-53f4a0368a135d94.rmeta --extern tokio=/opt/rustwide/target/debug/deps/libtokio-8e81551865868824.rmeta --extern winapi=/opt/rustwide/target/debug/deps/libwinapi-246bf9908bc46141.rmeta --extern windows_named_pipe=/opt/rustwide/target/debug/deps/libwindows_named_pipe-af298bbb51bc0ac2.rmeta --cap-lints=warn --crate-version 0.1.0` (exit status: 1)
[INFO] [stderr] warning: build failed, waiting for other jobs to finish...
[INFO] [stdout] error: aborting due to 2 previous errors
[INFO] [stdout] 
[INFO] [stdout] 
[INFO] [stdout] Some errors have detailed explanations: E0432, E0433.
[INFO] [stdout] 
[INFO] [stdout] For more information about an error, try `rustc --explain E0432`.
[INFO] [stdout] 
[INFO] [stderr] error: could not compile `wsl-relay` (lib) due to 3 previous errors
[INFO] running `Command { std: "docker" "inspect" "1e5aae79cb6e916cf9043221aaa55b8959a94f669ff2f4e04704ed5946705fff", kill_on_drop: false }`
[INFO] running `Command { std: "docker" "rm" "-f" "1e5aae79cb6e916cf9043221aaa55b8959a94f669ff2f4e04704ed5946705fff", kill_on_drop: false }`
[INFO] [stdout] 1e5aae79cb6e916cf9043221aaa55b8959a94f669ff2f4e04704ed5946705fff
[INFO] documenting Lexicality/wsl-relay2 against beta-2023-12-22 for beta-1.76-rustdoc-1
[INFO] running `Command { std: "git" "clone" "/workspace/cache/git-repos/https%3A%2F%2Fgithub.com%2FLexicality%2Fwsl-relay2" "/workspace/builds/worker-2-tc2/source", kill_on_drop: false }`
[INFO] [stderr] Cloning into '/workspace/builds/worker-2-tc2/source'...
[INFO] [stderr] done.
[INFO] validating manifest of git repo https://github.com/Lexicality/wsl-relay2 on toolchain beta-2023-12-22
[INFO] running `Command { std: CARGO_HOME="/workspace/cargo-home" RUSTUP_HOME="/workspace/rustup-home" "/workspace/cargo-home/bin/cargo" "+beta-2023-12-22" "metadata" "--manifest-path" "Cargo.toml" "--no-deps", kill_on_drop: false }`
[INFO] removed /workspace/builds/worker-2-tc2/source/.cargo/config.toml
[INFO] started tweaking git repo https://github.com/Lexicality/wsl-relay2
[INFO] finished tweaking git repo https://github.com/Lexicality/wsl-relay2
[INFO] tweaked toml for git repo https://github.com/Lexicality/wsl-relay2 written to /workspace/builds/worker-2-tc2/source/Cargo.toml
[INFO] crate git repo https://github.com/Lexicality/wsl-relay2 already has a lockfile, it will not be regenerated
[INFO] running `Command { std: CARGO_HOME="/workspace/cargo-home" RUSTUP_HOME="/workspace/rustup-home" "/workspace/cargo-home/bin/cargo" "+beta-2023-12-22" "fetch" "--manifest-path" "Cargo.toml", kill_on_drop: false }`
[INFO] running `Command { std: "docker" "create" "-v" "/var/lib/crater-agent-workspace/builds/worker-2-tc2/target:/opt/rustwide/target:rw,Z" "-v" "/var/lib/crater-agent-workspace/builds/worker-2-tc2/source:/opt/rustwide/workdir:ro,Z" "-v" "/var/lib/crater-agent-workspace/cargo-home:/opt/rustwide/cargo-home:ro,Z" "-v" "/var/lib/crater-agent-workspace/rustup-home:/opt/rustwide/rustup-home:ro,Z" "-e" "SOURCE_DIR=/opt/rustwide/workdir" "-e" "CARGO_TARGET_DIR=/opt/rustwide/target" "-e" "CARGO_HOME=/opt/rustwide/cargo-home" "-e" "RUSTUP_HOME=/opt/rustwide/rustup-home" "-w" "/opt/rustwide/workdir" "-m" "1610612736" "--user" "0:0" "--network" "none" "ghcr.io/rust-lang/crates-build-env/linux@sha256:2788e3201cd34a07e3172128adcd8b3090168a8e3bcc40d7c032b9dda1df7d1c" "/opt/rustwide/cargo-home/bin/cargo" "+beta-2023-12-22" "metadata" "--no-deps" "--format-version=1", kill_on_drop: false }`
[INFO] [stdout] b2ae330ec7818421869cdb86f5b62e65c5fb501ffadabcd732819dc7fa5d30f9
[INFO] running `Command { std: "docker" "start" "-a" "b2ae330ec7818421869cdb86f5b62e65c5fb501ffadabcd732819dc7fa5d30f9", kill_on_drop: false }`
[INFO] running `Command { std: "docker" "inspect" "b2ae330ec7818421869cdb86f5b62e65c5fb501ffadabcd732819dc7fa5d30f9", kill_on_drop: false }`
[INFO] running `Command { std: "docker" "rm" "-f" "b2ae330ec7818421869cdb86f5b62e65c5fb501ffadabcd732819dc7fa5d30f9", kill_on_drop: false }`
[INFO] [stdout] b2ae330ec7818421869cdb86f5b62e65c5fb501ffadabcd732819dc7fa5d30f9
[INFO] running `Command { std: "docker" "create" "-v" "/var/lib/crater-agent-workspace/builds/worker-2-tc2/target:/opt/rustwide/target:rw,Z" "-v" "/var/lib/crater-agent-workspace/builds/worker-2-tc2/source:/opt/rustwide/workdir:ro,Z" "-v" "/var/lib/crater-agent-workspace/cargo-home:/opt/rustwide/cargo-home:ro,Z" "-v" "/var/lib/crater-agent-workspace/rustup-home:/opt/rustwide/rustup-home:ro,Z" "-e" "SOURCE_DIR=/opt/rustwide/workdir" "-e" "CARGO_TARGET_DIR=/opt/rustwide/target" "-e" "CARGO_INCREMENTAL=0" "-e" "RUST_BACKTRACE=full" "-e" "RUSTFLAGS=--cap-lints=warn" "-e" "RUSTDOCFLAGS=--cap-lints=warn" "-e" "CARGO_HOME=/opt/rustwide/cargo-home" "-e" "RUSTUP_HOME=/opt/rustwide/rustup-home" "-w" "/opt/rustwide/workdir" "-m" "1610612736" "--user" "0:0" "--network" "none" "ghcr.io/rust-lang/crates-build-env/linux@sha256:2788e3201cd34a07e3172128adcd8b3090168a8e3bcc40d7c032b9dda1df7d1c" "/opt/rustwide/cargo-home/bin/cargo" "+beta-2023-12-22" "doc" "--frozen" "--no-deps" "--document-private-items" "--message-format=json", kill_on_drop: false }`
[INFO] [stdout] 0aa6903bac1f856d6eee62f992c8e6a410c25edbc2240716d9d9aa87b9f44877
[INFO] running `Command { std: "docker" "start" "-a" "0aa6903bac1f856d6eee62f992c8e6a410c25edbc2240716d9d9aa87b9f44877", kill_on_drop: false }`
[INFO] [stderr]    Compiling libc v0.2.132
[INFO] [stderr]    Compiling proc-macro2 v1.0.43
[INFO] [stderr]    Compiling unicode-ident v1.0.3
[INFO] [stderr]    Compiling quote v1.0.21
[INFO] [stderr]    Compiling version_check v0.9.4
[INFO] [stderr]    Compiling syn v1.0.99
[INFO] [stderr]    Compiling log v0.4.17
[INFO] [stderr]    Compiling lock_api v0.4.8
[INFO] [stderr]    Compiling winapi-build v0.1.1
[INFO] [stderr]    Compiling parking_lot_core v0.9.3
[INFO] [stderr]    Compiling proc-macro-error-attr v1.0.4
[INFO] [stderr]    Compiling proc-macro-error v1.0.4
[INFO] [stderr]    Compiling kernel32-sys v0.2.2
[INFO] [stderr]    Compiling indexmap v1.9.1
[INFO] [stderr]     Checking smallvec v1.9.0
[INFO] [stderr]    Compiling memchr v2.5.0
[INFO] [stderr]     Checking scopeguard v1.1.0
[INFO] [stderr]    Compiling tokio v1.21.0
[INFO] [stderr]     Checking winapi v0.2.8
[INFO] [stderr]     Checking once_cell v1.14.0
[INFO] [stderr]    Compiling heck v0.4.0
[INFO] [stderr]     Checking num_threads v0.1.6
[INFO] [stderr]    Compiling winapi v0.3.9
[INFO] [stderr]    Compiling time-macros v0.2.4
[INFO] [stderr]     Checking itoa v1.0.3
[INFO] [stderr]     Checking os_str_bytes v6.3.0
[INFO] [stderr]     Checking hashbrown v0.12.3
[INFO] [stderr]     Checking atty v0.2.14
[INFO] [stderr]     Checking clap_lex v0.2.4
[INFO] [stderr]     Checking colored v2.0.0
[INFO] [stderr]     Checking signal-hook-registry v1.4.0
[INFO] [stderr]     Checking parking_lot v0.12.1
[INFO] [stderr]     Checking num_cpus v1.13.1
[INFO] [stderr]     Checking mio v0.8.4
[INFO] [stderr]     Checking socket2 v0.4.7
[INFO] [stderr]     Checking pin-project-lite v0.2.9
[INFO] [stderr]     Checking strsim v0.10.0
[INFO] [stderr]     Checking bytes v1.2.1
[INFO] [stderr]     Checking termcolor v1.1.3
[INFO] [stderr]     Checking textwrap v0.15.0
[INFO] [stderr]     Checking windows-named-pipe v0.1.0
[INFO] [stderr]     Checking humantime v2.1.0
[INFO] [stderr]     Checking time v0.3.14
[INFO] [stderr]     Checking simple_logger v2.3.0
[INFO] [stderr]    Compiling tokio-macros v1.8.0
[INFO] [stderr]    Compiling clap_derive v3.2.18
[INFO] [stderr]     Checking clap v3.2.20
[INFO] [stderr]     Checking wsl-relay v0.1.0 (/opt/rustwide/workdir)
[INFO] [stderr]  Documenting wsl-relay v0.1.0 (/opt/rustwide/workdir)
[INFO] [stdout] error[E0433]: failed to resolve: could not find `windows` in `net`
[INFO] [stdout]   --> src/pipe.rs:21:17
[INFO] [stdout]    |
[INFO] [stdout] 21 | use tokio::net::windows::named_pipe::{ClientOptions, NamedPipeClient};
[INFO] [stdout]    |                 ^^^^^^^ could not find `windows` in `net`
[INFO] [stdout] 
[INFO] [stdout] 
[INFO] [stdout] error[E0432]: unresolved import `winapi::shared`
[INFO] [stdout]   --> src/pipe.rs:23:13
[INFO] [stdout]    |
[INFO] [stdout] 23 | use winapi::shared::winerror;
[INFO] [stdout]    |             ^^^^^^ could not find `shared` in `winapi`
[INFO] [stdout] 
[INFO] [stdout] 
[INFO] [stdout] error[E0433]: failed to resolve: could not find `windows` in `net`
[INFO] [stdout]   --> src/pipe.rs:21:17
[INFO] [stdout]    |
[INFO] [stdout] 21 | use tokio::net::windows::named_pipe::{ClientOptions, NamedPipeClient};
[INFO] [stdout]    |                 ^^^^^^^ could not find `windows` in `net`
[INFO] [stdout] 
[INFO] [stdout] 
[INFO] [stdout] error[E0432]: unresolved import `winapi::shared`
[INFO] [stdout]   --> src/pipe.rs:23:13
[INFO] [stdout]    |
[INFO] [stdout] 23 | use winapi::shared::winerror;
[INFO] [stdout]    |             ^^^^^^ could not find `shared` in `winapi`
[INFO] [stdout] 
[INFO] [stdout] 
[INFO] [stdout] error: aborting due to 2 previous errors
[INFO] [stdout] 
[INFO] [stdout] 
[INFO] [stdout] Some errors have detailed explanations: E0432, E0433.
[INFO] [stdout] 
[INFO] [stdout] For more information about an error, try `rustc --explain E0432`.
[INFO] [stdout] 
[INFO] [stderr] error: could not document `wsl-relay`
[INFO] [stderr] 
[INFO] [stderr] Caused by:
[INFO] [stderr]   process didn't exit successfully: `/opt/rustwide/rustup-home/toolchains/beta-2023-12-22-x86_64-unknown-linux-gnu/bin/rustdoc --edition=2021 --crate-type lib --crate-name wsl_relay src/lib.rs -o /opt/rustwide/target/doc --error-format=json --json=diagnostic-rendered-ansi,artifacts,future-incompat --document-private-items -C metadata=0cc9cf52f45eff36 -L dependency=/opt/rustwide/target/debug/deps --extern clap=/opt/rustwide/target/debug/deps/libclap-7e9f681f7336f118.rmeta --extern humantime=/opt/rustwide/target/debug/deps/libhumantime-6efabb14d770c104.rmeta --extern log=/opt/rustwide/target/debug/deps/liblog-50d361c8d69d49a5.rmeta --extern simple_logger=/opt/rustwide/target/debug/deps/libsimple_logger-5a0abe3481d4e180.rmeta --extern tokio=/opt/rustwide/target/debug/deps/libtokio-bf54571725bd9db1.rmeta --extern winapi=/opt/rustwide/target/debug/deps/libwinapi-77ab1174dd606ae2.rmeta --extern windows_named_pipe=/opt/rustwide/target/debug/deps/libwindows_named_pipe-b27efe99d583e278.rmeta --cap-lints=warn --crate-version 0.1.0` (exit status: 1)
[INFO] [stderr] warning: build failed, waiting for other jobs to finish...
[INFO] [stdout] error: aborting due to 2 previous errors
[INFO] [stdout] 
[INFO] [stdout] 
[INFO] [stdout] Some errors have detailed explanations: E0432, E0433.
[INFO] [stdout] 
[INFO] [stderr] error: could not compile `wsl-relay` (lib) due to 3 previous errors
[INFO] [stdout] For more information about an error, try `rustc --explain E0432`.
[INFO] [stdout] 
[INFO] running `Command { std: "docker" "inspect" "0aa6903bac1f856d6eee62f992c8e6a410c25edbc2240716d9d9aa87b9f44877", kill_on_drop: false }`
[INFO] running `Command { std: "docker" "rm" "-f" "0aa6903bac1f856d6eee62f992c8e6a410c25edbc2240716d9d9aa87b9f44877", kill_on_drop: false }`
[INFO] [stdout] 0aa6903bac1f856d6eee62f992c8e6a410c25edbc2240716d9d9aa87b9f44877
