[INFO] cloning repository https://github.com/LetsMelon/rusvid
[INFO] running `Command { std: "git" "-c" "credential.helper=" "-c" "credential.helper=/workspace/cargo-home/bin/git-credential-null" "clone" "--bare" "https://github.com/LetsMelon/rusvid" "/workspace/cache/git-repos/https%3A%2F%2Fgithub.com%2FLetsMelon%2Frusvid", kill_on_drop: false }`
[INFO] [stderr] Cloning into bare repository '/workspace/cache/git-repos/https%3A%2F%2Fgithub.com%2FLetsMelon%2Frusvid'...
[INFO] running `Command { std: "git" "rev-parse" "HEAD", kill_on_drop: false }`
[INFO] [stdout] 5035265bf1220a59c7c9d9c1455a4f8c5c3ff35a
[INFO] documenting LetsMelon/rusvid against 1.75.0 for beta-1.76-rustdoc-1
[INFO] running `Command { std: "git" "clone" "/workspace/cache/git-repos/https%3A%2F%2Fgithub.com%2FLetsMelon%2Frusvid" "/workspace/builds/worker-0-tc1/source", kill_on_drop: false }`
[INFO] [stderr] Cloning into '/workspace/builds/worker-0-tc1/source'...
[INFO] [stderr] done.
[INFO] validating manifest of git repo https://github.com/LetsMelon/rusvid on toolchain 1.75.0
[INFO] running `Command { std: CARGO_HOME="/workspace/cargo-home" RUSTUP_HOME="/workspace/rustup-home" "/workspace/cargo-home/bin/cargo" "+1.75.0" "metadata" "--manifest-path" "Cargo.toml" "--no-deps", kill_on_drop: false }`
[INFO] started tweaking git repo https://github.com/LetsMelon/rusvid
[INFO] finished tweaking git repo https://github.com/LetsMelon/rusvid
[INFO] tweaked toml for git repo https://github.com/LetsMelon/rusvid written to /workspace/builds/worker-0-tc1/source/Cargo.toml
[INFO] crate git repo https://github.com/LetsMelon/rusvid already has a lockfile, it will not be regenerated
[INFO] running `Command { std: CARGO_HOME="/workspace/cargo-home" RUSTUP_HOME="/workspace/rustup-home" "/workspace/cargo-home/bin/cargo" "+1.75.0" "fetch" "--manifest-path" "Cargo.toml", kill_on_drop: false }`
[INFO] [stderr] warning: profiles for the non root package will be ignored, specify profiles at the workspace root:
[INFO] [stderr] package:   /workspace/builds/worker-0-tc1/source/crates/effect/Cargo.toml
[INFO] [stderr] workspace: /workspace/builds/worker-0-tc1/source/Cargo.toml
[INFO] [stderr] warning: profiles for the non root package will be ignored, specify profiles at the workspace root:
[INFO] [stderr] package:   /workspace/builds/worker-0-tc1/source/rusvid_server/Cargo.toml
[INFO] [stderr] workspace: /workspace/builds/worker-0-tc1/source/Cargo.toml
[INFO] [stderr] warning: virtual workspace defaulting to `resolver = "1"` despite one or more workspace members being on edition 2021 which implies `resolver = "2"`
[INFO] [stderr] note: to keep the current resolver, specify `workspace.resolver = "1"` in the workspace root's manifest
[INFO] [stderr] note: to use the edition 2021 resolver, specify `workspace.resolver = "2"` in the workspace root's manifest
[INFO] [stderr] note: for more details see https://doc.rust-lang.org/cargo/reference/resolver.html#resolver-versions
[INFO] [stderr]     Updating crates.io index
[INFO] [stderr]  Downloading crates ...
[INFO] [stderr]   Downloaded rxml_validation v0.9.1
[INFO] [stderr]   Downloaded metrics-exporter-prometheus v0.12.1
[INFO] [stderr]   Downloaded usvg v0.32.0
[INFO] [stderr]   Downloaded opentelemetry-http v0.7.0
[INFO] [stderr]   Downloaded minidom v0.15.2
[INFO] [stderr]   Downloaded rosvgtree v0.3.0
[INFO] [stderr]   Downloaded ffmpeg-sys-next v6.0.1
[INFO] [stderr]   Downloaded tiny-skia-path v0.9.0
[INFO] [stderr]   Downloaded rhai v1.16.2
[INFO] [stderr]   Downloaded usvg-parser v0.32.0
[INFO] [stderr]   Downloaded metrics-util v0.15.1
[INFO] [stderr]   Downloaded rxml v0.9.1
[INFO] [stderr]   Downloaded concat-idents v1.1.5
[INFO] [stderr]   Downloaded usvg-tree v0.32.0
[INFO] [stderr]   Downloaded image-compare v0.2.6
[INFO] [stderr]   Downloaded easer v0.3.0
[INFO] [stderr]   Downloaded resvg v0.32.0
[INFO] [stderr]   Downloaded tiny-skia v0.9.1
[INFO] [stderr]   Downloaded flo_curves v0.6.1
[INFO] running `Command { std: "docker" "create" "-v" "/var/lib/crater-agent-workspace/builds/worker-0-tc1/target:/opt/rustwide/target:rw,Z" "-v" "/var/lib/crater-agent-workspace/builds/worker-0-tc1/source:/opt/rustwide/workdir:ro,Z" "-v" "/var/lib/crater-agent-workspace/cargo-home:/opt/rustwide/cargo-home:ro,Z" "-v" "/var/lib/crater-agent-workspace/rustup-home:/opt/rustwide/rustup-home:ro,Z" "-e" "SOURCE_DIR=/opt/rustwide/workdir" "-e" "CARGO_TARGET_DIR=/opt/rustwide/target" "-e" "CARGO_HOME=/opt/rustwide/cargo-home" "-e" "RUSTUP_HOME=/opt/rustwide/rustup-home" "-w" "/opt/rustwide/workdir" "-m" "1610612736" "--user" "0:0" "--network" "none" "ghcr.io/rust-lang/crates-build-env/linux@sha256:2788e3201cd34a07e3172128adcd8b3090168a8e3bcc40d7c032b9dda1df7d1c" "/opt/rustwide/cargo-home/bin/cargo" "+1.75.0" "metadata" "--no-deps" "--format-version=1", kill_on_drop: false }`
[INFO] [stdout] 7ad47be41918f30057b002b74a60bfc2a526049e93611b3d0986ac2241e3ed09
[INFO] running `Command { std: "docker" "start" "-a" "7ad47be41918f30057b002b74a60bfc2a526049e93611b3d0986ac2241e3ed09", kill_on_drop: false }`
[INFO] running `Command { std: "docker" "inspect" "7ad47be41918f30057b002b74a60bfc2a526049e93611b3d0986ac2241e3ed09", kill_on_drop: false }`
[INFO] running `Command { std: "docker" "rm" "-f" "7ad47be41918f30057b002b74a60bfc2a526049e93611b3d0986ac2241e3ed09", kill_on_drop: false }`
[INFO] [stdout] 7ad47be41918f30057b002b74a60bfc2a526049e93611b3d0986ac2241e3ed09
[INFO] running `Command { std: "docker" "create" "-v" "/var/lib/crater-agent-workspace/builds/worker-0-tc1/target:/opt/rustwide/target:rw,Z" "-v" "/var/lib/crater-agent-workspace/builds/worker-0-tc1/source:/opt/rustwide/workdir:ro,Z" "-v" "/var/lib/crater-agent-workspace/cargo-home:/opt/rustwide/cargo-home:ro,Z" "-v" "/var/lib/crater-agent-workspace/rustup-home:/opt/rustwide/rustup-home:ro,Z" "-e" "SOURCE_DIR=/opt/rustwide/workdir" "-e" "CARGO_TARGET_DIR=/opt/rustwide/target" "-e" "CARGO_INCREMENTAL=0" "-e" "RUST_BACKTRACE=full" "-e" "RUSTFLAGS=--cap-lints=warn" "-e" "RUSTDOCFLAGS=--cap-lints=warn" "-e" "CARGO_HOME=/opt/rustwide/cargo-home" "-e" "RUSTUP_HOME=/opt/rustwide/rustup-home" "-w" "/opt/rustwide/workdir" "-m" "1610612736" "--user" "0:0" "--network" "none" "ghcr.io/rust-lang/crates-build-env/linux@sha256:2788e3201cd34a07e3172128adcd8b3090168a8e3bcc40d7c032b9dda1df7d1c" "/opt/rustwide/cargo-home/bin/cargo" "+1.75.0" "doc" "--frozen" "--no-deps" "--document-private-items" "--message-format=json", kill_on_drop: false }`
[INFO] [stdout] 1afbccfc023cddb5c5e236271baa2b392ec9f5ab00ac8a46462231425e5b8c09
[INFO] running `Command { std: "docker" "start" "-a" "1afbccfc023cddb5c5e236271baa2b392ec9f5ab00ac8a46462231425e5b8c09", kill_on_drop: false }`
[INFO] [stderr] warning: profiles for the non root package will be ignored, specify profiles at the workspace root:
[INFO] [stderr] package:   /opt/rustwide/workdir/crates/effect/Cargo.toml
[INFO] [stderr] workspace: /opt/rustwide/workdir/Cargo.toml
[INFO] [stderr] warning: profiles for the non root package will be ignored, specify profiles at the workspace root:
[INFO] [stderr] package:   /opt/rustwide/workdir/rusvid_server/Cargo.toml
[INFO] [stderr] workspace: /opt/rustwide/workdir/Cargo.toml
[INFO] [stderr] warning: virtual workspace defaulting to `resolver = "1"` despite one or more workspace members being on edition 2021 which implies `resolver = "2"`
[INFO] [stderr] note: to keep the current resolver, specify `workspace.resolver = "1"` in the workspace root's manifest
[INFO] [stderr] note: to use the edition 2021 resolver, specify `workspace.resolver = "2"` in the workspace root's manifest
[INFO] [stderr] note: for more details see https://doc.rust-lang.org/cargo/reference/resolver.html#resolver-versions
[INFO] [stderr]    Compiling libc v0.2.149
[INFO] [stderr]    Compiling proc-macro2 v1.0.69
[INFO] [stderr]    Compiling unicode-ident v1.0.12
[INFO] [stderr]    Compiling libm v0.2.8
[INFO] [stderr]    Compiling num-traits v0.2.17
[INFO] [stderr]     Checking simd-adler32 v0.3.7
[INFO] [stderr]     Checking log v0.4.20
[INFO] [stderr]    Compiling crc32fast v1.3.2
[INFO] [stderr]    Compiling memoffset v0.9.0
[INFO] [stderr]    Compiling crossbeam-utils v0.8.16
[INFO] [stderr]    Compiling crossbeam-epoch v0.9.15
[INFO] [stderr]    Compiling semver v1.0.19
[INFO] [stderr]     Checking once_cell v1.18.0
[INFO] [stderr]     Checking arrayvec v0.7.4
[INFO] [stderr]     Checking either v1.9.0
[INFO] [stderr]     Checking spin v0.9.8
[INFO] [stderr]     Checking miniz_oxide v0.7.1
[INFO] [stderr]    Compiling crunchy v0.2.2
[INFO] [stderr]     Checking smallvec v1.11.1
[INFO] [stderr]     Checking float-cmp v0.9.0
[INFO] [stderr]    Compiling rayon-core v1.12.0
[INFO] [stderr]    Compiling serde v1.0.188
[INFO] [stderr]    Compiling wasm-bindgen-shared v0.2.87
[INFO] [stderr]     Checking strict-num v0.1.1
[INFO] [stderr]     Checking kurbo v0.9.5
[INFO] [stderr]     Checking siphasher v0.3.11
[INFO] [stderr]     Checking bytemuck v1.14.0
[INFO] [stderr]    Compiling glob v0.3.1
[INFO] [stderr]     Checking byteorder v1.5.0
[INFO] [stderr]    Compiling tiny-keccak v2.0.2
[INFO] [stderr]    Compiling proc-macro-hack v0.5.20+deprecated
[INFO] [stderr]    Compiling rustc_version v0.4.0
[INFO] [stderr]     Checking flate2 v1.0.27
[INFO] [stderr]     Checking xmlparser v0.13.6
[INFO] [stderr]    Compiling bumpalo v3.14.0
[INFO] [stderr]     Checking hash32 v0.2.1
[INFO] [stderr]     Checking simplecss v0.2.1
[INFO] [stderr]    Compiling quote v1.0.33
[INFO] [stderr]    Compiling clang-sys v1.6.1
[INFO] [stderr]     Checking fdeflate v0.3.0
[INFO] [stderr]     Checking roxmltree v0.18.1
[INFO] [stderr]     Checking crossbeam-deque v0.8.3
[INFO] [stderr]    Compiling unicase v2.7.0
[INFO] [stderr]    Compiling heapless v0.7.16
[INFO] [stderr]    Compiling num-integer v0.1.45
[INFO] [stderr]     Checking bitflags v2.4.0
[INFO] [stderr]    Compiling regex-syntax v0.7.5
[INFO] [stderr]    Compiling syn v2.0.38
[INFO] [stderr]     Checking svgtypes v0.11.0
[INFO] [stderr]    Compiling minimal-lexical v0.2.1
[INFO] [stderr]    Compiling memchr v2.6.4
[INFO] [stderr]     Checking rctree v0.5.0
[INFO] [stderr]     Checking stable_deref_trait v1.2.0
[INFO] [stderr]     Checking ppv-lite86 v0.2.17
[INFO] [stderr]    Compiling syn v1.0.109
[INFO] [stderr]     Checking png v0.17.10
[INFO] [stderr]     Checking itertools v0.10.5
[INFO] [stderr]    Compiling ahash v0.8.3
[INFO] [stderr]    Compiling smartstring v1.0.1
[INFO] [stderr]     Checking rayon v1.8.0
[INFO] [stderr]     Checking usvg-tree v0.32.0
[INFO] [stderr]     Checking rosvgtree v0.3.0
[INFO] [stderr]    Compiling libloading v0.7.4
[INFO] [stderr]    Compiling num-rational v0.4.1
[INFO] [stderr]    Compiling wasm-bindgen v0.2.87
[INFO] [stderr]     Checking approx v0.5.1
[INFO] [stderr]    Compiling nom v7.1.3
[INFO] [stderr]    Compiling bindgen v0.64.0
[INFO] [stderr]     Checking data-url v0.2.0
[INFO] [stderr]    Compiling cc v1.0.83
[INFO] [stderr]    Compiling getrandom v0.2.10
[INFO] [stderr]     Checking base64 v0.21.4
[INFO] [stderr]     Checking weezl v0.1.7
[INFO] [stderr]     Checking imagesize v0.11.0
[INFO] [stderr]     Checking arrayref v0.3.7
[INFO] [stderr]     Checking tiny-skia-path v0.9.0
[INFO] [stderr]     Checking rand_core v0.6.4
[INFO] [stderr]    Compiling const-random-macro v0.1.15
[INFO] [stderr]     Checking rstar v0.10.0
[INFO] [stderr]     Checking usvg-parser v0.32.0
[INFO] [stderr]     Checking rand_chacha v0.3.1
[INFO] [stderr]     Checking flume v0.11.0
[INFO] [stderr]     Checking zune-inflate v0.2.54
[INFO] [stderr]     Checking static_assertions v1.1.0
[INFO] [stderr]     Checking spin v0.5.2
[INFO] [stderr]     Checking rand v0.8.5
[INFO] [stderr]     Checking color_quant v1.1.0
[INFO] [stderr]    Compiling paste v1.0.14
[INFO] [stderr]    Compiling rustc-hash v1.1.0
[INFO] [stderr]     Checking tinyvec_macros v0.1.1
[INFO] [stderr]     Checking pico-args v0.5.0
[INFO] [stderr]    Compiling lazycell v1.3.0
[INFO] [stderr]    Compiling peeking_take_while v0.1.2
[INFO] [stderr]    Compiling shlex v1.2.0
[INFO] [stderr]     Checking xmlwriter v0.1.0
[INFO] [stderr]     Checking half v2.2.1
[INFO] [stderr]     Checking lebe v0.5.2
[INFO] [stderr]    Compiling lazy_static v1.4.0
[INFO] [stderr]     Checking const-random v0.1.15
[INFO] [stderr]     Checking untrusted v0.7.1
[INFO] [stderr]     Checking bit_field v0.10.2
[INFO] [stderr]    Compiling thiserror v1.0.49
[INFO] [stderr]     Checking usvg v0.32.0
[INFO] [stderr]     Checking earcutr v0.4.2
[INFO] [stderr]     Checking tinyvec v1.6.0
[INFO] [stderr]     Checking geo-types v0.7.11
[INFO] [stderr]     Checking gif v0.12.0
[INFO] [stderr]     Checking exr v1.71.0
[INFO] [stderr]     Checking tiny-skia v0.9.1
[INFO] [stderr]     Checking geographiclib-rs v0.2.3
[INFO] [stderr]    Compiling num_cpus v1.16.0
[INFO] [stderr]     Checking qoi v0.4.1
[INFO] [stderr]    Compiling regex-automata v0.3.9
[INFO] [stderr]     Checking rgb v0.8.36
[INFO] [stderr]     Checking roots v0.0.7
[INFO] [stderr]    Compiling ring v0.16.20
[INFO] [stderr]    Compiling pkg-config v0.3.27
[INFO] [stderr]     Checking robust v0.2.3
[INFO] [stderr]     Checking float_next_after v1.0.0
[INFO] [stderr]    Compiling rustix v0.38.18
[INFO] [stderr]    Compiling mime_guess v2.0.4
[INFO] [stderr]     Checking geo v0.25.1
[INFO] [stderr]     Checking unicode-normalization v0.1.22
[INFO] [stderr]     Checking flo_curves v0.6.1
[INFO] [stderr]     Checking jpeg-decoder v0.3.0
[INFO] [stderr]    Compiling cexpr v0.6.0
[INFO] [stderr]     Checking linux-raw-sys v0.4.10
[INFO] [stderr]     Checking ryu v1.0.15
[INFO] [stderr]     Checking resvg v0.32.0
[INFO] [stderr]     Checking itoa v1.0.9
[INFO] [stderr]    Compiling serde_json v1.0.107
[INFO] [stderr]    Compiling rustls v0.21.7
[INFO] [stderr]     Checking tiff v0.9.0
[INFO] [stderr]     Checking percent-encoding v2.3.0
[INFO] [stderr]     Checking unicode-bidi v0.3.13
[INFO] [stderr]     Checking form_urlencoded v1.2.0
[INFO] [stderr]     Checking equivalent v1.0.1
[INFO] [stderr]     Checking hashbrown v0.14.1
[INFO] [stderr]    Compiling anyhow v1.0.75
[INFO] [stderr]     Checking mime v0.3.17
[INFO] [stderr]     Checking fastrand v2.0.1
[INFO] [stderr]     Checking tracing-core v0.1.31
[INFO] [stderr]     Checking idna v0.4.0
[INFO] [stderr]     Checking webpki-roots v0.25.2
[INFO] [stderr]     Checking pin-project-lite v0.2.13
[INFO] [stderr]     Checking unsafe-libyaml v0.2.9
[INFO] [stderr]     Checking easer v0.3.0
[INFO] [stderr]     Checking iana-time-zone v0.1.57
[INFO] [stderr]    Compiling regex v1.9.6
[INFO] [stderr]     Checking fern v0.6.2
[INFO] [stderr]     Checking chrono v0.4.31
[INFO] [stderr]     Checking indexmap v2.0.2
[INFO] [stderr]     Checking url v2.4.1
[INFO] [stderr]    Compiling wasm-bindgen-backend v0.2.87
[INFO] [stderr]     Checking image v0.24.7
[INFO] [stderr]     Checking tempfile v3.8.0
[INFO] [stderr]    Compiling wasm-bindgen-macro-support v0.2.87
[INFO] [stderr]     Checking multipart v0.18.0
[INFO] [stderr]    Compiling serde_derive v1.0.188
[INFO] [stderr]    Compiling thiserror-impl v1.0.49
[INFO] [stderr]    Compiling rhai_codegen v1.6.0
[INFO] [stderr]    Compiling concat-idents v1.1.5
[INFO] [stderr]    Compiling tracing-attributes v0.1.26
[INFO] [stderr]    Compiling wasm-bindgen-macro v0.2.87
[INFO] [stderr]     Checking sct v0.7.0
[INFO] [stderr]     Checking rustls-webpki v0.101.6
[INFO] [stderr]     Checking rhai v1.16.2
[INFO] [stderr]     Checking tracing v0.1.37
[INFO] [stderr]     Checking uuid v1.4.1
[INFO] [stderr]    Compiling ffmpeg-sys-next v6.0.1
[INFO] [stderr]     Checking glam v0.22.0
[INFO] [stderr]     Checking bincode v1.3.3
[INFO] [stderr]     Checking serde_yaml v0.9.25
[INFO] [stderr]     Checking ureq v2.8.0
[INFO] [stderr]     Checking rusvid_core v0.2.1 (/opt/rustwide/workdir/crates/core)
[INFO] [stdout] error[E0554]: `#![feature]` may not be used on the stable release channel
[INFO] [stdout]  --> crates/core/src/lib.rs:1:12
[INFO] [stdout]   |
[INFO] [stdout] 1 | #![feature(variant_count)]
[INFO] [stdout]   |            ^^^^^^^^^^^^^
[INFO] [stdout] 
[INFO] [stdout] 
[INFO] [stdout] error[E0554]: `#![feature]` may not be used on the stable release channel
[INFO] [stdout]  --> crates/core/src/lib.rs:3:12
[INFO] [stdout]   |
[INFO] [stdout] 3 | #![feature(is_some_and)]
[INFO] [stdout]   |            ^^^^^^^^^^^
[INFO] [stdout] 
[INFO] [stdout] 
[INFO] [stdout] warning: the feature `is_some_and` has been stable since 1.70.0 and no longer requires an attribute to enable
[INFO] [stdout]  --> crates/core/src/lib.rs:3:12
[INFO] [stdout]   |
[INFO] [stdout] 3 | #![feature(is_some_and)]
[INFO] [stdout]   |            ^^^^^^^^^^^
[INFO] [stdout]   |
[INFO] [stdout]   = note: `#[warn(stable_features)]` on by default
[INFO] [stdout] 
[INFO] [stdout] 
[INFO] [stdout] error: aborting due to 2 previous errors; 1 warning emitted
[INFO] [stdout] 
[INFO] [stdout] 
[INFO] [stdout] For more information about this error, try `rustc --explain E0554`.
[INFO] [stdout] 
[INFO] [stderr] error: could not compile `rusvid_core` (lib) due to 3 previous errors; 1 warning emitted
[INFO] [stderr] warning: build failed, waiting for other jobs to finish...
[INFO] running `Command { std: "docker" "inspect" "1afbccfc023cddb5c5e236271baa2b392ec9f5ab00ac8a46462231425e5b8c09", kill_on_drop: false }`
[INFO] running `Command { std: "docker" "rm" "-f" "1afbccfc023cddb5c5e236271baa2b392ec9f5ab00ac8a46462231425e5b8c09", kill_on_drop: false }`
[INFO] [stdout] 1afbccfc023cddb5c5e236271baa2b392ec9f5ab00ac8a46462231425e5b8c09
[INFO] documenting LetsMelon/rusvid against beta-2023-12-22 for beta-1.76-rustdoc-1
[INFO] running `Command { std: "git" "clone" "/workspace/cache/git-repos/https%3A%2F%2Fgithub.com%2FLetsMelon%2Frusvid" "/workspace/builds/worker-0-tc2/source", kill_on_drop: false }`
[INFO] [stderr] Cloning into '/workspace/builds/worker-0-tc2/source'...
[INFO] [stderr] done.
[INFO] validating manifest of git repo https://github.com/LetsMelon/rusvid on toolchain beta-2023-12-22
[INFO] running `Command { std: CARGO_HOME="/workspace/cargo-home" RUSTUP_HOME="/workspace/rustup-home" "/workspace/cargo-home/bin/cargo" "+beta-2023-12-22" "metadata" "--manifest-path" "Cargo.toml" "--no-deps", kill_on_drop: false }`
[INFO] started tweaking git repo https://github.com/LetsMelon/rusvid
[INFO] finished tweaking git repo https://github.com/LetsMelon/rusvid
[INFO] tweaked toml for git repo https://github.com/LetsMelon/rusvid written to /workspace/builds/worker-0-tc2/source/Cargo.toml
[INFO] crate git repo https://github.com/LetsMelon/rusvid already has a lockfile, it will not be regenerated
[INFO] running `Command { std: CARGO_HOME="/workspace/cargo-home" RUSTUP_HOME="/workspace/rustup-home" "/workspace/cargo-home/bin/cargo" "+beta-2023-12-22" "fetch" "--manifest-path" "Cargo.toml", kill_on_drop: false }`
[INFO] [stderr] warning: profiles for the non root package will be ignored, specify profiles at the workspace root:
[INFO] [stderr] package:   /workspace/builds/worker-0-tc2/source/crates/effect/Cargo.toml
[INFO] [stderr] workspace: /workspace/builds/worker-0-tc2/source/Cargo.toml
[INFO] [stderr] warning: profiles for the non root package will be ignored, specify profiles at the workspace root:
[INFO] [stderr] package:   /workspace/builds/worker-0-tc2/source/rusvid_server/Cargo.toml
[INFO] [stderr] workspace: /workspace/builds/worker-0-tc2/source/Cargo.toml
[INFO] [stderr] warning: virtual workspace defaulting to `resolver = "1"` despite one or more workspace members being on edition 2021 which implies `resolver = "2"`
[INFO] [stderr] note: to keep the current resolver, specify `workspace.resolver = "1"` in the workspace root's manifest
[INFO] [stderr] note: to use the edition 2021 resolver, specify `workspace.resolver = "2"` in the workspace root's manifest
[INFO] [stderr] note: for more details see https://doc.rust-lang.org/cargo/reference/resolver.html#resolver-versions
[INFO] running `Command { std: "docker" "create" "-v" "/var/lib/crater-agent-workspace/builds/worker-0-tc2/target:/opt/rustwide/target:rw,Z" "-v" "/var/lib/crater-agent-workspace/builds/worker-0-tc2/source:/opt/rustwide/workdir:ro,Z" "-v" "/var/lib/crater-agent-workspace/cargo-home:/opt/rustwide/cargo-home:ro,Z" "-v" "/var/lib/crater-agent-workspace/rustup-home:/opt/rustwide/rustup-home:ro,Z" "-e" "SOURCE_DIR=/opt/rustwide/workdir" "-e" "CARGO_TARGET_DIR=/opt/rustwide/target" "-e" "CARGO_HOME=/opt/rustwide/cargo-home" "-e" "RUSTUP_HOME=/opt/rustwide/rustup-home" "-w" "/opt/rustwide/workdir" "-m" "1610612736" "--user" "0:0" "--network" "none" "ghcr.io/rust-lang/crates-build-env/linux@sha256:2788e3201cd34a07e3172128adcd8b3090168a8e3bcc40d7c032b9dda1df7d1c" "/opt/rustwide/cargo-home/bin/cargo" "+beta-2023-12-22" "metadata" "--no-deps" "--format-version=1", kill_on_drop: false }`
[INFO] [stdout] f11da4ac1df72c56b889d844d1f71c8813eb0ba0ebb42ca0907aba1b021e3860
[INFO] running `Command { std: "docker" "start" "-a" "f11da4ac1df72c56b889d844d1f71c8813eb0ba0ebb42ca0907aba1b021e3860", kill_on_drop: false }`
[INFO] running `Command { std: "docker" "inspect" "f11da4ac1df72c56b889d844d1f71c8813eb0ba0ebb42ca0907aba1b021e3860", kill_on_drop: false }`
[INFO] running `Command { std: "docker" "rm" "-f" "f11da4ac1df72c56b889d844d1f71c8813eb0ba0ebb42ca0907aba1b021e3860", kill_on_drop: false }`
[INFO] [stdout] f11da4ac1df72c56b889d844d1f71c8813eb0ba0ebb42ca0907aba1b021e3860
[INFO] running `Command { std: "docker" "create" "-v" "/var/lib/crater-agent-workspace/builds/worker-0-tc2/target:/opt/rustwide/target:rw,Z" "-v" "/var/lib/crater-agent-workspace/builds/worker-0-tc2/source:/opt/rustwide/workdir:ro,Z" "-v" "/var/lib/crater-agent-workspace/cargo-home:/opt/rustwide/cargo-home:ro,Z" "-v" "/var/lib/crater-agent-workspace/rustup-home:/opt/rustwide/rustup-home:ro,Z" "-e" "SOURCE_DIR=/opt/rustwide/workdir" "-e" "CARGO_TARGET_DIR=/opt/rustwide/target" "-e" "CARGO_INCREMENTAL=0" "-e" "RUST_BACKTRACE=full" "-e" "RUSTFLAGS=--cap-lints=warn" "-e" "RUSTDOCFLAGS=--cap-lints=warn" "-e" "CARGO_HOME=/opt/rustwide/cargo-home" "-e" "RUSTUP_HOME=/opt/rustwide/rustup-home" "-w" "/opt/rustwide/workdir" "-m" "1610612736" "--user" "0:0" "--network" "none" "ghcr.io/rust-lang/crates-build-env/linux@sha256:2788e3201cd34a07e3172128adcd8b3090168a8e3bcc40d7c032b9dda1df7d1c" "/opt/rustwide/cargo-home/bin/cargo" "+beta-2023-12-22" "doc" "--frozen" "--no-deps" "--document-private-items" "--message-format=json", kill_on_drop: false }`
[INFO] [stdout] d460ae961af7458e554c82dbc426445503674db665a8aaa0b9a2e5b4c5562899
[INFO] running `Command { std: "docker" "start" "-a" "d460ae961af7458e554c82dbc426445503674db665a8aaa0b9a2e5b4c5562899", kill_on_drop: false }`
[INFO] [stderr] warning: profiles for the non root package will be ignored, specify profiles at the workspace root:
[INFO] [stderr] package:   /opt/rustwide/workdir/crates/effect/Cargo.toml
[INFO] [stderr] workspace: /opt/rustwide/workdir/Cargo.toml
[INFO] [stderr] warning: profiles for the non root package will be ignored, specify profiles at the workspace root:
[INFO] [stderr] package:   /opt/rustwide/workdir/rusvid_server/Cargo.toml
[INFO] [stderr] workspace: /opt/rustwide/workdir/Cargo.toml
[INFO] [stderr] warning: virtual workspace defaulting to `resolver = "1"` despite one or more workspace members being on edition 2021 which implies `resolver = "2"`
[INFO] [stderr] note: to keep the current resolver, specify `workspace.resolver = "1"` in the workspace root's manifest
[INFO] [stderr] note: to use the edition 2021 resolver, specify `workspace.resolver = "2"` in the workspace root's manifest
[INFO] [stderr] note: for more details see https://doc.rust-lang.org/cargo/reference/resolver.html#resolver-versions
[INFO] [stderr]    Compiling libc v0.2.149
[INFO] [stderr]    Compiling proc-macro2 v1.0.69
[INFO] [stderr]    Compiling unicode-ident v1.0.12
[INFO] [stderr]    Compiling libm v0.2.8
[INFO] [stderr]    Compiling num-traits v0.2.17
[INFO] [stderr]     Checking simd-adler32 v0.3.7
[INFO] [stderr]     Checking log v0.4.20
[INFO] [stderr]    Compiling crc32fast v1.3.2
[INFO] [stderr]    Compiling memoffset v0.9.0
[INFO] [stderr]    Compiling crossbeam-utils v0.8.16
[INFO] [stderr]    Compiling crossbeam-epoch v0.9.15
[INFO] [stderr]    Compiling semver v1.0.19
[INFO] [stderr]    Compiling once_cell v1.18.0
[INFO] [stderr]     Checking arrayvec v0.7.4
[INFO] [stderr]     Checking either v1.9.0
[INFO] [stderr]     Checking spin v0.9.8
[INFO] [stderr]     Checking miniz_oxide v0.7.1
[INFO] [stderr]    Compiling rayon-core v1.12.0
[INFO] [stderr]    Compiling crunchy v0.2.2
[INFO] [stderr]     Checking smallvec v1.11.1
[INFO] [stderr]    Compiling serde v1.0.188
[INFO] [stderr]    Compiling wasm-bindgen-shared v0.2.87
[INFO] [stderr]     Checking float-cmp v0.9.0
[INFO] [stderr]     Checking strict-num v0.1.1
[INFO] [stderr]     Checking kurbo v0.9.5
[INFO] [stderr]     Checking siphasher v0.3.11
[INFO] [stderr]    Compiling glob v0.3.1
[INFO] [stderr]    Compiling proc-macro-hack v0.5.20+deprecated
[INFO] [stderr]    Compiling tiny-keccak v2.0.2
[INFO] [stderr]     Checking byteorder v1.5.0
[INFO] [stderr]     Checking bytemuck v1.14.0
[INFO] [stderr]     Checking flate2 v1.0.27
[INFO] [stderr]    Compiling rustc_version v0.4.0
[INFO] [stderr]     Checking xmlparser v0.13.6
[INFO] [stderr]    Compiling bumpalo v3.14.0
[INFO] [stderr]     Checking hash32 v0.2.1
[INFO] [stderr]     Checking simplecss v0.2.1
[INFO] [stderr]     Checking fdeflate v0.3.0
[INFO] [stderr]    Compiling quote v1.0.33
[INFO] [stderr]     Checking crossbeam-deque v0.8.3
[INFO] [stderr]    Compiling clang-sys v1.6.1
[INFO] [stderr]    Compiling unicase v2.7.0
[INFO] [stderr]     Checking roxmltree v0.18.1
[INFO] [stderr]    Compiling num-integer v0.1.45
[INFO] [stderr]    Compiling memchr v2.6.4
[INFO] [stderr]    Compiling heapless v0.7.16
[INFO] [stderr]    Compiling regex-syntax v0.7.5
[INFO] [stderr]    Compiling syn v2.0.38
[INFO] [stderr]     Checking svgtypes v0.11.0
[INFO] [stderr]     Checking ppv-lite86 v0.2.17
[INFO] [stderr]     Checking stable_deref_trait v1.2.0
[INFO] [stderr]    Compiling minimal-lexical v0.2.1
[INFO] [stderr]     Checking bitflags v2.4.0
[INFO] [stderr]     Checking rctree v0.5.0
[INFO] [stderr]    Compiling syn v1.0.109
[INFO] [stderr]     Checking png v0.17.10
[INFO] [stderr]     Checking itertools v0.10.5
[INFO] [stderr]    Compiling ahash v0.8.3
[INFO] [stderr]     Checking rosvgtree v0.3.0
[INFO] [stderr]     Checking rayon v1.8.0
[INFO] [stderr]     Checking usvg-tree v0.32.0
[INFO] [stderr]    Compiling libloading v0.7.4
[INFO] [stderr]     Checking approx v0.5.1
[INFO] [stderr]    Compiling nom v7.1.3
[INFO] [stderr]    Compiling smartstring v1.0.1
[INFO] [stderr]    Compiling num-rational v0.4.1
[INFO] [stderr]    Compiling bindgen v0.64.0
[INFO] [stderr]     Checking base64 v0.21.4
[INFO] [stderr]     Checking arrayref v0.3.7
[INFO] [stderr]     Checking imagesize v0.11.0
[INFO] [stderr]     Checking getrandom v0.2.10
[INFO] [stderr]    Compiling cc v1.0.83
[INFO] [stderr]     Checking data-url v0.2.0
[INFO] [stderr]    Compiling wasm-bindgen v0.2.87
[INFO] [stderr]     Checking weezl v0.1.7
[INFO] [stderr]     Checking rand_core v0.6.4
[INFO] [stderr]     Checking rstar v0.10.0
[INFO] [stderr]     Checking tiny-skia-path v0.9.0
[INFO] [stderr]     Checking usvg-parser v0.32.0
[INFO] [stderr]    Compiling const-random-macro v0.1.15
[INFO] [stderr]     Checking rand_chacha v0.3.1
[INFO] [stderr]     Checking flume v0.11.0
[INFO] [stderr]     Checking zune-inflate v0.2.54
[INFO] [stderr]     Checking rand v0.8.5
[INFO] [stderr]    Compiling rustc-hash v1.1.0
[INFO] [stderr]    Compiling thiserror v1.0.49
[INFO] [stderr]     Checking spin v0.5.2
[INFO] [stderr]    Compiling lazycell v1.3.0
[INFO] [stderr]     Checking pico-args v0.5.0
[INFO] [stderr]     Checking half v2.2.1
[INFO] [stderr]    Compiling paste v1.0.14
[INFO] [stderr]     Checking untrusted v0.7.1
[INFO] [stderr]     Checking bit_field v0.10.2
[INFO] [stderr]    Compiling peeking_take_while v0.1.2
[INFO] [stderr]     Checking tinyvec_macros v0.1.1
[INFO] [stderr]     Checking const-random v0.1.15
[INFO] [stderr]     Checking static_assertions v1.1.0
[INFO] [stderr]     Checking color_quant v1.1.0
[INFO] [stderr]     Checking xmlwriter v0.1.0
[INFO] [stderr]     Checking lebe v0.5.2
[INFO] [stderr]    Compiling shlex v1.2.0
[INFO] [stderr]    Compiling lazy_static v1.4.0
[INFO] [stderr]     Checking gif v0.12.0
[INFO] [stderr]     Checking usvg v0.32.0
[INFO] [stderr]     Checking tinyvec v1.6.0
[INFO] [stderr]     Checking earcutr v0.4.2
[INFO] [stderr]     Checking exr v1.71.0
[INFO] [stderr]     Checking tiny-skia v0.9.1
[INFO] [stderr]     Checking geo-types v0.7.11
[INFO] [stderr]     Checking geographiclib-rs v0.2.3
[INFO] [stderr]    Compiling num_cpus v1.16.0
[INFO] [stderr]     Checking qoi v0.4.1
[INFO] [stderr]     Checking rgb v0.8.36
[INFO] [stderr]    Compiling regex-automata v0.3.9
[INFO] [stderr]     Checking float_next_after v1.0.0
[INFO] [stderr]     Checking roots v0.0.7
[INFO] [stderr]    Compiling rustix v0.38.18
[INFO] [stderr]    Compiling pkg-config v0.3.27
[INFO] [stderr]    Compiling ring v0.16.20
[INFO] [stderr]     Checking robust v0.2.3
[INFO] [stderr]    Compiling mime_guess v2.0.4
[INFO] [stderr]     Checking jpeg-decoder v0.3.0
[INFO] [stderr]     Checking flo_curves v0.6.1
[INFO] [stderr]    Compiling cexpr v0.6.0
[INFO] [stderr]     Checking geo v0.25.1
[INFO] [stderr]     Checking unicode-normalization v0.1.22
[INFO] [stderr]    Compiling rustls v0.21.7
[INFO] [stderr]     Checking tiff v0.9.0
[INFO] [stderr]     Checking unicode-bidi v0.3.13
[INFO] [stderr]     Checking ryu v1.0.15
[INFO] [stderr]     Checking resvg v0.32.0
[INFO] [stderr]     Checking linux-raw-sys v0.4.10
[INFO] [stderr]     Checking itoa v1.0.9
[INFO] [stderr]    Compiling serde_json v1.0.107
[INFO] [stderr]     Checking percent-encoding v2.3.0
[INFO] [stderr]     Checking idna v0.4.0
[INFO] [stderr]     Checking fastrand v2.0.1
[INFO] [stderr]     Checking hashbrown v0.14.1
[INFO] [stderr]     Checking form_urlencoded v1.2.0
[INFO] [stderr]    Compiling anyhow v1.0.75
[INFO] [stderr]     Checking mime v0.3.17
[INFO] [stderr]     Checking equivalent v1.0.1
[INFO] [stderr]     Checking tracing-core v0.1.31
[INFO] [stderr]     Checking unsafe-libyaml v0.2.9
[INFO] [stderr]     Checking webpki-roots v0.25.2
[INFO] [stderr]     Checking pin-project-lite v0.2.13
[INFO] [stderr]     Checking easer v0.3.0
[INFO] [stderr]     Checking url v2.4.1
[INFO] [stderr]     Checking iana-time-zone v0.1.57
[INFO] [stderr]     Checking fern v0.6.2
[INFO] [stderr]     Checking chrono v0.4.31
[INFO] [stderr]    Compiling regex v1.9.6
[INFO] [stderr]    Compiling wasm-bindgen-backend v0.2.87
[INFO] [stderr]     Checking indexmap v2.0.2
[INFO] [stderr]     Checking image v0.24.7
[INFO] [stderr]    Compiling wasm-bindgen-macro-support v0.2.87
[INFO] [stderr]    Compiling serde_derive v1.0.188
[INFO] [stderr]    Compiling rhai_codegen v1.6.0
[INFO] [stderr]    Compiling thiserror-impl v1.0.49
[INFO] [stderr]    Compiling concat-idents v1.1.5
[INFO] [stderr]     Checking tempfile v3.8.0
[INFO] [stderr]    Compiling tracing-attributes v0.1.26
[INFO] [stderr]     Checking multipart v0.18.0
[INFO] [stderr]    Compiling wasm-bindgen-macro v0.2.87
[INFO] [stderr]     Checking sct v0.7.0
[INFO] [stderr]     Checking rustls-webpki v0.101.6
[INFO] [stderr]     Checking rhai v1.16.2
[INFO] [stderr]     Checking tracing v0.1.37
[INFO] [stderr]     Checking uuid v1.4.1
[INFO] [stderr]    Compiling ffmpeg-sys-next v6.0.1
[INFO] [stderr]     Checking glam v0.22.0
[INFO] [stderr]     Checking serde_yaml v0.9.25
[INFO] [stderr]     Checking bincode v1.3.3
[INFO] [stderr]     Checking ureq v2.8.0
[INFO] [stderr]     Checking rusvid_core v0.2.1 (/opt/rustwide/workdir/crates/core)
[INFO] [stdout] error[E0554]: `#![feature]` may not be used on the beta release channel
[INFO] [stdout]  --> crates/core/src/lib.rs:1:12
[INFO] [stdout]   |
[INFO] [stdout] 1 | #![feature(variant_count)]
[INFO] [stdout]   |            ^^^^^^^^^^^^^
[INFO] [stdout] 
[INFO] [stdout] 
[INFO] [stdout] error[E0554]: `#![feature]` may not be used on the beta release channel
[INFO] [stdout]  --> crates/core/src/lib.rs:3:12
[INFO] [stdout]   |
[INFO] [stdout] 3 | #![feature(is_some_and)]
[INFO] [stdout]   |            ^^^^^^^^^^^
[INFO] [stdout] 
[INFO] [stdout] 
[INFO] [stdout] warning: the feature `is_some_and` has been stable since 1.70.0 and no longer requires an attribute to enable
[INFO] [stdout]  --> crates/core/src/lib.rs:3:12
[INFO] [stdout]   |
[INFO] [stdout] 3 | #![feature(is_some_and)]
[INFO] [stdout]   |            ^^^^^^^^^^^
[INFO] [stdout]   |
[INFO] [stdout]   = note: `#[warn(stable_features)]` on by default
[INFO] [stdout] 
[INFO] [stdout] 
[INFO] [stdout] error: aborting due to 2 previous errors; 1 warning emitted
[INFO] [stdout] 
[INFO] [stdout] 
[INFO] [stdout] For more information about this error, try `rustc --explain E0554`.
[INFO] [stdout] 
[INFO] [stderr] error: could not compile `rusvid_core` (lib) due to 3 previous errors; 1 warning emitted
[INFO] [stderr] warning: build failed, waiting for other jobs to finish...
[INFO] running `Command { std: "docker" "inspect" "d460ae961af7458e554c82dbc426445503674db665a8aaa0b9a2e5b4c5562899", kill_on_drop: false }`
[INFO] running `Command { std: "docker" "rm" "-f" "d460ae961af7458e554c82dbc426445503674db665a8aaa0b9a2e5b4c5562899", kill_on_drop: false }`
[INFO] [stdout] d460ae961af7458e554c82dbc426445503674db665a8aaa0b9a2e5b4c5562899
