[INFO] cloning repository https://github.com/LeopoldArkham/RemindBot
[INFO] running `Command { std: "git" "-c" "credential.helper=" "-c" "credential.helper=/workspace/cargo-home/bin/git-credential-null" "clone" "--bare" "https://github.com/LeopoldArkham/RemindBot" "/workspace/cache/git-repos/https%3A%2F%2Fgithub.com%2FLeopoldArkham%2FRemindBot", kill_on_drop: false }`
[INFO] [stderr] Cloning into bare repository '/workspace/cache/git-repos/https%3A%2F%2Fgithub.com%2FLeopoldArkham%2FRemindBot'...
[INFO] running `Command { std: "git" "rev-parse" "HEAD", kill_on_drop: false }`
[INFO] [stdout] de8e5a70ae2be6a1441299a3e00294399ed56318
[INFO] documenting LeopoldArkham/RemindBot against 1.75.0 for beta-1.76-rustdoc-1
[INFO] running `Command { std: "git" "clone" "/workspace/cache/git-repos/https%3A%2F%2Fgithub.com%2FLeopoldArkham%2FRemindBot" "/workspace/builds/worker-4-tc1/source", kill_on_drop: false }`
[INFO] [stderr] Cloning into '/workspace/builds/worker-4-tc1/source'...
[INFO] [stderr] done.
[INFO] validating manifest of git repo https://github.com/LeopoldArkham/RemindBot on toolchain 1.75.0
[INFO] running `Command { std: CARGO_HOME="/workspace/cargo-home" RUSTUP_HOME="/workspace/rustup-home" "/workspace/cargo-home/bin/cargo" "+1.75.0" "metadata" "--manifest-path" "Cargo.toml" "--no-deps", kill_on_drop: false }`
[INFO] started tweaking git repo https://github.com/LeopoldArkham/RemindBot
[INFO] finished tweaking git repo https://github.com/LeopoldArkham/RemindBot
[INFO] tweaked toml for git repo https://github.com/LeopoldArkham/RemindBot written to /workspace/builds/worker-4-tc1/source/Cargo.toml
[INFO] crate git repo https://github.com/LeopoldArkham/RemindBot already has a lockfile, it will not be regenerated
[INFO] running `Command { std: CARGO_HOME="/workspace/cargo-home" RUSTUP_HOME="/workspace/rustup-home" "/workspace/cargo-home/bin/cargo" "+1.75.0" "fetch" "--manifest-path" "Cargo.toml", kill_on_drop: false }`
[INFO] [stderr]     Blocking waiting for file lock on package cache
[INFO] [stderr]  Downloading crates ...
[INFO] [stderr]   Downloaded num_cpus v1.3.0
[INFO] [stderr]   Downloaded lazy_static v0.2.4
[INFO] [stderr]   Downloaded security-framework-sys v0.1.11
[INFO] [stderr]   Downloaded openssl-sys v0.9.8
[INFO] [stderr]   Downloaded gcc v0.3.43
[INFO] [stderr]   Downloaded security-framework v0.1.11
[INFO] [stderr]   Downloaded json v0.11.5
[INFO] [stderr]   Downloaded hyper v0.10.5
[INFO] [stderr]   Downloaded openssl v0.9.8
[INFO] running `Command { std: "docker" "create" "-v" "/var/lib/crater-agent-workspace/builds/worker-4-tc1/target:/opt/rustwide/target:rw,Z" "-v" "/var/lib/crater-agent-workspace/builds/worker-4-tc1/source:/opt/rustwide/workdir:ro,Z" "-v" "/var/lib/crater-agent-workspace/cargo-home:/opt/rustwide/cargo-home:ro,Z" "-v" "/var/lib/crater-agent-workspace/rustup-home:/opt/rustwide/rustup-home:ro,Z" "-e" "SOURCE_DIR=/opt/rustwide/workdir" "-e" "CARGO_TARGET_DIR=/opt/rustwide/target" "-e" "CARGO_HOME=/opt/rustwide/cargo-home" "-e" "RUSTUP_HOME=/opt/rustwide/rustup-home" "-w" "/opt/rustwide/workdir" "-m" "1610612736" "--user" "0:0" "--network" "none" "ghcr.io/rust-lang/crates-build-env/linux@sha256:2788e3201cd34a07e3172128adcd8b3090168a8e3bcc40d7c032b9dda1df7d1c" "/opt/rustwide/cargo-home/bin/cargo" "+1.75.0" "metadata" "--no-deps" "--format-version=1", kill_on_drop: false }`
[INFO] [stdout] 9acd03bdf943f8d1841ad3ef060cc167aba505d837ca4e7ee7cf47b36b1e67c1
[INFO] running `Command { std: "docker" "start" "-a" "9acd03bdf943f8d1841ad3ef060cc167aba505d837ca4e7ee7cf47b36b1e67c1", kill_on_drop: false }`
[INFO] running `Command { std: "docker" "inspect" "9acd03bdf943f8d1841ad3ef060cc167aba505d837ca4e7ee7cf47b36b1e67c1", kill_on_drop: false }`
[INFO] running `Command { std: "docker" "rm" "-f" "9acd03bdf943f8d1841ad3ef060cc167aba505d837ca4e7ee7cf47b36b1e67c1", kill_on_drop: false }`
[INFO] [stdout] 9acd03bdf943f8d1841ad3ef060cc167aba505d837ca4e7ee7cf47b36b1e67c1
[INFO] running `Command { std: "docker" "create" "-v" "/var/lib/crater-agent-workspace/builds/worker-4-tc1/target:/opt/rustwide/target:rw,Z" "-v" "/var/lib/crater-agent-workspace/builds/worker-4-tc1/source:/opt/rustwide/workdir:ro,Z" "-v" "/var/lib/crater-agent-workspace/cargo-home:/opt/rustwide/cargo-home:ro,Z" "-v" "/var/lib/crater-agent-workspace/rustup-home:/opt/rustwide/rustup-home:ro,Z" "-e" "SOURCE_DIR=/opt/rustwide/workdir" "-e" "CARGO_TARGET_DIR=/opt/rustwide/target" "-e" "CARGO_INCREMENTAL=0" "-e" "RUST_BACKTRACE=full" "-e" "RUSTFLAGS=--cap-lints=warn" "-e" "RUSTDOCFLAGS=--cap-lints=warn" "-e" "CARGO_HOME=/opt/rustwide/cargo-home" "-e" "RUSTUP_HOME=/opt/rustwide/rustup-home" "-w" "/opt/rustwide/workdir" "-m" "1610612736" "--user" "0:0" "--network" "none" "ghcr.io/rust-lang/crates-build-env/linux@sha256:2788e3201cd34a07e3172128adcd8b3090168a8e3bcc40d7c032b9dda1df7d1c" "/opt/rustwide/cargo-home/bin/cargo" "+1.75.0" "doc" "--frozen" "--no-deps" "--document-private-items" "--message-format=json", kill_on_drop: false }`
[INFO] [stdout] 70d2a95aca93b1363e239c0beff7265ecd1e607657024985844853d24bfe43b2
[INFO] running `Command { std: "docker" "start" "-a" "70d2a95aca93b1363e239c0beff7265ecd1e607657024985844853d24bfe43b2", kill_on_drop: false }`
[INFO] [stderr]    Compiling semver v0.1.20
[INFO] [stderr]    Compiling pkg-config v0.3.9
[INFO] [stderr]    Compiling gcc v0.3.43
[INFO] [stderr]     Checking libc v0.2.21
[INFO] [stderr]     Checking matches v0.1.4
[INFO] [stderr]    Compiling openssl v0.9.8
[INFO] [stderr]     Checking unicode-normalization v0.1.4
[INFO] [stderr]     Checking bitflags v0.7.0
[INFO] [stderr]     Checking lazy_static v0.2.4
[INFO] [stderr]     Checking foreign-types v0.2.0
[INFO] [stderr]     Checking log v0.3.7
[INFO] [stderr]     Checking typeable v0.1.2
[INFO] [stderr]     Checking traitobject v0.1.0
[INFO] [stderr]     Checking httparse v1.2.1
[INFO] [stderr]     Checking language-tags v0.2.2
[INFO] [stderr]     Checking rustc-serialize v0.3.22
[INFO] [stderr]     Checking unicode-bidi v0.2.5
[INFO] [stderr]     Checking antidote v1.0.0
[INFO] [stderr]     Checking json v0.11.5
[INFO] [stderr]     Checking mime v0.2.2
[INFO] [stderr]    Compiling rustc_version v0.1.7
[INFO] [stderr]     Checking time v0.1.36
[INFO] [stderr]     Checking num_cpus v1.3.0
[INFO] [stderr]    Compiling unicase v1.4.0
[INFO] [stderr]    Compiling hyper v0.10.5
[INFO] [stderr]    Compiling openssl-sys v0.9.8
[INFO] [stderr]     Checking idna v0.1.0
[INFO] [stderr] error: failed to run custom build command for `openssl-sys v0.9.8`
[INFO] [stderr] note: To improve backtraces for build dependencies, set the CARGO_PROFILE_DEV_BUILD_OVERRIDE_DEBUG=true environment variable to enable debug information generation.
[INFO] [stderr] 
[INFO] [stderr] Caused by:
[INFO] [stderr]   process didn't exit successfully: `/opt/rustwide/target/debug/build/openssl-sys-953e5c4485393e7b/build-script-build` (exit status: 101)
[INFO] [stderr]   --- stdout
[INFO] [stderr]   cargo:rustc-link-lib=ssl
[INFO] [stderr]   cargo:rustc-link-lib=crypto
[INFO] [stderr]   OPT_LEVEL = Some("0")
[INFO] [stderr]   TARGET = Some("x86_64-unknown-linux-gnu")
[INFO] [stderr]   HOST = Some("x86_64-unknown-linux-gnu")
[INFO] [stderr]   TARGET = Some("x86_64-unknown-linux-gnu")
[INFO] [stderr]   TARGET = Some("x86_64-unknown-linux-gnu")
[INFO] [stderr]   HOST = Some("x86_64-unknown-linux-gnu")
[INFO] [stderr]   CC_x86_64-unknown-linux-gnu = None
[INFO] [stderr]   CC_x86_64_unknown_linux_gnu = None
[INFO] [stderr]   HOST_CC = None
[INFO] [stderr]   CC = None
[INFO] [stderr]   HOST = Some("x86_64-unknown-linux-gnu")
[INFO] [stderr]   TARGET = Some("x86_64-unknown-linux-gnu")
[INFO] [stderr]   HOST = Some("x86_64-unknown-linux-gnu")
[INFO] [stderr]   CFLAGS_x86_64-unknown-linux-gnu = None
[INFO] [stderr]   CFLAGS_x86_64_unknown_linux_gnu = None
[INFO] [stderr]   HOST_CFLAGS = None
[INFO] [stderr]   CFLAGS = None
[INFO] [stderr]   PROFILE = Some("debug")
[INFO] [stderr]   running: "cc" "-O0" "-ffunction-sections" "-fdata-sections" "-fPIC" "-g" "-m64" "-E" "/opt/rustwide/target/debug/build/openssl-sys-bd9eec923d4442ca/out/expando.c"
[INFO] [stderr]   ExitStatus(unix_wait_status(0))
[INFO] [stderr]   cargo:rustc-cfg=osslconf="OPENSSL_NO_SSL3_METHOD"
[INFO] [stderr]   cargo:conf=OPENSSL_NO_SSL3_METHOD
[INFO] [stderr] 
[INFO] [stderr]   --- stderr
[INFO] [stderr]   thread 'main' panicked at /opt/rustwide/cargo-home/registry/src/index.crates.io-6f17d22bba15001f/openssl-sys-0.9.8/build.rs:313:9:
[INFO] [stderr] 
[INFO] [stderr] 
[INFO] [stderr]   This crate is only compatible with OpenSSL 1.0.1, 1.0.2, and 1.1.0, or LibreSSL,
[INFO] [stderr]   but a different version of OpenSSL was found. The build is now aborting due to
[INFO] [stderr]   this version mismatch.
[INFO] [stderr] 
[INFO] [stderr] 
[INFO] [stderr]   stack backtrace:
[INFO] [stderr]      0:     0x5582d142296c - std::backtrace_rs::backtrace::libunwind::trace::ha637c64ce894333a
[INFO] [stderr]                                  at /rustc/82e1608dfa6e0b5569232559e3d385fea5a93112/library/std/src/../../backtrace/src/backtrace/libunwind.rs:104:5
[INFO] [stderr]      1:     0x5582d142296c - std::backtrace_rs::backtrace::trace_unsynchronized::h47f62dea28e0c88d
[INFO] [stderr]                                  at /rustc/82e1608dfa6e0b5569232559e3d385fea5a93112/library/std/src/../../backtrace/src/backtrace/mod.rs:66:5
[INFO] [stderr]      2:     0x5582d142296c - std::sys_common::backtrace::_print_fmt::h9eef0abe20ede486
[INFO] [stderr]                                  at /rustc/82e1608dfa6e0b5569232559e3d385fea5a93112/library/std/src/sys_common/backtrace.rs:67:5
[INFO] [stderr]      3:     0x5582d142296c - <std::sys_common::backtrace::_print::DisplayBacktrace as core::fmt::Display>::fmt::hed7f999df88cc644
[INFO] [stderr]                                  at /rustc/82e1608dfa6e0b5569232559e3d385fea5a93112/library/std/src/sys_common/backtrace.rs:44:22
[INFO] [stderr]      4:     0x5582d1448440 - core::fmt::rt::Argument::fmt::h1539a9308b8d058d
[INFO] [stderr]                                  at /rustc/82e1608dfa6e0b5569232559e3d385fea5a93112/library/core/src/fmt/rt.rs:142:9
[INFO] [stderr]      5:     0x5582d1448440 - core::fmt::write::h3a39390d8560d9c9
[INFO] [stderr]                                  at /rustc/82e1608dfa6e0b5569232559e3d385fea5a93112/library/core/src/fmt/mod.rs:1120:17
[INFO] [stderr]      6:     0x5582d14202af - std::io::Write::write_fmt::h5fc9997dfe05f882
[INFO] [stderr]                                  at /rustc/82e1608dfa6e0b5569232559e3d385fea5a93112/library/std/src/io/mod.rs:1762:15
[INFO] [stderr]      7:     0x5582d1422754 - std::sys_common::backtrace::_print::h894006fb5c6f3d45
[INFO] [stderr]                                  at /rustc/82e1608dfa6e0b5569232559e3d385fea5a93112/library/std/src/sys_common/backtrace.rs:47:5
[INFO] [stderr]      8:     0x5582d1422754 - std::sys_common::backtrace::print::h23a2d212c6fff936
[INFO] [stderr]                                  at /rustc/82e1608dfa6e0b5569232559e3d385fea5a93112/library/std/src/sys_common/backtrace.rs:34:9
[INFO] [stderr]      9:     0x5582d1423f67 - std::panicking::default_hook::{{closure}}::h8a1d2ee00185001a
[INFO] [stderr]     10:     0x5582d1423ccf - std::panicking::default_hook::h6038f2eba384e475
[INFO] [stderr]                                  at /rustc/82e1608dfa6e0b5569232559e3d385fea5a93112/library/std/src/panicking.rs:292:9
[INFO] [stderr]     11:     0x5582d14243e8 - std::panicking::rust_panic_with_hook::h2b5517d590cab22e
[INFO] [stderr]                                  at /rustc/82e1608dfa6e0b5569232559e3d385fea5a93112/library/std/src/panicking.rs:779:13
[INFO] [stderr]     12:     0x5582d13d2a5e - std::panicking::begin_panic::{{closure}}::hc71dce7b9c98f981
[INFO] [stderr]     13:     0x5582d13e7e1a - std::sys_common::backtrace::__rust_end_short_backtrace::h6720058272a8cca9
[INFO] [stderr]     14:     0x5582d13d29db - std::panicking::begin_panic::he62612652919e9d8
[INFO] [stderr]     15:     0x5582d13c9a93 - build_script_build::validate_headers::h71b1659ba6c66cdc
[INFO] [stderr]     16:     0x5582d13c8f27 - build_script_build::try_pkg_config::h9cf580d489cc2315
[INFO] [stderr]     17:     0x5582d13c81c3 - build_script_build::find_openssl_dir::h415482fd6a40341d
[INFO] [stderr]     18:     0x5582d13c8028 - build_script_build::main::{{closure}}::hc21658d54e98b568
[INFO] [stderr]     19:     0x5582d13ce749 - core::option::Option<T>::unwrap_or_else::h06e29363d548e2a2
[INFO] [stderr]     20:     0x5582d13c73dd - build_script_build::main::h5165336c0b401ced
[INFO] [stderr]     21:     0x5582d13cbe93 - core::ops::function::FnOnce::call_once::h0f2d013aa362b78c
[INFO] [stderr]     22:     0x5582d13cd8f6 - std::sys_common::backtrace::__rust_begin_short_backtrace::h0cd793e1e53724db
[INFO] [stderr]     23:     0x5582d13cd949 - std::rt::lang_start::{{closure}}::hcd1e0974e6e444cf
[INFO] [stderr]     24:     0x5582d141c7f7 - core::ops::function::impls::<impl core::ops::function::FnOnce<A> for &F>::call_once::hd95060ecd5e1ca24
[INFO] [stderr]                                  at /rustc/82e1608dfa6e0b5569232559e3d385fea5a93112/library/core/src/ops/function.rs:284:13
[INFO] [stderr]     25:     0x5582d141c7f7 - std::panicking::try::do_call::h6e8cf51db32a6e4b
[INFO] [stderr]                                  at /rustc/82e1608dfa6e0b5569232559e3d385fea5a93112/library/std/src/panicking.rs:552:40
[INFO] [stderr]     26:     0x5582d141c7f7 - std::panicking::try::h3a52eefe24fe3c29
[INFO] [stderr]                                  at /rustc/82e1608dfa6e0b5569232559e3d385fea5a93112/library/std/src/panicking.rs:516:19
[INFO] [stderr]     27:     0x5582d141c7f7 - std::panic::catch_unwind::h24c28c23c02c3841
[INFO] [stderr]                                  at /rustc/82e1608dfa6e0b5569232559e3d385fea5a93112/library/std/src/panic.rs:142:14
[INFO] [stderr]     28:     0x5582d141c7f7 - std::rt::lang_start_internal::{{closure}}::h705d3c9cbc06ef47
[INFO] [stderr]                                  at /rustc/82e1608dfa6e0b5569232559e3d385fea5a93112/library/std/src/rt.rs:148:48
[INFO] [stderr]     29:     0x5582d141c7f7 - std::panicking::try::do_call::ha21f52ba13158470
[INFO] [stderr]                                  at /rustc/82e1608dfa6e0b5569232559e3d385fea5a93112/library/std/src/panicking.rs:552:40
[INFO] [stderr]     30:     0x5582d141c7f7 - std::panicking::try::h5581346bf6aeb1f8
[INFO] [stderr]                                  at /rustc/82e1608dfa6e0b5569232559e3d385fea5a93112/library/std/src/panicking.rs:516:19
[INFO] [stderr]     31:     0x5582d141c7f7 - std::panic::catch_unwind::h7919645a6b72e25b
[INFO] [stderr]                                  at /rustc/82e1608dfa6e0b5569232559e3d385fea5a93112/library/std/src/panic.rs:142:14
[INFO] [stderr]     32:     0x5582d141c7f7 - std::rt::lang_start_internal::h12de51168669836e
[INFO] [stderr]                                  at /rustc/82e1608dfa6e0b5569232559e3d385fea5a93112/library/std/src/rt.rs:148:20
[INFO] [stderr]     33:     0x5582d13cd927 - std::rt::lang_start::h6fee0008e85d26be
[INFO] [stderr]     34:     0x5582d13cacf5 - main
[INFO] [stderr]     35:     0x7f6d20e5cd90 - <unknown>
[INFO] [stderr]     36:     0x7f6d20e5ce40 - __libc_start_main
[INFO] [stderr]     37:     0x5582d13c1e75 - _start
[INFO] [stderr]     38:                0x0 - <unknown>
[INFO] [stderr] warning: build failed, waiting for other jobs to finish...
[INFO] running `Command { std: "docker" "inspect" "70d2a95aca93b1363e239c0beff7265ecd1e607657024985844853d24bfe43b2", kill_on_drop: false }`
[INFO] running `Command { std: "docker" "rm" "-f" "70d2a95aca93b1363e239c0beff7265ecd1e607657024985844853d24bfe43b2", kill_on_drop: false }`
[INFO] [stdout] 70d2a95aca93b1363e239c0beff7265ecd1e607657024985844853d24bfe43b2
[INFO] documenting LeopoldArkham/RemindBot against beta-2023-12-22 for beta-1.76-rustdoc-1
[INFO] running `Command { std: "git" "clone" "/workspace/cache/git-repos/https%3A%2F%2Fgithub.com%2FLeopoldArkham%2FRemindBot" "/workspace/builds/worker-4-tc2/source", kill_on_drop: false }`
[INFO] [stderr] Cloning into '/workspace/builds/worker-4-tc2/source'...
[INFO] [stderr] done.
[INFO] validating manifest of git repo https://github.com/LeopoldArkham/RemindBot on toolchain beta-2023-12-22
[INFO] running `Command { std: CARGO_HOME="/workspace/cargo-home" RUSTUP_HOME="/workspace/rustup-home" "/workspace/cargo-home/bin/cargo" "+beta-2023-12-22" "metadata" "--manifest-path" "Cargo.toml" "--no-deps", kill_on_drop: false }`
[INFO] started tweaking git repo https://github.com/LeopoldArkham/RemindBot
[INFO] finished tweaking git repo https://github.com/LeopoldArkham/RemindBot
[INFO] tweaked toml for git repo https://github.com/LeopoldArkham/RemindBot written to /workspace/builds/worker-4-tc2/source/Cargo.toml
[INFO] crate git repo https://github.com/LeopoldArkham/RemindBot already has a lockfile, it will not be regenerated
[INFO] running `Command { std: CARGO_HOME="/workspace/cargo-home" RUSTUP_HOME="/workspace/rustup-home" "/workspace/cargo-home/bin/cargo" "+beta-2023-12-22" "fetch" "--manifest-path" "Cargo.toml", kill_on_drop: false }`
[INFO] running `Command { std: "docker" "create" "-v" "/var/lib/crater-agent-workspace/builds/worker-4-tc2/target:/opt/rustwide/target:rw,Z" "-v" "/var/lib/crater-agent-workspace/builds/worker-4-tc2/source:/opt/rustwide/workdir:ro,Z" "-v" "/var/lib/crater-agent-workspace/cargo-home:/opt/rustwide/cargo-home:ro,Z" "-v" "/var/lib/crater-agent-workspace/rustup-home:/opt/rustwide/rustup-home:ro,Z" "-e" "SOURCE_DIR=/opt/rustwide/workdir" "-e" "CARGO_TARGET_DIR=/opt/rustwide/target" "-e" "CARGO_HOME=/opt/rustwide/cargo-home" "-e" "RUSTUP_HOME=/opt/rustwide/rustup-home" "-w" "/opt/rustwide/workdir" "-m" "1610612736" "--user" "0:0" "--network" "none" "ghcr.io/rust-lang/crates-build-env/linux@sha256:2788e3201cd34a07e3172128adcd8b3090168a8e3bcc40d7c032b9dda1df7d1c" "/opt/rustwide/cargo-home/bin/cargo" "+beta-2023-12-22" "metadata" "--no-deps" "--format-version=1", kill_on_drop: false }`
[INFO] [stdout] d43823fb8db1c6c534bf616b96c742c8c6a295b5aae2833a1331b8fc787f3bed
[INFO] running `Command { std: "docker" "start" "-a" "d43823fb8db1c6c534bf616b96c742c8c6a295b5aae2833a1331b8fc787f3bed", kill_on_drop: false }`
[INFO] running `Command { std: "docker" "inspect" "d43823fb8db1c6c534bf616b96c742c8c6a295b5aae2833a1331b8fc787f3bed", kill_on_drop: false }`
[INFO] running `Command { std: "docker" "rm" "-f" "d43823fb8db1c6c534bf616b96c742c8c6a295b5aae2833a1331b8fc787f3bed", kill_on_drop: false }`
[INFO] [stdout] d43823fb8db1c6c534bf616b96c742c8c6a295b5aae2833a1331b8fc787f3bed
[INFO] running `Command { std: "docker" "create" "-v" "/var/lib/crater-agent-workspace/builds/worker-4-tc2/target:/opt/rustwide/target:rw,Z" "-v" "/var/lib/crater-agent-workspace/builds/worker-4-tc2/source:/opt/rustwide/workdir:ro,Z" "-v" "/var/lib/crater-agent-workspace/cargo-home:/opt/rustwide/cargo-home:ro,Z" "-v" "/var/lib/crater-agent-workspace/rustup-home:/opt/rustwide/rustup-home:ro,Z" "-e" "SOURCE_DIR=/opt/rustwide/workdir" "-e" "CARGO_TARGET_DIR=/opt/rustwide/target" "-e" "CARGO_INCREMENTAL=0" "-e" "RUST_BACKTRACE=full" "-e" "RUSTFLAGS=--cap-lints=warn" "-e" "RUSTDOCFLAGS=--cap-lints=warn" "-e" "CARGO_HOME=/opt/rustwide/cargo-home" "-e" "RUSTUP_HOME=/opt/rustwide/rustup-home" "-w" "/opt/rustwide/workdir" "-m" "1610612736" "--user" "0:0" "--network" "none" "ghcr.io/rust-lang/crates-build-env/linux@sha256:2788e3201cd34a07e3172128adcd8b3090168a8e3bcc40d7c032b9dda1df7d1c" "/opt/rustwide/cargo-home/bin/cargo" "+beta-2023-12-22" "doc" "--frozen" "--no-deps" "--document-private-items" "--message-format=json", kill_on_drop: false }`
[INFO] [stdout] e23adcc66f842f34d8a54dab1c369efe5248823dcf543fbe5ff4fbfc3dc38d57
[INFO] running `Command { std: "docker" "start" "-a" "e23adcc66f842f34d8a54dab1c369efe5248823dcf543fbe5ff4fbfc3dc38d57", kill_on_drop: false }`
[INFO] [stderr]    Compiling semver v0.1.20
[INFO] [stderr]    Compiling gcc v0.3.43
[INFO] [stderr]    Compiling pkg-config v0.3.9
[INFO] [stderr]     Checking libc v0.2.21
[INFO] [stderr]     Checking matches v0.1.4
[INFO] [stderr]     Checking unicode-normalization v0.1.4
[INFO] [stderr]    Compiling openssl v0.9.8
[INFO] [stderr]     Checking log v0.3.7
[INFO] [stderr]     Checking foreign-types v0.2.0
[INFO] [stderr]     Checking bitflags v0.7.0
[INFO] [stderr]     Checking lazy_static v0.2.4
[INFO] [stderr]     Checking rustc-serialize v0.3.22
[INFO] [stderr]     Checking traitobject v0.1.0
[INFO] [stderr]     Checking language-tags v0.2.2
[INFO] [stderr]     Checking httparse v1.2.1
[INFO] [stderr]     Checking typeable v0.1.2
[INFO] [stderr]     Checking antidote v1.0.0
[INFO] [stderr]     Checking json v0.11.5
[INFO] [stderr]     Checking unicode-bidi v0.2.5
[INFO] [stderr]     Checking mime v0.2.2
[INFO] [stderr]    Compiling rustc_version v0.1.7
[INFO] [stdout] error[E0310]: the parameter type `T` may not live long enough
[INFO] [stdout]     --> /opt/rustwide/cargo-home/registry/src/index.crates.io-6f17d22bba15001f/rustc-serialize-0.3.22/src/serialize.rs:1155:5
[INFO] [stdout]      |
[INFO] [stdout] 1155 |     fn decode<D: Decoder>(d: &mut D) -> Result<Cow<'static, T>, D::Error> {
[INFO] [stdout]      |     ^^^^^^^^^^^^^^^^^^^^^^^^^^^^^^^^^^^^^^^^^^^^^^^^^^^^^^^^^^^^^^^^^^^^^
[INFO] [stdout]      |     |
[INFO] [stdout]      |     the parameter type `T` must be valid for the static lifetime...
[INFO] [stdout]      |     ...so that the type `T` will meet its required lifetime bounds...
[INFO] [stdout]      |
[INFO] [stdout] note: ...that is required by this bound
[INFO] [stdout]     --> /rustc/0e09125c6c3c2fd70d7de961bcf0e51575235fad/library/alloc/src/borrow.rs:180:30
[INFO] [stdout] help: consider adding an explicit lifetime bound
[INFO] [stdout]      |
[INFO] [stdout] 1151 | impl<'a, T: ?Sized + 'static> Decodable for Cow<'a, T>
[INFO] [stdout]      |                    +++++++++
[INFO] [stdout] 
[INFO] [stdout] 
[INFO] [stderr]     Checking num_cpus v1.3.0
[INFO] [stderr]     Checking time v0.1.36
[INFO] [stderr]    Compiling unicase v1.4.0
[INFO] [stderr]    Compiling hyper v0.10.5
[INFO] [stderr]    Compiling openssl-sys v0.9.8
[INFO] [stderr]     Checking idna v0.1.0
[INFO] [stderr] error: failed to run custom build command for `openssl-sys v0.9.8`
[INFO] [stderr] note: To improve backtraces for build dependencies, set the CARGO_PROFILE_DEV_BUILD_OVERRIDE_DEBUG=true environment variable to enable debug information generation.
[INFO] [stderr] 
[INFO] [stderr] Caused by:
[INFO] [stderr]   process didn't exit successfully: `/opt/rustwide/target/debug/build/openssl-sys-fb362965d129e5df/build-script-build` (exit status: 101)
[INFO] [stderr]   --- stdout
[INFO] [stderr]   cargo:rustc-link-lib=ssl
[INFO] [stderr]   cargo:rustc-link-lib=crypto
[INFO] [stderr]   OPT_LEVEL = Some("0")
[INFO] [stderr]   TARGET = Some("x86_64-unknown-linux-gnu")
[INFO] [stderr]   HOST = Some("x86_64-unknown-linux-gnu")
[INFO] [stderr]   TARGET = Some("x86_64-unknown-linux-gnu")
[INFO] [stderr]   TARGET = Some("x86_64-unknown-linux-gnu")
[INFO] [stderr]   HOST = Some("x86_64-unknown-linux-gnu")
[INFO] [stderr]   CC_x86_64-unknown-linux-gnu = None
[INFO] [stderr]   CC_x86_64_unknown_linux_gnu = None
[INFO] [stderr]   HOST_CC = None
[INFO] [stderr]   CC = None
[INFO] [stderr]   HOST = Some("x86_64-unknown-linux-gnu")
[INFO] [stderr]   TARGET = Some("x86_64-unknown-linux-gnu")
[INFO] [stderr]   HOST = Some("x86_64-unknown-linux-gnu")
[INFO] [stderr]   CFLAGS_x86_64-unknown-linux-gnu = None
[INFO] [stderr]   CFLAGS_x86_64_unknown_linux_gnu = None
[INFO] [stderr]   HOST_CFLAGS = None
[INFO] [stderr]   CFLAGS = None
[INFO] [stderr]   PROFILE = Some("debug")
[INFO] [stderr]   running: "cc" "-O0" "-ffunction-sections" "-fdata-sections" "-fPIC" "-g" "-m64" "-E" "/opt/rustwide/target/debug/build/openssl-sys-4a527276ef5cf1ed/out/expando.c"
[INFO] [stderr]   ExitStatus(unix_wait_status(0))
[INFO] [stderr]   cargo:rustc-cfg=osslconf="OPENSSL_NO_SSL3_METHOD"
[INFO] [stderr]   cargo:conf=OPENSSL_NO_SSL3_METHOD
[INFO] [stderr] 
[INFO] [stderr]   --- stderr
[INFO] [stderr]   thread 'main' panicked at /opt/rustwide/cargo-home/registry/src/index.crates.io-6f17d22bba15001f/openssl-sys-0.9.8/build.rs:313:9:
[INFO] [stderr] 
[INFO] [stderr] 
[INFO] [stderr]   This crate is only compatible with OpenSSL 1.0.1, 1.0.2, and 1.1.0, or LibreSSL,
[INFO] [stderr]   but a different version of OpenSSL was found. The build is now aborting due to
[INFO] [stderr]   this version mismatch.
[INFO] [stderr] 
[INFO] [stderr] 
[INFO] [stderr]   stack backtrace:
[INFO] [stderr]      0:     0x55aaefb42c26 - std::backtrace_rs::backtrace::libunwind::trace::h261606ad26a499c1
[INFO] [stderr]                                  at /rustc/0e09125c6c3c2fd70d7de961bcf0e51575235fad/library/std/src/../../backtrace/src/backtrace/libunwind.rs:104:5
[INFO] [stderr]      1:     0x55aaefb42c26 - std::backtrace_rs::backtrace::trace_unsynchronized::hd183f0625477fb28
[INFO] [stderr]                                  at /rustc/0e09125c6c3c2fd70d7de961bcf0e51575235fad/library/std/src/../../backtrace/src/backtrace/mod.rs:66:5
[INFO] [stderr]      2:     0x55aaefb42c26 - std::sys_common::backtrace::_print_fmt::hd7f8fef21b4eda67
[INFO] [stderr]                                  at /rustc/0e09125c6c3c2fd70d7de961bcf0e51575235fad/library/std/src/sys_common/backtrace.rs:68:5
[INFO] [stderr]      3:     0x55aaefb42c26 - <std::sys_common::backtrace::_print::DisplayBacktrace as core::fmt::Display>::fmt::h623d9b51f2f453f1
[INFO] [stderr]                                  at /rustc/0e09125c6c3c2fd70d7de961bcf0e51575235fad/library/std/src/sys_common/backtrace.rs:44:22
[INFO] [stderr]      4:     0x55aaefb67af0 - core::fmt::rt::Argument::fmt::h9f417ac76a86f368
[INFO] [stderr]                                  at /rustc/0e09125c6c3c2fd70d7de961bcf0e51575235fad/library/core/src/fmt/rt.rs:142:9
[INFO] [stderr]      5:     0x55aaefb67af0 - core::fmt::write::hc9b6faf4ac2aeff7
[INFO] [stderr]                                  at /rustc/0e09125c6c3c2fd70d7de961bcf0e51575235fad/library/core/src/fmt/mod.rs:1120:17
[INFO] [stderr]      6:     0x55aaefb4068f - std::io::Write::write_fmt::hfead1eee52c2e65e
[INFO] [stderr]                                  at /rustc/0e09125c6c3c2fd70d7de961bcf0e51575235fad/library/std/src/io/mod.rs:1810:15
[INFO] [stderr]      7:     0x55aaefb42a04 - std::sys_common::backtrace::_print::hd5d66399c7df88a2
[INFO] [stderr]                                  at /rustc/0e09125c6c3c2fd70d7de961bcf0e51575235fad/library/std/src/sys_common/backtrace.rs:47:5
[INFO] [stderr]      8:     0x55aaefb42a04 - std::sys_common::backtrace::print::he81ed2da642d37e5
[INFO] [stderr]                                  at /rustc/0e09125c6c3c2fd70d7de961bcf0e51575235fad/library/std/src/sys_common/backtrace.rs:34:9
[INFO] [stderr]      9:     0x55aaefb442e7 - std::panicking::default_hook::{{closure}}::h85773f4fa117163d
[INFO] [stderr]     10:     0x55aaefb44049 - std::panicking::default_hook::h6a1694a91d09b278
[INFO] [stderr]                                  at /rustc/0e09125c6c3c2fd70d7de961bcf0e51575235fad/library/std/src/panicking.rs:292:9
[INFO] [stderr]     11:     0x55aaefb44778 - std::panicking::rust_panic_with_hook::h0a7ad96e90f7145b
[INFO] [stderr]                                  at /rustc/0e09125c6c3c2fd70d7de961bcf0e51575235fad/library/std/src/panicking.rs:779:13
[INFO] [stderr]     12:     0x55aaefb158de - std::panicking::begin_panic::{{closure}}::hcb7dbc657146e1bc
[INFO] [stderr]     13:     0x55aaefb123ca - std::sys_common::backtrace::__rust_end_short_backtrace::h698599791721b93b
[INFO] [stderr]     14:     0x55aaefb1585b - std::panicking::begin_panic::hf65bab93d97e043b
[INFO] [stderr]     15:     0x55aaefaea2cf - build_script_build::validate_headers::hbb8447d692d3160d
[INFO] [stderr]     16:     0x55aaefae9757 - build_script_build::try_pkg_config::h6c723b114c95b8d1
[INFO] [stderr]     17:     0x55aaefae89f3 - build_script_build::find_openssl_dir::h08e4646e50f8b6ae
[INFO] [stderr]     18:     0x55aaefae8858 - build_script_build::main::{{closure}}::h0e2508538683e724
[INFO] [stderr]     19:     0x55aaefaec7ef - core::option::Option<T>::unwrap_or_else::h41a03b4656482700
[INFO] [stderr]     20:     0x55aaefae7c0b - build_script_build::main::h861e49104176efb2
[INFO] [stderr]     21:     0x55aaefae5823 - core::ops::function::FnOnce::call_once::he74b017511e4e633
[INFO] [stderr]     22:     0x55aaefaedef6 - std::sys_common::backtrace::__rust_begin_short_backtrace::hed795a58ee639bc6
[INFO] [stderr]     23:     0x55aaefaee449 - std::rt::lang_start::{{closure}}::hf426992b53435a81
[INFO] [stderr]     24:     0x55aaefb3c981 - core::ops::function::impls::<impl core::ops::function::FnOnce<A> for &F>::call_once::h4eb4c5e1620f29b0
[INFO] [stderr]                                  at /rustc/0e09125c6c3c2fd70d7de961bcf0e51575235fad/library/core/src/ops/function.rs:284:13
[INFO] [stderr]     25:     0x55aaefb3c981 - std::panicking::try::do_call::h73fd26535faffcdf
[INFO] [stderr]                                  at /rustc/0e09125c6c3c2fd70d7de961bcf0e51575235fad/library/std/src/panicking.rs:552:40
[INFO] [stderr]     26:     0x55aaefb3c981 - std::panicking::try::h77ff1d98f0fb9f39
[INFO] [stderr]                                  at /rustc/0e09125c6c3c2fd70d7de961bcf0e51575235fad/library/std/src/panicking.rs:516:19
[INFO] [stderr]     27:     0x55aaefb3c981 - std::panic::catch_unwind::hab3caf2448b95e37
[INFO] [stderr]                                  at /rustc/0e09125c6c3c2fd70d7de961bcf0e51575235fad/library/std/src/panic.rs:142:14
[INFO] [stderr]     28:     0x55aaefb3c981 - std::rt::lang_start_internal::{{closure}}::h8086711f9c783f78
[INFO] [stderr]                                  at /rustc/0e09125c6c3c2fd70d7de961bcf0e51575235fad/library/std/src/rt.rs:148:48
[INFO] [stderr]     29:     0x55aaefb3c981 - std::panicking::try::do_call::hf920d4dc291cd6ca
[INFO] [stderr]                                  at /rustc/0e09125c6c3c2fd70d7de961bcf0e51575235fad/library/std/src/panicking.rs:552:40
[INFO] [stderr]     30:     0x55aaefb3c981 - std::panicking::try::h2b806ccc0a85db74
[INFO] [stderr]                                  at /rustc/0e09125c6c3c2fd70d7de961bcf0e51575235fad/library/std/src/panicking.rs:516:19
[INFO] [stderr]     31:     0x55aaefb3c981 - std::panic::catch_unwind::h038489539c507df2
[INFO] [stderr]                                  at /rustc/0e09125c6c3c2fd70d7de961bcf0e51575235fad/library/std/src/panic.rs:142:14
[INFO] [stderr]     32:     0x55aaefb3c981 - std::rt::lang_start_internal::h28503b88912e8a5c
[INFO] [stderr]                                  at /rustc/0e09125c6c3c2fd70d7de961bcf0e51575235fad/library/std/src/rt.rs:148:20
[INFO] [stderr]     33:     0x55aaefaee427 - std::rt::lang_start::h0c6fee5a2e8c1a66
[INFO] [stderr]     34:     0x55aaefaeb535 - main
[INFO] [stderr]     35:     0x7f5087ac6d90 - <unknown>
[INFO] [stderr]     36:     0x7f5087ac6e40 - __libc_start_main
[INFO] [stderr]     37:     0x55aaefae1e85 - _start
[INFO] [stderr]     38:                0x0 - <unknown>
[INFO] [stderr] warning: build failed, waiting for other jobs to finish...
[INFO] [stdout] error: aborting due to 1 previous error
[INFO] [stdout] 
[INFO] [stdout] 
[INFO] [stdout] For more information about this error, try `rustc --explain E0310`.
[INFO] [stdout] 
[INFO] [stderr] error: could not compile `rustc-serialize` (lib) due to 2 previous errors
[INFO] running `Command { std: "docker" "inspect" "e23adcc66f842f34d8a54dab1c369efe5248823dcf543fbe5ff4fbfc3dc38d57", kill_on_drop: false }`
[INFO] running `Command { std: "docker" "rm" "-f" "e23adcc66f842f34d8a54dab1c369efe5248823dcf543fbe5ff4fbfc3dc38d57", kill_on_drop: false }`
[INFO] [stdout] e23adcc66f842f34d8a54dab1c369efe5248823dcf543fbe5ff4fbfc3dc38d57
