[INFO] cloning repository https://github.com/Leonqn/voices-to-text-tg-bot
[INFO] running `Command { std: "git" "-c" "credential.helper=" "-c" "credential.helper=/workspace/cargo-home/bin/git-credential-null" "clone" "--bare" "https://github.com/Leonqn/voices-to-text-tg-bot" "/workspace/cache/git-repos/https%3A%2F%2Fgithub.com%2FLeonqn%2Fvoices-to-text-tg-bot", kill_on_drop: false }`
[INFO] [stderr] Cloning into bare repository '/workspace/cache/git-repos/https%3A%2F%2Fgithub.com%2FLeonqn%2Fvoices-to-text-tg-bot'...
[INFO] running `Command { std: "git" "rev-parse" "HEAD", kill_on_drop: false }`
[INFO] [stdout] 2d503ccdef4fac88f21ecea8b7ab4a100b024486
[INFO] documenting Leonqn/voices-to-text-tg-bot against 1.75.0 for beta-1.76-rustdoc-1
[INFO] running `Command { std: "git" "clone" "/workspace/cache/git-repos/https%3A%2F%2Fgithub.com%2FLeonqn%2Fvoices-to-text-tg-bot" "/workspace/builds/worker-5-tc1/source", kill_on_drop: false }`
[INFO] [stderr] Cloning into '/workspace/builds/worker-5-tc1/source'...
[INFO] [stderr] done.
[INFO] validating manifest of git repo https://github.com/Leonqn/voices-to-text-tg-bot on toolchain 1.75.0
[INFO] running `Command { std: CARGO_HOME="/workspace/cargo-home" RUSTUP_HOME="/workspace/rustup-home" "/workspace/cargo-home/bin/cargo" "+1.75.0" "metadata" "--manifest-path" "Cargo.toml" "--no-deps", kill_on_drop: false }`
[INFO] started tweaking git repo https://github.com/Leonqn/voices-to-text-tg-bot
[INFO] finished tweaking git repo https://github.com/Leonqn/voices-to-text-tg-bot
[INFO] tweaked toml for git repo https://github.com/Leonqn/voices-to-text-tg-bot written to /workspace/builds/worker-5-tc1/source/Cargo.toml
[INFO] crate git repo https://github.com/Leonqn/voices-to-text-tg-bot already has a lockfile, it will not be regenerated
[INFO] running `Command { std: CARGO_HOME="/workspace/cargo-home" RUSTUP_HOME="/workspace/rustup-home" "/workspace/cargo-home/bin/cargo" "+1.75.0" "fetch" "--manifest-path" "Cargo.toml", kill_on_drop: false }`
[INFO] [stderr]     Updating crates.io index
[INFO] [stderr]  Downloading crates ...
[INFO] [stderr]   Downloaded cc v1.0.18
[INFO] [stderr]   Downloaded vcpkg v0.2.4
[INFO] [stderr]   Downloaded itoa v0.4.2
[INFO] [stderr]   Downloaded pretty_env_logger v0.2.4
[INFO] [stderr]   Downloaded cfg-if v0.1.4
[INFO] [stderr]   Downloaded tokio-udp v0.1.1
[INFO] [stderr]   Downloaded serde-hjson v0.8.1
[INFO] [stderr]   Downloaded rust-ini v0.12.2
[INFO] [stderr]   Downloaded linked-hash-map v0.5.1
[INFO] [stderr]   Downloaded chrono v0.4.5
[INFO] [stderr]   Downloaded tokio-reactor v0.1.2
[INFO] [stderr]   Downloaded yaml-rust v0.4.0
[INFO] [stderr]   Downloaded nom v4.0.0
[INFO] [stderr]   Downloaded regex-syntax v0.6.1
[INFO] [stderr]   Downloaded regex v1.0.1
[INFO] [stderr]   Downloaded syn v0.14.4
[INFO] [stderr]   Downloaded h2 v0.1.10
[INFO] [stderr]   Downloaded relegram v0.1.4
[INFO] [stderr]   Downloaded mio v0.6.15
[INFO] [stderr]   Downloaded http v0.1.7
[INFO] [stderr]   Downloaded serde_json v1.0.22
[INFO] [stderr]   Downloaded config v0.9.0
[INFO] [stderr]   Downloaded hyper-tls v0.3.0
[INFO] [stderr]   Downloaded aho-corasick v0.6.6
[INFO] [stderr]   Downloaded native-tls v0.2.0
[INFO] [stderr]   Downloaded serde v1.0.70
[INFO] [stderr]   Downloaded tokio-fs v0.1.2
[INFO] [stderr]   Downloaded tokio-threadpool v0.1.5
[INFO] [stderr]   Downloaded tokio-io v0.1.7
[INFO] [stderr]   Downloaded openssl-sys v0.9.33
[INFO] [stderr]   Downloaded tempfile v3.0.2
[INFO] [stderr]   Downloaded tokio-timer v0.2.4
[INFO] [stderr]   Downloaded hyper v0.12.6
[INFO] [stderr]   Downloaded openssl v0.10.10
[INFO] running `Command { std: "docker" "create" "-v" "/var/lib/crater-agent-workspace/builds/worker-5-tc1/target:/opt/rustwide/target:rw,Z" "-v" "/var/lib/crater-agent-workspace/builds/worker-5-tc1/source:/opt/rustwide/workdir:ro,Z" "-v" "/var/lib/crater-agent-workspace/cargo-home:/opt/rustwide/cargo-home:ro,Z" "-v" "/var/lib/crater-agent-workspace/rustup-home:/opt/rustwide/rustup-home:ro,Z" "-e" "SOURCE_DIR=/opt/rustwide/workdir" "-e" "CARGO_TARGET_DIR=/opt/rustwide/target" "-e" "CARGO_HOME=/opt/rustwide/cargo-home" "-e" "RUSTUP_HOME=/opt/rustwide/rustup-home" "-w" "/opt/rustwide/workdir" "-m" "1610612736" "--user" "0:0" "--network" "none" "ghcr.io/rust-lang/crates-build-env/linux@sha256:2788e3201cd34a07e3172128adcd8b3090168a8e3bcc40d7c032b9dda1df7d1c" "/opt/rustwide/cargo-home/bin/cargo" "+1.75.0" "metadata" "--no-deps" "--format-version=1", kill_on_drop: false }`
[INFO] [stdout] d5e7f4f31f91a19e1ff2fd0c4055d34bcc024e34139b3238184cca97c50f9037
[INFO] running `Command { std: "docker" "start" "-a" "d5e7f4f31f91a19e1ff2fd0c4055d34bcc024e34139b3238184cca97c50f9037", kill_on_drop: false }`
[INFO] running `Command { std: "docker" "inspect" "d5e7f4f31f91a19e1ff2fd0c4055d34bcc024e34139b3238184cca97c50f9037", kill_on_drop: false }`
[INFO] running `Command { std: "docker" "rm" "-f" "d5e7f4f31f91a19e1ff2fd0c4055d34bcc024e34139b3238184cca97c50f9037", kill_on_drop: false }`
[INFO] [stdout] d5e7f4f31f91a19e1ff2fd0c4055d34bcc024e34139b3238184cca97c50f9037
[INFO] running `Command { std: "docker" "create" "-v" "/var/lib/crater-agent-workspace/builds/worker-5-tc1/target:/opt/rustwide/target:rw,Z" "-v" "/var/lib/crater-agent-workspace/builds/worker-5-tc1/source:/opt/rustwide/workdir:ro,Z" "-v" "/var/lib/crater-agent-workspace/cargo-home:/opt/rustwide/cargo-home:ro,Z" "-v" "/var/lib/crater-agent-workspace/rustup-home:/opt/rustwide/rustup-home:ro,Z" "-e" "SOURCE_DIR=/opt/rustwide/workdir" "-e" "CARGO_TARGET_DIR=/opt/rustwide/target" "-e" "CARGO_INCREMENTAL=0" "-e" "RUST_BACKTRACE=full" "-e" "RUSTFLAGS=--cap-lints=warn" "-e" "RUSTDOCFLAGS=--cap-lints=warn" "-e" "CARGO_HOME=/opt/rustwide/cargo-home" "-e" "RUSTUP_HOME=/opt/rustwide/rustup-home" "-w" "/opt/rustwide/workdir" "-m" "1610612736" "--user" "0:0" "--network" "none" "ghcr.io/rust-lang/crates-build-env/linux@sha256:2788e3201cd34a07e3172128adcd8b3090168a8e3bcc40d7c032b9dda1df7d1c" "/opt/rustwide/cargo-home/bin/cargo" "+1.75.0" "doc" "--frozen" "--no-deps" "--document-private-items" "--message-format=json", kill_on_drop: false }`
[INFO] [stdout] 00cde71e054cf9384394806845048aab97ff4f998aee3b0d46794220bcf8392f
[INFO] running `Command { std: "docker" "start" "-a" "00cde71e054cf9384394806845048aab97ff4f998aee3b0d46794220bcf8392f", kill_on_drop: false }`
[INFO] [stderr]     Checking libc v0.2.42
[INFO] [stderr]     Checking cfg-if v0.1.4
[INFO] [stderr]     Checking futures v0.1.23
[INFO] [stderr]     Checking lazy_static v1.0.1
[INFO] [stderr]     Checking byteorder v1.2.3
[INFO] [stderr]     Checking slab v0.4.0
[INFO] [stderr]    Compiling pkg-config v0.3.11
[INFO] [stderr]    Compiling cc v1.0.18
[INFO] [stderr]     Checking nodrop v0.1.12
[INFO] [stderr]    Compiling num-traits v0.2.5
[INFO] [stderr]     Checking lazycell v0.6.0
[INFO] [stderr]     Checking memoffset v0.2.1
[INFO] [stderr]     Checking scopeguard v0.3.3
[INFO] [stderr]     Checking itoa v0.4.2
[INFO] [stderr]    Compiling serde v1.0.70
[INFO] [stderr]     Checking void v1.0.2
[INFO] [stderr]     Checking log v0.4.3
[INFO] [stderr]     Checking crossbeam-utils v0.3.2
[INFO] [stderr]     Checking arrayvec v0.4.7
[INFO] [stderr]     Checking fnv v1.0.6
[INFO] [stderr]    Compiling httparse v1.3.2
[INFO] [stderr]    Compiling openssl v0.10.10
[INFO] [stderr]    Compiling proc-macro2 v0.4.6
[INFO] [stderr]     Checking unreachable v1.0.0
[INFO] [stderr]    Compiling native-tls v0.2.0
[INFO] [stderr]    Compiling num-integer v0.1.39
[INFO] [stderr]     Checking serde v0.8.23
[INFO] [stderr]    Compiling regex v1.0.1
[INFO] [stderr]     Checking try-lock v0.2.2
[INFO] [stderr]     Checking ucd-util v0.1.1
[INFO] [stderr]     Checking indexmap v1.0.1
[INFO] [stderr]     Checking string v0.1.1
[INFO] [stderr]     Checking crossbeam-epoch v0.4.3
[INFO] [stderr]     Checking regex-syntax v0.6.1
[INFO] [stderr]     Checking thread_local v0.3.5
[INFO] [stderr]     Checking utf8-ranges v1.0.0
[INFO] [stderr]     Checking iovec v0.1.2
[INFO] [stderr]     Checking net2 v0.2.33
[INFO] [stderr]     Checking num_cpus v1.8.0
[INFO] [stderr]     Checking memchr v2.0.1
[INFO] [stderr]     Checking rand v0.4.2
[INFO] [stderr]     Checking bytes v0.4.8
[INFO] [stderr]     Checking time v0.1.40
[INFO] [stderr]     Checking crossbeam-deque v0.3.1
[INFO] [stderr]     Checking thread-id v2.0.0
[INFO] [stderr]     Checking memchr v0.1.11
[INFO] [stderr]     Checking aho-corasick v0.6.6
[INFO] [stderr]     Checking thread_local v0.2.7
[INFO] [stderr]     Checking aho-corasick v0.5.3
[INFO] [stderr]    Compiling quote v0.6.3
[INFO] [stderr]     Checking mio v0.6.15
[INFO] [stderr]     Checking openssl-probe v0.1.2
[INFO] [stderr]     Checking quick-error v1.2.2
[INFO] [stderr]     Checking dtoa v0.4.3
[INFO] [stderr]     Checking regex v0.1.80
[INFO] [stderr]    Compiling syn v0.14.4
[INFO] [stderr]     Checking atty v0.2.10
[INFO] [stderr]     Checking humantime v1.1.1
[INFO] [stderr]     Checking termcolor v0.3.6
[INFO] [stderr]     Checking linked-hash-map v0.5.1
[INFO] [stderr]     Checking lazy_static v0.2.11
[INFO] [stderr]     Checking nom v4.0.0
[INFO] [stderr]     Checking http v0.1.7
[INFO] [stderr]     Checking safemem v0.2.0
[INFO] [stderr]     Checking rust-ini v0.12.2
[INFO] [stderr]     Checking base64 v0.9.2
[INFO] [stderr]    Compiling openssl-sys v0.9.33
[INFO] [stderr]     Checking yaml-rust v0.4.0
[INFO] [stderr]     Checking num-traits v0.1.43
[INFO] [stderr]     Checking tokio-io v0.1.7
[INFO] [stderr]     Checking tokio-executor v0.1.2
[INFO] [stderr]     Checking futures-cpupool v0.1.8
[INFO] [stderr]     Checking want v0.0.6
[INFO] [stderr]     Checking tokio-threadpool v0.1.5
[INFO] [stderr]     Checking tokio-timer v0.2.4
[INFO] [stderr]     Checking chrono v0.4.5
[INFO] [stderr]     Checking tokio-reactor v0.1.2
[INFO] [stderr]     Checking tokio-codec v0.1.0
[INFO] [stderr] The following warnings were emitted during compilation:
[INFO] [stderr] 
[INFO] [stderr] warning: openssl-sys@0.9.33: /opt/rustwide/target/debug/build/openssl-sys-2e44dbfa4a737130/out/expando.c:4:24: error: pasting "RUST_VERSION_OPENSSL_" and "(" does not give a valid preprocessing token
[INFO] [stderr] warning: openssl-sys@0.9.33:     4 | #define VERSION2(n, v) RUST_VERSION_ ## n ## _ ## v
[INFO] [stderr] warning: openssl-sys@0.9.33:       |                        ^~~~~~~~~~~~~
[INFO] [stderr] warning: openssl-sys@0.9.33: /opt/rustwide/target/debug/build/openssl-sys-2e44dbfa4a737130/out/expando.c:5:23: note: in expansion of macro 'VERSION2'
[INFO] [stderr] warning: openssl-sys@0.9.33:     5 | #define VERSION(n, v) VERSION2(n, v)
[INFO] [stderr] warning: openssl-sys@0.9.33:       |                       ^~~~~~~~
[INFO] [stderr] warning: openssl-sys@0.9.33: /opt/rustwide/target/debug/build/openssl-sys-2e44dbfa4a737130/out/expando.c:7:1: note: in expansion of macro 'VERSION'
[INFO] [stderr] warning: openssl-sys@0.9.33:     7 | VERSION(OPENSSL, OPENSSL_VERSION_NUMBER)
[INFO] [stderr] warning: openssl-sys@0.9.33:       | ^~~~~~~
[INFO] [stderr] 
[INFO] [stderr] error: failed to run custom build command for `openssl-sys v0.9.33`
[INFO] [stderr] note: To improve backtraces for build dependencies, set the CARGO_PROFILE_DEV_BUILD_OVERRIDE_DEBUG=true environment variable to enable debug information generation.
[INFO] [stderr] 
[INFO] [stderr] Caused by:
[INFO] [stderr]   process didn't exit successfully: `/opt/rustwide/target/debug/build/openssl-sys-fa0667b3fe417c70/build-script-main` (exit status: 101)
[INFO] [stderr]   --- stdout
[INFO] [stderr]   cargo:rerun-if-env-changed=X86_64_UNKNOWN_LINUX_GNU_OPENSSL_LIB_DIR
[INFO] [stderr]   cargo:rerun-if-env-changed=OPENSSL_LIB_DIR
[INFO] [stderr]   cargo:rerun-if-env-changed=X86_64_UNKNOWN_LINUX_GNU_OPENSSL_INCLUDE_DIR
[INFO] [stderr]   cargo:rerun-if-env-changed=OPENSSL_INCLUDE_DIR
[INFO] [stderr]   cargo:rerun-if-env-changed=X86_64_UNKNOWN_LINUX_GNU_OPENSSL_DIR
[INFO] [stderr]   cargo:rerun-if-env-changed=OPENSSL_DIR
[INFO] [stderr]   cargo:rustc-link-lib=ssl
[INFO] [stderr]   cargo:rustc-link-lib=crypto
[INFO] [stderr]   OPT_LEVEL = Some("0")
[INFO] [stderr]   TARGET = Some("x86_64-unknown-linux-gnu")
[INFO] [stderr]   HOST = Some("x86_64-unknown-linux-gnu")
[INFO] [stderr]   TARGET = Some("x86_64-unknown-linux-gnu")
[INFO] [stderr]   TARGET = Some("x86_64-unknown-linux-gnu")
[INFO] [stderr]   HOST = Some("x86_64-unknown-linux-gnu")
[INFO] [stderr]   CC_x86_64-unknown-linux-gnu = None
[INFO] [stderr]   CC_x86_64_unknown_linux_gnu = None
[INFO] [stderr]   HOST_CC = None
[INFO] [stderr]   CC = None
[INFO] [stderr]   HOST = Some("x86_64-unknown-linux-gnu")
[INFO] [stderr]   TARGET = Some("x86_64-unknown-linux-gnu")
[INFO] [stderr]   HOST = Some("x86_64-unknown-linux-gnu")
[INFO] [stderr]   CFLAGS_x86_64-unknown-linux-gnu = None
[INFO] [stderr]   CFLAGS_x86_64_unknown_linux_gnu = None
[INFO] [stderr]   HOST_CFLAGS = None
[INFO] [stderr]   CFLAGS = None
[INFO] [stderr]   DEBUG = Some("true")
[INFO] [stderr]   running: "cc" "-O0" "-ffunction-sections" "-fdata-sections" "-fPIC" "-g" "-m64" "-Wall" "-Wextra" "-E" "/opt/rustwide/target/debug/build/openssl-sys-2e44dbfa4a737130/out/expando.c"
[INFO] [stderr]   cargo:warning=/opt/rustwide/target/debug/build/openssl-sys-2e44dbfa4a737130/out/expando.c:4:24: error: pasting "RUST_VERSION_OPENSSL_" and "(" does not give a valid preprocessing token
[INFO] [stderr]   cargo:warning=    4 | #define VERSION2(n, v) RUST_VERSION_ ## n ## _ ## v
[INFO] [stderr]   cargo:warning=      |                        ^~~~~~~~~~~~~
[INFO] [stderr]   cargo:warning=/opt/rustwide/target/debug/build/openssl-sys-2e44dbfa4a737130/out/expando.c:5:23: note: in expansion of macro 'VERSION2'
[INFO] [stderr]   cargo:warning=    5 | #define VERSION(n, v) VERSION2(n, v)
[INFO] [stderr]   cargo:warning=      |                       ^~~~~~~~
[INFO] [stderr]   cargo:warning=/opt/rustwide/target/debug/build/openssl-sys-2e44dbfa4a737130/out/expando.c:7:1: note: in expansion of macro 'VERSION'
[INFO] [stderr]   cargo:warning=    7 | VERSION(OPENSSL, OPENSSL_VERSION_NUMBER)
[INFO] [stderr]   cargo:warning=      | ^~~~~~~
[INFO] [stderr]   exit status: 1
[INFO] [stderr] 
[INFO] [stderr]   --- stderr
[INFO] [stderr]   thread 'main' panicked at /opt/rustwide/cargo-home/registry/src/index.crates.io-6f17d22bba15001f/openssl-sys-0.9.33/build/main.rs:379:13:
[INFO] [stderr] 
[INFO] [stderr]   Header expansion error:
[INFO] [stderr]   Error { kind: ToolExecError, message: "Command \"cc\" \"-O0\" \"-ffunction-sections\" \"-fdata-sections\" \"-fPIC\" \"-g\" \"-m64\" \"-Wall\" \"-Wextra\" \"-E\" \"/opt/rustwide/target/debug/build/openssl-sys-2e44dbfa4a737130/out/expando.c\" with args \"cc\" did not execute successfully (status code exit status: 1)." }
[INFO] [stderr] 
[INFO] [stderr]   Failed to find OpenSSL development headers.
[INFO] [stderr] 
[INFO] [stderr]   You can try fixing this setting the `OPENSSL_DIR` environment variable
[INFO] [stderr]   pointing to your OpenSSL installation or installing OpenSSL headers package
[INFO] [stderr]   specific to your distribution:
[INFO] [stderr] 
[INFO] [stderr]       # On Ubuntu
[INFO] [stderr]       sudo apt-get install libssl-dev
[INFO] [stderr]       # On Arch Linux
[INFO] [stderr]       sudo pacman -S openssl
[INFO] [stderr]       # On Fedora
[INFO] [stderr]       sudo dnf install openssl-devel
[INFO] [stderr] 
[INFO] [stderr]   See rust-openssl README for more information:
[INFO] [stderr] 
[INFO] [stderr]       https://github.com/sfackler/rust-openssl#linux
[INFO] [stderr] 
[INFO] [stderr]   stack backtrace:
[INFO] [stderr]      0:     0x55f16bc9f1fc - std::backtrace_rs::backtrace::libunwind::trace::ha637c64ce894333a
[INFO] [stderr]                                  at /rustc/82e1608dfa6e0b5569232559e3d385fea5a93112/library/std/src/../../backtrace/src/backtrace/libunwind.rs:104:5
[INFO] [stderr]      1:     0x55f16bc9f1fc - std::backtrace_rs::backtrace::trace_unsynchronized::h47f62dea28e0c88d
[INFO] [stderr]                                  at /rustc/82e1608dfa6e0b5569232559e3d385fea5a93112/library/std/src/../../backtrace/src/backtrace/mod.rs:66:5
[INFO] [stderr]      2:     0x55f16bc9f1fc - std::sys_common::backtrace::_print_fmt::h9eef0abe20ede486
[INFO] [stderr]                                  at /rustc/82e1608dfa6e0b5569232559e3d385fea5a93112/library/std/src/sys_common/backtrace.rs:67:5
[INFO] [stderr]      3:     0x55f16bc9f1fc - <std::sys_common::backtrace::_print::DisplayBacktrace as core::fmt::Display>::fmt::hed7f999df88cc644
[INFO] [stderr]                                  at /rustc/82e1608dfa6e0b5569232559e3d385fea5a93112/library/std/src/sys_common/backtrace.rs:44:22
[INFO] [stderr]      4:     0x55f16bcc5330 - core::fmt::rt::Argument::fmt::h1539a9308b8d058d
[INFO] [stderr]                                  at /rustc/82e1608dfa6e0b5569232559e3d385fea5a93112/library/core/src/fmt/rt.rs:142:9
[INFO] [stderr]      5:     0x55f16bcc5330 - core::fmt::write::h3a39390d8560d9c9
[INFO] [stderr]                                  at /rustc/82e1608dfa6e0b5569232559e3d385fea5a93112/library/core/src/fmt/mod.rs:1120:17
[INFO] [stderr]      6:     0x55f16bc9cb3f - std::io::Write::write_fmt::h5fc9997dfe05f882
[INFO] [stderr]                                  at /rustc/82e1608dfa6e0b5569232559e3d385fea5a93112/library/std/src/io/mod.rs:1762:15
[INFO] [stderr]      7:     0x55f16bc9efe4 - std::sys_common::backtrace::_print::h894006fb5c6f3d45
[INFO] [stderr]                                  at /rustc/82e1608dfa6e0b5569232559e3d385fea5a93112/library/std/src/sys_common/backtrace.rs:47:5
[INFO] [stderr]      8:     0x55f16bc9efe4 - std::sys_common::backtrace::print::h23a2d212c6fff936
[INFO] [stderr]                                  at /rustc/82e1608dfa6e0b5569232559e3d385fea5a93112/library/std/src/sys_common/backtrace.rs:34:9
[INFO] [stderr]      9:     0x55f16bca07f7 - std::panicking::default_hook::{{closure}}::h8a1d2ee00185001a
[INFO] [stderr]     10:     0x55f16bca055f - std::panicking::default_hook::h6038f2eba384e475
[INFO] [stderr]                                  at /rustc/82e1608dfa6e0b5569232559e3d385fea5a93112/library/std/src/panicking.rs:292:9
[INFO] [stderr]     11:     0x55f16bca0c78 - std::panicking::rust_panic_with_hook::h2b5517d590cab22e
[INFO] [stderr]                                  at /rustc/82e1608dfa6e0b5569232559e3d385fea5a93112/library/std/src/panicking.rs:779:13
[INFO] [stderr]     12:     0x55f16bca0b5e - std::panicking::begin_panic_handler::{{closure}}::h233112c06e0ef43e
[INFO] [stderr]                                  at /rustc/82e1608dfa6e0b5569232559e3d385fea5a93112/library/std/src/panicking.rs:657:13
[INFO] [stderr]     13:     0x55f16bc9f6c6 - std::sys_common::backtrace::__rust_end_short_backtrace::h6e893f24d7ebbff8
[INFO] [stderr]                                  at /rustc/82e1608dfa6e0b5569232559e3d385fea5a93112/library/std/src/sys_common/backtrace.rs:170:18
[INFO] [stderr]     14:     0x55f16bca08c2 - rust_begin_unwind
[INFO] [stderr]                                  at /rustc/82e1608dfa6e0b5569232559e3d385fea5a93112/library/std/src/panicking.rs:645:5
[INFO] [stderr]     15:     0x55f16bc23685 - core::panicking::panic_fmt::hbf0e066aabfa482c
[INFO] [stderr]                                  at /rustc/82e1608dfa6e0b5569232559e3d385fea5a93112/library/core/src/panicking.rs:72:14
[INFO] [stderr]     16:     0x55f16bc2c12f - build_script_main::validate_headers::h24de34a0e98bb03a
[INFO] [stderr]     17:     0x55f16bc2a8ff - build_script_main::try_pkg_config::h6eb74f4a6247632d
[INFO] [stderr]     18:     0x55f16bc297c4 - build_script_main::find_openssl_dir::hb6b197063ace1dbe
[INFO] [stderr]     19:     0x55f16bc29638 - build_script_main::main::{{closure}}::h012b32afb0ebd4e3
[INFO] [stderr]     20:     0x55f16bc25939 - core::option::Option<T>::unwrap_or_else::h99c6b2500c5f92bd
[INFO] [stderr]     21:     0x55f16bc286f1 - build_script_main::main::hb2b116deb2f3d422
[INFO] [stderr]     22:     0x55f16bc24e93 - core::ops::function::FnOnce::call_once::h757fa70c51071e2f
[INFO] [stderr]     23:     0x55f16bc2dba6 - std::sys_common::backtrace::__rust_begin_short_backtrace::h3b172b24bfae60b1
[INFO] [stderr]     24:     0x55f16bc24a39 - std::rt::lang_start::{{closure}}::h66e77f7fcca18cab
[INFO] [stderr]     25:     0x55f16bc99087 - core::ops::function::impls::<impl core::ops::function::FnOnce<A> for &F>::call_once::hd95060ecd5e1ca24
[INFO] [stderr]                                  at /rustc/82e1608dfa6e0b5569232559e3d385fea5a93112/library/core/src/ops/function.rs:284:13
[INFO] [stderr]     26:     0x55f16bc99087 - std::panicking::try::do_call::h6e8cf51db32a6e4b
[INFO] [stderr]                                  at /rustc/82e1608dfa6e0b5569232559e3d385fea5a93112/library/std/src/panicking.rs:552:40
[INFO] [stderr]     27:     0x55f16bc99087 - std::panicking::try::h3a52eefe24fe3c29
[INFO] [stderr]                                  at /rustc/82e1608dfa6e0b5569232559e3d385fea5a93112/library/std/src/panicking.rs:516:19
[INFO] [stderr]     28:     0x55f16bc99087 - std::panic::catch_unwind::h24c28c23c02c3841
[INFO] [stderr]                                  at /rustc/82e1608dfa6e0b5569232559e3d385fea5a93112/library/std/src/panic.rs:142:14
[INFO] [stderr]     29:     0x55f16bc99087 - std::rt::lang_start_internal::{{closure}}::h705d3c9cbc06ef47
[INFO] [stderr]                                  at /rustc/82e1608dfa6e0b5569232559e3d385fea5a93112/library/std/src/rt.rs:148:48
[INFO] [stderr]     30:     0x55f16bc99087 - std::panicking::try::do_call::ha21f52ba13158470
[INFO] [stderr]                                  at /rustc/82e1608dfa6e0b5569232559e3d385fea5a93112/library/std/src/panicking.rs:552:40
[INFO] [stderr]     31:     0x55f16bc99087 - std::panicking::try::h5581346bf6aeb1f8
[INFO] [stderr]                                  at /rustc/82e1608dfa6e0b5569232559e3d385fea5a93112/library/std/src/panicking.rs:516:19
[INFO] [stderr]     32:     0x55f16bc99087 - std::panic::catch_unwind::h7919645a6b72e25b
[INFO] [stderr]                                  at /rustc/82e1608dfa6e0b5569232559e3d385fea5a93112/library/std/src/panic.rs:142:14
[INFO] [stderr]     33:     0x55f16bc99087 - std::rt::lang_start_internal::h12de51168669836e
[INFO] [stderr]                                  at /rustc/82e1608dfa6e0b5569232559e3d385fea5a93112/library/std/src/rt.rs:148:20
[INFO] [stderr]     34:     0x55f16bc24a17 - std::rt::lang_start::h7c6361b986b7362c
[INFO] [stderr]     35:     0x55f16bc2d335 - main
[INFO] [stderr]     36:     0x7f2b19f2bd90 - <unknown>
[INFO] [stderr]     37:     0x7f2b19f2be40 - __libc_start_main
[INFO] [stderr]     38:     0x55f16bc23e95 - _start
[INFO] [stderr]     39:                0x0 - <unknown>
[INFO] [stderr] warning: build failed, waiting for other jobs to finish...
[INFO] running `Command { std: "docker" "inspect" "00cde71e054cf9384394806845048aab97ff4f998aee3b0d46794220bcf8392f", kill_on_drop: false }`
[INFO] running `Command { std: "docker" "rm" "-f" "00cde71e054cf9384394806845048aab97ff4f998aee3b0d46794220bcf8392f", kill_on_drop: false }`
[INFO] [stdout] 00cde71e054cf9384394806845048aab97ff4f998aee3b0d46794220bcf8392f
[INFO] documenting Leonqn/voices-to-text-tg-bot against beta-2023-12-22 for beta-1.76-rustdoc-1
[INFO] running `Command { std: "git" "clone" "/workspace/cache/git-repos/https%3A%2F%2Fgithub.com%2FLeonqn%2Fvoices-to-text-tg-bot" "/workspace/builds/worker-5-tc2/source", kill_on_drop: false }`
[INFO] [stderr] Cloning into '/workspace/builds/worker-5-tc2/source'...
[INFO] [stderr] done.
[INFO] validating manifest of git repo https://github.com/Leonqn/voices-to-text-tg-bot on toolchain beta-2023-12-22
[INFO] running `Command { std: CARGO_HOME="/workspace/cargo-home" RUSTUP_HOME="/workspace/rustup-home" "/workspace/cargo-home/bin/cargo" "+beta-2023-12-22" "metadata" "--manifest-path" "Cargo.toml" "--no-deps", kill_on_drop: false }`
[INFO] started tweaking git repo https://github.com/Leonqn/voices-to-text-tg-bot
[INFO] finished tweaking git repo https://github.com/Leonqn/voices-to-text-tg-bot
[INFO] tweaked toml for git repo https://github.com/Leonqn/voices-to-text-tg-bot written to /workspace/builds/worker-5-tc2/source/Cargo.toml
[INFO] crate git repo https://github.com/Leonqn/voices-to-text-tg-bot already has a lockfile, it will not be regenerated
[INFO] running `Command { std: CARGO_HOME="/workspace/cargo-home" RUSTUP_HOME="/workspace/rustup-home" "/workspace/cargo-home/bin/cargo" "+beta-2023-12-22" "fetch" "--manifest-path" "Cargo.toml", kill_on_drop: false }`
[INFO] running `Command { std: "docker" "create" "-v" "/var/lib/crater-agent-workspace/builds/worker-5-tc2/target:/opt/rustwide/target:rw,Z" "-v" "/var/lib/crater-agent-workspace/builds/worker-5-tc2/source:/opt/rustwide/workdir:ro,Z" "-v" "/var/lib/crater-agent-workspace/cargo-home:/opt/rustwide/cargo-home:ro,Z" "-v" "/var/lib/crater-agent-workspace/rustup-home:/opt/rustwide/rustup-home:ro,Z" "-e" "SOURCE_DIR=/opt/rustwide/workdir" "-e" "CARGO_TARGET_DIR=/opt/rustwide/target" "-e" "CARGO_HOME=/opt/rustwide/cargo-home" "-e" "RUSTUP_HOME=/opt/rustwide/rustup-home" "-w" "/opt/rustwide/workdir" "-m" "1610612736" "--user" "0:0" "--network" "none" "ghcr.io/rust-lang/crates-build-env/linux@sha256:2788e3201cd34a07e3172128adcd8b3090168a8e3bcc40d7c032b9dda1df7d1c" "/opt/rustwide/cargo-home/bin/cargo" "+beta-2023-12-22" "metadata" "--no-deps" "--format-version=1", kill_on_drop: false }`
[INFO] [stdout] 2836d0a42040cb100d30ff9d8e8f8b4f2154945eb390a16917eec867e04ce448
[INFO] running `Command { std: "docker" "start" "-a" "2836d0a42040cb100d30ff9d8e8f8b4f2154945eb390a16917eec867e04ce448", kill_on_drop: false }`
[INFO] running `Command { std: "docker" "inspect" "2836d0a42040cb100d30ff9d8e8f8b4f2154945eb390a16917eec867e04ce448", kill_on_drop: false }`
[INFO] running `Command { std: "docker" "rm" "-f" "2836d0a42040cb100d30ff9d8e8f8b4f2154945eb390a16917eec867e04ce448", kill_on_drop: false }`
[INFO] [stdout] 2836d0a42040cb100d30ff9d8e8f8b4f2154945eb390a16917eec867e04ce448
[INFO] running `Command { std: "docker" "create" "-v" "/var/lib/crater-agent-workspace/builds/worker-5-tc2/target:/opt/rustwide/target:rw,Z" "-v" "/var/lib/crater-agent-workspace/builds/worker-5-tc2/source:/opt/rustwide/workdir:ro,Z" "-v" "/var/lib/crater-agent-workspace/cargo-home:/opt/rustwide/cargo-home:ro,Z" "-v" "/var/lib/crater-agent-workspace/rustup-home:/opt/rustwide/rustup-home:ro,Z" "-e" "SOURCE_DIR=/opt/rustwide/workdir" "-e" "CARGO_TARGET_DIR=/opt/rustwide/target" "-e" "CARGO_INCREMENTAL=0" "-e" "RUST_BACKTRACE=full" "-e" "RUSTFLAGS=--cap-lints=warn" "-e" "RUSTDOCFLAGS=--cap-lints=warn" "-e" "CARGO_HOME=/opt/rustwide/cargo-home" "-e" "RUSTUP_HOME=/opt/rustwide/rustup-home" "-w" "/opt/rustwide/workdir" "-m" "1610612736" "--user" "0:0" "--network" "none" "ghcr.io/rust-lang/crates-build-env/linux@sha256:2788e3201cd34a07e3172128adcd8b3090168a8e3bcc40d7c032b9dda1df7d1c" "/opt/rustwide/cargo-home/bin/cargo" "+beta-2023-12-22" "doc" "--frozen" "--no-deps" "--document-private-items" "--message-format=json", kill_on_drop: false }`
[INFO] [stdout] 9dd5d41dd2cf9e77ae2b82704acee99a81872ee072e88097dc7cad797e6e0b67
[INFO] running `Command { std: "docker" "start" "-a" "9dd5d41dd2cf9e77ae2b82704acee99a81872ee072e88097dc7cad797e6e0b67", kill_on_drop: false }`
[INFO] [stderr]     Checking libc v0.2.42
[INFO] [stderr]     Checking cfg-if v0.1.4
[INFO] [stderr]     Checking futures v0.1.23
[INFO] [stderr]     Checking lazy_static v1.0.1
[INFO] [stderr]     Checking byteorder v1.2.3
[INFO] [stderr]    Compiling pkg-config v0.3.11
[INFO] [stderr]     Checking nodrop v0.1.12
[INFO] [stderr]     Checking slab v0.4.0
[INFO] [stderr]    Compiling cc v1.0.18
[INFO] [stderr]     Checking scopeguard v0.3.3
[INFO] [stderr]     Checking lazycell v0.6.0
[INFO] [stderr]     Checking memoffset v0.2.1
[INFO] [stderr]    Compiling num-traits v0.2.5
[INFO] [stderr]     Checking itoa v0.4.2
[INFO] [stderr]    Compiling serde v1.0.70
[INFO] [stderr]     Checking void v1.0.2
[INFO] [stderr]     Checking log v0.4.3
[INFO] [stderr]     Checking crossbeam-utils v0.3.2
[INFO] [stderr]     Checking arrayvec v0.4.7
[INFO] [stderr]    Compiling openssl v0.10.10
[INFO] [stderr]    Compiling httparse v1.3.2
[INFO] [stderr]     Checking fnv v1.0.6
[INFO] [stderr]    Compiling proc-macro2 v0.4.6
[INFO] [stderr]     Checking unreachable v1.0.0
[INFO] [stderr]     Checking indexmap v1.0.1
[INFO] [stderr]    Compiling num-integer v0.1.39
[INFO] [stderr]     Checking string v0.1.1
[INFO] [stderr]    Compiling regex v1.0.1
[INFO] [stderr]     Checking serde v0.8.23
[INFO] [stderr]    Compiling native-tls v0.2.0
[INFO] [stderr]     Checking ucd-util v0.1.1
[INFO] [stderr]     Checking crossbeam-epoch v0.4.3
[INFO] [stderr]     Checking try-lock v0.2.2
[INFO] [stderr]    Compiling quote v0.6.3
[INFO] [stderr]     Checking regex-syntax v0.6.1
[INFO] [stderr]     Checking thread_local v0.3.5
[INFO] [stderr]     Checking iovec v0.1.2
[INFO] [stderr]     Checking net2 v0.2.33
[INFO] [stderr]     Checking num_cpus v1.8.0
[INFO] [stderr]     Checking memchr v2.0.1
[INFO] [stderr]     Checking crossbeam-deque v0.3.1
[INFO] [stderr]     Checking rand v0.4.2
[INFO] [stderr]     Checking bytes v0.4.8
[INFO] [stderr]     Checking time v0.1.40
[INFO] [stderr]     Checking thread-id v2.0.0
[INFO] [stderr]     Checking memchr v0.1.11
[INFO] [stderr]     Checking aho-corasick v0.6.6
[INFO] [stderr]     Checking thread_local v0.2.7
[INFO] [stderr]     Checking aho-corasick v0.5.3
[INFO] [stderr]     Checking dtoa v0.4.3
[INFO] [stderr]     Checking mio v0.6.15
[INFO] [stderr]     Checking utf8-ranges v1.0.0
[INFO] [stderr]     Checking quick-error v1.2.2
[INFO] [stderr]     Checking openssl-probe v0.1.2
[INFO] [stderr]    Compiling syn v0.14.4
[INFO] [stderr]     Checking atty v0.2.10
[INFO] [stderr]     Checking termcolor v0.3.6
[INFO] [stderr]     Checking http v0.1.7
[INFO] [stderr]     Checking regex v0.1.80
[INFO] [stderr]     Checking lazy_static v0.2.11
[INFO] [stderr]     Checking humantime v1.1.1
[INFO] [stderr]     Checking linked-hash-map v0.5.1
[INFO] [stderr]     Checking nom v4.0.0
[INFO] [stderr]    Compiling openssl-sys v0.9.33
[INFO] [stderr]     Checking tokio-executor v0.1.2
[INFO] [stderr]     Checking tokio-io v0.1.7
[INFO] [stderr]     Checking want v0.0.6
[INFO] [stderr]     Checking futures-cpupool v0.1.8
[INFO] [stderr]     Checking yaml-rust v0.4.0
[INFO] [stderr]     Checking num-traits v0.1.43
[INFO] [stderr]     Checking safemem v0.2.0
[INFO] [stderr]     Checking tokio-threadpool v0.1.5
[INFO] [stderr]     Checking tokio-timer v0.2.4
[INFO] [stderr]     Checking rust-ini v0.12.2
[INFO] [stderr]     Checking base64 v0.9.2
[INFO] [stderr]     Checking tokio-reactor v0.1.2
[INFO] [stderr]     Checking tokio-codec v0.1.0
[INFO] [stderr]     Checking chrono v0.4.5
[INFO] [stderr]     Checking tokio-tcp v0.1.0
[INFO] [stderr]     Checking tokio-udp v0.1.1
[INFO] [stderr]     Checking tokio-fs v0.1.2
[INFO] [stderr]     Checking serde_test v0.8.23
[INFO] [stderr] The following warnings were emitted during compilation:
[INFO] [stderr] 
[INFO] [stderr] warning: openssl-sys@0.9.33: /opt/rustwide/target/debug/build/openssl-sys-53a3c21866b239b0/out/expando.c:4:24: error: pasting "RUST_VERSION_OPENSSL_" and "(" does not give a valid preprocessing token
[INFO] [stderr] warning: openssl-sys@0.9.33:     4 | #define VERSION2(n, v) RUST_VERSION_ ## n ## _ ## v
[INFO] [stderr] warning: openssl-sys@0.9.33:       |                        ^~~~~~~~~~~~~
[INFO] [stderr] warning: openssl-sys@0.9.33: /opt/rustwide/target/debug/build/openssl-sys-53a3c21866b239b0/out/expando.c:5:23: note: in expansion of macro 'VERSION2'
[INFO] [stderr] warning: openssl-sys@0.9.33:     5 | #define VERSION(n, v) VERSION2(n, v)
[INFO] [stderr] warning: openssl-sys@0.9.33:       |                       ^~~~~~~~
[INFO] [stderr] warning: openssl-sys@0.9.33: /opt/rustwide/target/debug/build/openssl-sys-53a3c21866b239b0/out/expando.c:7:1: note: in expansion of macro 'VERSION'
[INFO] [stderr] warning: openssl-sys@0.9.33:     7 | VERSION(OPENSSL, OPENSSL_VERSION_NUMBER)
[INFO] [stderr] warning: openssl-sys@0.9.33:       | ^~~~~~~
[INFO] [stderr] 
[INFO] [stderr] error: failed to run custom build command for `openssl-sys v0.9.33`
[INFO] [stderr] note: To improve backtraces for build dependencies, set the CARGO_PROFILE_DEV_BUILD_OVERRIDE_DEBUG=true environment variable to enable debug information generation.
[INFO] [stderr] 
[INFO] [stderr] Caused by:
[INFO] [stderr]   process didn't exit successfully: `/opt/rustwide/target/debug/build/openssl-sys-dca9b9b924f2d7a0/build-script-main` (exit status: 101)
[INFO] [stderr]   --- stdout
[INFO] [stderr]   cargo:rerun-if-env-changed=X86_64_UNKNOWN_LINUX_GNU_OPENSSL_LIB_DIR
[INFO] [stderr]   cargo:rerun-if-env-changed=OPENSSL_LIB_DIR
[INFO] [stderr]   cargo:rerun-if-env-changed=X86_64_UNKNOWN_LINUX_GNU_OPENSSL_INCLUDE_DIR
[INFO] [stderr]   cargo:rerun-if-env-changed=OPENSSL_INCLUDE_DIR
[INFO] [stderr]   cargo:rerun-if-env-changed=X86_64_UNKNOWN_LINUX_GNU_OPENSSL_DIR
[INFO] [stderr]   cargo:rerun-if-env-changed=OPENSSL_DIR
[INFO] [stderr]   cargo:rustc-link-lib=ssl
[INFO] [stderr]   cargo:rustc-link-lib=crypto
[INFO] [stderr]   OPT_LEVEL = Some("0")
[INFO] [stderr]   TARGET = Some("x86_64-unknown-linux-gnu")
[INFO] [stderr]   HOST = Some("x86_64-unknown-linux-gnu")
[INFO] [stderr]   TARGET = Some("x86_64-unknown-linux-gnu")
[INFO] [stderr]   TARGET = Some("x86_64-unknown-linux-gnu")
[INFO] [stderr]   HOST = Some("x86_64-unknown-linux-gnu")
[INFO] [stderr]   CC_x86_64-unknown-linux-gnu = None
[INFO] [stderr]   CC_x86_64_unknown_linux_gnu = None
[INFO] [stderr]   HOST_CC = None
[INFO] [stderr]   CC = None
[INFO] [stderr]   HOST = Some("x86_64-unknown-linux-gnu")
[INFO] [stderr]   TARGET = Some("x86_64-unknown-linux-gnu")
[INFO] [stderr]   HOST = Some("x86_64-unknown-linux-gnu")
[INFO] [stderr]   CFLAGS_x86_64-unknown-linux-gnu = None
[INFO] [stderr]   CFLAGS_x86_64_unknown_linux_gnu = None
[INFO] [stderr]   HOST_CFLAGS = None
[INFO] [stderr]   CFLAGS = None
[INFO] [stderr]   DEBUG = Some("true")
[INFO] [stderr]   running: "cc" "-O0" "-ffunction-sections" "-fdata-sections" "-fPIC" "-g" "-m64" "-Wall" "-Wextra" "-E" "/opt/rustwide/target/debug/build/openssl-sys-53a3c21866b239b0/out/expando.c"
[INFO] [stderr]   cargo:warning=/opt/rustwide/target/debug/build/openssl-sys-53a3c21866b239b0/out/expando.c:4:24: error: pasting "RUST_VERSION_OPENSSL_" and "(" does not give a valid preprocessing token
[INFO] [stderr]   cargo:warning=    4 | #define VERSION2(n, v) RUST_VERSION_ ## n ## _ ## v
[INFO] [stderr]   cargo:warning=      |                        ^~~~~~~~~~~~~
[INFO] [stderr]   cargo:warning=/opt/rustwide/target/debug/build/openssl-sys-53a3c21866b239b0/out/expando.c:5:23: note: in expansion of macro 'VERSION2'
[INFO] [stderr]   cargo:warning=    5 | #define VERSION(n, v) VERSION2(n, v)
[INFO] [stderr]   cargo:warning=      |                       ^~~~~~~~
[INFO] [stderr]   cargo:warning=/opt/rustwide/target/debug/build/openssl-sys-53a3c21866b239b0/out/expando.c:7:1: note: in expansion of macro 'VERSION'
[INFO] [stderr]   cargo:warning=    7 | VERSION(OPENSSL, OPENSSL_VERSION_NUMBER)
[INFO] [stderr]   cargo:warning=      | ^~~~~~~
[INFO] [stderr]   exit status: 1
[INFO] [stderr] 
[INFO] [stderr]   --- stderr
[INFO] [stderr]   thread 'main' panicked at /opt/rustwide/cargo-home/registry/src/index.crates.io-6f17d22bba15001f/openssl-sys-0.9.33/build/main.rs:379:13:
[INFO] [stderr] 
[INFO] [stderr]   Header expansion error:
[INFO] [stderr]   Error { kind: ToolExecError, message: "Command \"cc\" \"-O0\" \"-ffunction-sections\" \"-fdata-sections\" \"-fPIC\" \"-g\" \"-m64\" \"-Wall\" \"-Wextra\" \"-E\" \"/opt/rustwide/target/debug/build/openssl-sys-53a3c21866b239b0/out/expando.c\" with args \"cc\" did not execute successfully (status code exit status: 1)." }
[INFO] [stderr] 
[INFO] [stderr]   Failed to find OpenSSL development headers.
[INFO] [stderr] 
[INFO] [stderr]   You can try fixing this setting the `OPENSSL_DIR` environment variable
[INFO] [stderr]   pointing to your OpenSSL installation or installing OpenSSL headers package
[INFO] [stderr]   specific to your distribution:
[INFO] [stderr] 
[INFO] [stderr]       # On Ubuntu
[INFO] [stderr]       sudo apt-get install libssl-dev
[INFO] [stderr]       # On Arch Linux
[INFO] [stderr]       sudo pacman -S openssl
[INFO] [stderr]       # On Fedora
[INFO] [stderr]       sudo dnf install openssl-devel
[INFO] [stderr] 
[INFO] [stderr]   See rust-openssl README for more information:
[INFO] [stderr] 
[INFO] [stderr]       https://github.com/sfackler/rust-openssl#linux
[INFO] [stderr] 
[INFO] [stderr]   stack backtrace:
[INFO] [stderr]      0:     0x55cbf2109de6 - std::backtrace_rs::backtrace::libunwind::trace::h261606ad26a499c1
[INFO] [stderr]                                  at /rustc/0e09125c6c3c2fd70d7de961bcf0e51575235fad/library/std/src/../../backtrace/src/backtrace/libunwind.rs:104:5
[INFO] [stderr]      1:     0x55cbf2109de6 - std::backtrace_rs::backtrace::trace_unsynchronized::hd183f0625477fb28
[INFO] [stderr]                                  at /rustc/0e09125c6c3c2fd70d7de961bcf0e51575235fad/library/std/src/../../backtrace/src/backtrace/mod.rs:66:5
[INFO] [stderr]      2:     0x55cbf2109de6 - std::sys_common::backtrace::_print_fmt::hd7f8fef21b4eda67
[INFO] [stderr]                                  at /rustc/0e09125c6c3c2fd70d7de961bcf0e51575235fad/library/std/src/sys_common/backtrace.rs:68:5
[INFO] [stderr]      3:     0x55cbf2109de6 - <std::sys_common::backtrace::_print::DisplayBacktrace as core::fmt::Display>::fmt::h623d9b51f2f453f1
[INFO] [stderr]                                  at /rustc/0e09125c6c3c2fd70d7de961bcf0e51575235fad/library/std/src/sys_common/backtrace.rs:44:22
[INFO] [stderr]      4:     0x55cbf212f300 - core::fmt::rt::Argument::fmt::h9f417ac76a86f368
[INFO] [stderr]                                  at /rustc/0e09125c6c3c2fd70d7de961bcf0e51575235fad/library/core/src/fmt/rt.rs:142:9
[INFO] [stderr]      5:     0x55cbf212f300 - core::fmt::write::hc9b6faf4ac2aeff7
[INFO] [stderr]                                  at /rustc/0e09125c6c3c2fd70d7de961bcf0e51575235fad/library/core/src/fmt/mod.rs:1120:17
[INFO] [stderr]      6:     0x55cbf210784f - std::io::Write::write_fmt::hfead1eee52c2e65e
[INFO] [stderr]                                  at /rustc/0e09125c6c3c2fd70d7de961bcf0e51575235fad/library/std/src/io/mod.rs:1810:15
[INFO] [stderr]      7:     0x55cbf2109bc4 - std::sys_common::backtrace::_print::hd5d66399c7df88a2
[INFO] [stderr]                                  at /rustc/0e09125c6c3c2fd70d7de961bcf0e51575235fad/library/std/src/sys_common/backtrace.rs:47:5
[INFO] [stderr]      8:     0x55cbf2109bc4 - std::sys_common::backtrace::print::he81ed2da642d37e5
[INFO] [stderr]                                  at /rustc/0e09125c6c3c2fd70d7de961bcf0e51575235fad/library/std/src/sys_common/backtrace.rs:34:9
[INFO] [stderr]      9:     0x55cbf210b4a7 - std::panicking::default_hook::{{closure}}::h85773f4fa117163d
[INFO] [stderr]     10:     0x55cbf210b209 - std::panicking::default_hook::h6a1694a91d09b278
[INFO] [stderr]                                  at /rustc/0e09125c6c3c2fd70d7de961bcf0e51575235fad/library/std/src/panicking.rs:292:9
[INFO] [stderr]     11:     0x55cbf210b938 - std::panicking::rust_panic_with_hook::h0a7ad96e90f7145b
[INFO] [stderr]                                  at /rustc/0e09125c6c3c2fd70d7de961bcf0e51575235fad/library/std/src/panicking.rs:779:13
[INFO] [stderr]     12:     0x55cbf210b812 - std::panicking::begin_panic_handler::{{closure}}::h7919090525c6485e
[INFO] [stderr]                                  at /rustc/0e09125c6c3c2fd70d7de961bcf0e51575235fad/library/std/src/panicking.rs:657:13
[INFO] [stderr]     13:     0x55cbf210a2e6 - std::sys_common::backtrace::__rust_end_short_backtrace::hf3289479464f7dfe
[INFO] [stderr]                                  at /rustc/0e09125c6c3c2fd70d7de961bcf0e51575235fad/library/std/src/sys_common/backtrace.rs:171:18
[INFO] [stderr]     14:     0x55cbf210b570 - rust_begin_unwind
[INFO] [stderr]                                  at /rustc/0e09125c6c3c2fd70d7de961bcf0e51575235fad/library/std/src/panicking.rs:645:5
[INFO] [stderr]     15:     0x55cbf208d685 - core::panicking::panic_fmt::hcc9f77c5c132af55
[INFO] [stderr]                                  at /rustc/0e09125c6c3c2fd70d7de961bcf0e51575235fad/library/core/src/panicking.rs:72:14
[INFO] [stderr]     16:     0x55cbf2095be7 - build_script_main::validate_headers::h6227636458dfbae7
[INFO] [stderr]     17:     0x55cbf20943b5 - build_script_main::try_pkg_config::hf942c51fe91ab395
[INFO] [stderr]     18:     0x55cbf2093264 - build_script_main::find_openssl_dir::hc27771bd8c83bb02
[INFO] [stderr]     19:     0x55cbf20930d8 - build_script_main::main::{{closure}}::h54c29b7a6ae4e9cb
[INFO] [stderr]     20:     0x55cbf208fcdf - core::option::Option<T>::unwrap_or_else::hac4b85f221225640
[INFO] [stderr]     21:     0x55cbf209219f - build_script_main::main::hb3bc4dd686843d35
[INFO] [stderr]     22:     0x55cbf208ede3 - core::ops::function::FnOnce::call_once::h4c0255a4db3653ba
[INFO] [stderr]     23:     0x55cbf208e286 - std::sys_common::backtrace::__rust_begin_short_backtrace::h8a160a86f451ada5
[INFO] [stderr]     24:     0x55cbf2097a19 - std::rt::lang_start::{{closure}}::h34c5b51bd8f1fce0
[INFO] [stderr]     25:     0x55cbf2103b41 - core::ops::function::impls::<impl core::ops::function::FnOnce<A> for &F>::call_once::h4eb4c5e1620f29b0
[INFO] [stderr]                                  at /rustc/0e09125c6c3c2fd70d7de961bcf0e51575235fad/library/core/src/ops/function.rs:284:13
[INFO] [stderr]     26:     0x55cbf2103b41 - std::panicking::try::do_call::h73fd26535faffcdf
[INFO] [stderr]                                  at /rustc/0e09125c6c3c2fd70d7de961bcf0e51575235fad/library/std/src/panicking.rs:552:40
[INFO] [stderr]     27:     0x55cbf2103b41 - std::panicking::try::h77ff1d98f0fb9f39
[INFO] [stderr]                                  at /rustc/0e09125c6c3c2fd70d7de961bcf0e51575235fad/library/std/src/panicking.rs:516:19
[INFO] [stderr]     28:     0x55cbf2103b41 - std::panic::catch_unwind::hab3caf2448b95e37
[INFO] [stderr]                                  at /rustc/0e09125c6c3c2fd70d7de961bcf0e51575235fad/library/std/src/panic.rs:142:14
[INFO] [stderr]     29:     0x55cbf2103b41 - std::rt::lang_start_internal::{{closure}}::h8086711f9c783f78
[INFO] [stderr]                                  at /rustc/0e09125c6c3c2fd70d7de961bcf0e51575235fad/library/std/src/rt.rs:148:48
[INFO] [stderr]     30:     0x55cbf2103b41 - std::panicking::try::do_call::hf920d4dc291cd6ca
[INFO] [stderr]                                  at /rustc/0e09125c6c3c2fd70d7de961bcf0e51575235fad/library/std/src/panicking.rs:552:40
[INFO] [stderr]     31:     0x55cbf2103b41 - std::panicking::try::h2b806ccc0a85db74
[INFO] [stderr]                                  at /rustc/0e09125c6c3c2fd70d7de961bcf0e51575235fad/library/std/src/panicking.rs:516:19
[INFO] [stderr]     32:     0x55cbf2103b41 - std::panic::catch_unwind::h038489539c507df2
[INFO] [stderr]                                  at /rustc/0e09125c6c3c2fd70d7de961bcf0e51575235fad/library/std/src/panic.rs:142:14
[INFO] [stderr]     33:     0x55cbf2103b41 - std::rt::lang_start_internal::h28503b88912e8a5c
[INFO] [stderr]                                  at /rustc/0e09125c6c3c2fd70d7de961bcf0e51575235fad/library/std/src/rt.rs:148:20
[INFO] [stderr]     34:     0x55cbf20979f7 - std::rt::lang_start::h5df52d00a43fbbd6
[INFO] [stderr]     35:     0x55cbf2096e15 - main
[INFO] [stderr]     36:     0x7f5e9b72fd90 - <unknown>
[INFO] [stderr]     37:     0x7f5e9b72fe40 - __libc_start_main
[INFO] [stderr]     38:     0x55cbf208dea5 - _start
[INFO] [stderr]     39:                0x0 - <unknown>
[INFO] [stderr] warning: build failed, waiting for other jobs to finish...
[INFO] running `Command { std: "docker" "inspect" "9dd5d41dd2cf9e77ae2b82704acee99a81872ee072e88097dc7cad797e6e0b67", kill_on_drop: false }`
[INFO] running `Command { std: "docker" "rm" "-f" "9dd5d41dd2cf9e77ae2b82704acee99a81872ee072e88097dc7cad797e6e0b67", kill_on_drop: false }`
[INFO] [stdout] 9dd5d41dd2cf9e77ae2b82704acee99a81872ee072e88097dc7cad797e6e0b67
