[INFO] cloning repository https://github.com/LeonMatthesKDAB/cxx-qt-playground
[INFO] running `Command { std: "git" "-c" "credential.helper=" "-c" "credential.helper=/workspace/cargo-home/bin/git-credential-null" "clone" "--bare" "https://github.com/LeonMatthesKDAB/cxx-qt-playground" "/workspace/cache/git-repos/https%3A%2F%2Fgithub.com%2FLeonMatthesKDAB%2Fcxx-qt-playground", kill_on_drop: false }`
[INFO] [stderr] Cloning into bare repository '/workspace/cache/git-repos/https%3A%2F%2Fgithub.com%2FLeonMatthesKDAB%2Fcxx-qt-playground'...
[INFO] running `Command { std: "git" "rev-parse" "HEAD", kill_on_drop: false }`
[INFO] [stdout] 7ecada4db327765be7dabd3e0dd86af9658411a3
[INFO] documenting LeonMatthesKDAB/cxx-qt-playground against 1.75.0 for beta-1.76-rustdoc-1
[INFO] running `Command { std: "git" "clone" "/workspace/cache/git-repos/https%3A%2F%2Fgithub.com%2FLeonMatthesKDAB%2Fcxx-qt-playground" "/workspace/builds/worker-4-tc1/source", kill_on_drop: false }`
[INFO] [stderr] Cloning into '/workspace/builds/worker-4-tc1/source'...
[INFO] [stderr] done.
[INFO] validating manifest of git repo https://github.com/LeonMatthesKDAB/cxx-qt-playground on toolchain 1.75.0
[INFO] running `Command { std: CARGO_HOME="/workspace/cargo-home" RUSTUP_HOME="/workspace/rustup-home" "/workspace/cargo-home/bin/cargo" "+1.75.0" "metadata" "--manifest-path" "Cargo.toml" "--no-deps", kill_on_drop: false }`
[INFO] started tweaking git repo https://github.com/LeonMatthesKDAB/cxx-qt-playground
[INFO] finished tweaking git repo https://github.com/LeonMatthesKDAB/cxx-qt-playground
[INFO] tweaked toml for git repo https://github.com/LeonMatthesKDAB/cxx-qt-playground written to /workspace/builds/worker-4-tc1/source/Cargo.toml
[INFO] crate git repo https://github.com/LeonMatthesKDAB/cxx-qt-playground already has a lockfile, it will not be regenerated
[INFO] running `Command { std: CARGO_HOME="/workspace/cargo-home" RUSTUP_HOME="/workspace/rustup-home" "/workspace/cargo-home/bin/cargo" "+1.75.0" "fetch" "--manifest-path" "Cargo.toml", kill_on_drop: false }`
[INFO] [stderr]  Downloading crates ...
[INFO] [stderr]   Downloaded cxxbridge-flags v1.0.71
[INFO] [stderr]   Downloaded cxx v1.0.71
[INFO] [stderr]   Downloaded cxxbridge-macro v1.0.71
[INFO] running `Command { std: "docker" "create" "-v" "/var/lib/crater-agent-workspace/builds/worker-4-tc1/target:/opt/rustwide/target:rw,Z" "-v" "/var/lib/crater-agent-workspace/builds/worker-4-tc1/source:/opt/rustwide/workdir:ro,Z" "-v" "/var/lib/crater-agent-workspace/cargo-home:/opt/rustwide/cargo-home:ro,Z" "-v" "/var/lib/crater-agent-workspace/rustup-home:/opt/rustwide/rustup-home:ro,Z" "-e" "SOURCE_DIR=/opt/rustwide/workdir" "-e" "CARGO_TARGET_DIR=/opt/rustwide/target" "-e" "CARGO_HOME=/opt/rustwide/cargo-home" "-e" "RUSTUP_HOME=/opt/rustwide/rustup-home" "-w" "/opt/rustwide/workdir" "-m" "1610612736" "--user" "0:0" "--network" "none" "ghcr.io/rust-lang/crates-build-env/linux@sha256:2788e3201cd34a07e3172128adcd8b3090168a8e3bcc40d7c032b9dda1df7d1c" "/opt/rustwide/cargo-home/bin/cargo" "+1.75.0" "metadata" "--no-deps" "--format-version=1", kill_on_drop: false }`
[INFO] [stdout] d3a223d01cda8849256a4d63a4ee666908faf7af8ac38e6aad0449d711bfcb81
[INFO] running `Command { std: "docker" "start" "-a" "d3a223d01cda8849256a4d63a4ee666908faf7af8ac38e6aad0449d711bfcb81", kill_on_drop: false }`
[INFO] running `Command { std: "docker" "inspect" "d3a223d01cda8849256a4d63a4ee666908faf7af8ac38e6aad0449d711bfcb81", kill_on_drop: false }`
[INFO] running `Command { std: "docker" "rm" "-f" "d3a223d01cda8849256a4d63a4ee666908faf7af8ac38e6aad0449d711bfcb81", kill_on_drop: false }`
[INFO] [stdout] d3a223d01cda8849256a4d63a4ee666908faf7af8ac38e6aad0449d711bfcb81
[INFO] running `Command { std: "docker" "create" "-v" "/var/lib/crater-agent-workspace/builds/worker-4-tc1/target:/opt/rustwide/target:rw,Z" "-v" "/var/lib/crater-agent-workspace/builds/worker-4-tc1/source:/opt/rustwide/workdir:ro,Z" "-v" "/var/lib/crater-agent-workspace/cargo-home:/opt/rustwide/cargo-home:ro,Z" "-v" "/var/lib/crater-agent-workspace/rustup-home:/opt/rustwide/rustup-home:ro,Z" "-e" "SOURCE_DIR=/opt/rustwide/workdir" "-e" "CARGO_TARGET_DIR=/opt/rustwide/target" "-e" "CARGO_INCREMENTAL=0" "-e" "RUST_BACKTRACE=full" "-e" "RUSTFLAGS=--cap-lints=warn" "-e" "RUSTDOCFLAGS=--cap-lints=warn" "-e" "CARGO_HOME=/opt/rustwide/cargo-home" "-e" "RUSTUP_HOME=/opt/rustwide/rustup-home" "-w" "/opt/rustwide/workdir" "-m" "1610612736" "--user" "0:0" "--network" "none" "ghcr.io/rust-lang/crates-build-env/linux@sha256:2788e3201cd34a07e3172128adcd8b3090168a8e3bcc40d7c032b9dda1df7d1c" "/opt/rustwide/cargo-home/bin/cargo" "+1.75.0" "doc" "--frozen" "--no-deps" "--document-private-items" "--message-format=json", kill_on_drop: false }`
[INFO] [stdout] e08d34693f15bc35f4b342fe074f55ff575136660aa56d442416c65ee5b5f2fd
[INFO] running `Command { std: "docker" "start" "-a" "e08d34693f15bc35f4b342fe074f55ff575136660aa56d442416c65ee5b5f2fd", kill_on_drop: false }`
[INFO] [stderr]    Compiling proc-macro2 v1.0.57
[INFO] [stderr]    Compiling unicode-ident v1.0.1
[INFO] [stderr]    Compiling quote v1.0.27
[INFO] [stderr]    Compiling cc v1.0.73
[INFO] [stderr]    Compiling libc v0.2.144
[INFO] [stderr]    Compiling scratch v1.0.5
[INFO] [stderr]    Compiling autocfg v1.1.0
[INFO] [stderr]    Compiling syn v1.0.98
[INFO] [stderr]    Compiling cxxbridge-flags v1.0.71
[INFO] [stderr]    Compiling termcolor v1.2.0
[INFO] [stderr]    Compiling unicode-width v0.1.10
[INFO] [stderr]    Compiling radium v0.7.0
[INFO] [stderr]    Compiling thiserror v1.0.40
[INFO] [stderr]    Compiling once_cell v1.17.2
[INFO] [stderr]     Checking tap v1.0.1
[INFO] [stderr]     Checking cfg-if v1.0.0
[INFO] [stderr]     Checking bitflags v1.3.2
[INFO] [stderr]     Checking funty v2.0.0
[INFO] [stderr]    Compiling signal-hook v0.3.15
[INFO] [stderr]     Checking wyz v0.5.1
[INFO] [stderr]    Compiling codespan-reporting v0.11.1
[INFO] [stderr]    Compiling memoffset v0.6.5
[INFO] [stderr]     Checking bitvec v1.0.1
[INFO] [stderr]    Compiling link-cplusplus v1.0.6
[INFO] [stderr]    Compiling cxx v1.0.71
[INFO] [stderr]    Compiling syn v2.0.16
[INFO] [stderr]     Checking nix v0.23.2
[INFO] [stderr]     Checking signal-hook-registry v1.4.1
[INFO] [stderr]    Compiling cxx-build v1.0.94
[INFO] [stderr]    Compiling thiserror-impl v1.0.40
[INFO] [stderr]    Compiling cxxbridge-macro v1.0.71
[INFO] [stderr]     Checking evdev v0.12.1
[INFO] [stderr]    Compiling playground v0.1.0 (/opt/rustwide/workdir)
[INFO] [stderr] The following warnings were emitted during compilation:
[INFO] [stderr] 
[INFO] [stderr] warning: playground@0.1.0: /opt/rustwide/target/debug/build/playground-9355d05f6e727ba2/out/cxxbridge/sources/playground/src/lib.rs.cc:1:10: fatal error: /home/kdab/Documents/projects/3371-Rust-RnD/playground/src/myobject.h: No such file or directory
[INFO] [stderr] warning: playground@0.1.0:     1 | #include "/home/kdab/Documents/projects/3371-Rust-RnD/playground/src/myobject.h"
[INFO] [stderr] warning: playground@0.1.0:       |          ^~~~~~~~~~~~~~~~~~~~~~~~~~~~~~~~~~~~~~~~~~~~~~~~~~~~~~~~~~~~~~~~~~~~~~~
[INFO] [stderr] warning: playground@0.1.0: compilation terminated.
[INFO] [stderr] 
[INFO] [stderr] error: failed to run custom build command for `playground v0.1.0 (/opt/rustwide/workdir)`
[INFO] [stderr] note: To improve backtraces for build dependencies, set the CARGO_PROFILE_DEV_BUILD_OVERRIDE_DEBUG=true environment variable to enable debug information generation.
[INFO] [stderr] 
[INFO] [stderr] Caused by:
[INFO] [stderr]   process didn't exit successfully: `/opt/rustwide/target/debug/build/playground-2791eebf55fa99b1/build-script-build` (exit status: 1)
[INFO] [stderr]   --- stdout
[INFO] [stderr]   cargo:CXXBRIDGE_PREFIX=playground
[INFO] [stderr]   cargo:CXXBRIDGE_DIR0=/opt/rustwide/target/debug/build/playground-9355d05f6e727ba2/out/cxxbridge/include
[INFO] [stderr]   cargo:CXXBRIDGE_DIR1=/opt/rustwide/target/debug/build/playground-9355d05f6e727ba2/out/cxxbridge/crate
[INFO] [stderr]   TARGET = Some("x86_64-unknown-linux-gnu")
[INFO] [stderr]   OPT_LEVEL = Some("0")
[INFO] [stderr]   HOST = Some("x86_64-unknown-linux-gnu")
[INFO] [stderr]   CXX_x86_64-unknown-linux-gnu = None
[INFO] [stderr]   CXX_x86_64_unknown_linux_gnu = None
[INFO] [stderr]   HOST_CXX = None
[INFO] [stderr]   CXX = None
[INFO] [stderr]   CXXFLAGS_x86_64-unknown-linux-gnu = None
[INFO] [stderr]   CXXFLAGS_x86_64_unknown_linux_gnu = None
[INFO] [stderr]   HOST_CXXFLAGS = None
[INFO] [stderr]   CXXFLAGS = None
[INFO] [stderr]   CRATE_CC_NO_DEFAULTS = None
[INFO] [stderr]   DEBUG = Some("true")
[INFO] [stderr]   CARGO_CFG_TARGET_FEATURE = Some("fxsr,sse,sse2")
[INFO] [stderr]   running: "c++" "-O0" "-ffunction-sections" "-fdata-sections" "-fPIC" "-g" "-fno-omit-frame-pointer" "-m64" "-I" "/opt/rustwide/target/debug/build/playground-9355d05f6e727ba2/out/cxxbridge/include" "-I" "/opt/rustwide/target/debug/build/playground-9355d05f6e727ba2/out/cxxbridge/crate" "-I" "/home/kdab/Documents/projects/3371-Rust-RnD/playground" "-Wall" "-Wextra" "-o" "/opt/rustwide/target/debug/build/playground-9355d05f6e727ba2/out/cxxbridge/sources/playground/src/lib.rs.o" "-c" "/opt/rustwide/target/debug/build/playground-9355d05f6e727ba2/out/cxxbridge/sources/playground/src/lib.rs.cc"
[INFO] [stderr]   cargo:warning=/opt/rustwide/target/debug/build/playground-9355d05f6e727ba2/out/cxxbridge/sources/playground/src/lib.rs.cc:1:10: fatal error: /home/kdab/Documents/projects/3371-Rust-RnD/playground/src/myobject.h: No such file or directory
[INFO] [stderr]   cargo:warning=    1 | #include "/home/kdab/Documents/projects/3371-Rust-RnD/playground/src/myobject.h"
[INFO] [stderr]   cargo:warning=      |          ^~~~~~~~~~~~~~~~~~~~~~~~~~~~~~~~~~~~~~~~~~~~~~~~~~~~~~~~~~~~~~~~~~~~~~~
[INFO] [stderr]   cargo:warning=compilation terminated.
[INFO] [stderr]   exit status: 1
[INFO] [stderr] 
[INFO] [stderr]   --- stderr
[INFO] [stderr] 
[INFO] [stderr]   CXX include path:
[INFO] [stderr]     /opt/rustwide/target/debug/build/playground-9355d05f6e727ba2/out/cxxbridge/include
[INFO] [stderr]     /opt/rustwide/target/debug/build/playground-9355d05f6e727ba2/out/cxxbridge/crate
[INFO] [stderr] 
[INFO] [stderr] 
[INFO] [stderr]   error occurred: Command "c++" "-O0" "-ffunction-sections" "-fdata-sections" "-fPIC" "-g" "-fno-omit-frame-pointer" "-m64" "-I" "/opt/rustwide/target/debug/build/playground-9355d05f6e727ba2/out/cxxbridge/include" "-I" "/opt/rustwide/target/debug/build/playground-9355d05f6e727ba2/out/cxxbridge/crate" "-I" "/home/kdab/Documents/projects/3371-Rust-RnD/playground" "-Wall" "-Wextra" "-o" "/opt/rustwide/target/debug/build/playground-9355d05f6e727ba2/out/cxxbridge/sources/playground/src/lib.rs.o" "-c" "/opt/rustwide/target/debug/build/playground-9355d05f6e727ba2/out/cxxbridge/sources/playground/src/lib.rs.cc" with args "c++" did not execute successfully (status code exit status: 1).
[INFO] [stderr] 
[INFO] [stderr] 
[INFO] [stderr] warning: build failed, waiting for other jobs to finish...
[INFO] running `Command { std: "docker" "inspect" "e08d34693f15bc35f4b342fe074f55ff575136660aa56d442416c65ee5b5f2fd", kill_on_drop: false }`
[INFO] running `Command { std: "docker" "rm" "-f" "e08d34693f15bc35f4b342fe074f55ff575136660aa56d442416c65ee5b5f2fd", kill_on_drop: false }`
[INFO] [stdout] e08d34693f15bc35f4b342fe074f55ff575136660aa56d442416c65ee5b5f2fd
[INFO] documenting LeonMatthesKDAB/cxx-qt-playground against beta-2023-12-22 for beta-1.76-rustdoc-1
[INFO] running `Command { std: "git" "clone" "/workspace/cache/git-repos/https%3A%2F%2Fgithub.com%2FLeonMatthesKDAB%2Fcxx-qt-playground" "/workspace/builds/worker-4-tc2/source", kill_on_drop: false }`
[INFO] [stderr] Cloning into '/workspace/builds/worker-4-tc2/source'...
[INFO] [stderr] done.
[INFO] validating manifest of git repo https://github.com/LeonMatthesKDAB/cxx-qt-playground on toolchain beta-2023-12-22
[INFO] running `Command { std: CARGO_HOME="/workspace/cargo-home" RUSTUP_HOME="/workspace/rustup-home" "/workspace/cargo-home/bin/cargo" "+beta-2023-12-22" "metadata" "--manifest-path" "Cargo.toml" "--no-deps", kill_on_drop: false }`
[INFO] started tweaking git repo https://github.com/LeonMatthesKDAB/cxx-qt-playground
[INFO] finished tweaking git repo https://github.com/LeonMatthesKDAB/cxx-qt-playground
[INFO] tweaked toml for git repo https://github.com/LeonMatthesKDAB/cxx-qt-playground written to /workspace/builds/worker-4-tc2/source/Cargo.toml
[INFO] crate git repo https://github.com/LeonMatthesKDAB/cxx-qt-playground already has a lockfile, it will not be regenerated
[INFO] running `Command { std: CARGO_HOME="/workspace/cargo-home" RUSTUP_HOME="/workspace/rustup-home" "/workspace/cargo-home/bin/cargo" "+beta-2023-12-22" "fetch" "--manifest-path" "Cargo.toml", kill_on_drop: false }`
[INFO] [stderr]     Blocking waiting for file lock on package cache
[INFO] running `Command { std: "docker" "create" "-v" "/var/lib/crater-agent-workspace/builds/worker-4-tc2/target:/opt/rustwide/target:rw,Z" "-v" "/var/lib/crater-agent-workspace/builds/worker-4-tc2/source:/opt/rustwide/workdir:ro,Z" "-v" "/var/lib/crater-agent-workspace/cargo-home:/opt/rustwide/cargo-home:ro,Z" "-v" "/var/lib/crater-agent-workspace/rustup-home:/opt/rustwide/rustup-home:ro,Z" "-e" "SOURCE_DIR=/opt/rustwide/workdir" "-e" "CARGO_TARGET_DIR=/opt/rustwide/target" "-e" "CARGO_HOME=/opt/rustwide/cargo-home" "-e" "RUSTUP_HOME=/opt/rustwide/rustup-home" "-w" "/opt/rustwide/workdir" "-m" "1610612736" "--user" "0:0" "--network" "none" "ghcr.io/rust-lang/crates-build-env/linux@sha256:2788e3201cd34a07e3172128adcd8b3090168a8e3bcc40d7c032b9dda1df7d1c" "/opt/rustwide/cargo-home/bin/cargo" "+beta-2023-12-22" "metadata" "--no-deps" "--format-version=1", kill_on_drop: false }`
[INFO] [stdout] 9c8aad1cdb6b4dd62c1ee672eb0fc2470bfda35629e4ccf665c7f78636161ace
[INFO] running `Command { std: "docker" "start" "-a" "9c8aad1cdb6b4dd62c1ee672eb0fc2470bfda35629e4ccf665c7f78636161ace", kill_on_drop: false }`
[INFO] running `Command { std: "docker" "inspect" "9c8aad1cdb6b4dd62c1ee672eb0fc2470bfda35629e4ccf665c7f78636161ace", kill_on_drop: false }`
[INFO] running `Command { std: "docker" "rm" "-f" "9c8aad1cdb6b4dd62c1ee672eb0fc2470bfda35629e4ccf665c7f78636161ace", kill_on_drop: false }`
[INFO] [stdout] 9c8aad1cdb6b4dd62c1ee672eb0fc2470bfda35629e4ccf665c7f78636161ace
[INFO] running `Command { std: "docker" "create" "-v" "/var/lib/crater-agent-workspace/builds/worker-4-tc2/target:/opt/rustwide/target:rw,Z" "-v" "/var/lib/crater-agent-workspace/builds/worker-4-tc2/source:/opt/rustwide/workdir:ro,Z" "-v" "/var/lib/crater-agent-workspace/cargo-home:/opt/rustwide/cargo-home:ro,Z" "-v" "/var/lib/crater-agent-workspace/rustup-home:/opt/rustwide/rustup-home:ro,Z" "-e" "SOURCE_DIR=/opt/rustwide/workdir" "-e" "CARGO_TARGET_DIR=/opt/rustwide/target" "-e" "CARGO_INCREMENTAL=0" "-e" "RUST_BACKTRACE=full" "-e" "RUSTFLAGS=--cap-lints=warn" "-e" "RUSTDOCFLAGS=--cap-lints=warn" "-e" "CARGO_HOME=/opt/rustwide/cargo-home" "-e" "RUSTUP_HOME=/opt/rustwide/rustup-home" "-w" "/opt/rustwide/workdir" "-m" "1610612736" "--user" "0:0" "--network" "none" "ghcr.io/rust-lang/crates-build-env/linux@sha256:2788e3201cd34a07e3172128adcd8b3090168a8e3bcc40d7c032b9dda1df7d1c" "/opt/rustwide/cargo-home/bin/cargo" "+beta-2023-12-22" "doc" "--frozen" "--no-deps" "--document-private-items" "--message-format=json", kill_on_drop: false }`
[INFO] [stdout] 1fb91521af3c189cad75e6934130a3710850d629c92e22fb6ffab49d4a489824
[INFO] running `Command { std: "docker" "start" "-a" "1fb91521af3c189cad75e6934130a3710850d629c92e22fb6ffab49d4a489824", kill_on_drop: false }`
[INFO] [stderr]    Compiling proc-macro2 v1.0.57
[INFO] [stderr]    Compiling quote v1.0.27
[INFO] [stderr]    Compiling unicode-ident v1.0.1
[INFO] [stderr]    Compiling cc v1.0.73
[INFO] [stderr]    Compiling libc v0.2.144
[INFO] [stderr]    Compiling autocfg v1.1.0
[INFO] [stderr]    Compiling scratch v1.0.5
[INFO] [stderr]    Compiling termcolor v1.2.0
[INFO] [stderr]    Compiling cxxbridge-flags v1.0.71
[INFO] [stderr]    Compiling syn v1.0.98
[INFO] [stderr]    Compiling radium v0.7.0
[INFO] [stderr]    Compiling unicode-width v0.1.10
[INFO] [stderr]    Compiling once_cell v1.17.2
[INFO] [stderr]    Compiling thiserror v1.0.40
[INFO] [stderr]     Checking tap v1.0.1
[INFO] [stderr]     Checking funty v2.0.0
[INFO] [stderr]     Checking bitflags v1.3.2
[INFO] [stderr]    Compiling signal-hook v0.3.15
[INFO] [stderr]     Checking cfg-if v1.0.0
[INFO] [stderr]     Checking wyz v0.5.1
[INFO] [stderr]    Compiling codespan-reporting v0.11.1
[INFO] [stderr]    Compiling memoffset v0.6.5
[INFO] [stderr]     Checking bitvec v1.0.1
[INFO] [stderr]    Compiling link-cplusplus v1.0.6
[INFO] [stderr]    Compiling cxx v1.0.71
[INFO] [stderr]    Compiling syn v2.0.16
[INFO] [stderr]     Checking nix v0.23.2
[INFO] [stderr]     Checking signal-hook-registry v1.4.1
[INFO] [stderr]    Compiling cxx-build v1.0.94
[INFO] [stderr]    Compiling thiserror-impl v1.0.40
[INFO] [stderr]    Compiling cxxbridge-macro v1.0.71
[INFO] [stderr]     Checking evdev v0.12.1
[INFO] [stderr]    Compiling playground v0.1.0 (/opt/rustwide/workdir)
[INFO] [stderr] The following warnings were emitted during compilation:
[INFO] [stderr] 
[INFO] [stderr] warning: playground@0.1.0: /opt/rustwide/target/debug/build/playground-7ee3f65101d1417d/out/cxxbridge/sources/playground/src/lib.rs.cc:1:10: fatal error: /home/kdab/Documents/projects/3371-Rust-RnD/playground/src/myobject.h: No such file or directory
[INFO] [stderr] warning: playground@0.1.0:     1 | #include "/home/kdab/Documents/projects/3371-Rust-RnD/playground/src/myobject.h"
[INFO] [stderr] warning: playground@0.1.0:       |          ^~~~~~~~~~~~~~~~~~~~~~~~~~~~~~~~~~~~~~~~~~~~~~~~~~~~~~~~~~~~~~~~~~~~~~~
[INFO] [stderr] warning: playground@0.1.0: compilation terminated.
[INFO] [stderr] 
[INFO] [stderr] error: failed to run custom build command for `playground v0.1.0 (/opt/rustwide/workdir)`
[INFO] [stderr] note: To improve backtraces for build dependencies, set the CARGO_PROFILE_DEV_BUILD_OVERRIDE_DEBUG=true environment variable to enable debug information generation.
[INFO] [stderr] 
[INFO] [stderr] Caused by:
[INFO] [stderr]   process didn't exit successfully: `/opt/rustwide/target/debug/build/playground-71c88ff6b719a220/build-script-build` (exit status: 1)
[INFO] [stderr]   --- stdout
[INFO] [stderr]   cargo:CXXBRIDGE_PREFIX=playground
[INFO] [stderr]   cargo:CXXBRIDGE_DIR0=/opt/rustwide/target/debug/build/playground-7ee3f65101d1417d/out/cxxbridge/include
[INFO] [stderr]   cargo:CXXBRIDGE_DIR1=/opt/rustwide/target/debug/build/playground-7ee3f65101d1417d/out/cxxbridge/crate
[INFO] [stderr]   TARGET = Some("x86_64-unknown-linux-gnu")
[INFO] [stderr]   OPT_LEVEL = Some("0")
[INFO] [stderr]   HOST = Some("x86_64-unknown-linux-gnu")
[INFO] [stderr]   CXX_x86_64-unknown-linux-gnu = None
[INFO] [stderr]   CXX_x86_64_unknown_linux_gnu = None
[INFO] [stderr]   HOST_CXX = None
[INFO] [stderr]   CXX = None
[INFO] [stderr]   CXXFLAGS_x86_64-unknown-linux-gnu = None
[INFO] [stderr]   CXXFLAGS_x86_64_unknown_linux_gnu = None
[INFO] [stderr]   HOST_CXXFLAGS = None
[INFO] [stderr]   CXXFLAGS = None
[INFO] [stderr]   CRATE_CC_NO_DEFAULTS = None
[INFO] [stderr]   DEBUG = Some("true")
[INFO] [stderr]   CARGO_CFG_TARGET_FEATURE = Some("fxsr,sse,sse2")
[INFO] [stderr]   running: "c++" "-O0" "-ffunction-sections" "-fdata-sections" "-fPIC" "-g" "-fno-omit-frame-pointer" "-m64" "-I" "/opt/rustwide/target/debug/build/playground-7ee3f65101d1417d/out/cxxbridge/include" "-I" "/opt/rustwide/target/debug/build/playground-7ee3f65101d1417d/out/cxxbridge/crate" "-I" "/home/kdab/Documents/projects/3371-Rust-RnD/playground" "-Wall" "-Wextra" "-o" "/opt/rustwide/target/debug/build/playground-7ee3f65101d1417d/out/cxxbridge/sources/playground/src/lib.rs.o" "-c" "/opt/rustwide/target/debug/build/playground-7ee3f65101d1417d/out/cxxbridge/sources/playground/src/lib.rs.cc"
[INFO] [stderr]   cargo:warning=/opt/rustwide/target/debug/build/playground-7ee3f65101d1417d/out/cxxbridge/sources/playground/src/lib.rs.cc:1:10: fatal error: /home/kdab/Documents/projects/3371-Rust-RnD/playground/src/myobject.h: No such file or directory
[INFO] [stderr]   cargo:warning=    1 | #include "/home/kdab/Documents/projects/3371-Rust-RnD/playground/src/myobject.h"
[INFO] [stderr]   cargo:warning=      |          ^~~~~~~~~~~~~~~~~~~~~~~~~~~~~~~~~~~~~~~~~~~~~~~~~~~~~~~~~~~~~~~~~~~~~~~
[INFO] [stderr]   cargo:warning=compilation terminated.
[INFO] [stderr]   exit status: 1
[INFO] [stderr] 
[INFO] [stderr]   --- stderr
[INFO] [stderr] 
[INFO] [stderr]   CXX include path:
[INFO] [stderr]     /opt/rustwide/target/debug/build/playground-7ee3f65101d1417d/out/cxxbridge/include
[INFO] [stderr]     /opt/rustwide/target/debug/build/playground-7ee3f65101d1417d/out/cxxbridge/crate
[INFO] [stderr] 
[INFO] [stderr] 
[INFO] [stderr]   error occurred: Command "c++" "-O0" "-ffunction-sections" "-fdata-sections" "-fPIC" "-g" "-fno-omit-frame-pointer" "-m64" "-I" "/opt/rustwide/target/debug/build/playground-7ee3f65101d1417d/out/cxxbridge/include" "-I" "/opt/rustwide/target/debug/build/playground-7ee3f65101d1417d/out/cxxbridge/crate" "-I" "/home/kdab/Documents/projects/3371-Rust-RnD/playground" "-Wall" "-Wextra" "-o" "/opt/rustwide/target/debug/build/playground-7ee3f65101d1417d/out/cxxbridge/sources/playground/src/lib.rs.o" "-c" "/opt/rustwide/target/debug/build/playground-7ee3f65101d1417d/out/cxxbridge/sources/playground/src/lib.rs.cc" with args "c++" did not execute successfully (status code exit status: 1).
[INFO] [stderr] 
[INFO] [stderr] 
[INFO] [stderr] warning: build failed, waiting for other jobs to finish...
[INFO] running `Command { std: "docker" "inspect" "1fb91521af3c189cad75e6934130a3710850d629c92e22fb6ffab49d4a489824", kill_on_drop: false }`
[INFO] running `Command { std: "docker" "rm" "-f" "1fb91521af3c189cad75e6934130a3710850d629c92e22fb6ffab49d4a489824", kill_on_drop: false }`
[INFO] [stdout] 1fb91521af3c189cad75e6934130a3710850d629c92e22fb6ffab49d4a489824
