[INFO] cloning repository https://github.com/LemonSoc/lemonlang
[INFO] running `Command { std: "git" "-c" "credential.helper=" "-c" "credential.helper=/workspace/cargo-home/bin/git-credential-null" "clone" "--bare" "https://github.com/LemonSoc/lemonlang" "/workspace/cache/git-repos/https%3A%2F%2Fgithub.com%2FLemonSoc%2Flemonlang", kill_on_drop: false }`
[INFO] [stderr] Cloning into bare repository '/workspace/cache/git-repos/https%3A%2F%2Fgithub.com%2FLemonSoc%2Flemonlang'...
[INFO] running `Command { std: "git" "rev-parse" "HEAD", kill_on_drop: false }`
[INFO] [stdout] fdad15db43445d05b1de33b09731040e065840d7
[INFO] documenting LemonSoc/lemonlang against 1.75.0 for beta-1.76-rustdoc-1
[INFO] running `Command { std: "git" "clone" "/workspace/cache/git-repos/https%3A%2F%2Fgithub.com%2FLemonSoc%2Flemonlang" "/workspace/builds/worker-5-tc1/source", kill_on_drop: false }`
[INFO] [stderr] Cloning into '/workspace/builds/worker-5-tc1/source'...
[INFO] [stderr] done.
[INFO] validating manifest of git repo https://github.com/LemonSoc/lemonlang on toolchain 1.75.0
[INFO] running `Command { std: CARGO_HOME="/workspace/cargo-home" RUSTUP_HOME="/workspace/rustup-home" "/workspace/cargo-home/bin/cargo" "+1.75.0" "metadata" "--manifest-path" "Cargo.toml" "--no-deps", kill_on_drop: false }`
[INFO] started tweaking git repo https://github.com/LemonSoc/lemonlang
[INFO] finished tweaking git repo https://github.com/LemonSoc/lemonlang
[INFO] tweaked toml for git repo https://github.com/LemonSoc/lemonlang written to /workspace/builds/worker-5-tc1/source/Cargo.toml
[INFO] crate git repo https://github.com/LemonSoc/lemonlang already has a lockfile, it will not be regenerated
[INFO] running `Command { std: CARGO_HOME="/workspace/cargo-home" RUSTUP_HOME="/workspace/rustup-home" "/workspace/cargo-home/bin/cargo" "+1.75.0" "fetch" "--manifest-path" "Cargo.toml", kill_on_drop: false }`
[INFO] running `Command { std: "docker" "create" "-v" "/var/lib/crater-agent-workspace/builds/worker-5-tc1/target:/opt/rustwide/target:rw,Z" "-v" "/var/lib/crater-agent-workspace/builds/worker-5-tc1/source:/opt/rustwide/workdir:ro,Z" "-v" "/var/lib/crater-agent-workspace/cargo-home:/opt/rustwide/cargo-home:ro,Z" "-v" "/var/lib/crater-agent-workspace/rustup-home:/opt/rustwide/rustup-home:ro,Z" "-e" "SOURCE_DIR=/opt/rustwide/workdir" "-e" "CARGO_TARGET_DIR=/opt/rustwide/target" "-e" "CARGO_HOME=/opt/rustwide/cargo-home" "-e" "RUSTUP_HOME=/opt/rustwide/rustup-home" "-w" "/opt/rustwide/workdir" "-m" "1610612736" "--user" "0:0" "--network" "none" "ghcr.io/rust-lang/crates-build-env/linux@sha256:2788e3201cd34a07e3172128adcd8b3090168a8e3bcc40d7c032b9dda1df7d1c" "/opt/rustwide/cargo-home/bin/cargo" "+1.75.0" "metadata" "--no-deps" "--format-version=1", kill_on_drop: false }`
[INFO] [stdout] 91abd7bbbd255cadbf8e66828d55695b6456a7b3cdcefb7391be94ed97d89f0b
[INFO] running `Command { std: "docker" "start" "-a" "91abd7bbbd255cadbf8e66828d55695b6456a7b3cdcefb7391be94ed97d89f0b", kill_on_drop: false }`
[INFO] running `Command { std: "docker" "inspect" "91abd7bbbd255cadbf8e66828d55695b6456a7b3cdcefb7391be94ed97d89f0b", kill_on_drop: false }`
[INFO] running `Command { std: "docker" "rm" "-f" "91abd7bbbd255cadbf8e66828d55695b6456a7b3cdcefb7391be94ed97d89f0b", kill_on_drop: false }`
[INFO] [stdout] 91abd7bbbd255cadbf8e66828d55695b6456a7b3cdcefb7391be94ed97d89f0b
[INFO] running `Command { std: "docker" "create" "-v" "/var/lib/crater-agent-workspace/builds/worker-5-tc1/target:/opt/rustwide/target:rw,Z" "-v" "/var/lib/crater-agent-workspace/builds/worker-5-tc1/source:/opt/rustwide/workdir:ro,Z" "-v" "/var/lib/crater-agent-workspace/cargo-home:/opt/rustwide/cargo-home:ro,Z" "-v" "/var/lib/crater-agent-workspace/rustup-home:/opt/rustwide/rustup-home:ro,Z" "-e" "SOURCE_DIR=/opt/rustwide/workdir" "-e" "CARGO_TARGET_DIR=/opt/rustwide/target" "-e" "CARGO_INCREMENTAL=0" "-e" "RUST_BACKTRACE=full" "-e" "RUSTFLAGS=--cap-lints=warn" "-e" "RUSTDOCFLAGS=--cap-lints=warn" "-e" "CARGO_HOME=/opt/rustwide/cargo-home" "-e" "RUSTUP_HOME=/opt/rustwide/rustup-home" "-w" "/opt/rustwide/workdir" "-m" "1610612736" "--user" "0:0" "--network" "none" "ghcr.io/rust-lang/crates-build-env/linux@sha256:2788e3201cd34a07e3172128adcd8b3090168a8e3bcc40d7c032b9dda1df7d1c" "/opt/rustwide/cargo-home/bin/cargo" "+1.75.0" "doc" "--frozen" "--no-deps" "--document-private-items" "--message-format=json", kill_on_drop: false }`
[INFO] [stdout] 5c72818cc86e672617ff9063ce0859024c6d9780a705f5f3cbfe6bf635a47c4a
[INFO] running `Command { std: "docker" "start" "-a" "5c72818cc86e672617ff9063ce0859024c6d9780a705f5f3cbfe6bf635a47c4a", kill_on_drop: false }`
[INFO] [stderr]    Compiling libc v0.2.141
[INFO] [stderr]    Compiling io-lifetimes v1.0.10
[INFO] [stderr]    Compiling proc-macro2 v1.0.56
[INFO] [stderr]    Compiling quote v1.0.26
[INFO] [stderr]    Compiling memchr v2.5.0
[INFO] [stderr]    Compiling unicode-ident v1.0.8
[INFO] [stderr]    Compiling rustix v0.37.11
[INFO] [stderr]     Checking linux-raw-sys v0.3.1
[INFO] [stderr]     Checking utf8parse v0.2.1
[INFO] [stderr]     Checking concolor-override v1.0.0
[INFO] [stderr]     Checking concolor-query v0.3.3
[INFO] [stderr]     Checking anstyle v0.3.5
[INFO] [stderr]    Compiling cc v1.0.79
[INFO] [stderr]    Compiling log v0.4.17
[INFO] [stderr]     Checking cfg-if v1.0.0
[INFO] [stderr]    Compiling syn v1.0.109
[INFO] [stderr]     Checking clap_lex v0.4.1
[INFO] [stderr]     Checking adler v1.0.2
[INFO] [stderr]     Checking anstyle-parse v0.1.1
[INFO] [stderr]     Checking gimli v0.27.2
[INFO] [stderr]     Checking regex-syntax v0.6.29
[INFO] [stderr]     Checking miniz_oxide v0.6.2
[INFO] [stderr]     Checking humantime v2.1.0
[INFO] [stderr]     Checking rustc-demangle v0.1.22
[INFO] [stderr]     Checking aho-corasick v0.7.20
[INFO] [stderr]     Checking object v0.30.3
[INFO] [stderr]    Compiling syn v2.0.14
[INFO] [stderr]    Compiling backtrace v0.3.67
[INFO] [stderr]     Checking regex v1.7.3
[INFO] [stderr]     Checking addr2line v0.19.0
[INFO] [stderr]     Checking is-terminal v0.4.7
[INFO] [stderr]     Checking anstream v0.2.6
[INFO] [stderr]     Checking env_logger v0.10.0
[INFO] [stderr]     Checking clap_builder v4.2.1
[INFO] [stderr]    Compiling clap_derive v4.2.0
[INFO] [stderr]    Compiling test-log v0.2.11
[INFO] [stderr]     Checking clap v4.2.1
[INFO] [stderr]     Checking lemonlang v0.1.0 (/opt/rustwide/workdir)
[INFO] [stderr]  Documenting lemonlang v0.1.0 (/opt/rustwide/workdir)
[INFO] [stdout] error[E0412]: cannot find type `Block` in this scope
[INFO] [stdout]   --> src/lib/ast.rs:90:19
[INFO] [stdout]    |
[INFO] [stdout] 90 |     If(P<Expr>, P<Block>, Option<P<Expr>>),
[INFO] [stdout]    |                   ^^^^^ not found in this scope
[INFO] [stdout]    |
[INFO] [stdout] help: there is an enum variant `crate::ast::ExprKind::Block`; try using the variant's enum
[INFO] [stdout]    |
[INFO] [stdout] 90 |     If(P<Expr>, P<crate::ast::ExprKind>, Option<P<Expr>>),
[INFO] [stdout]    |                   ~~~~~~~~~~~~~~~~~~~~
[INFO] [stdout] help: you might be missing a type parameter
[INFO] [stdout]    |
[INFO] [stdout] 67 | pub enum ExprKind<Block> {
[INFO] [stdout]    |                  +++++++
[INFO] [stdout] 
[INFO] [stdout] 
[INFO] [stdout] error[E0412]: cannot find type `CompundExpr` in this scope
[INFO] [stdout]   --> src/lib/ast.rs:94:22
[INFO] [stdout]    |
[INFO] [stdout] 27 | struct CompoundExpr;
[INFO] [stdout]    | -------------------- similarly named struct `CompoundExpr` defined here
[INFO] [stdout] ...
[INFO] [stdout] 94 |     While(P<Expr>, P<CompundExpr>),
[INFO] [stdout]    |                      ^^^^^^^^^^^
[INFO] [stdout]    |
[INFO] [stdout] help: a struct with a similar name exists
[INFO] [stdout]    |
[INFO] [stdout] 94 |     While(P<Expr>, P<CompoundExpr>),
[INFO] [stdout]    |                      ~~~~~~~~~~~~
[INFO] [stdout] help: you might be missing a type parameter
[INFO] [stdout]    |
[INFO] [stdout] 67 | pub enum ExprKind<CompundExpr> {
[INFO] [stdout]    |                  +++++++++++++
[INFO] [stdout] 
[INFO] [stdout] 
[INFO] [stdout] error[E0412]: cannot find type `Pat` in this scope
[INFO] [stdout]    --> src/lib/ast.rs:100:15
[INFO] [stdout]     |
[INFO] [stdout] 100 |     ForLoop(P<Pat>, P<Expr>, P<Block>, Option<Label>),
[INFO] [stdout]     |               ^^^ not found in this scope
[INFO] [stdout]     |
[INFO] [stdout] help: you might be missing a type parameter
[INFO] [stdout]     |
[INFO] [stdout] 67  | pub enum ExprKind<Pat> {
[INFO] [stdout]     |                  +++++
[INFO] [stdout] 
[INFO] [stdout] 
[INFO] [stdout] error[E0412]: cannot find type `Block` in this scope
[INFO] [stdout]    --> src/lib/ast.rs:100:32
[INFO] [stdout]     |
[INFO] [stdout] 100 |     ForLoop(P<Pat>, P<Expr>, P<Block>, Option<Label>),
[INFO] [stdout]     |                                ^^^^^ not found in this scope
[INFO] [stdout]     |
[INFO] [stdout] help: there is an enum variant `crate::ast::ExprKind::Block`; try using the variant's enum
[INFO] [stdout]     |
[INFO] [stdout] 100 |     ForLoop(P<Pat>, P<Expr>, P<crate::ast::ExprKind>, Option<Label>),
[INFO] [stdout]     |                                ~~~~~~~~~~~~~~~~~~~~
[INFO] [stdout] help: you might be missing a type parameter
[INFO] [stdout]     |
[INFO] [stdout] 67  | pub enum ExprKind<Block> {
[INFO] [stdout]     |                  +++++++
[INFO] [stdout] 
[INFO] [stdout] 
[INFO] [stdout] error[E0412]: cannot find type `Label` in this scope
[INFO] [stdout]    --> src/lib/ast.rs:100:47
[INFO] [stdout]     |
[INFO] [stdout] 100 |     ForLoop(P<Pat>, P<Expr>, P<Block>, Option<Label>),
[INFO] [stdout]     |                                               ^^^^^ not found in this scope
[INFO] [stdout]     |
[INFO] [stdout] help: you might be missing a type parameter
[INFO] [stdout]     |
[INFO] [stdout] 67  | pub enum ExprKind<Label> {
[INFO] [stdout]     |                  +++++++
[INFO] [stdout] 
[INFO] [stdout] 
[INFO] [stdout] error[E0412]: cannot find type `Block` in this scope
[INFO] [stdout]    --> src/lib/ast.rs:104:12
[INFO] [stdout]     |
[INFO] [stdout] 104 |     Loop(P<Block>, Option<Label>, Span),
[INFO] [stdout]     |            ^^^^^ not found in this scope
[INFO] [stdout]     |
[INFO] [stdout] help: there is an enum variant `crate::ast::ExprKind::Block`; try using the variant's enum
[INFO] [stdout]     |
[INFO] [stdout] 104 |     Loop(P<crate::ast::ExprKind>, Option<Label>, Span),
[INFO] [stdout]     |            ~~~~~~~~~~~~~~~~~~~~
[INFO] [stdout] help: you might be missing a type parameter
[INFO] [stdout]     |
[INFO] [stdout] 67  | pub enum ExprKind<Block> {
[INFO] [stdout]     |                  +++++++
[INFO] [stdout] 
[INFO] [stdout] 
[INFO] [stdout] error[E0412]: cannot find type `Label` in this scope
[INFO] [stdout]    --> src/lib/ast.rs:104:27
[INFO] [stdout]     |
[INFO] [stdout] 104 |     Loop(P<Block>, Option<Label>, Span),
[INFO] [stdout]     |                           ^^^^^ not found in this scope
[INFO] [stdout]     |
[INFO] [stdout] help: you might be missing a type parameter
[INFO] [stdout]     |
[INFO] [stdout] 67  | pub enum ExprKind<Label> {
[INFO] [stdout]     |                  +++++++
[INFO] [stdout] 
[INFO] [stdout] 
[INFO] [stdout] error[E0412]: cannot find type `Span` in this scope
[INFO] [stdout]    --> src/lib/ast.rs:104:35
[INFO] [stdout]     |
[INFO] [stdout] 104 |     Loop(P<Block>, Option<Label>, Span),
[INFO] [stdout]     |                                   ^^^^ not found in this scope
[INFO] [stdout] 
[INFO] [stdout] 
[INFO] [stdout] error[E0412]: cannot find type `ThinVec` in this scope
[INFO] [stdout]    --> src/lib/ast.rs:106:20
[INFO] [stdout]     |
[INFO] [stdout] 106 |     Match(P<Expr>, ThinVec<Arm>),
[INFO] [stdout]     |                    ^^^^^^^ not found in this scope
[INFO] [stdout] 
[INFO] [stdout] 
[INFO] [stdout] error[E0412]: cannot find type `Arm` in this scope
[INFO] [stdout]    --> src/lib/ast.rs:106:28
[INFO] [stdout]     |
[INFO] [stdout] 106 |       Match(P<Expr>, ThinVec<Arm>),
[INFO] [stdout]     |                              ^^^
[INFO] [stdout]    --> /rustc/82e1608dfa6e0b5569232559e3d385fea5a93112/library/alloc/src/sync.rs:248:1
[INFO] [stdout]    ::: /rustc/82e1608dfa6e0b5569232559e3d385fea5a93112/library/alloc/src/sync.rs:251:1
[INFO] [stdout]     |
[INFO] [stdout]     = note: similarly named struct `Arc` defined here
[INFO] [stdout]     |
[INFO] [stdout] help: a struct with a similar name exists
[INFO] [stdout]     |
[INFO] [stdout] 106 |     Match(P<Expr>, ThinVec<Arc>),
[INFO] [stdout]     |                            ~~~
[INFO] [stdout] help: you might be missing a type parameter
[INFO] [stdout]     |
[INFO] [stdout] 67  | pub enum ExprKind<Arm> {
[INFO] [stdout]     |                  +++++
[INFO] [stdout] 
[INFO] [stdout] 
[INFO] [stdout] error[E0412]: cannot find type `Closure` in this scope
[INFO] [stdout]    --> src/lib/ast.rs:108:17
[INFO] [stdout]     |
[INFO] [stdout] 108 |     Closure(Box<Closure>),
[INFO] [stdout]     |                 ^^^^^^^ not found in this scope
[INFO] [stdout]     |
[INFO] [stdout] help: there is an enum variant `crate::ast::ExprK::Closure` and 1 other; try using the variant's enum
[INFO] [stdout]     |
[INFO] [stdout] 108 |     Closure(Box<crate::ast::ExprK>),
[INFO] [stdout]     |                 ~~~~~~~~~~~~~~~~~
[INFO] [stdout] 108 |     Closure(Box<crate::ast::ExprKind>),
[INFO] [stdout]     |                 ~~~~~~~~~~~~~~~~~~~~
[INFO] [stdout] help: you might be missing a type parameter
[INFO] [stdout]     |
[INFO] [stdout] 67  | pub enum ExprKind<Closure> {
[INFO] [stdout]     |                  +++++++++
[INFO] [stdout] 
[INFO] [stdout] 
[INFO] [stdout] error[E0412]: cannot find type `Block` in this scope
[INFO] [stdout]    --> src/lib/ast.rs:110:13
[INFO] [stdout]     |
[INFO] [stdout] 110 |     Block(P<Block>, Option<Label>),
[INFO] [stdout]     |             ^^^^^ not found in this scope
[INFO] [stdout]     |
[INFO] [stdout] help: there is an enum variant `crate::ast::ExprKind::Block`; try using the variant's enum
[INFO] [stdout]     |
[INFO] [stdout] 110 |     Block(P<crate::ast::ExprKind>, Option<Label>),
[INFO] [stdout]     |             ~~~~~~~~~~~~~~~~~~~~
[INFO] [stdout] help: you might be missing a type parameter
[INFO] [stdout]     |
[INFO] [stdout] 67  | pub enum ExprKind<Block> {
[INFO] [stdout]     |                  +++++++
[INFO] [stdout] 
[INFO] [stdout] 
[INFO] [stdout] error[E0412]: cannot find type `Label` in this scope
[INFO] [stdout]    --> src/lib/ast.rs:110:28
[INFO] [stdout]     |
[INFO] [stdout] 110 |     Block(P<Block>, Option<Label>),
[INFO] [stdout]     |                            ^^^^^ not found in this scope
[INFO] [stdout]     |
[INFO] [stdout] help: you might be missing a type parameter
[INFO] [stdout]     |
[INFO] [stdout] 67  | pub enum ExprKind<Label> {
[INFO] [stdout]     |                  +++++++
[INFO] [stdout] 
[INFO] [stdout] 
[INFO] [stdout] error[E0412]: cannot find type `CaptureBy` in this scope
[INFO] [stdout]    --> src/lib/ast.rs:115:11
[INFO] [stdout]     |
[INFO] [stdout] 115 |     Async(CaptureBy, P<Block>),
[INFO] [stdout]     |           ^^^^^^^^^ not found in this scope
[INFO] [stdout] 
[INFO] [stdout] 
[INFO] [stdout] error[E0412]: cannot find type `Block` in this scope
[INFO] [stdout]    --> src/lib/ast.rs:115:24
[INFO] [stdout]     |
[INFO] [stdout] 115 |     Async(CaptureBy, P<Block>),
[INFO] [stdout]     |                        ^^^^^ not found in this scope
[INFO] [stdout]     |
[INFO] [stdout] help: there is an enum variant `crate::ast::ExprKind::Block`; try using the variant's enum
[INFO] [stdout]     |
[INFO] [stdout] 115 |     Async(CaptureBy, P<crate::ast::ExprKind>),
[INFO] [stdout]     |                        ~~~~~~~~~~~~~~~~~~~~
[INFO] [stdout] help: you might be missing a type parameter
[INFO] [stdout]     |
[INFO] [stdout] 67  | pub enum ExprKind<Block> {
[INFO] [stdout]     |                  +++++++
[INFO] [stdout] 
[INFO] [stdout] 
[INFO] [stdout] error[E0412]: cannot find type `Span` in this scope
[INFO] [stdout]    --> src/lib/ast.rs:117:20
[INFO] [stdout]     |
[INFO] [stdout] 117 |     Await(P<Expr>, Span),
[INFO] [stdout]     |                    ^^^^ not found in this scope
[INFO] [stdout] 
[INFO] [stdout] 
[INFO] [stdout] error[E0412]: cannot find type `Block` in this scope
[INFO] [stdout]    --> src/lib/ast.rs:120:16
[INFO] [stdout]     |
[INFO] [stdout] 120 |     TryBlock(P<Block>),
[INFO] [stdout]     |                ^^^^^ not found in this scope
[INFO] [stdout]     |
[INFO] [stdout] help: there is an enum variant `crate::ast::ExprKind::Block`; try using the variant's enum
[INFO] [stdout]     |
[INFO] [stdout] 120 |     TryBlock(P<crate::ast::ExprKind>),
[INFO] [stdout]     |                ~~~~~~~~~~~~~~~~~~~~
[INFO] [stdout] help: you might be missing a type parameter
[INFO] [stdout]     |
[INFO] [stdout] 67  | pub enum ExprKind<Block> {
[INFO] [stdout]     |                  +++++++
[INFO] [stdout] 
[INFO] [stdout] 
[INFO] [stdout] error[E0412]: cannot find type `Span` in this scope
[INFO] [stdout]    --> src/lib/ast.rs:124:30
[INFO] [stdout]     |
[INFO] [stdout] 124 |     Assign(P<Expr>, P<Expr>, Span),
[INFO] [stdout]     |                              ^^^^ not found in this scope
[INFO] [stdout] 
[INFO] [stdout] 
[INFO] [stdout] error[E0412]: cannot find type `Ident` in this scope
[INFO] [stdout]    --> src/lib/ast.rs:130:20
[INFO] [stdout]     |
[INFO] [stdout] 130 |     Field(P<Expr>, Ident),
[INFO] [stdout]     |                    ^^^^^ not found in this scope
[INFO] [stdout]     |
[INFO] [stdout] help: there is an enum variant `crate::ast::ExprK::Ident`; try using the variant's enum
[INFO] [stdout]     |
[INFO] [stdout] 130 |     Field(P<Expr>, crate::ast::ExprK),
[INFO] [stdout]     |                    ~~~~~~~~~~~~~~~~~
[INFO] [stdout] 
[INFO] [stdout] 
[INFO] [stdout] error[E0412]: cannot find type `Span` in this scope
[INFO] [stdout]    --> src/lib/ast.rs:133:29
[INFO] [stdout]     |
[INFO] [stdout] 133 |     Index(P<Expr>, P<Expr>, Span),
[INFO] [stdout]     |                             ^^^^ not found in this scope
[INFO] [stdout] 
[INFO] [stdout] 
[INFO] [stdout] error[E0412]: cannot find type `RangeLimits` in this scope
[INFO] [stdout]    --> src/lib/ast.rs:135:45
[INFO] [stdout]     |
[INFO] [stdout] 135 |     Range(Option<P<Expr>>, Option<P<Expr>>, RangeLimits),
[INFO] [stdout]     |                                             ^^^^^^^^^^^ not found in this scope
[INFO] [stdout] 
[INFO] [stdout] 
[INFO] [stdout] error[E0412]: cannot find type `QSelf` in this scope
[INFO] [stdout]    --> src/lib/ast.rs:143:19
[INFO] [stdout]     |
[INFO] [stdout] 143 |     Path(Option<P<QSelf>>, Path),
[INFO] [stdout]     |                   ^^^^^
[INFO] [stdout]     |
[INFO] [stdout] help: a self type with a similar name exists
[INFO] [stdout]     |
[INFO] [stdout] 143 |     Path(Option<P<Self>>, Path),
[INFO] [stdout]     |                   ~~~~
[INFO] [stdout] help: you might be missing a type parameter
[INFO] [stdout]     |
[INFO] [stdout] 67  | pub enum ExprKind<QSelf> {
[INFO] [stdout]     |                  +++++++
[INFO] [stdout] 
[INFO] [stdout] 
[INFO] [stdout] error[E0412]: cannot find type `Path` in this scope
[INFO] [stdout]    --> src/lib/ast.rs:143:28
[INFO] [stdout]     |
[INFO] [stdout] 143 |     Path(Option<P<QSelf>>, Path),
[INFO] [stdout]     |                            ^^^^ not found in this scope
[INFO] [stdout]     |
[INFO] [stdout] help: consider importing this struct
[INFO] [stdout]     |
[INFO] [stdout] 1   + use std::path::Path;
[INFO] [stdout]     |
[INFO] [stdout] 
[INFO] [stdout] 
[INFO] [stdout] error[E0412]: cannot find type `BorrowKind` in this scope
[INFO] [stdout]    --> src/lib/ast.rs:146:12
[INFO] [stdout]     |
[INFO] [stdout] 146 |     AddrOf(BorrowKind, Mutability, P<Expr>),
[INFO] [stdout]     |            ^^^^^^^^^^ not found in this scope
[INFO] [stdout] 
[INFO] [stdout] 
[INFO] [stdout] error[E0412]: cannot find type `Mutability` in this scope
[INFO] [stdout]    --> src/lib/ast.rs:146:24
[INFO] [stdout]     |
[INFO] [stdout] 146 |     AddrOf(BorrowKind, Mutability, P<Expr>),
[INFO] [stdout]     |                        ^^^^^^^^^^ not found in this scope
[INFO] [stdout] 
[INFO] [stdout] 
[INFO] [stdout] error[E0412]: cannot find type `Label` in this scope
[INFO] [stdout]    --> src/lib/ast.rs:148:18
[INFO] [stdout]     |
[INFO] [stdout] 148 |     Break(Option<Label>, Option<P<Expr>>),
[INFO] [stdout]     |                  ^^^^^ not found in this scope
[INFO] [stdout]     |
[INFO] [stdout] help: you might be missing a type parameter
[INFO] [stdout]     |
[INFO] [stdout] 67  | pub enum ExprKind<Label> {
[INFO] [stdout]     |                  +++++++
[INFO] [stdout] 
[INFO] [stdout] 
[INFO] [stdout] error[E0412]: cannot find type `Label` in this scope
[INFO] [stdout]    --> src/lib/ast.rs:150:21
[INFO] [stdout]     |
[INFO] [stdout] 150 |     Continue(Option<Label>),
[INFO] [stdout]     |                     ^^^^^ not found in this scope
[INFO] [stdout]     |
[INFO] [stdout] help: you might be missing a type parameter
[INFO] [stdout]     |
[INFO] [stdout] 67  | pub enum ExprKind<Label> {
[INFO] [stdout]     |                  +++++++
[INFO] [stdout] 
[INFO] [stdout] 
[INFO] [stdout] error[E0412]: cannot find type `InlineAsm` in this scope
[INFO] [stdout]    --> src/lib/ast.rs:155:17
[INFO] [stdout]     |
[INFO] [stdout] 155 |     InlineAsm(P<InlineAsm>),
[INFO] [stdout]     |                 ^^^^^^^^^ not found in this scope
[INFO] [stdout]     |
[INFO] [stdout] help: there is an enum variant `crate::ast::ExprKind::InlineAsm`; try using the variant's enum
[INFO] [stdout]     |
[INFO] [stdout] 155 |     InlineAsm(P<crate::ast::ExprKind>),
[INFO] [stdout]     |                 ~~~~~~~~~~~~~~~~~~~~
[INFO] [stdout] help: you might be missing a type parameter
[INFO] [stdout]     |
[INFO] [stdout] 67  | pub enum ExprKind<InlineAsm> {
[INFO] [stdout]     |                  +++++++++++
[INFO] [stdout] 
[INFO] [stdout] 
[INFO] [stdout] error[E0412]: cannot find type `Ty` in this scope
[INFO] [stdout]    --> src/lib/ast.rs:158:16
[INFO] [stdout]     |
[INFO] [stdout] 158 |     OffsetOf(P<Ty>, P<[Ident]>),
[INFO] [stdout]     |                ^^ not found in this scope
[INFO] [stdout]     |
[INFO] [stdout] help: you might be missing a type parameter
[INFO] [stdout]     |
[INFO] [stdout] 67  | pub enum ExprKind<Ty> {
[INFO] [stdout]     |                  ++++
[INFO] [stdout] 
[INFO] [stdout] 
[INFO] [stdout] error[E0412]: cannot find type `Ident` in this scope
[INFO] [stdout]    --> src/lib/ast.rs:158:24
[INFO] [stdout]     |
[INFO] [stdout] 158 |     OffsetOf(P<Ty>, P<[Ident]>),
[INFO] [stdout]     |                        ^^^^^ not found in this scope
[INFO] [stdout]     |
[INFO] [stdout] help: there is an enum variant `crate::ast::ExprK::Ident`; try using the variant's enum
[INFO] [stdout]     |
[INFO] [stdout] 158 |     OffsetOf(P<Ty>, P<[crate::ast::ExprK]>),
[INFO] [stdout]     |                        ~~~~~~~~~~~~~~~~~
[INFO] [stdout] help: you might be missing a type parameter
[INFO] [stdout]     |
[INFO] [stdout] 67  | pub enum ExprKind<Ident> {
[INFO] [stdout]     |                  +++++++
[INFO] [stdout] 
[INFO] [stdout] 
[INFO] [stdout] error[E0412]: cannot find type `MacCall` in this scope
[INFO] [stdout]    --> src/lib/ast.rs:161:15
[INFO] [stdout]     |
[INFO] [stdout] 161 |     MacCall(P<MacCall>),
[INFO] [stdout]     |               ^^^^^^^ not found in this scope
[INFO] [stdout]     |
[INFO] [stdout] help: there is an enum variant `crate::ast::ExprKind::MacCall`; try using the variant's enum
[INFO] [stdout]     |
[INFO] [stdout] 161 |     MacCall(P<crate::ast::ExprKind>),
[INFO] [stdout]     |               ~~~~~~~~~~~~~~~~~~~~
[INFO] [stdout] help: you might be missing a type parameter
[INFO] [stdout]     |
[INFO] [stdout] 67  | pub enum ExprKind<MacCall> {
[INFO] [stdout]     |                  +++++++++
[INFO] [stdout] 
[INFO] [stdout] 
[INFO] [stdout] error[E0412]: cannot find type `StructExpr` in this scope
[INFO] [stdout]    --> src/lib/ast.rs:166:14
[INFO] [stdout]     |
[INFO] [stdout] 166 |     Struct(P<StructExpr>),
[INFO] [stdout]     |              ^^^^^^^^^^ not found in this scope
[INFO] [stdout]     |
[INFO] [stdout] help: you might be missing a type parameter
[INFO] [stdout]     |
[INFO] [stdout] 67  | pub enum ExprKind<StructExpr> {
[INFO] [stdout]     |                  ++++++++++++
[INFO] [stdout] 
[INFO] [stdout] 
[INFO] [stdout] error[E0412]: cannot find type `AnonConst` in this scope
[INFO] [stdout]    --> src/lib/ast.rs:172:21
[INFO] [stdout]     |
[INFO] [stdout] 172 |     Repeat(P<Expr>, AnonConst),
[INFO] [stdout]     |                     ^^^^^^^^^ not found in this scope
[INFO] [stdout] 
[INFO] [stdout] 
[INFO] [stdout] error[E0412]: cannot find type `Lrc` in this scope
[INFO] [stdout]    --> src/lib/ast.rs:196:19
[INFO] [stdout]     |
[INFO] [stdout] 196 |       IncludedBytes(Lrc<[u8]>),
[INFO] [stdout]     |                     ^^^ help: a struct with a similar name exists: `Arc`
[INFO] [stdout]    --> /rustc/82e1608dfa6e0b5569232559e3d385fea5a93112/library/alloc/src/sync.rs:248:1
[INFO] [stdout]    ::: /rustc/82e1608dfa6e0b5569232559e3d385fea5a93112/library/alloc/src/sync.rs:251:1
[INFO] [stdout]     |
[INFO] [stdout]     = note: similarly named struct `Arc` defined here
[INFO] [stdout] 
[INFO] [stdout] 
[INFO] [stdout] error[E0412]: cannot find type `FormatArgs` in this scope
[INFO] [stdout]    --> src/lib/ast.rs:199:18
[INFO] [stdout]     |
[INFO] [stdout] 199 |     FormatArgs(P<FormatArgs>),
[INFO] [stdout]     |                  ^^^^^^^^^^ not found in this scope
[INFO] [stdout]     |
[INFO] [stdout] help: there is an enum variant `crate::ast::ExprKind::FormatArgs`; try using the variant's enum
[INFO] [stdout]     |
[INFO] [stdout] 199 |     FormatArgs(P<crate::ast::ExprKind>),
[INFO] [stdout]     |                  ~~~~~~~~~~~~~~~~~~~~
[INFO] [stdout] help: you might be missing a type parameter
[INFO] [stdout]     |
[INFO] [stdout] 67  | pub enum ExprKind<FormatArgs> {
[INFO] [stdout]     |                  ++++++++++++
[INFO] [stdout] 
[INFO] [stdout] 
[INFO] [stdout] error[E0412]: cannot find type `Block` in this scope
[INFO] [stdout]   --> src/lib/ast.rs:90:19
[INFO] [stdout]    |
[INFO] [stdout] 90 |     If(P<Expr>, P<Block>, Option<P<Expr>>),
[INFO] [stdout]    |                   ^^^^^ not found in this scope
[INFO] [stdout]    |
[INFO] [stdout] help: there is an enum variant `crate::ast::ExprKind::Block`; try using the variant's enum
[INFO] [stdout]    |
[INFO] [stdout] 90 |     If(P<Expr>, P<crate::ast::ExprKind>, Option<P<Expr>>),
[INFO] [stdout]    |                   ~~~~~~~~~~~~~~~~~~~~
[INFO] [stdout] help: you might be missing a type parameter
[INFO] [stdout]    |
[INFO] [stdout] 67 | pub enum ExprKind<Block> {
[INFO] [stdout]    |                  +++++++
[INFO] [stdout] 
[INFO] [stdout] 
[INFO] [stdout] error[E0412]: cannot find type `CompundExpr` in this scope
[INFO] [stdout]   --> src/lib/ast.rs:94:22
[INFO] [stdout]    |
[INFO] [stdout] 27 | struct CompoundExpr;
[INFO] [stdout]    | -------------------- similarly named struct `CompoundExpr` defined here
[INFO] [stdout] ...
[INFO] [stdout] 94 |     While(P<Expr>, P<CompundExpr>),
[INFO] [stdout]    |                      ^^^^^^^^^^^
[INFO] [stdout]    |
[INFO] [stdout] help: a struct with a similar name exists
[INFO] [stdout]    |
[INFO] [stdout] 94 |     While(P<Expr>, P<CompoundExpr>),
[INFO] [stdout]    |                      ~~~~~~~~~~~~
[INFO] [stdout] help: you might be missing a type parameter
[INFO] [stdout]    |
[INFO] [stdout] 67 | pub enum ExprKind<CompundExpr> {
[INFO] [stdout]    |                  +++++++++++++
[INFO] [stdout] 
[INFO] [stdout] 
[INFO] [stdout] error[E0412]: cannot find type `Pat` in this scope
[INFO] [stdout]    --> src/lib/ast.rs:100:15
[INFO] [stdout]     |
[INFO] [stdout] 100 |     ForLoop(P<Pat>, P<Expr>, P<Block>, Option<Label>),
[INFO] [stdout]     |               ^^^ not found in this scope
[INFO] [stdout]     |
[INFO] [stdout] help: you might be missing a type parameter
[INFO] [stdout]     |
[INFO] [stdout] 67  | pub enum ExprKind<Pat> {
[INFO] [stdout]     |                  +++++
[INFO] [stdout] 
[INFO] [stdout] 
[INFO] [stdout] error[E0412]: cannot find type `Block` in this scope
[INFO] [stdout]    --> src/lib/ast.rs:100:32
[INFO] [stdout]     |
[INFO] [stdout] 100 |     ForLoop(P<Pat>, P<Expr>, P<Block>, Option<Label>),
[INFO] [stdout]     |                                ^^^^^ not found in this scope
[INFO] [stdout]     |
[INFO] [stdout] help: there is an enum variant `crate::ast::ExprKind::Block`; try using the variant's enum
[INFO] [stdout]     |
[INFO] [stdout] 100 |     ForLoop(P<Pat>, P<Expr>, P<crate::ast::ExprKind>, Option<Label>),
[INFO] [stdout]     |                                ~~~~~~~~~~~~~~~~~~~~
[INFO] [stdout] help: you might be missing a type parameter
[INFO] [stdout]     |
[INFO] [stdout] 67  | pub enum ExprKind<Block> {
[INFO] [stdout]     |                  +++++++
[INFO] [stdout] 
[INFO] [stdout] 
[INFO] [stdout] error[E0412]: cannot find type `Label` in this scope
[INFO] [stdout]    --> src/lib/ast.rs:100:47
[INFO] [stdout]     |
[INFO] [stdout] 100 |     ForLoop(P<Pat>, P<Expr>, P<Block>, Option<Label>),
[INFO] [stdout]     |                                               ^^^^^ not found in this scope
[INFO] [stdout]     |
[INFO] [stdout] help: you might be missing a type parameter
[INFO] [stdout]     |
[INFO] [stdout] 67  | pub enum ExprKind<Label> {
[INFO] [stdout]     |                  +++++++
[INFO] [stdout] 
[INFO] [stdout] 
[INFO] [stdout] error[E0412]: cannot find type `Block` in this scope
[INFO] [stdout]    --> src/lib/ast.rs:104:12
[INFO] [stdout]     |
[INFO] [stdout] 104 |     Loop(P<Block>, Option<Label>, Span),
[INFO] [stdout]     |            ^^^^^ not found in this scope
[INFO] [stdout]     |
[INFO] [stdout] help: there is an enum variant `crate::ast::ExprKind::Block`; try using the variant's enum
[INFO] [stdout]     |
[INFO] [stdout] 104 |     Loop(P<crate::ast::ExprKind>, Option<Label>, Span),
[INFO] [stdout]     |            ~~~~~~~~~~~~~~~~~~~~
[INFO] [stdout] help: you might be missing a type parameter
[INFO] [stdout]     |
[INFO] [stdout] 67  | pub enum ExprKind<Block> {
[INFO] [stdout]     |                  +++++++
[INFO] [stdout] 
[INFO] [stdout] 
[INFO] [stdout] error[E0412]: cannot find type `Label` in this scope
[INFO] [stdout]    --> src/lib/ast.rs:104:27
[INFO] [stdout]     |
[INFO] [stdout] 104 |     Loop(P<Block>, Option<Label>, Span),
[INFO] [stdout]     |                           ^^^^^ not found in this scope
[INFO] [stdout]     |
[INFO] [stdout] help: you might be missing a type parameter
[INFO] [stdout]     |
[INFO] [stdout] 67  | pub enum ExprKind<Label> {
[INFO] [stdout]     |                  +++++++
[INFO] [stdout] 
[INFO] [stdout] 
[INFO] [stdout] error[E0412]: cannot find type `Span` in this scope
[INFO] [stdout]    --> src/lib/ast.rs:104:35
[INFO] [stdout]     |
[INFO] [stdout] 104 |     Loop(P<Block>, Option<Label>, Span),
[INFO] [stdout]     |                                   ^^^^ not found in this scope
[INFO] [stdout] 
[INFO] [stdout] 
[INFO] [stdout] error[E0412]: cannot find type `ThinVec` in this scope
[INFO] [stdout]    --> src/lib/ast.rs:106:20
[INFO] [stdout]     |
[INFO] [stdout] 106 |     Match(P<Expr>, ThinVec<Arm>),
[INFO] [stdout]     |                    ^^^^^^^ not found in this scope
[INFO] [stdout] 
[INFO] [stdout] 
[INFO] [stdout] error[E0412]: cannot find type `Arm` in this scope
[INFO] [stdout]    --> src/lib/ast.rs:106:28
[INFO] [stdout]     |
[INFO] [stdout] 106 |       Match(P<Expr>, ThinVec<Arm>),
[INFO] [stdout]     |                              ^^^
[INFO] [stdout]    --> /rustc/82e1608dfa6e0b5569232559e3d385fea5a93112/library/alloc/src/sync.rs:248:1
[INFO] [stdout]    ::: /rustc/82e1608dfa6e0b5569232559e3d385fea5a93112/library/alloc/src/sync.rs:251:1
[INFO] [stdout]     |
[INFO] [stdout]     = note: similarly named struct `Arc` defined here
[INFO] [stdout]     |
[INFO] [stdout] help: a struct with a similar name exists
[INFO] [stdout]     |
[INFO] [stdout] 106 |     Match(P<Expr>, ThinVec<Arc>),
[INFO] [stdout]     |                            ~~~
[INFO] [stdout] help: you might be missing a type parameter
[INFO] [stdout]     |
[INFO] [stdout] 67  | pub enum ExprKind<Arm> {
[INFO] [stdout]     |                  +++++
[INFO] [stdout] 
[INFO] [stdout] 
[INFO] [stdout] error[E0412]: cannot find type `Closure` in this scope
[INFO] [stdout]    --> src/lib/ast.rs:108:17
[INFO] [stdout]     |
[INFO] [stdout] 108 |     Closure(Box<Closure>),
[INFO] [stdout]     |                 ^^^^^^^ not found in this scope
[INFO] [stdout]     |
[INFO] [stdout] help: there is an enum variant `crate::ast::ExprK::Closure` and 1 other; try using the variant's enum
[INFO] [stdout]     |
[INFO] [stdout] 108 |     Closure(Box<crate::ast::ExprK>),
[INFO] [stdout]     |                 ~~~~~~~~~~~~~~~~~
[INFO] [stdout] 108 |     Closure(Box<crate::ast::ExprKind>),
[INFO] [stdout]     |                 ~~~~~~~~~~~~~~~~~~~~
[INFO] [stdout] help: you might be missing a type parameter
[INFO] [stdout]     |
[INFO] [stdout] 67  | pub enum ExprKind<Closure> {
[INFO] [stdout]     |                  +++++++++
[INFO] [stdout] 
[INFO] [stdout] 
[INFO] [stdout] error[E0412]: cannot find type `Block` in this scope
[INFO] [stdout]    --> src/lib/ast.rs:110:13
[INFO] [stdout]     |
[INFO] [stdout] 110 |     Block(P<Block>, Option<Label>),
[INFO] [stdout]     |             ^^^^^ not found in this scope
[INFO] [stdout]     |
[INFO] [stdout] help: there is an enum variant `crate::ast::ExprKind::Block`; try using the variant's enum
[INFO] [stdout]     |
[INFO] [stdout] 110 |     Block(P<crate::ast::ExprKind>, Option<Label>),
[INFO] [stdout]     |             ~~~~~~~~~~~~~~~~~~~~
[INFO] [stdout] help: you might be missing a type parameter
[INFO] [stdout]     |
[INFO] [stdout] 67  | pub enum ExprKind<Block> {
[INFO] [stdout]     |                  +++++++
[INFO] [stdout] 
[INFO] [stdout] 
[INFO] [stdout] error[E0412]: cannot find type `Label` in this scope
[INFO] [stdout]    --> src/lib/ast.rs:110:28
[INFO] [stdout]     |
[INFO] [stdout] 110 |     Block(P<Block>, Option<Label>),
[INFO] [stdout]     |                            ^^^^^ not found in this scope
[INFO] [stdout]     |
[INFO] [stdout] help: you might be missing a type parameter
[INFO] [stdout]     |
[INFO] [stdout] 67  | pub enum ExprKind<Label> {
[INFO] [stdout]     |                  +++++++
[INFO] [stdout] 
[INFO] [stdout] 
[INFO] [stdout] error[E0412]: cannot find type `CaptureBy` in this scope
[INFO] [stdout]    --> src/lib/ast.rs:115:11
[INFO] [stdout]     |
[INFO] [stdout] 115 |     Async(CaptureBy, P<Block>),
[INFO] [stdout]     |           ^^^^^^^^^ not found in this scope
[INFO] [stdout] 
[INFO] [stdout] 
[INFO] [stdout] error[E0412]: cannot find type `Block` in this scope
[INFO] [stdout]    --> src/lib/ast.rs:115:24
[INFO] [stdout]     |
[INFO] [stdout] 115 |     Async(CaptureBy, P<Block>),
[INFO] [stdout]     |                        ^^^^^ not found in this scope
[INFO] [stdout]     |
[INFO] [stdout] help: there is an enum variant `crate::ast::ExprKind::Block`; try using the variant's enum
[INFO] [stdout]     |
[INFO] [stdout] 115 |     Async(CaptureBy, P<crate::ast::ExprKind>),
[INFO] [stdout]     |                        ~~~~~~~~~~~~~~~~~~~~
[INFO] [stdout] help: you might be missing a type parameter
[INFO] [stdout]     |
[INFO] [stdout] 67  | pub enum ExprKind<Block> {
[INFO] [stdout]     |                  +++++++
[INFO] [stdout] 
[INFO] [stdout] 
[INFO] [stdout] error[E0412]: cannot find type `Span` in this scope
[INFO] [stdout]    --> src/lib/ast.rs:117:20
[INFO] [stdout]     |
[INFO] [stdout] 117 |     Await(P<Expr>, Span),
[INFO] [stdout]     |                    ^^^^ not found in this scope
[INFO] [stdout] 
[INFO] [stdout] 
[INFO] [stdout] error[E0412]: cannot find type `Block` in this scope
[INFO] [stdout]    --> src/lib/ast.rs:120:16
[INFO] [stdout]     |
[INFO] [stdout] 120 |     TryBlock(P<Block>),
[INFO] [stdout]     |                ^^^^^ not found in this scope
[INFO] [stdout]     |
[INFO] [stdout] help: there is an enum variant `crate::ast::ExprKind::Block`; try using the variant's enum
[INFO] [stdout]     |
[INFO] [stdout] 120 |     TryBlock(P<crate::ast::ExprKind>),
[INFO] [stdout]     |                ~~~~~~~~~~~~~~~~~~~~
[INFO] [stdout] help: you might be missing a type parameter
[INFO] [stdout]     |
[INFO] [stdout] 67  | pub enum ExprKind<Block> {
[INFO] [stdout]     |                  +++++++
[INFO] [stdout] 
[INFO] [stdout] 
[INFO] [stdout] error[E0412]: cannot find type `Span` in this scope
[INFO] [stdout]    --> src/lib/ast.rs:124:30
[INFO] [stdout]     |
[INFO] [stdout] 124 |     Assign(P<Expr>, P<Expr>, Span),
[INFO] [stdout]     |                              ^^^^ not found in this scope
[INFO] [stdout] 
[INFO] [stdout] 
[INFO] [stdout] error[E0412]: cannot find type `Ident` in this scope
[INFO] [stdout]    --> src/lib/ast.rs:130:20
[INFO] [stdout]     |
[INFO] [stdout] 130 |     Field(P<Expr>, Ident),
[INFO] [stdout]     |                    ^^^^^ not found in this scope
[INFO] [stdout]     |
[INFO] [stdout] help: there is an enum variant `crate::ast::ExprK::Ident`; try using the variant's enum
[INFO] [stdout]     |
[INFO] [stdout] 130 |     Field(P<Expr>, crate::ast::ExprK),
[INFO] [stdout]     |                    ~~~~~~~~~~~~~~~~~
[INFO] [stdout] 
[INFO] [stdout] 
[INFO] [stdout] error[E0412]: cannot find type `Span` in this scope
[INFO] [stdout]    --> src/lib/ast.rs:133:29
[INFO] [stdout]     |
[INFO] [stdout] 133 |     Index(P<Expr>, P<Expr>, Span),
[INFO] [stdout]     |                             ^^^^ not found in this scope
[INFO] [stdout] 
[INFO] [stdout] 
[INFO] [stdout] error[E0412]: cannot find type `RangeLimits` in this scope
[INFO] [stdout]    --> src/lib/ast.rs:135:45
[INFO] [stdout]     |
[INFO] [stdout] 135 |     Range(Option<P<Expr>>, Option<P<Expr>>, RangeLimits),
[INFO] [stdout]     |                                             ^^^^^^^^^^^ not found in this scope
[INFO] [stdout] 
[INFO] [stdout] 
[INFO] [stdout] error[E0412]: cannot find type `QSelf` in this scope
[INFO] [stdout]    --> src/lib/ast.rs:143:19
[INFO] [stdout]     |
[INFO] [stdout] 143 |     Path(Option<P<QSelf>>, Path),
[INFO] [stdout]     |                   ^^^^^
[INFO] [stdout]     |
[INFO] [stdout] help: a self type with a similar name exists
[INFO] [stdout]     |
[INFO] [stdout] 143 |     Path(Option<P<Self>>, Path),
[INFO] [stdout]     |                   ~~~~
[INFO] [stdout] help: you might be missing a type parameter
[INFO] [stdout]     |
[INFO] [stdout] 67  | pub enum ExprKind<QSelf> {
[INFO] [stdout]     |                  +++++++
[INFO] [stdout] 
[INFO] [stdout] 
[INFO] [stdout] error[E0412]: cannot find type `Path` in this scope
[INFO] [stdout]    --> src/lib/ast.rs:143:28
[INFO] [stdout]     |
[INFO] [stdout] 143 |     Path(Option<P<QSelf>>, Path),
[INFO] [stdout]     |                            ^^^^ not found in this scope
[INFO] [stdout]     |
[INFO] [stdout] help: consider importing this struct
[INFO] [stdout]     |
[INFO] [stdout] 1   + use std::path::Path;
[INFO] [stdout]     |
[INFO] [stdout] 
[INFO] [stdout] 
[INFO] [stdout] error[E0412]: cannot find type `BorrowKind` in this scope
[INFO] [stdout]    --> src/lib/ast.rs:146:12
[INFO] [stdout]     |
[INFO] [stdout] 146 |     AddrOf(BorrowKind, Mutability, P<Expr>),
[INFO] [stdout]     |            ^^^^^^^^^^ not found in this scope
[INFO] [stdout] 
[INFO] [stdout] 
[INFO] [stdout] error[E0412]: cannot find type `Mutability` in this scope
[INFO] [stdout]    --> src/lib/ast.rs:146:24
[INFO] [stdout]     |
[INFO] [stdout] 146 |     AddrOf(BorrowKind, Mutability, P<Expr>),
[INFO] [stdout]     |                        ^^^^^^^^^^ not found in this scope
[INFO] [stdout] 
[INFO] [stdout] 
[INFO] [stdout] error[E0412]: cannot find type `Label` in this scope
[INFO] [stdout]    --> src/lib/ast.rs:148:18
[INFO] [stdout]     |
[INFO] [stdout] 148 |     Break(Option<Label>, Option<P<Expr>>),
[INFO] [stdout]     |                  ^^^^^ not found in this scope
[INFO] [stdout]     |
[INFO] [stdout] help: you might be missing a type parameter
[INFO] [stdout]     |
[INFO] [stdout] 67  | pub enum ExprKind<Label> {
[INFO] [stdout]     |                  +++++++
[INFO] [stdout] 
[INFO] [stdout] 
[INFO] [stdout] error[E0412]: cannot find type `Label` in this scope
[INFO] [stdout]    --> src/lib/ast.rs:150:21
[INFO] [stdout]     |
[INFO] [stdout] 150 |     Continue(Option<Label>),
[INFO] [stdout]     |                     ^^^^^ not found in this scope
[INFO] [stdout]     |
[INFO] [stdout] help: you might be missing a type parameter
[INFO] [stdout]     |
[INFO] [stdout] 67  | pub enum ExprKind<Label> {
[INFO] [stdout]     |                  +++++++
[INFO] [stdout] 
[INFO] [stdout] 
[INFO] [stdout] error[E0412]: cannot find type `InlineAsm` in this scope
[INFO] [stdout]    --> src/lib/ast.rs:155:17
[INFO] [stdout]     |
[INFO] [stdout] 155 |     InlineAsm(P<InlineAsm>),
[INFO] [stdout]     |                 ^^^^^^^^^ not found in this scope
[INFO] [stdout]     |
[INFO] [stdout] help: there is an enum variant `crate::ast::ExprKind::InlineAsm`; try using the variant's enum
[INFO] [stdout]     |
[INFO] [stdout] 155 |     InlineAsm(P<crate::ast::ExprKind>),
[INFO] [stdout]     |                 ~~~~~~~~~~~~~~~~~~~~
[INFO] [stdout] help: you might be missing a type parameter
[INFO] [stdout]     |
[INFO] [stdout] 67  | pub enum ExprKind<InlineAsm> {
[INFO] [stdout]     |                  +++++++++++
[INFO] [stdout] 
[INFO] [stdout] 
[INFO] [stdout] error[E0412]: cannot find type `Ty` in this scope
[INFO] [stdout]    --> src/lib/ast.rs:158:16
[INFO] [stdout]     |
[INFO] [stdout] 158 |     OffsetOf(P<Ty>, P<[Ident]>),
[INFO] [stdout]     |                ^^ not found in this scope
[INFO] [stdout]     |
[INFO] [stdout] help: you might be missing a type parameter
[INFO] [stdout]     |
[INFO] [stdout] 67  | pub enum ExprKind<Ty> {
[INFO] [stdout]     |                  ++++
[INFO] [stdout] 
[INFO] [stdout] 
[INFO] [stdout] error[E0412]: cannot find type `Ident` in this scope
[INFO] [stdout]    --> src/lib/ast.rs:158:24
[INFO] [stdout]     |
[INFO] [stdout] 158 |     OffsetOf(P<Ty>, P<[Ident]>),
[INFO] [stdout]     |                        ^^^^^ not found in this scope
[INFO] [stdout]     |
[INFO] [stdout] help: there is an enum variant `crate::ast::ExprK::Ident`; try using the variant's enum
[INFO] [stdout]     |
[INFO] [stdout] 158 |     OffsetOf(P<Ty>, P<[crate::ast::ExprK]>),
[INFO] [stdout]     |                        ~~~~~~~~~~~~~~~~~
[INFO] [stdout] help: you might be missing a type parameter
[INFO] [stdout]     |
[INFO] [stdout] 67  | pub enum ExprKind<Ident> {
[INFO] [stdout]     |                  +++++++
[INFO] [stdout] 
[INFO] [stdout] 
[INFO] [stdout] error[E0412]: cannot find type `MacCall` in this scope
[INFO] [stdout]    --> src/lib/ast.rs:161:15
[INFO] [stdout]     |
[INFO] [stdout] 161 |     MacCall(P<MacCall>),
[INFO] [stdout]     |               ^^^^^^^ not found in this scope
[INFO] [stdout]     |
[INFO] [stdout] help: there is an enum variant `crate::ast::ExprKind::MacCall`; try using the variant's enum
[INFO] [stdout]     |
[INFO] [stdout] 161 |     MacCall(P<crate::ast::ExprKind>),
[INFO] [stdout]     |               ~~~~~~~~~~~~~~~~~~~~
[INFO] [stdout] help: you might be missing a type parameter
[INFO] [stdout]     |
[INFO] [stdout] 67  | pub enum ExprKind<MacCall> {
[INFO] [stdout]     |                  +++++++++
[INFO] [stdout] 
[INFO] [stdout] 
[INFO] [stdout] error[E0412]: cannot find type `StructExpr` in this scope
[INFO] [stdout]    --> src/lib/ast.rs:166:14
[INFO] [stdout]     |
[INFO] [stdout] 166 |     Struct(P<StructExpr>),
[INFO] [stdout]     |              ^^^^^^^^^^ not found in this scope
[INFO] [stdout]     |
[INFO] [stdout] help: you might be missing a type parameter
[INFO] [stdout]     |
[INFO] [stdout] 67  | pub enum ExprKind<StructExpr> {
[INFO] [stdout]     |                  ++++++++++++
[INFO] [stdout] 
[INFO] [stdout] 
[INFO] [stdout] error[E0412]: cannot find type `AnonConst` in this scope
[INFO] [stdout]    --> src/lib/ast.rs:172:21
[INFO] [stdout]     |
[INFO] [stdout] 172 |     Repeat(P<Expr>, AnonConst),
[INFO] [stdout]     |                     ^^^^^^^^^ not found in this scope
[INFO] [stdout] 
[INFO] [stdout] 
[INFO] [stdout] error[E0412]: cannot find type `Lrc` in this scope
[INFO] [stdout]    --> src/lib/ast.rs:196:19
[INFO] [stdout]     |
[INFO] [stdout] 196 |       IncludedBytes(Lrc<[u8]>),
[INFO] [stdout]     |                     ^^^ help: a struct with a similar name exists: `Arc`
[INFO] [stdout]    --> /rustc/82e1608dfa6e0b5569232559e3d385fea5a93112/library/alloc/src/sync.rs:248:1
[INFO] [stdout]    ::: /rustc/82e1608dfa6e0b5569232559e3d385fea5a93112/library/alloc/src/sync.rs:251:1
[INFO] [stdout]     |
[INFO] [stdout]     = note: similarly named struct `Arc` defined here
[INFO] [stdout] 
[INFO] [stdout] 
[INFO] [stdout] error[E0412]: cannot find type `FormatArgs` in this scope
[INFO] [stdout]    --> src/lib/ast.rs:199:18
[INFO] [stdout]     |
[INFO] [stdout] 199 |     FormatArgs(P<FormatArgs>),
[INFO] [stdout]     |                  ^^^^^^^^^^ not found in this scope
[INFO] [stdout]     |
[INFO] [stdout] help: there is an enum variant `crate::ast::ExprKind::FormatArgs`; try using the variant's enum
[INFO] [stdout]     |
[INFO] [stdout] 199 |     FormatArgs(P<crate::ast::ExprKind>),
[INFO] [stdout]     |                  ~~~~~~~~~~~~~~~~~~~~
[INFO] [stdout] help: you might be missing a type parameter
[INFO] [stdout]     |
[INFO] [stdout] 67  | pub enum ExprKind<FormatArgs> {
[INFO] [stdout]     |                  ++++++++++++
[INFO] [stdout] 
[INFO] [stdout] 
[INFO] [stdout] error: aborting due to 35 previous errors
[INFO] [stdout] 
[INFO] [stdout] 
[INFO] [stdout] For more information about this error, try `rustc --explain E0412`.
[INFO] [stdout] 
[INFO] [stderr] error: could not compile `lemonlang` (lib) due to 36 previous errors
[INFO] [stderr] warning: build failed, waiting for other jobs to finish...
[INFO] [stdout] error: aborting due to 35 previous errors
[INFO] [stdout] 
[INFO] [stdout] 
[INFO] [stdout] For more information about this error, try `rustc --explain E0412`.
[INFO] [stdout] 
[INFO] [stderr] error: could not document `lemonlang`
[INFO] [stderr] 
[INFO] [stderr] Caused by:
[INFO] [stderr]   process didn't exit successfully: `/opt/rustwide/rustup-home/toolchains/1.75.0-x86_64-unknown-linux-gnu/bin/rustdoc --edition=2021 --crate-type lib --crate-name lib src/lib/lib.rs -o /opt/rustwide/target/doc --error-format=json --json=diagnostic-rendered-ansi,artifacts,future-incompat --document-private-items -C metadata=f824eb5faa358872 -L dependency=/opt/rustwide/target/debug/deps --extern backtrace=/opt/rustwide/target/debug/deps/libbacktrace-3d1ecb9f79579563.rmeta --extern clap=/opt/rustwide/target/debug/deps/libclap-b00a2ccc8ea03a88.rmeta --extern env_logger=/opt/rustwide/target/debug/deps/libenv_logger-41d1d16c3fe5507a.rmeta --extern log=/opt/rustwide/target/debug/deps/liblog-db3182d8979d3809.rmeta --extern test_log=/opt/rustwide/target/debug/deps/libtest_log-6cc0ccb1de911fab.so --cap-lints=warn --crate-version 0.1.0` (exit status: 1)
[INFO] running `Command { std: "docker" "inspect" "5c72818cc86e672617ff9063ce0859024c6d9780a705f5f3cbfe6bf635a47c4a", kill_on_drop: false }`
[INFO] running `Command { std: "docker" "rm" "-f" "5c72818cc86e672617ff9063ce0859024c6d9780a705f5f3cbfe6bf635a47c4a", kill_on_drop: false }`
[INFO] [stdout] 5c72818cc86e672617ff9063ce0859024c6d9780a705f5f3cbfe6bf635a47c4a
