[INFO] cloning repository https://github.com/Legellon/dist-sys
[INFO] running `Command { std: "git" "-c" "credential.helper=" "-c" "credential.helper=/workspace/cargo-home/bin/git-credential-null" "clone" "--bare" "https://github.com/Legellon/dist-sys" "/workspace/cache/git-repos/https%3A%2F%2Fgithub.com%2FLegellon%2Fdist-sys", kill_on_drop: false }`
[INFO] [stderr] Cloning into bare repository '/workspace/cache/git-repos/https%3A%2F%2Fgithub.com%2FLegellon%2Fdist-sys'...
[INFO] running `Command { std: "git" "rev-parse" "HEAD", kill_on_drop: false }`
[INFO] [stdout] cbb2c8148af63c0b90585f57c6c2781dba130444
[INFO] documenting Legellon/dist-sys against 1.75.0 for beta-1.76-rustdoc-1
[INFO] running `Command { std: "git" "clone" "/workspace/cache/git-repos/https%3A%2F%2Fgithub.com%2FLegellon%2Fdist-sys" "/workspace/builds/worker-0-tc1/source", kill_on_drop: false }`
[INFO] [stderr] Cloning into '/workspace/builds/worker-0-tc1/source'...
[INFO] [stderr] done.
[INFO] validating manifest of git repo https://github.com/Legellon/dist-sys on toolchain 1.75.0
[INFO] running `Command { std: CARGO_HOME="/workspace/cargo-home" RUSTUP_HOME="/workspace/rustup-home" "/workspace/cargo-home/bin/cargo" "+1.75.0" "metadata" "--manifest-path" "Cargo.toml" "--no-deps", kill_on_drop: false }`
[INFO] started tweaking git repo https://github.com/Legellon/dist-sys
[INFO] finished tweaking git repo https://github.com/Legellon/dist-sys
[INFO] tweaked toml for git repo https://github.com/Legellon/dist-sys written to /workspace/builds/worker-0-tc1/source/Cargo.toml
[INFO] crate git repo https://github.com/Legellon/dist-sys already has a lockfile, it will not be regenerated
[INFO] running `Command { std: CARGO_HOME="/workspace/cargo-home" RUSTUP_HOME="/workspace/rustup-home" "/workspace/cargo-home/bin/cargo" "+1.75.0" "fetch" "--manifest-path" "Cargo.toml", kill_on_drop: false }`
[INFO] running `Command { std: "docker" "create" "-v" "/var/lib/crater-agent-workspace/builds/worker-0-tc1/target:/opt/rustwide/target:rw,Z" "-v" "/var/lib/crater-agent-workspace/builds/worker-0-tc1/source:/opt/rustwide/workdir:ro,Z" "-v" "/var/lib/crater-agent-workspace/cargo-home:/opt/rustwide/cargo-home:ro,Z" "-v" "/var/lib/crater-agent-workspace/rustup-home:/opt/rustwide/rustup-home:ro,Z" "-e" "SOURCE_DIR=/opt/rustwide/workdir" "-e" "CARGO_TARGET_DIR=/opt/rustwide/target" "-e" "CARGO_HOME=/opt/rustwide/cargo-home" "-e" "RUSTUP_HOME=/opt/rustwide/rustup-home" "-w" "/opt/rustwide/workdir" "-m" "1610612736" "--user" "0:0" "--network" "none" "ghcr.io/rust-lang/crates-build-env/linux@sha256:2788e3201cd34a07e3172128adcd8b3090168a8e3bcc40d7c032b9dda1df7d1c" "/opt/rustwide/cargo-home/bin/cargo" "+1.75.0" "metadata" "--no-deps" "--format-version=1", kill_on_drop: false }`
[INFO] [stdout] 899ed338a07ba49c59a6435868cf4b1758926c2b94189aaff4657ec016a7c734
[INFO] running `Command { std: "docker" "start" "-a" "899ed338a07ba49c59a6435868cf4b1758926c2b94189aaff4657ec016a7c734", kill_on_drop: false }`
[INFO] running `Command { std: "docker" "inspect" "899ed338a07ba49c59a6435868cf4b1758926c2b94189aaff4657ec016a7c734", kill_on_drop: false }`
[INFO] running `Command { std: "docker" "rm" "-f" "899ed338a07ba49c59a6435868cf4b1758926c2b94189aaff4657ec016a7c734", kill_on_drop: false }`
[INFO] [stdout] 899ed338a07ba49c59a6435868cf4b1758926c2b94189aaff4657ec016a7c734
[INFO] running `Command { std: "docker" "create" "-v" "/var/lib/crater-agent-workspace/builds/worker-0-tc1/target:/opt/rustwide/target:rw,Z" "-v" "/var/lib/crater-agent-workspace/builds/worker-0-tc1/source:/opt/rustwide/workdir:ro,Z" "-v" "/var/lib/crater-agent-workspace/cargo-home:/opt/rustwide/cargo-home:ro,Z" "-v" "/var/lib/crater-agent-workspace/rustup-home:/opt/rustwide/rustup-home:ro,Z" "-e" "SOURCE_DIR=/opt/rustwide/workdir" "-e" "CARGO_TARGET_DIR=/opt/rustwide/target" "-e" "CARGO_INCREMENTAL=0" "-e" "RUST_BACKTRACE=full" "-e" "RUSTFLAGS=--cap-lints=warn" "-e" "RUSTDOCFLAGS=--cap-lints=warn" "-e" "CARGO_HOME=/opt/rustwide/cargo-home" "-e" "RUSTUP_HOME=/opt/rustwide/rustup-home" "-w" "/opt/rustwide/workdir" "-m" "1610612736" "--user" "0:0" "--network" "none" "ghcr.io/rust-lang/crates-build-env/linux@sha256:2788e3201cd34a07e3172128adcd8b3090168a8e3bcc40d7c032b9dda1df7d1c" "/opt/rustwide/cargo-home/bin/cargo" "+1.75.0" "doc" "--frozen" "--no-deps" "--document-private-items" "--message-format=json", kill_on_drop: false }`
[INFO] [stdout] 3c27bf8e517a3465442ae4c885d1638fcf3475a196094b2609c4ee53c264329f
[INFO] running `Command { std: "docker" "start" "-a" "3c27bf8e517a3465442ae4c885d1638fcf3475a196094b2609c4ee53c264329f", kill_on_drop: false }`
[INFO] [stderr]    Compiling proc-macro2 v1.0.67
[INFO] [stderr]    Compiling unicode-ident v1.0.12
[INFO] [stderr]    Compiling serde v1.0.188
[INFO] [stderr]    Compiling anyhow v1.0.75
[INFO] [stderr]    Compiling serde_json v1.0.107
[INFO] [stderr]     Checking ryu v1.0.15
[INFO] [stderr]     Checking itoa v1.0.9
[INFO] [stderr]    Compiling quote v1.0.33
[INFO] [stderr]    Compiling syn v2.0.37
[INFO] [stderr]    Compiling serde_derive v1.0.188
[INFO] [stderr]     Checking dist-sys v0.1.0 (/opt/rustwide/workdir)
[INFO] [stderr]  Documenting dist-sys v0.1.0 (/opt/rustwide/workdir)
[INFO] [stdout] error[E0277]: the trait bound `&Id: Deserialize<'_>` is not satisfied
[INFO] [stdout]     --> src/lib.rs:72:11
[INFO] [stdout]      |
[INFO] [stdout] 72   |     body: Body<'a, Id, Payload>,
[INFO] [stdout]      |           ^^^^^^^^^^^^^^^^^^^^^ the trait `Deserialize<'_>` is not implemented for `&Id`
[INFO] [stdout]      |
[INFO] [stdout] note: required for `Body<'a, Id, Payload>` to implement `Deserialize<'_>`
[INFO] [stdout]     --> src/lib.rs:57:35
[INFO] [stdout]      |
[INFO] [stdout] 57   | #[derive(Debug, Clone, Serialize, Deserialize)]
[INFO] [stdout]      |                                   ^^^^^^^^^^^
[INFO] [stdout] 58   | pub struct Body<'a, Id, Payload> {
[INFO] [stdout]      |            ^^^^^^^^^^^^^^^^^^^^^
[INFO] [stdout] ...
[INFO] [stdout] 61   |     #[serde(bound(deserialize = "&'a Id: Deserialize<'a>"))]
[INFO] [stdout]      |                                 ------------------------- unsatisfied trait bound introduced in this `derive` macro
[INFO] [stdout] note: required by a bound in `next_element`
[INFO] [stdout]     --> /opt/rustwide/cargo-home/registry/src/index.crates.io-6f17d22bba15001f/serde-1.0.188/src/de/mod.rs:1724:12
[INFO] [stdout]      |
[INFO] [stdout] 1722 |     fn next_element<T>(&mut self) -> Result<Option<T>, Self::Error>
[INFO] [stdout]      |        ------------ required by a bound in this associated function
[INFO] [stdout] 1723 |     where
[INFO] [stdout] 1724 |         T: Deserialize<'de>,
[INFO] [stdout]      |            ^^^^^^^^^^^^^^^^ required by this bound in `SeqAccess::next_element`
[INFO] [stdout]      = note: this error originates in the derive macro `Deserialize` (in Nightly builds, run with -Z macro-backtrace for more info)
[INFO] [stdout] help: consider extending the `where` clause, but there might be an alternative better way to express this requirement
[INFO] [stdout]      |
[INFO] [stdout] 67   | #[derive(Debug, Clone, Serialize, Deserialize, &Id: Deserialize<'_>)]
[INFO] [stdout]      |                                              ++++++++++++++++++++++
[INFO] [stdout] 
[INFO] [stdout] 
[INFO] [stdout] error[E0277]: the trait bound `&Id: Deserialize<'_>` is not satisfied
[INFO] [stdout]     --> src/lib.rs:72:11
[INFO] [stdout]      |
[INFO] [stdout] 72   |     body: Body<'a, Id, Payload>,
[INFO] [stdout]      |           ^^^^^^^^^^^^^^^^^^^^^ the trait `Deserialize<'_>` is not implemented for `&Id`
[INFO] [stdout]      |
[INFO] [stdout] note: required for `Body<'a, Id, Payload>` to implement `Deserialize<'_>`
[INFO] [stdout]     --> src/lib.rs:57:35
[INFO] [stdout]      |
[INFO] [stdout] 57   | #[derive(Debug, Clone, Serialize, Deserialize)]
[INFO] [stdout]      |                                   ^^^^^^^^^^^
[INFO] [stdout] 58   | pub struct Body<'a, Id, Payload> {
[INFO] [stdout]      |            ^^^^^^^^^^^^^^^^^^^^^
[INFO] [stdout] ...
[INFO] [stdout] 61   |     #[serde(bound(deserialize = "&'a Id: Deserialize<'a>"))]
[INFO] [stdout]      |                                 ------------------------- unsatisfied trait bound introduced in this `derive` macro
[INFO] [stdout] note: required by a bound in `next_value`
[INFO] [stdout]     --> /opt/rustwide/cargo-home/registry/src/index.crates.io-6f17d22bba15001f/serde-1.0.188/src/de/mod.rs:1863:12
[INFO] [stdout]      |
[INFO] [stdout] 1861 |     fn next_value<V>(&mut self) -> Result<V, Self::Error>
[INFO] [stdout]      |        ---------- required by a bound in this associated function
[INFO] [stdout] 1862 |     where
[INFO] [stdout] 1863 |         V: Deserialize<'de>,
[INFO] [stdout]      |            ^^^^^^^^^^^^^^^^ required by this bound in `MapAccess::next_value`
[INFO] [stdout]      = note: this error originates in the derive macro `Deserialize` (in Nightly builds, run with -Z macro-backtrace for more info)
[INFO] [stdout] help: consider extending the `where` clause, but there might be an alternative better way to express this requirement
[INFO] [stdout]      |
[INFO] [stdout] 67   | #[derive(Debug, Clone, Serialize, Deserialize, &Id: Deserialize<'_>)]
[INFO] [stdout]      |                                              ++++++++++++++++++++++
[INFO] [stdout] 
[INFO] [stdout] 
[INFO] [stdout] error[E0277]: the trait bound `&Id: Deserialize<'_>` is not satisfied
[INFO] [stdout]   --> src/lib.rs:72:5
[INFO] [stdout]    |
[INFO] [stdout] 72 |     body: Body<'a, Id, Payload>,
[INFO] [stdout]    |     ^^^^ the trait `Deserialize<'_>` is not implemented for `&Id`
[INFO] [stdout]    |
[INFO] [stdout] note: required for `Body<'_, Id, Payload>` to implement `Deserialize<'_>`
[INFO] [stdout]   --> src/lib.rs:57:35
[INFO] [stdout]    |
[INFO] [stdout] 57 | #[derive(Debug, Clone, Serialize, Deserialize)]
[INFO] [stdout]    |                                   ^^^^^^^^^^^
[INFO] [stdout] 58 | pub struct Body<'a, Id, Payload> {
[INFO] [stdout]    |            ^^^^^^^^^^^^^^^^^^^^^
[INFO] [stdout] ...
[INFO] [stdout] 61 |     #[serde(bound(deserialize = "&'a Id: Deserialize<'a>"))]
[INFO] [stdout]    |                                 ------------------------- unsatisfied trait bound introduced in this `derive` macro
[INFO] [stdout] note: required by a bound in `_::_serde::__private::de::missing_field`
[INFO] [stdout]   --> /opt/rustwide/cargo-home/registry/src/index.crates.io-6f17d22bba15001f/serde-1.0.188/src/private/de.rs:25:8
[INFO] [stdout]    |
[INFO] [stdout] 23 | pub fn missing_field<'de, V, E>(field: &'static str) -> Result<V, E>
[INFO] [stdout]    |        ------------- required by a bound in this function
[INFO] [stdout] 24 | where
[INFO] [stdout] 25 |     V: Deserialize<'de>,
[INFO] [stdout]    |        ^^^^^^^^^^^^^^^^ required by this bound in `missing_field`
[INFO] [stdout]    = note: this error originates in the derive macro `Deserialize` (in Nightly builds, run with -Z macro-backtrace for more info)
[INFO] [stdout] help: consider extending the `where` clause, but there might be an alternative better way to express this requirement
[INFO] [stdout]    |
[INFO] [stdout] 67 | #[derive(Debug, Clone, Serialize, Deserialize, &Id: Deserialize<'_>)]
[INFO] [stdout]    |                                              ++++++++++++++++++++++
[INFO] [stdout] 
[INFO] [stdout] 
[INFO] [stdout] error: aborting due to 3 previous errors
[INFO] [stdout] 
[INFO] [stdout] 
[INFO] [stdout] For more information about this error, try `rustc --explain E0277`.
[INFO] [stdout] 
[INFO] [stderr] error: could not compile `dist-sys` (lib) due to 4 previous errors
[INFO] [stderr] warning: build failed, waiting for other jobs to finish...
[INFO] running `Command { std: "docker" "inspect" "3c27bf8e517a3465442ae4c885d1638fcf3475a196094b2609c4ee53c264329f", kill_on_drop: false }`
[INFO] running `Command { std: "docker" "rm" "-f" "3c27bf8e517a3465442ae4c885d1638fcf3475a196094b2609c4ee53c264329f", kill_on_drop: false }`
[INFO] [stdout] 3c27bf8e517a3465442ae4c885d1638fcf3475a196094b2609c4ee53c264329f
[INFO] documenting Legellon/dist-sys against beta-2023-12-22 for beta-1.76-rustdoc-1
[INFO] running `Command { std: "git" "clone" "/workspace/cache/git-repos/https%3A%2F%2Fgithub.com%2FLegellon%2Fdist-sys" "/workspace/builds/worker-0-tc2/source", kill_on_drop: false }`
[INFO] [stderr] Cloning into '/workspace/builds/worker-0-tc2/source'...
[INFO] [stderr] done.
[INFO] validating manifest of git repo https://github.com/Legellon/dist-sys on toolchain beta-2023-12-22
[INFO] running `Command { std: CARGO_HOME="/workspace/cargo-home" RUSTUP_HOME="/workspace/rustup-home" "/workspace/cargo-home/bin/cargo" "+beta-2023-12-22" "metadata" "--manifest-path" "Cargo.toml" "--no-deps", kill_on_drop: false }`
[INFO] started tweaking git repo https://github.com/Legellon/dist-sys
[INFO] finished tweaking git repo https://github.com/Legellon/dist-sys
[INFO] tweaked toml for git repo https://github.com/Legellon/dist-sys written to /workspace/builds/worker-0-tc2/source/Cargo.toml
[INFO] crate git repo https://github.com/Legellon/dist-sys already has a lockfile, it will not be regenerated
[INFO] running `Command { std: CARGO_HOME="/workspace/cargo-home" RUSTUP_HOME="/workspace/rustup-home" "/workspace/cargo-home/bin/cargo" "+beta-2023-12-22" "fetch" "--manifest-path" "Cargo.toml", kill_on_drop: false }`
[INFO] running `Command { std: "docker" "create" "-v" "/var/lib/crater-agent-workspace/builds/worker-0-tc2/target:/opt/rustwide/target:rw,Z" "-v" "/var/lib/crater-agent-workspace/builds/worker-0-tc2/source:/opt/rustwide/workdir:ro,Z" "-v" "/var/lib/crater-agent-workspace/cargo-home:/opt/rustwide/cargo-home:ro,Z" "-v" "/var/lib/crater-agent-workspace/rustup-home:/opt/rustwide/rustup-home:ro,Z" "-e" "SOURCE_DIR=/opt/rustwide/workdir" "-e" "CARGO_TARGET_DIR=/opt/rustwide/target" "-e" "CARGO_HOME=/opt/rustwide/cargo-home" "-e" "RUSTUP_HOME=/opt/rustwide/rustup-home" "-w" "/opt/rustwide/workdir" "-m" "1610612736" "--user" "0:0" "--network" "none" "ghcr.io/rust-lang/crates-build-env/linux@sha256:2788e3201cd34a07e3172128adcd8b3090168a8e3bcc40d7c032b9dda1df7d1c" "/opt/rustwide/cargo-home/bin/cargo" "+beta-2023-12-22" "metadata" "--no-deps" "--format-version=1", kill_on_drop: false }`
[INFO] [stdout] de689bd365b7dfbbc491e0fe56681eae35aac1440ba4d053f8462b83a9ed990e
[INFO] running `Command { std: "docker" "start" "-a" "de689bd365b7dfbbc491e0fe56681eae35aac1440ba4d053f8462b83a9ed990e", kill_on_drop: false }`
[INFO] running `Command { std: "docker" "inspect" "de689bd365b7dfbbc491e0fe56681eae35aac1440ba4d053f8462b83a9ed990e", kill_on_drop: false }`
[INFO] running `Command { std: "docker" "rm" "-f" "de689bd365b7dfbbc491e0fe56681eae35aac1440ba4d053f8462b83a9ed990e", kill_on_drop: false }`
[INFO] [stdout] de689bd365b7dfbbc491e0fe56681eae35aac1440ba4d053f8462b83a9ed990e
[INFO] running `Command { std: "docker" "create" "-v" "/var/lib/crater-agent-workspace/builds/worker-0-tc2/target:/opt/rustwide/target:rw,Z" "-v" "/var/lib/crater-agent-workspace/builds/worker-0-tc2/source:/opt/rustwide/workdir:ro,Z" "-v" "/var/lib/crater-agent-workspace/cargo-home:/opt/rustwide/cargo-home:ro,Z" "-v" "/var/lib/crater-agent-workspace/rustup-home:/opt/rustwide/rustup-home:ro,Z" "-e" "SOURCE_DIR=/opt/rustwide/workdir" "-e" "CARGO_TARGET_DIR=/opt/rustwide/target" "-e" "CARGO_INCREMENTAL=0" "-e" "RUST_BACKTRACE=full" "-e" "RUSTFLAGS=--cap-lints=warn" "-e" "RUSTDOCFLAGS=--cap-lints=warn" "-e" "CARGO_HOME=/opt/rustwide/cargo-home" "-e" "RUSTUP_HOME=/opt/rustwide/rustup-home" "-w" "/opt/rustwide/workdir" "-m" "1610612736" "--user" "0:0" "--network" "none" "ghcr.io/rust-lang/crates-build-env/linux@sha256:2788e3201cd34a07e3172128adcd8b3090168a8e3bcc40d7c032b9dda1df7d1c" "/opt/rustwide/cargo-home/bin/cargo" "+beta-2023-12-22" "doc" "--frozen" "--no-deps" "--document-private-items" "--message-format=json", kill_on_drop: false }`
[INFO] [stdout] 0d236aaf40d709ab8ff735fddee1f0ad0be2114785fa3adbb2a091578141c886
[INFO] running `Command { std: "docker" "start" "-a" "0d236aaf40d709ab8ff735fddee1f0ad0be2114785fa3adbb2a091578141c886", kill_on_drop: false }`
[INFO] [stderr]    Compiling proc-macro2 v1.0.67
[INFO] [stderr]    Compiling unicode-ident v1.0.12
[INFO] [stderr]    Compiling serde v1.0.188
[INFO] [stderr]    Compiling anyhow v1.0.75
[INFO] [stderr]    Compiling serde_json v1.0.107
[INFO] [stderr]     Checking itoa v1.0.9
[INFO] [stderr]     Checking ryu v1.0.15
[INFO] [stderr]    Compiling quote v1.0.33
[INFO] [stderr]    Compiling syn v2.0.37
[INFO] [stderr]    Compiling serde_derive v1.0.188
[INFO] [stderr]     Checking dist-sys v0.1.0 (/opt/rustwide/workdir)
[INFO] [stderr]  Documenting dist-sys v0.1.0 (/opt/rustwide/workdir)
[INFO] [stdout] error[E0277]: the trait bound `&Id: Deserialize<'_>` is not satisfied
[INFO] [stdout]     --> src/lib.rs:72:11
[INFO] [stdout]      |
[INFO] [stdout] 72   |     body: Body<'a, Id, Payload>,
[INFO] [stdout]      |           ^^^^^^^^^^^^^^^^^^^^^ the trait `Deserialize<'_>` is not implemented for `&Id`
[INFO] [stdout]      |
[INFO] [stdout] note: required for `Body<'a, Id, Payload>` to implement `Deserialize<'_>`
[INFO] [stdout]     --> src/lib.rs:57:35
[INFO] [stdout]      |
[INFO] [stdout] 57   | #[derive(Debug, Clone, Serialize, Deserialize)]
[INFO] [stdout]      |                                   ^^^^^^^^^^^
[INFO] [stdout] 58   | pub struct Body<'a, Id, Payload> {
[INFO] [stdout]      |            ^^^^^^^^^^^^^^^^^^^^^
[INFO] [stdout] ...
[INFO] [stdout] 61   |     #[serde(bound(deserialize = "&'a Id: Deserialize<'a>"))]
[INFO] [stdout]      |                                 ------------------------- unsatisfied trait bound introduced in this `derive` macro
[INFO] [stdout] note: required by a bound in `next_element`
[INFO] [stdout]     --> /opt/rustwide/cargo-home/registry/src/index.crates.io-6f17d22bba15001f/serde-1.0.188/src/de/mod.rs:1724:12
[INFO] [stdout]      |
[INFO] [stdout] 1722 |     fn next_element<T>(&mut self) -> Result<Option<T>, Self::Error>
[INFO] [stdout]      |        ------------ required by a bound in this associated function
[INFO] [stdout] 1723 |     where
[INFO] [stdout] 1724 |         T: Deserialize<'de>,
[INFO] [stdout]      |            ^^^^^^^^^^^^^^^^ required by this bound in `SeqAccess::next_element`
[INFO] [stdout]      = note: this error originates in the derive macro `Deserialize` (in Nightly builds, run with -Z macro-backtrace for more info)
[INFO] [stdout] help: consider extending the `where` clause, but there might be an alternative better way to express this requirement
[INFO] [stdout]      |
[INFO] [stdout] 67   | #[derive(Debug, Clone, Serialize, Deserialize, &Id: Deserialize<'_>)]
[INFO] [stdout]      |                                              ++++++++++++++++++++++
[INFO] [stdout] 
[INFO] [stdout] 
[INFO] [stdout] error[E0277]: the trait bound `&Id: Deserialize<'_>` is not satisfied
[INFO] [stdout]     --> src/lib.rs:72:11
[INFO] [stdout]      |
[INFO] [stdout] 72   |     body: Body<'a, Id, Payload>,
[INFO] [stdout]      |           ^^^^^^^^^^^^^^^^^^^^^ the trait `Deserialize<'_>` is not implemented for `&Id`
[INFO] [stdout]      |
[INFO] [stdout] note: required for `Body<'a, Id, Payload>` to implement `Deserialize<'_>`
[INFO] [stdout]     --> src/lib.rs:57:35
[INFO] [stdout]      |
[INFO] [stdout] 57   | #[derive(Debug, Clone, Serialize, Deserialize)]
[INFO] [stdout]      |                                   ^^^^^^^^^^^
[INFO] [stdout] 58   | pub struct Body<'a, Id, Payload> {
[INFO] [stdout]      |            ^^^^^^^^^^^^^^^^^^^^^
[INFO] [stdout] ...
[INFO] [stdout] 61   |     #[serde(bound(deserialize = "&'a Id: Deserialize<'a>"))]
[INFO] [stdout]      |                                 ------------------------- unsatisfied trait bound introduced in this `derive` macro
[INFO] [stdout] note: required by a bound in `next_value`
[INFO] [stdout]     --> /opt/rustwide/cargo-home/registry/src/index.crates.io-6f17d22bba15001f/serde-1.0.188/src/de/mod.rs:1863:12
[INFO] [stdout]      |
[INFO] [stdout] 1861 |     fn next_value<V>(&mut self) -> Result<V, Self::Error>
[INFO] [stdout]      |        ---------- required by a bound in this associated function
[INFO] [stdout] 1862 |     where
[INFO] [stdout] 1863 |         V: Deserialize<'de>,
[INFO] [stdout]      |            ^^^^^^^^^^^^^^^^ required by this bound in `MapAccess::next_value`
[INFO] [stdout]      = note: this error originates in the derive macro `Deserialize` (in Nightly builds, run with -Z macro-backtrace for more info)
[INFO] [stdout] help: consider extending the `where` clause, but there might be an alternative better way to express this requirement
[INFO] [stdout]      |
[INFO] [stdout] 67   | #[derive(Debug, Clone, Serialize, Deserialize, &Id: Deserialize<'_>)]
[INFO] [stdout]      |                                              ++++++++++++++++++++++
[INFO] [stdout] 
[INFO] [stdout] 
[INFO] [stdout] error[E0277]: the trait bound `&Id: Deserialize<'_>` is not satisfied
[INFO] [stdout]   --> src/lib.rs:72:5
[INFO] [stdout]    |
[INFO] [stdout] 72 |     body: Body<'a, Id, Payload>,
[INFO] [stdout]    |     ^^^^ the trait `Deserialize<'_>` is not implemented for `&Id`
[INFO] [stdout]    |
[INFO] [stdout] note: required for `Body<'_, Id, Payload>` to implement `Deserialize<'_>`
[INFO] [stdout]   --> src/lib.rs:57:35
[INFO] [stdout]    |
[INFO] [stdout] 57 | #[derive(Debug, Clone, Serialize, Deserialize)]
[INFO] [stdout]    |                                   ^^^^^^^^^^^
[INFO] [stdout] 58 | pub struct Body<'a, Id, Payload> {
[INFO] [stdout]    |            ^^^^^^^^^^^^^^^^^^^^^
[INFO] [stdout] ...
[INFO] [stdout] 61 |     #[serde(bound(deserialize = "&'a Id: Deserialize<'a>"))]
[INFO] [stdout]    |                                 ------------------------- unsatisfied trait bound introduced in this `derive` macro
[INFO] [stdout] note: required by a bound in `_::_serde::__private::de::missing_field`
[INFO] [stdout]   --> /opt/rustwide/cargo-home/registry/src/index.crates.io-6f17d22bba15001f/serde-1.0.188/src/private/de.rs:25:8
[INFO] [stdout]    |
[INFO] [stdout] 23 | pub fn missing_field<'de, V, E>(field: &'static str) -> Result<V, E>
[INFO] [stdout]    |        ------------- required by a bound in this function
[INFO] [stdout] 24 | where
[INFO] [stdout] 25 |     V: Deserialize<'de>,
[INFO] [stdout]    |        ^^^^^^^^^^^^^^^^ required by this bound in `missing_field`
[INFO] [stdout]    = note: this error originates in the derive macro `Deserialize` (in Nightly builds, run with -Z macro-backtrace for more info)
[INFO] [stdout] help: consider extending the `where` clause, but there might be an alternative better way to express this requirement
[INFO] [stdout]    |
[INFO] [stdout] 67 | #[derive(Debug, Clone, Serialize, Deserialize, &Id: Deserialize<'_>)]
[INFO] [stdout]    |                                              ++++++++++++++++++++++
[INFO] [stdout] 
[INFO] [stdout] 
[INFO] [stdout] error: aborting due to 3 previous errors
[INFO] [stdout] 
[INFO] [stdout] 
[INFO] [stdout] For more information about this error, try `rustc --explain E0277`.
[INFO] [stdout] 
[INFO] [stderr] error: could not compile `dist-sys` (lib) due to 4 previous errors
[INFO] [stderr] warning: build failed, waiting for other jobs to finish...
[INFO] running `Command { std: "docker" "inspect" "0d236aaf40d709ab8ff735fddee1f0ad0be2114785fa3adbb2a091578141c886", kill_on_drop: false }`
[INFO] running `Command { std: "docker" "rm" "-f" "0d236aaf40d709ab8ff735fddee1f0ad0be2114785fa3adbb2a091578141c886", kill_on_drop: false }`
[INFO] [stdout] 0d236aaf40d709ab8ff735fddee1f0ad0be2114785fa3adbb2a091578141c886
