[INFO] cloning repository https://github.com/LeakyBucket/app_therapy
[INFO] running `Command { std: "git" "-c" "credential.helper=" "-c" "credential.helper=/workspace/cargo-home/bin/git-credential-null" "clone" "--bare" "https://github.com/LeakyBucket/app_therapy" "/workspace/cache/git-repos/https%3A%2F%2Fgithub.com%2FLeakyBucket%2Fapp_therapy", kill_on_drop: false }`
[INFO] [stderr] Cloning into bare repository '/workspace/cache/git-repos/https%3A%2F%2Fgithub.com%2FLeakyBucket%2Fapp_therapy'...
[INFO] running `Command { std: "git" "rev-parse" "HEAD", kill_on_drop: false }`
[INFO] [stdout] a6bb7682af6c9427838a05f1f917439603b1bc8c
[INFO] documenting LeakyBucket/app_therapy against 1.75.0 for beta-1.76-rustdoc-1
[INFO] running `Command { std: "git" "clone" "/workspace/cache/git-repos/https%3A%2F%2Fgithub.com%2FLeakyBucket%2Fapp_therapy" "/workspace/builds/worker-4-tc1/source", kill_on_drop: false }`
[INFO] [stderr] Cloning into '/workspace/builds/worker-4-tc1/source'...
[INFO] [stderr] done.
[INFO] validating manifest of git repo https://github.com/LeakyBucket/app_therapy on toolchain 1.75.0
[INFO] running `Command { std: CARGO_HOME="/workspace/cargo-home" RUSTUP_HOME="/workspace/rustup-home" "/workspace/cargo-home/bin/cargo" "+1.75.0" "metadata" "--manifest-path" "Cargo.toml" "--no-deps", kill_on_drop: false }`
[INFO] started tweaking git repo https://github.com/LeakyBucket/app_therapy
[INFO] finished tweaking git repo https://github.com/LeakyBucket/app_therapy
[INFO] tweaked toml for git repo https://github.com/LeakyBucket/app_therapy written to /workspace/builds/worker-4-tc1/source/Cargo.toml
[INFO] crate git repo https://github.com/LeakyBucket/app_therapy already has a lockfile, it will not be regenerated
[INFO] running `Command { std: CARGO_HOME="/workspace/cargo-home" RUSTUP_HOME="/workspace/rustup-home" "/workspace/cargo-home/bin/cargo" "+1.75.0" "fetch" "--manifest-path" "Cargo.toml", kill_on_drop: false }`
[INFO] [stderr]  Downloading crates ...
[INFO] [stderr]   Downloaded phf v0.7.19
[INFO] [stderr]   Downloaded bufstream v0.1.2
[INFO] [stderr]   Downloaded fallible-iterator v0.1.3
[INFO] [stderr]   Downloaded phf_shared v0.7.19
[INFO] [stderr]   Downloaded quote v0.3.10
[INFO] [stderr]   Downloaded serde_codegen v0.8.19
[INFO] [stderr]   Downloaded rustc-serialize v0.3.21
[INFO] [stderr]   Downloaded serde_json v0.8.3
[INFO] [stderr]   Downloaded serde v0.8.19
[INFO] [stderr]   Downloaded syn v0.10.3
[INFO] [stderr]   Downloaded docopt v0.6.86
[INFO] [stderr]   Downloaded sodiumoxide v0.0.12
[INFO] [stderr]   Downloaded libsodium-sys v0.0.12
[INFO] [stderr]   Downloaded postgres-protocol v0.1.1
[INFO] [stderr]   Downloaded serde_derive v0.8.19
[INFO] [stderr]   Downloaded md5 v0.2.1
[INFO] [stderr]   Downloaded serde_codegen_internals v0.11.1
[INFO] [stderr]   Downloaded postgres v0.13.2
[INFO] [stderr]   Downloaded nom v2.0.0
[INFO] running `Command { std: "docker" "create" "-v" "/var/lib/crater-agent-workspace/builds/worker-4-tc1/target:/opt/rustwide/target:rw,Z" "-v" "/var/lib/crater-agent-workspace/builds/worker-4-tc1/source:/opt/rustwide/workdir:ro,Z" "-v" "/var/lib/crater-agent-workspace/cargo-home:/opt/rustwide/cargo-home:ro,Z" "-v" "/var/lib/crater-agent-workspace/rustup-home:/opt/rustwide/rustup-home:ro,Z" "-e" "SOURCE_DIR=/opt/rustwide/workdir" "-e" "CARGO_TARGET_DIR=/opt/rustwide/target" "-e" "CARGO_HOME=/opt/rustwide/cargo-home" "-e" "RUSTUP_HOME=/opt/rustwide/rustup-home" "-w" "/opt/rustwide/workdir" "-m" "1610612736" "--user" "0:0" "--network" "none" "ghcr.io/rust-lang/crates-build-env/linux@sha256:2788e3201cd34a07e3172128adcd8b3090168a8e3bcc40d7c032b9dda1df7d1c" "/opt/rustwide/cargo-home/bin/cargo" "+1.75.0" "metadata" "--no-deps" "--format-version=1", kill_on_drop: false }`
[INFO] [stdout] d7988f28d6bd541e00b092886a0fbaaf2bc472feb0ef1df3efb37c4c1dc7013e
[INFO] running `Command { std: "docker" "start" "-a" "d7988f28d6bd541e00b092886a0fbaaf2bc472feb0ef1df3efb37c4c1dc7013e", kill_on_drop: false }`
[INFO] running `Command { std: "docker" "inspect" "d7988f28d6bd541e00b092886a0fbaaf2bc472feb0ef1df3efb37c4c1dc7013e", kill_on_drop: false }`
[INFO] running `Command { std: "docker" "rm" "-f" "d7988f28d6bd541e00b092886a0fbaaf2bc472feb0ef1df3efb37c4c1dc7013e", kill_on_drop: false }`
[INFO] [stdout] d7988f28d6bd541e00b092886a0fbaaf2bc472feb0ef1df3efb37c4c1dc7013e
[INFO] running `Command { std: "docker" "create" "-v" "/var/lib/crater-agent-workspace/builds/worker-4-tc1/target:/opt/rustwide/target:rw,Z" "-v" "/var/lib/crater-agent-workspace/builds/worker-4-tc1/source:/opt/rustwide/workdir:ro,Z" "-v" "/var/lib/crater-agent-workspace/cargo-home:/opt/rustwide/cargo-home:ro,Z" "-v" "/var/lib/crater-agent-workspace/rustup-home:/opt/rustwide/rustup-home:ro,Z" "-e" "SOURCE_DIR=/opt/rustwide/workdir" "-e" "CARGO_TARGET_DIR=/opt/rustwide/target" "-e" "CARGO_INCREMENTAL=0" "-e" "RUST_BACKTRACE=full" "-e" "RUSTFLAGS=--cap-lints=warn" "-e" "RUSTDOCFLAGS=--cap-lints=warn" "-e" "CARGO_HOME=/opt/rustwide/cargo-home" "-e" "RUSTUP_HOME=/opt/rustwide/rustup-home" "-w" "/opt/rustwide/workdir" "-m" "1610612736" "--user" "0:0" "--network" "none" "ghcr.io/rust-lang/crates-build-env/linux@sha256:2788e3201cd34a07e3172128adcd8b3090168a8e3bcc40d7c032b9dda1df7d1c" "/opt/rustwide/cargo-home/bin/cargo" "+1.75.0" "doc" "--frozen" "--no-deps" "--document-private-items" "--message-format=json", kill_on_drop: false }`
[INFO] [stdout] e87e2f62345f4a1089f18ba05c70d70bc5d5f1d57f51ab06631fc1a50f46249d
[INFO] running `Command { std: "docker" "start" "-a" "e87e2f62345f4a1089f18ba05c70d70bc5d5f1d57f51ab06631fc1a50f46249d", kill_on_drop: false }`
[INFO] [stderr]     Checking libc v0.2.17
[INFO] [stderr]    Compiling winapi-build v0.1.1
[INFO] [stderr]     Checking winapi v0.2.8
[INFO] [stderr]    Compiling pkg-config v0.3.8
[INFO] [stderr]    Compiling quote v0.3.10
[INFO] [stderr]    Compiling unicode-xid v0.0.3
[INFO] [stderr]     Checking hex v0.2.0
[INFO] [stderr]     Checking md5 v0.2.1
[INFO] [stderr]     Checking utf8-ranges v0.1.3
[INFO] [stderr]     Checking phf_shared v0.7.19
[INFO] [stderr]     Checking regex-syntax v0.3.9
[INFO] [stderr]     Checking fallible-iterator v0.1.3
[INFO] [stderr]     Checking byteorder v0.5.3
[INFO] [stderr]     Checking strsim v0.5.2
[INFO] [stderr]     Checking num-traits v0.1.36
[INFO] [stderr]     Checking lazy_static v0.2.2
[INFO] [stderr]     Checking log v0.3.6
[INFO] [stderr]     Checking serde v0.7.15
[INFO] [stderr]     Checking itoa v0.1.1
[INFO] [stderr]     Checking serde v0.8.19
[INFO] [stderr]     Checking bufstream v0.1.2
[INFO] [stderr]     Checking rustc-serialize v0.3.21
[INFO] [stderr]     Checking phf v0.7.19
[INFO] [stderr]     Checking dtoa v0.2.2
[INFO] [stderr]     Checking nom v2.0.0
[INFO] [stderr]    Compiling kernel32-sys v0.2.2
[INFO] [stderr]    Compiling syn v0.10.3
[INFO] [stderr]     Checking postgres-protocol v0.1.1
[INFO] [stderr]    Compiling libsodium-sys v0.0.12
[INFO] [stderr]     Checking memchr v0.1.11
[INFO] [stderr]     Checking aho-corasick v0.5.3
[INFO] [stderr]     Checking postgres v0.13.2
[INFO] [stderr]     Checking thread-id v2.0.0
[INFO] [stderr]     Checking thread_local v0.2.7
[INFO] [stderr]     Checking regex v0.1.80
[INFO] [stdout] error[E0282]: type annotations needed for `&_`
[INFO] [stdout]    --> /opt/rustwide/cargo-home/registry/src/index.crates.io-6f17d22bba15001f/postgres-0.13.2/src/lib.rs:794:56
[INFO] [stdout]     |
[INFO] [stdout] 794 |                 let get_raw = |i| row.get(i).and_then(|r| r.as_ref().map(|r| &**r));
[INFO] [stdout]     |                                                        ^    ------ type must be known at this point
[INFO] [stdout]     |
[INFO] [stdout] help: consider giving this closure parameter an explicit type, where the placeholders `_` are specified
[INFO] [stdout]     |
[INFO] [stdout] 794 |                 let get_raw = |i| row.get(i).and_then(|r: &_| r.as_ref().map(|r| &**r));
[INFO] [stdout]     |                                                         ++++
[INFO] [stdout] 
[INFO] [stdout] 
[INFO] [stdout] error: aborting due to previous error
[INFO] [stdout] 
[INFO] [stdout] 
[INFO] [stdout] For more information about this error, try `rustc --explain E0282`.
[INFO] [stdout] 
[INFO] [stderr] error: could not compile `postgres` (lib) due to 2 previous errors
[INFO] [stderr] warning: build failed, waiting for other jobs to finish...
[INFO] running `Command { std: "docker" "inspect" "e87e2f62345f4a1089f18ba05c70d70bc5d5f1d57f51ab06631fc1a50f46249d", kill_on_drop: false }`
[INFO] running `Command { std: "docker" "rm" "-f" "e87e2f62345f4a1089f18ba05c70d70bc5d5f1d57f51ab06631fc1a50f46249d", kill_on_drop: false }`
[INFO] [stdout] e87e2f62345f4a1089f18ba05c70d70bc5d5f1d57f51ab06631fc1a50f46249d
[INFO] documenting LeakyBucket/app_therapy against beta-2023-12-22 for beta-1.76-rustdoc-1
[INFO] running `Command { std: "git" "clone" "/workspace/cache/git-repos/https%3A%2F%2Fgithub.com%2FLeakyBucket%2Fapp_therapy" "/workspace/builds/worker-4-tc2/source", kill_on_drop: false }`
[INFO] [stderr] Cloning into '/workspace/builds/worker-4-tc2/source'...
[INFO] [stderr] done.
[INFO] validating manifest of git repo https://github.com/LeakyBucket/app_therapy on toolchain beta-2023-12-22
[INFO] running `Command { std: CARGO_HOME="/workspace/cargo-home" RUSTUP_HOME="/workspace/rustup-home" "/workspace/cargo-home/bin/cargo" "+beta-2023-12-22" "metadata" "--manifest-path" "Cargo.toml" "--no-deps", kill_on_drop: false }`
[INFO] started tweaking git repo https://github.com/LeakyBucket/app_therapy
[INFO] finished tweaking git repo https://github.com/LeakyBucket/app_therapy
[INFO] tweaked toml for git repo https://github.com/LeakyBucket/app_therapy written to /workspace/builds/worker-4-tc2/source/Cargo.toml
[INFO] crate git repo https://github.com/LeakyBucket/app_therapy already has a lockfile, it will not be regenerated
[INFO] running `Command { std: CARGO_HOME="/workspace/cargo-home" RUSTUP_HOME="/workspace/rustup-home" "/workspace/cargo-home/bin/cargo" "+beta-2023-12-22" "fetch" "--manifest-path" "Cargo.toml", kill_on_drop: false }`
[INFO] running `Command { std: "docker" "create" "-v" "/var/lib/crater-agent-workspace/builds/worker-4-tc2/target:/opt/rustwide/target:rw,Z" "-v" "/var/lib/crater-agent-workspace/builds/worker-4-tc2/source:/opt/rustwide/workdir:ro,Z" "-v" "/var/lib/crater-agent-workspace/cargo-home:/opt/rustwide/cargo-home:ro,Z" "-v" "/var/lib/crater-agent-workspace/rustup-home:/opt/rustwide/rustup-home:ro,Z" "-e" "SOURCE_DIR=/opt/rustwide/workdir" "-e" "CARGO_TARGET_DIR=/opt/rustwide/target" "-e" "CARGO_HOME=/opt/rustwide/cargo-home" "-e" "RUSTUP_HOME=/opt/rustwide/rustup-home" "-w" "/opt/rustwide/workdir" "-m" "1610612736" "--user" "0:0" "--network" "none" "ghcr.io/rust-lang/crates-build-env/linux@sha256:2788e3201cd34a07e3172128adcd8b3090168a8e3bcc40d7c032b9dda1df7d1c" "/opt/rustwide/cargo-home/bin/cargo" "+beta-2023-12-22" "metadata" "--no-deps" "--format-version=1", kill_on_drop: false }`
[INFO] [stdout] 5344fb0612877dd2b77611f7bbe0e71deb81eea106d78afe5532dc7f99ceddc2
[INFO] running `Command { std: "docker" "start" "-a" "5344fb0612877dd2b77611f7bbe0e71deb81eea106d78afe5532dc7f99ceddc2", kill_on_drop: false }`
[INFO] running `Command { std: "docker" "inspect" "5344fb0612877dd2b77611f7bbe0e71deb81eea106d78afe5532dc7f99ceddc2", kill_on_drop: false }`
[INFO] running `Command { std: "docker" "rm" "-f" "5344fb0612877dd2b77611f7bbe0e71deb81eea106d78afe5532dc7f99ceddc2", kill_on_drop: false }`
[INFO] [stdout] 5344fb0612877dd2b77611f7bbe0e71deb81eea106d78afe5532dc7f99ceddc2
[INFO] running `Command { std: "docker" "create" "-v" "/var/lib/crater-agent-workspace/builds/worker-4-tc2/target:/opt/rustwide/target:rw,Z" "-v" "/var/lib/crater-agent-workspace/builds/worker-4-tc2/source:/opt/rustwide/workdir:ro,Z" "-v" "/var/lib/crater-agent-workspace/cargo-home:/opt/rustwide/cargo-home:ro,Z" "-v" "/var/lib/crater-agent-workspace/rustup-home:/opt/rustwide/rustup-home:ro,Z" "-e" "SOURCE_DIR=/opt/rustwide/workdir" "-e" "CARGO_TARGET_DIR=/opt/rustwide/target" "-e" "CARGO_INCREMENTAL=0" "-e" "RUST_BACKTRACE=full" "-e" "RUSTFLAGS=--cap-lints=warn" "-e" "RUSTDOCFLAGS=--cap-lints=warn" "-e" "CARGO_HOME=/opt/rustwide/cargo-home" "-e" "RUSTUP_HOME=/opt/rustwide/rustup-home" "-w" "/opt/rustwide/workdir" "-m" "1610612736" "--user" "0:0" "--network" "none" "ghcr.io/rust-lang/crates-build-env/linux@sha256:2788e3201cd34a07e3172128adcd8b3090168a8e3bcc40d7c032b9dda1df7d1c" "/opt/rustwide/cargo-home/bin/cargo" "+beta-2023-12-22" "doc" "--frozen" "--no-deps" "--document-private-items" "--message-format=json", kill_on_drop: false }`
[INFO] [stdout] 922bc798c36d3e5c28071c95062e8b776326ad2b6378ae4021eebb3390557b4e
[INFO] running `Command { std: "docker" "start" "-a" "922bc798c36d3e5c28071c95062e8b776326ad2b6378ae4021eebb3390557b4e", kill_on_drop: false }`
[INFO] [stderr]     Checking libc v0.2.17
[INFO] [stderr]    Compiling winapi-build v0.1.1
[INFO] [stderr]     Checking winapi v0.2.8
[INFO] [stderr]    Compiling quote v0.3.10
[INFO] [stderr]    Compiling unicode-xid v0.0.3
[INFO] [stderr]    Compiling pkg-config v0.3.8
[INFO] [stderr]     Checking hex v0.2.0
[INFO] [stderr]     Checking regex-syntax v0.3.9
[INFO] [stderr]     Checking utf8-ranges v0.1.3
[INFO] [stderr]     Checking md5 v0.2.1
[INFO] [stderr]     Checking fallible-iterator v0.1.3
[INFO] [stderr]     Checking byteorder v0.5.3
[INFO] [stderr]     Checking phf_shared v0.7.19
[INFO] [stderr]     Checking lazy_static v0.2.2
[INFO] [stderr]     Checking log v0.3.6
[INFO] [stderr]     Checking dtoa v0.2.2
[INFO] [stderr]     Checking num-traits v0.1.36
[INFO] [stderr]     Checking serde v0.8.19
[INFO] [stderr]     Checking serde v0.7.15
[INFO] [stderr]     Checking strsim v0.5.2
[INFO] [stderr]     Checking phf v0.7.19
[INFO] [stderr]     Checking itoa v0.1.1
[INFO] [stderr]     Checking rustc-serialize v0.3.21
[INFO] [stderr]     Checking bufstream v0.1.2
[INFO] [stderr]    Compiling kernel32-sys v0.2.2
[INFO] [stderr]     Checking nom v2.0.0
[INFO] [stderr]    Compiling syn v0.10.3
[INFO] [stderr]     Checking postgres-protocol v0.1.1
[INFO] [stderr]     Checking memchr v0.1.11
[INFO] [stderr]    Compiling libsodium-sys v0.0.12
[INFO] [stderr]     Checking aho-corasick v0.5.3
[INFO] [stdout] error[E0310]: the parameter type `T` may not live long enough
[INFO] [stdout]     --> /opt/rustwide/cargo-home/registry/src/index.crates.io-6f17d22bba15001f/rustc-serialize-0.3.21/src/serialize.rs:1155:5
[INFO] [stdout]      |
[INFO] [stdout] 1155 |     fn decode<D: Decoder>(d: &mut D) -> Result<Cow<'static, T>, D::Error> {
[INFO] [stdout]      |     ^^^^^^^^^^^^^^^^^^^^^^^^^^^^^^^^^^^^^^^^^^^^^^^^^^^^^^^^^^^^^^^^^^^^^
[INFO] [stdout]      |     |
[INFO] [stdout]      |     the parameter type `T` must be valid for the static lifetime...
[INFO] [stdout]      |     ...so that the type `T` will meet its required lifetime bounds...
[INFO] [stdout]      |
[INFO] [stdout] note: ...that is required by this bound
[INFO] [stdout]     --> /rustc/0e09125c6c3c2fd70d7de961bcf0e51575235fad/library/alloc/src/borrow.rs:180:30
[INFO] [stdout] help: consider adding an explicit lifetime bound
[INFO] [stdout]      |
[INFO] [stdout] 1151 | impl<'a, T: ?Sized + 'static> Decodable for Cow<'a, T>
[INFO] [stdout]      |                    +++++++++
[INFO] [stdout] 
[INFO] [stdout] 
[INFO] [stderr]     Checking thread-id v2.0.0
[INFO] [stderr]     Checking postgres v0.13.2
[INFO] [stderr]     Checking thread_local v0.2.7
[INFO] [stderr]     Checking regex v0.1.80
[INFO] [stdout] error[E0282]: type annotations needed for `&_`
[INFO] [stdout]    --> /opt/rustwide/cargo-home/registry/src/index.crates.io-6f17d22bba15001f/postgres-0.13.2/src/lib.rs:794:56
[INFO] [stdout]     |
[INFO] [stdout] 794 |                 let get_raw = |i| row.get(i).and_then(|r| r.as_ref().map(|r| &**r));
[INFO] [stdout]     |                                                        ^    ------ type must be known at this point
[INFO] [stdout]     |
[INFO] [stdout] help: consider giving this closure parameter an explicit type, where the placeholders `_` are specified
[INFO] [stdout]     |
[INFO] [stdout] 794 |                 let get_raw = |i| row.get(i).and_then(|r: &_| r.as_ref().map(|r| &**r));
[INFO] [stdout]     |                                                         ++++
[INFO] [stdout] 
[INFO] [stdout] 
[INFO] [stdout] error: aborting due to 1 previous error
[INFO] [stdout] 
[INFO] [stdout] 
[INFO] [stdout] For more information about this error, try `rustc --explain E0282`.
[INFO] [stdout] 
[INFO] [stderr] error: could not compile `postgres` (lib) due to 2 previous errors
[INFO] [stderr] warning: build failed, waiting for other jobs to finish...
[INFO] [stdout] error: aborting due to 1 previous error
[INFO] [stdout] 
[INFO] [stdout] 
[INFO] [stdout] For more information about this error, try `rustc --explain E0310`.
[INFO] [stdout] 
[INFO] [stderr] error: could not compile `rustc-serialize` (lib) due to 2 previous errors
[INFO] running `Command { std: "docker" "inspect" "922bc798c36d3e5c28071c95062e8b776326ad2b6378ae4021eebb3390557b4e", kill_on_drop: false }`
[INFO] running `Command { std: "docker" "rm" "-f" "922bc798c36d3e5c28071c95062e8b776326ad2b6378ae4021eebb3390557b4e", kill_on_drop: false }`
[INFO] [stdout] 922bc798c36d3e5c28071c95062e8b776326ad2b6378ae4021eebb3390557b4e
