[INFO] cloning repository https://github.com/Lawliet-Chan/ipc-zk
[INFO] running `Command { std: "git" "-c" "credential.helper=" "-c" "credential.helper=/workspace/cargo-home/bin/git-credential-null" "clone" "--bare" "https://github.com/Lawliet-Chan/ipc-zk" "/workspace/cache/git-repos/https%3A%2F%2Fgithub.com%2FLawliet-Chan%2Fipc-zk", kill_on_drop: false }`
[INFO] [stderr] Cloning into bare repository '/workspace/cache/git-repos/https%3A%2F%2Fgithub.com%2FLawliet-Chan%2Fipc-zk'...
[INFO] running `Command { std: "git" "rev-parse" "HEAD", kill_on_drop: false }`
[INFO] [stdout] 43572f578364571f6e703b6c44c977ea7ab45a3b
[INFO] documenting Lawliet-Chan/ipc-zk against 1.75.0 for beta-1.76-rustdoc-1
[INFO] running `Command { std: "git" "clone" "/workspace/cache/git-repos/https%3A%2F%2Fgithub.com%2FLawliet-Chan%2Fipc-zk" "/workspace/builds/worker-3-tc1/source", kill_on_drop: false }`
[INFO] [stderr] Cloning into '/workspace/builds/worker-3-tc1/source'...
[INFO] [stderr] done.
[INFO] validating manifest of git repo https://github.com/Lawliet-Chan/ipc-zk on toolchain 1.75.0
[INFO] running `Command { std: CARGO_HOME="/workspace/cargo-home" RUSTUP_HOME="/workspace/rustup-home" "/workspace/cargo-home/bin/cargo" "+1.75.0" "metadata" "--manifest-path" "Cargo.toml" "--no-deps", kill_on_drop: false }`
[INFO] removed /workspace/builds/worker-3-tc1/source/rust-toolchain
[INFO] started tweaking git repo https://github.com/Lawliet-Chan/ipc-zk
[INFO] finished tweaking git repo https://github.com/Lawliet-Chan/ipc-zk
[INFO] tweaked toml for git repo https://github.com/Lawliet-Chan/ipc-zk written to /workspace/builds/worker-3-tc1/source/Cargo.toml
[INFO] crate git repo https://github.com/Lawliet-Chan/ipc-zk already has a lockfile, it will not be regenerated
[INFO] running `Command { std: CARGO_HOME="/workspace/cargo-home" RUSTUP_HOME="/workspace/rustup-home" "/workspace/cargo-home/bin/cargo" "+1.75.0" "fetch" "--manifest-path" "Cargo.toml", kill_on_drop: false }`
[INFO] [stderr]     Updating git repository `https://github.com/ed255/bitvec.git`
[INFO] [stderr]     Updating git repository `https://github.com/scroll-tech/common-rs`
[INFO] [stderr]     Updating git repository `https://github.com/scroll-tech/zkevm-circuits`
[INFO] [stderr]     Updating git submodule `https://github.com/OpenZeppelin/openzeppelin-contracts`
[INFO] [stderr]     Updating git repository `https://github.com/appliedzkp/halo2.git`
[INFO] [stderr]     Updating crates.io index
[INFO] [stderr]     Updating git repository `https://github.com/appliedzkp/pairing`
[INFO] [stderr]     Blocking waiting for file lock on package cache
[INFO] [stderr]  Downloading crates ...
[INFO] [stderr]   Downloaded serde_repr v0.1.8
[INFO] [stderr]   Downloaded ethabi v15.0.0
[INFO] [stderr]   Downloaded rlp v0.5.1
[INFO] [stderr]   Downloaded ws_stream_wasm v0.7.3
[INFO] [stderr]   Downloaded send_wrapper v0.5.0
[INFO] [stderr]   Downloaded ethereum-types v0.12.1
[INFO] [stderr]   Downloaded array-init v2.0.0
[INFO] [stderr]   Downloaded ethers-providers v0.6.2
[INFO] [stderr]   Downloaded ethers-core v0.6.3
[INFO] [stderr]   Downloaded sha3 v0.7.3
[INFO] [stderr]   Downloaded is-odd v1.0.0
[INFO] [stderr]   Downloaded is-even v1.0.0
[INFO] running `Command { std: "docker" "create" "-v" "/var/lib/crater-agent-workspace/builds/worker-3-tc1/target:/opt/rustwide/target:rw,Z" "-v" "/var/lib/crater-agent-workspace/builds/worker-3-tc1/source:/opt/rustwide/workdir:ro,Z" "-v" "/var/lib/crater-agent-workspace/cargo-home:/opt/rustwide/cargo-home:ro,Z" "-v" "/var/lib/crater-agent-workspace/rustup-home:/opt/rustwide/rustup-home:ro,Z" "-e" "SOURCE_DIR=/opt/rustwide/workdir" "-e" "CARGO_TARGET_DIR=/opt/rustwide/target" "-e" "CARGO_HOME=/opt/rustwide/cargo-home" "-e" "RUSTUP_HOME=/opt/rustwide/rustup-home" "-w" "/opt/rustwide/workdir" "-m" "1610612736" "--user" "0:0" "--network" "none" "ghcr.io/rust-lang/crates-build-env/linux@sha256:2788e3201cd34a07e3172128adcd8b3090168a8e3bcc40d7c032b9dda1df7d1c" "/opt/rustwide/cargo-home/bin/cargo" "+1.75.0" "metadata" "--no-deps" "--format-version=1", kill_on_drop: false }`
[INFO] [stdout] 203b77b6e2b644706d471faf90815cdc447978fccab576bcc635eb3c6eee7256
[INFO] running `Command { std: "docker" "start" "-a" "203b77b6e2b644706d471faf90815cdc447978fccab576bcc635eb3c6eee7256", kill_on_drop: false }`
[INFO] running `Command { std: "docker" "inspect" "203b77b6e2b644706d471faf90815cdc447978fccab576bcc635eb3c6eee7256", kill_on_drop: false }`
[INFO] running `Command { std: "docker" "rm" "-f" "203b77b6e2b644706d471faf90815cdc447978fccab576bcc635eb3c6eee7256", kill_on_drop: false }`
[INFO] [stdout] 203b77b6e2b644706d471faf90815cdc447978fccab576bcc635eb3c6eee7256
[INFO] running `Command { std: "docker" "create" "-v" "/var/lib/crater-agent-workspace/builds/worker-3-tc1/target:/opt/rustwide/target:rw,Z" "-v" "/var/lib/crater-agent-workspace/builds/worker-3-tc1/source:/opt/rustwide/workdir:ro,Z" "-v" "/var/lib/crater-agent-workspace/cargo-home:/opt/rustwide/cargo-home:ro,Z" "-v" "/var/lib/crater-agent-workspace/rustup-home:/opt/rustwide/rustup-home:ro,Z" "-e" "SOURCE_DIR=/opt/rustwide/workdir" "-e" "CARGO_TARGET_DIR=/opt/rustwide/target" "-e" "CARGO_INCREMENTAL=0" "-e" "RUST_BACKTRACE=full" "-e" "RUSTFLAGS=--cap-lints=warn" "-e" "RUSTDOCFLAGS=--cap-lints=warn" "-e" "CARGO_HOME=/opt/rustwide/cargo-home" "-e" "RUSTUP_HOME=/opt/rustwide/rustup-home" "-w" "/opt/rustwide/workdir" "-m" "1610612736" "--user" "0:0" "--network" "none" "ghcr.io/rust-lang/crates-build-env/linux@sha256:2788e3201cd34a07e3172128adcd8b3090168a8e3bcc40d7c032b9dda1df7d1c" "/opt/rustwide/cargo-home/bin/cargo" "+1.75.0" "doc" "--frozen" "--no-deps" "--document-private-items" "--message-format=json", kill_on_drop: false }`
[INFO] [stdout] afd1b8825d2774d1272c110d5810ebe4d06f8fbdd918b832596cb96c22c5ac12
[INFO] running `Command { std: "docker" "start" "-a" "afd1b8825d2774d1272c110d5810ebe4d06f8fbdd918b832596cb96c22c5ac12", kill_on_drop: false }`
[INFO] [stderr]    Compiling libc v0.2.126
[INFO] [stderr]    Compiling syn v1.0.95
[INFO] [stderr]    Compiling serde v1.0.137
[INFO] [stderr]    Compiling generic-array v0.14.5
[INFO] [stderr]     Checking once_cell v1.12.0
[INFO] [stderr]    Compiling log v0.4.17
[INFO] [stderr]     Checking subtle v2.4.1
[INFO] [stderr]    Compiling ring v0.16.20
[INFO] [stderr]     Checking spin v0.5.2
[INFO] [stderr]     Checking untrusted v0.7.1
[INFO] [stderr]    Compiling radium v0.6.2
[INFO] [stderr]     Checking tap v1.0.1
[INFO] [stderr]     Checking byteorder v1.4.3
[INFO] [stderr]     Checking funty v1.2.0
[INFO] [stderr]     Checking static_assertions v1.1.0
[INFO] [stderr]    Compiling crunchy v0.2.2
[INFO] [stderr]     Checking arrayvec v0.7.2
[INFO] [stderr]     Checking rustc-hex v2.1.0
[INFO] [stderr]     Checking futures-sink v0.3.21
[INFO] [stderr]     Checking digest v0.9.0
[INFO] [stderr]     Checking block-buffer v0.9.0
[INFO] [stderr]     Checking tracing-core v0.1.26
[INFO] [stderr]     Checking zeroize v1.4.3
[INFO] [stderr]     Checking wyz v0.2.0
[INFO] [stderr]    Compiling memoffset v0.6.5
[INFO] [stderr]     Checking getrandom v0.2.6
[INFO] [stderr]     Checking socket2 v0.4.4
[INFO] [stderr]     Checking mio v0.8.3
[INFO] [stderr]     Checking rand_core v0.6.3
[INFO] [stderr]     Checking bitvec v0.20.5 (https://github.com/ed255/bitvec.git?rev=5cfc5fa8496c66872d21905e677120fc3e79693c#5cfc5fa8)
[INFO] [stderr]     Checking rand_chacha v0.3.1
[INFO] [stderr]    Compiling indexmap v1.8.2
[INFO] [stderr]    Compiling proc-macro-error-attr v1.0.4
[INFO] [stderr]     Checking byte-slice-cast v1.2.1
[INFO] [stderr]     Checking rand v0.8.5
[INFO] [stderr]    Compiling tiny-keccak v2.0.2
[INFO] [stderr]     Checking ff v0.10.1
[INFO] [stderr]     Checking wyz v0.4.0
[INFO] [stderr]    Compiling proc-macro-error v1.0.4
[INFO] [stderr]    Compiling crossbeam-epoch v0.9.8
[INFO] [stderr]     Checking keccak v0.1.2
[INFO] [stderr]     Checking hex v0.4.3
[INFO] [stderr]    Compiling rustls v0.20.6
[INFO] [stderr]     Checking hashbrown v0.11.2
[INFO] [stderr]     Checking uint v0.9.3
[INFO] [stderr]     Checking fixed-hash v0.7.0
[INFO] [stderr]     Checking bitvec v0.22.3
[INFO] [stderr]     Checking group v0.10.0
[INFO] [stderr]     Checking crypto-bigint v0.2.11
[INFO] [stderr]     Checking crypto-mac v0.11.1
[INFO] [stderr]    Compiling num-traits v0.2.15
[INFO] [stderr]     Checking try-lock v0.2.3
[INFO] [stderr]    Compiling rayon-core v1.9.3
[INFO] [stderr]     Checking want v0.3.0
[INFO] [stderr]     Checking elliptic-curve v0.10.6
[INFO] [stderr]     Checking hmac v0.11.0
[INFO] [stderr]     Checking url v2.2.2
[INFO] [stderr]     Checking sha3 v0.9.1
[INFO] [stderr]     Checking signature v1.3.2
[INFO] [stderr]     Checking openssl-probe v0.1.5
[INFO] [stderr]     Checking tower-service v0.3.1
[INFO] [stderr]    Compiling encoding_rs v0.8.31
[INFO] [stderr]     Checking const-oid v0.7.1
[INFO] [stderr]     Checking der v0.4.5
[INFO] [stderr]     Checking httpdate v1.0.2
[INFO] [stderr]     Checking der v0.5.1
[INFO] [stderr]     Checking sha-1 v0.9.8
[INFO] [stderr]     Checking crossbeam-deque v0.8.1
[INFO] [stderr]     Checking webpki v0.21.4
[INFO] [stderr]    Compiling toml v0.5.9
[INFO] [stderr]     Checking sct v0.6.1
[INFO] [stderr]     Checking webpki v0.22.0
[INFO] [stderr]     Checking sct v0.7.0
[INFO] [stderr]     Checking rustls v0.19.1
[INFO] [stderr]     Checking ff v0.11.1
[INFO] [stderr]     Checking ecdsa v0.12.4
[INFO] [stderr]     Checking crypto-bigint v0.3.2
[INFO] [stderr]     Checking group v0.11.0
[INFO] [stderr]     Checking num_cpus v1.13.1
[INFO] [stderr]    Compiling num-integer v0.1.45
[INFO] [stderr]    Compiling rayon v1.5.3
[INFO] [stderr]     Checking base16ct v0.1.1
[INFO] [stderr]     Checking utf-8 v0.7.6
[INFO] [stderr]     Checking either v1.6.1
[INFO] [stderr]     Checking k256 v0.9.6
[INFO] [stderr]     Checking webpki-roots v0.22.3
[INFO] [stderr]     Checking webpki-roots v0.21.1
[INFO] [stderr]     Checking rustls-pemfile v0.3.0
[INFO] [stderr]     Checking elliptic-curve v0.11.12
[INFO] [stderr]     Checking aho-corasick v0.7.18
[INFO] [stderr]     Checking regex-syntax v0.6.26
[INFO] [stderr]     Checking mime v0.3.16
[INFO] [stderr]     Checking rustls-native-certs v0.5.0
[INFO] [stderr]     Checking ipnet v2.5.0
[INFO] [stderr]     Checking blake2b_simd v1.0.0
[INFO] [stderr]     Checking pairing_bn256 v0.1.1 (https://github.com/appliedzkp/pairing?tag=v0.1.1#1da2920e)
[INFO] [stderr]    Compiling num-bigint v0.4.3
[INFO] [stderr]     Checking futures-timer v3.0.2
[INFO] [stdout] error[E0554]: `#![feature]` may not be used on the stable release channel
[INFO] [stdout]  --> /opt/rustwide/cargo-home/git/checkouts/pairing-32482d8e8acdbe90/1da2920/src/lib.rs:1:1
[INFO] [stdout]   |
[INFO] [stdout] 1 | #![feature(asm)]
[INFO] [stdout]   | ^^^^^^^^^^^^^^^^
[INFO] [stdout] 
[INFO] [stdout] 
[INFO] [stdout] error[E0554]: `#![feature]` may not be used on the stable release channel
[INFO] [stdout]  --> /opt/rustwide/cargo-home/git/checkouts/pairing-32482d8e8acdbe90/1da2920/src/lib.rs:2:1
[INFO] [stdout]   |
[INFO] [stdout] 2 | #![feature(asm_const)]
[INFO] [stdout]   | ^^^^^^^^^^^^^^^^^^^^^^
[INFO] [stdout] 
[INFO] [stdout] 
[INFO] [stdout] error[E0554]: `#![feature]` may not be used on the stable release channel
[INFO] [stdout]  --> /opt/rustwide/cargo-home/git/checkouts/pairing-32482d8e8acdbe90/1da2920/src/lib.rs:1:12
[INFO] [stdout]   |
[INFO] [stdout] 1 | #![feature(asm)]
[INFO] [stdout]   |            ^^^
[INFO] [stdout] 
[INFO] [stdout] 
[INFO] [stderr]     Checking itertools v0.10.3
[INFO] [stderr]     Checking generic-array v0.9.1
[INFO] [stdout] error: aborting due to 3 previous errors
[INFO] [stdout] 
[INFO] [stdout] 
[INFO] [stdout] For more information about this error, try `rustc --explain E0554`.
[INFO] [stdout] 
[INFO] [stderr] error: could not compile `pairing_bn256` (lib) due to 4 previous errors
[INFO] [stderr] warning: build failed, waiting for other jobs to finish...
[INFO] running `Command { std: "docker" "inspect" "afd1b8825d2774d1272c110d5810ebe4d06f8fbdd918b832596cb96c22c5ac12", kill_on_drop: false }`
[INFO] running `Command { std: "docker" "rm" "-f" "afd1b8825d2774d1272c110d5810ebe4d06f8fbdd918b832596cb96c22c5ac12", kill_on_drop: false }`
[INFO] [stdout] afd1b8825d2774d1272c110d5810ebe4d06f8fbdd918b832596cb96c22c5ac12
[INFO] documenting Lawliet-Chan/ipc-zk against beta-2023-12-22 for beta-1.76-rustdoc-1
[INFO] running `Command { std: "git" "clone" "/workspace/cache/git-repos/https%3A%2F%2Fgithub.com%2FLawliet-Chan%2Fipc-zk" "/workspace/builds/worker-3-tc2/source", kill_on_drop: false }`
[INFO] [stderr] Cloning into '/workspace/builds/worker-3-tc2/source'...
[INFO] [stderr] done.
[INFO] validating manifest of git repo https://github.com/Lawliet-Chan/ipc-zk on toolchain beta-2023-12-22
[INFO] running `Command { std: CARGO_HOME="/workspace/cargo-home" RUSTUP_HOME="/workspace/rustup-home" "/workspace/cargo-home/bin/cargo" "+beta-2023-12-22" "metadata" "--manifest-path" "Cargo.toml" "--no-deps", kill_on_drop: false }`
[INFO] removed /workspace/builds/worker-3-tc2/source/rust-toolchain
[INFO] started tweaking git repo https://github.com/Lawliet-Chan/ipc-zk
[INFO] finished tweaking git repo https://github.com/Lawliet-Chan/ipc-zk
[INFO] tweaked toml for git repo https://github.com/Lawliet-Chan/ipc-zk written to /workspace/builds/worker-3-tc2/source/Cargo.toml
[INFO] crate git repo https://github.com/Lawliet-Chan/ipc-zk already has a lockfile, it will not be regenerated
[INFO] running `Command { std: CARGO_HOME="/workspace/cargo-home" RUSTUP_HOME="/workspace/rustup-home" "/workspace/cargo-home/bin/cargo" "+beta-2023-12-22" "fetch" "--manifest-path" "Cargo.toml", kill_on_drop: false }`
[INFO] running `Command { std: "docker" "create" "-v" "/var/lib/crater-agent-workspace/builds/worker-3-tc2/target:/opt/rustwide/target:rw,Z" "-v" "/var/lib/crater-agent-workspace/builds/worker-3-tc2/source:/opt/rustwide/workdir:ro,Z" "-v" "/var/lib/crater-agent-workspace/cargo-home:/opt/rustwide/cargo-home:ro,Z" "-v" "/var/lib/crater-agent-workspace/rustup-home:/opt/rustwide/rustup-home:ro,Z" "-e" "SOURCE_DIR=/opt/rustwide/workdir" "-e" "CARGO_TARGET_DIR=/opt/rustwide/target" "-e" "CARGO_HOME=/opt/rustwide/cargo-home" "-e" "RUSTUP_HOME=/opt/rustwide/rustup-home" "-w" "/opt/rustwide/workdir" "-m" "1610612736" "--user" "0:0" "--network" "none" "ghcr.io/rust-lang/crates-build-env/linux@sha256:2788e3201cd34a07e3172128adcd8b3090168a8e3bcc40d7c032b9dda1df7d1c" "/opt/rustwide/cargo-home/bin/cargo" "+beta-2023-12-22" "metadata" "--no-deps" "--format-version=1", kill_on_drop: false }`
[INFO] [stdout] 0d6082b505d0f8dc36884c63a9588fafe599cdf4bffb68e9df91ae3109860b06
[INFO] running `Command { std: "docker" "start" "-a" "0d6082b505d0f8dc36884c63a9588fafe599cdf4bffb68e9df91ae3109860b06", kill_on_drop: false }`
[INFO] running `Command { std: "docker" "inspect" "0d6082b505d0f8dc36884c63a9588fafe599cdf4bffb68e9df91ae3109860b06", kill_on_drop: false }`
[INFO] running `Command { std: "docker" "rm" "-f" "0d6082b505d0f8dc36884c63a9588fafe599cdf4bffb68e9df91ae3109860b06", kill_on_drop: false }`
[INFO] [stdout] 0d6082b505d0f8dc36884c63a9588fafe599cdf4bffb68e9df91ae3109860b06
[INFO] running `Command { std: "docker" "create" "-v" "/var/lib/crater-agent-workspace/builds/worker-3-tc2/target:/opt/rustwide/target:rw,Z" "-v" "/var/lib/crater-agent-workspace/builds/worker-3-tc2/source:/opt/rustwide/workdir:ro,Z" "-v" "/var/lib/crater-agent-workspace/cargo-home:/opt/rustwide/cargo-home:ro,Z" "-v" "/var/lib/crater-agent-workspace/rustup-home:/opt/rustwide/rustup-home:ro,Z" "-e" "SOURCE_DIR=/opt/rustwide/workdir" "-e" "CARGO_TARGET_DIR=/opt/rustwide/target" "-e" "CARGO_INCREMENTAL=0" "-e" "RUST_BACKTRACE=full" "-e" "RUSTFLAGS=--cap-lints=warn" "-e" "RUSTDOCFLAGS=--cap-lints=warn" "-e" "CARGO_HOME=/opt/rustwide/cargo-home" "-e" "RUSTUP_HOME=/opt/rustwide/rustup-home" "-w" "/opt/rustwide/workdir" "-m" "1610612736" "--user" "0:0" "--network" "none" "ghcr.io/rust-lang/crates-build-env/linux@sha256:2788e3201cd34a07e3172128adcd8b3090168a8e3bcc40d7c032b9dda1df7d1c" "/opt/rustwide/cargo-home/bin/cargo" "+beta-2023-12-22" "doc" "--frozen" "--no-deps" "--document-private-items" "--message-format=json", kill_on_drop: false }`
[INFO] [stdout] 1732f18996566eb125a036f6e81d9905f11d3383175e49d36129d64b9f968647
[INFO] running `Command { std: "docker" "start" "-a" "1732f18996566eb125a036f6e81d9905f11d3383175e49d36129d64b9f968647", kill_on_drop: false }`
[INFO] [stderr]    Compiling libc v0.2.126
[INFO] [stderr]    Compiling syn v1.0.95
[INFO] [stderr]    Compiling serde v1.0.137
[INFO] [stderr]    Compiling generic-array v0.14.5
[INFO] [stderr]     Checking once_cell v1.12.0
[INFO] [stderr]    Compiling log v0.4.17
[INFO] [stderr]    Compiling ring v0.16.20
[INFO] [stderr]     Checking subtle v2.4.1
[INFO] [stderr]     Checking untrusted v0.7.1
[INFO] [stderr]     Checking spin v0.5.2
[INFO] [stderr]    Compiling radium v0.6.2
[INFO] [stderr]     Checking tap v1.0.1
[INFO] [stderr]     Checking byteorder v1.4.3
[INFO] [stderr]     Checking funty v1.2.0
[INFO] [stderr]     Checking static_assertions v1.1.0
[INFO] [stderr]    Compiling crunchy v0.2.2
[INFO] [stderr]     Checking digest v0.9.0
[INFO] [stderr]     Checking arrayvec v0.7.2
[INFO] [stderr]     Checking rustc-hex v2.1.0
[INFO] [stderr]     Checking futures-sink v0.3.21
[INFO] [stderr]     Checking block-buffer v0.9.0
[INFO] [stderr]     Checking tracing-core v0.1.26
[INFO] [stderr]     Checking wyz v0.2.0
[INFO] [stderr]     Checking zeroize v1.4.3
[INFO] [stderr]     Checking getrandom v0.2.6
[INFO] [stderr]     Checking mio v0.8.3
[INFO] [stderr]     Checking socket2 v0.4.4
[INFO] [stderr]     Checking bitvec v0.20.5 (https://github.com/ed255/bitvec.git?rev=5cfc5fa8496c66872d21905e677120fc3e79693c#5cfc5fa8)
[INFO] [stderr]     Checking rand_core v0.6.3
[INFO] [stderr]    Compiling proc-macro-error-attr v1.0.4
[INFO] [stderr]     Checking rand_chacha v0.3.1
[INFO] [stderr]    Compiling indexmap v1.8.2
[INFO] [stderr]    Compiling memoffset v0.6.5
[INFO] [stderr]    Compiling tiny-keccak v2.0.2
[INFO] [stderr]     Checking rand v0.8.5
[INFO] [stderr]     Checking byte-slice-cast v1.2.1
[INFO] [stderr]     Checking ff v0.10.1
[INFO] [stderr]     Checking wyz v0.4.0
[INFO] [stderr]    Compiling crossbeam-epoch v0.9.8
[INFO] [stderr]    Compiling proc-macro-error v1.0.4
[INFO] [stderr]     Checking hashbrown v0.11.2
[INFO] [stderr]     Checking fixed-hash v0.7.0
[INFO] [stderr]     Checking hex v0.4.3
[INFO] [stderr]     Checking keccak v0.1.2
[INFO] [stderr]    Compiling rustls v0.20.6
[INFO] [stderr]     Checking uint v0.9.3
[INFO] [stderr]     Checking bitvec v0.22.3
[INFO] [stderr]     Checking group v0.10.0
[INFO] [stderr]     Checking crypto-bigint v0.2.11
[INFO] [stderr]     Checking crypto-mac v0.11.1
[INFO] [stderr]    Compiling num-traits v0.2.15
[INFO] [stderr]     Checking try-lock v0.2.3
[INFO] [stderr]    Compiling rayon-core v1.9.3
[INFO] [stderr]     Checking want v0.3.0
[INFO] [stderr]     Checking elliptic-curve v0.10.6
[INFO] [stderr]     Checking hmac v0.11.0
[INFO] [stderr]     Checking url v2.2.2
[INFO] [stderr]     Checking sha3 v0.9.1
[INFO] [stderr]     Checking signature v1.3.2
[INFO] [stderr]     Checking const-oid v0.7.1
[INFO] [stderr]     Checking tower-service v0.3.1
[INFO] [stderr]     Checking der v0.4.5
[INFO] [stderr]    Compiling encoding_rs v0.8.31
[INFO] [stderr]     Checking openssl-probe v0.1.5
[INFO] [stderr]     Checking httpdate v1.0.2
[INFO] [stderr]     Checking der v0.5.1
[INFO] [stderr]     Checking sha-1 v0.9.8
[INFO] [stderr]     Checking crossbeam-deque v0.8.1
[INFO] [stderr]     Checking ecdsa v0.12.4
[INFO] [stderr]     Checking crypto-bigint v0.3.2
[INFO] [stderr]     Checking num_cpus v1.13.1
[INFO] [stderr]    Compiling toml v0.5.9
[INFO] [stderr]     Checking ff v0.11.1
[INFO] [stderr]    Compiling num-integer v0.1.45
[INFO] [stderr]     Checking group v0.11.0
[INFO] [stderr]    Compiling rayon v1.5.3
[INFO] [stderr]     Checking webpki v0.21.4
[INFO] [stderr]     Checking webpki v0.22.0
[INFO] [stderr]     Checking sct v0.6.1
[INFO] [stderr]     Checking sct v0.7.0
[INFO] [stderr]     Checking utf-8 v0.7.6
[INFO] [stderr]     Checking base16ct v0.1.1
[INFO] [stderr]     Checking either v1.6.1
[INFO] [stderr]     Checking elliptic-curve v0.11.12
[INFO] [stderr]     Checking webpki-roots v0.22.3
[INFO] [stderr]     Checking rustls v0.19.1
[INFO] [stderr]     Checking webpki-roots v0.21.1
[INFO] [stderr]     Checking k256 v0.9.6
[INFO] [stderr]     Checking rustls-pemfile v0.3.0
[INFO] [stderr]     Checking aho-corasick v0.7.18
[INFO] [stderr]     Checking mime v0.3.16
[INFO] [stderr]     Checking regex-syntax v0.6.26
[INFO] [stderr]     Checking ipnet v2.5.0
[INFO] [stderr]     Checking blake2b_simd v1.0.0
[INFO] [stderr]     Checking pairing_bn256 v0.1.1 (https://github.com/appliedzkp/pairing?tag=v0.1.1#1da2920e)
[INFO] [stderr]     Checking rustls-native-certs v0.5.0
[INFO] [stderr]    Compiling num-bigint v0.4.3
[INFO] [stderr]     Checking futures-timer v3.0.2
[INFO] [stdout] error[E0554]: `#![feature]` may not be used on the beta release channel
[INFO] [stdout]  --> /opt/rustwide/cargo-home/git/checkouts/pairing-32482d8e8acdbe90/1da2920/src/lib.rs:1:1
[INFO] [stdout]   |
[INFO] [stdout] 1 | #![feature(asm)]
[INFO] [stdout]   | ^^^^^^^^^^^^^^^^
[INFO] [stdout] 
[INFO] [stdout] 
[INFO] [stdout] error[E0554]: `#![feature]` may not be used on the beta release channel
[INFO] [stdout]  --> /opt/rustwide/cargo-home/git/checkouts/pairing-32482d8e8acdbe90/1da2920/src/lib.rs:2:1
[INFO] [stdout]   |
[INFO] [stdout] 2 | #![feature(asm_const)]
[INFO] [stdout]   | ^^^^^^^^^^^^^^^^^^^^^^
[INFO] [stdout] 
[INFO] [stdout] 
[INFO] [stdout] error[E0554]: `#![feature]` may not be used on the beta release channel
[INFO] [stdout]  --> /opt/rustwide/cargo-home/git/checkouts/pairing-32482d8e8acdbe90/1da2920/src/lib.rs:1:12
[INFO] [stdout]   |
[INFO] [stdout] 1 | #![feature(asm)]
[INFO] [stdout]   |            ^^^
[INFO] [stdout] 
[INFO] [stdout] 
[INFO] [stderr]     Checking itertools v0.10.3
[INFO] [stderr]     Checking generic-array v0.9.1
[INFO] [stderr]     Checking byte-tools v0.2.0
[INFO] [stderr]     Checking block-buffer v0.3.3
[INFO] [stderr]     Checking digest v0.7.6
[INFO] [stdout] error: aborting due to 3 previous errors
[INFO] [stdout] 
[INFO] [stdout] 
[INFO] [stdout] For more information about this error, try `rustc --explain E0554`.
[INFO] [stdout] 
[INFO] [stderr] error: could not compile `pairing_bn256` (lib) due to 4 previous errors
[INFO] [stderr] warning: build failed, waiting for other jobs to finish...
[INFO] running `Command { std: "docker" "inspect" "1732f18996566eb125a036f6e81d9905f11d3383175e49d36129d64b9f968647", kill_on_drop: false }`
[INFO] running `Command { std: "docker" "rm" "-f" "1732f18996566eb125a036f6e81d9905f11d3383175e49d36129d64b9f968647", kill_on_drop: false }`
[INFO] [stdout] 1732f18996566eb125a036f6e81d9905f11d3383175e49d36129d64b9f968647
