[INFO] cloning repository https://github.com/Laocoon7/space_station_defense
[INFO] running `Command { std: "git" "-c" "credential.helper=" "-c" "credential.helper=/workspace/cargo-home/bin/git-credential-null" "clone" "--bare" "https://github.com/Laocoon7/space_station_defense" "/workspace/cache/git-repos/https%3A%2F%2Fgithub.com%2FLaocoon7%2Fspace_station_defense", kill_on_drop: false }`
[INFO] [stderr] Cloning into bare repository '/workspace/cache/git-repos/https%3A%2F%2Fgithub.com%2FLaocoon7%2Fspace_station_defense'...
[INFO] running `Command { std: "git" "rev-parse" "HEAD", kill_on_drop: false }`
[INFO] [stdout] 4c0fe754f9e29d5205db4457e073231e0576ec0c
[INFO] documenting Laocoon7/space_station_defense against 1.75.0 for beta-1.76-rustdoc-1
[INFO] running `Command { std: "git" "clone" "/workspace/cache/git-repos/https%3A%2F%2Fgithub.com%2FLaocoon7%2Fspace_station_defense" "/workspace/builds/worker-1-tc1/source", kill_on_drop: false }`
[INFO] [stderr] Cloning into '/workspace/builds/worker-1-tc1/source'...
[INFO] [stderr] done.
[INFO] validating manifest of git repo https://github.com/Laocoon7/space_station_defense on toolchain 1.75.0
[INFO] running `Command { std: CARGO_HOME="/workspace/cargo-home" RUSTUP_HOME="/workspace/rustup-home" "/workspace/cargo-home/bin/cargo" "+1.75.0" "metadata" "--manifest-path" "Cargo.toml" "--no-deps", kill_on_drop: false }`
[INFO] removed /workspace/builds/worker-1-tc1/source/rust-toolchain.toml
[INFO] started tweaking git repo https://github.com/Laocoon7/space_station_defense
[INFO] finished tweaking git repo https://github.com/Laocoon7/space_station_defense
[INFO] tweaked toml for git repo https://github.com/Laocoon7/space_station_defense written to /workspace/builds/worker-1-tc1/source/Cargo.toml
[INFO] crate git repo https://github.com/Laocoon7/space_station_defense already has a lockfile, it will not be regenerated
[INFO] running `Command { std: CARGO_HOME="/workspace/cargo-home" RUSTUP_HOME="/workspace/rustup-home" "/workspace/cargo-home/bin/cargo" "+1.75.0" "fetch" "--manifest-path" "Cargo.toml", kill_on_drop: false }`
[INFO] [stderr]     Updating crates.io index
[INFO] [stderr]     Updating git repository `https://github.com/Laocoon7/grid_shapes`
[INFO] [stderr]  Downloading crates ...
[INFO] [stderr]   Downloaded direction v0.18.1
[INFO] [stderr]   Downloaded petitset v0.2.1
[INFO] [stderr]   Downloaded leafwing_input_manager_macros v0.9.0
[INFO] [stderr]   Downloaded toml v0.8.1
[INFO] [stderr]   Downloaded bevy_common_assets v0.7.0
[INFO] [stderr]   Downloaded coord_2d v0.3.6
[INFO] [stderr]   Downloaded bevy_rapier2d v0.22.0
[INFO] [stderr]   Downloaded toml_edit v0.20.1
[INFO] [stderr]   Downloaded leafwing-input-manager v0.10.0
[INFO] [stderr]   Downloaded grid_2d v0.15.3
[INFO] running `Command { std: "docker" "create" "-v" "/var/lib/crater-agent-workspace/builds/worker-1-tc1/target:/opt/rustwide/target:rw,Z" "-v" "/var/lib/crater-agent-workspace/builds/worker-1-tc1/source:/opt/rustwide/workdir:ro,Z" "-v" "/var/lib/crater-agent-workspace/cargo-home:/opt/rustwide/cargo-home:ro,Z" "-v" "/var/lib/crater-agent-workspace/rustup-home:/opt/rustwide/rustup-home:ro,Z" "-e" "SOURCE_DIR=/opt/rustwide/workdir" "-e" "CARGO_TARGET_DIR=/opt/rustwide/target" "-e" "CARGO_HOME=/opt/rustwide/cargo-home" "-e" "RUSTUP_HOME=/opt/rustwide/rustup-home" "-w" "/opt/rustwide/workdir" "-m" "1610612736" "--user" "0:0" "--network" "none" "ghcr.io/rust-lang/crates-build-env/linux@sha256:2788e3201cd34a07e3172128adcd8b3090168a8e3bcc40d7c032b9dda1df7d1c" "/opt/rustwide/cargo-home/bin/cargo" "+1.75.0" "metadata" "--no-deps" "--format-version=1", kill_on_drop: false }`
[INFO] [stdout] 268eea44feacbbf728a971c05dbb27cc34c9eefbc6e5812c65fef7fd75b508f7
[INFO] running `Command { std: "docker" "start" "-a" "268eea44feacbbf728a971c05dbb27cc34c9eefbc6e5812c65fef7fd75b508f7", kill_on_drop: false }`
[INFO] running `Command { std: "docker" "inspect" "268eea44feacbbf728a971c05dbb27cc34c9eefbc6e5812c65fef7fd75b508f7", kill_on_drop: false }`
[INFO] running `Command { std: "docker" "rm" "-f" "268eea44feacbbf728a971c05dbb27cc34c9eefbc6e5812c65fef7fd75b508f7", kill_on_drop: false }`
[INFO] [stdout] 268eea44feacbbf728a971c05dbb27cc34c9eefbc6e5812c65fef7fd75b508f7
[INFO] running `Command { std: "docker" "create" "-v" "/var/lib/crater-agent-workspace/builds/worker-1-tc1/target:/opt/rustwide/target:rw,Z" "-v" "/var/lib/crater-agent-workspace/builds/worker-1-tc1/source:/opt/rustwide/workdir:ro,Z" "-v" "/var/lib/crater-agent-workspace/cargo-home:/opt/rustwide/cargo-home:ro,Z" "-v" "/var/lib/crater-agent-workspace/rustup-home:/opt/rustwide/rustup-home:ro,Z" "-e" "SOURCE_DIR=/opt/rustwide/workdir" "-e" "CARGO_TARGET_DIR=/opt/rustwide/target" "-e" "CARGO_INCREMENTAL=0" "-e" "RUST_BACKTRACE=full" "-e" "RUSTFLAGS=--cap-lints=warn" "-e" "RUSTDOCFLAGS=--cap-lints=warn" "-e" "CARGO_HOME=/opt/rustwide/cargo-home" "-e" "RUSTUP_HOME=/opt/rustwide/rustup-home" "-w" "/opt/rustwide/workdir" "-m" "1610612736" "--user" "0:0" "--network" "none" "ghcr.io/rust-lang/crates-build-env/linux@sha256:2788e3201cd34a07e3172128adcd8b3090168a8e3bcc40d7c032b9dda1df7d1c" "/opt/rustwide/cargo-home/bin/cargo" "+1.75.0" "doc" "--frozen" "--no-deps" "--document-private-items" "--message-format=json", kill_on_drop: false }`
[INFO] [stdout] 73a5f541ce3e516a38f78a115e6df38660ed86bd1a2a263ecb66995ae55fbaa2
[INFO] running `Command { std: "docker" "start" "-a" "73a5f541ce3e516a38f78a115e6df38660ed86bd1a2a263ecb66995ae55fbaa2", kill_on_drop: false }`
[INFO] [stderr]    Compiling proc-macro2 v1.0.67
[INFO] [stderr]    Compiling unicode-ident v1.0.12
[INFO] [stderr]     Checking cfg-if v1.0.0
[INFO] [stderr]    Compiling autocfg v1.1.0
[INFO] [stderr]    Compiling serde v1.0.188
[INFO] [stderr]    Compiling libc v0.2.148
[INFO] [stderr]     Checking once_cell v1.18.0
[INFO] [stderr]    Compiling version_check v0.9.4
[INFO] [stderr]     Checking scopeguard v1.2.0
[INFO] [stderr]    Compiling libm v0.2.7
[INFO] [stderr]    Compiling crossbeam-utils v0.8.16
[INFO] [stderr]    Compiling equivalent v1.0.1
[INFO] [stderr]    Compiling hashbrown v0.14.1
[INFO] [stderr]     Checking allocator-api2 v0.2.16
[INFO] [stderr]    Compiling thiserror v1.0.49
[INFO] [stderr]    Compiling toml_datetime v0.6.3
[INFO] [stderr]     Checking bitflags v1.3.2
[INFO] [stderr]    Compiling winnow v0.5.15
[INFO] [stderr]    Compiling parking_lot_core v0.9.8
[INFO] [stderr]     Checking memchr v2.6.3
[INFO] [stderr]     Checking pin-project-lite v0.2.13
[INFO] [stderr]     Checking rustc-hash v1.1.0
[INFO] [stderr]     Checking tracing-core v0.1.31
[INFO] [stderr]    Compiling futures-core v0.3.28
[INFO] [stderr]     Checking log v0.4.20
[INFO] [stderr]     Checking instant v0.1.12
[INFO] [stderr]     Checking event-listener v2.5.3
[INFO] [stderr]     Checking fixedbitset v0.4.2
[INFO] [stderr]     Checking fastrand v1.9.0
[INFO] [stderr]     Checking parking v2.1.1
[INFO] [stderr]     Checking downcast-rs v1.2.0
[INFO] [stderr]    Compiling bit-vec v0.6.3
[INFO] [stderr]     Checking futures-io v0.3.28
[INFO] [stderr]     Checking waker-fn v1.1.1
[INFO] [stderr]     Checking async-lock v2.8.0
[INFO] [stderr]     Checking async-task v4.4.1
[INFO] [stderr]     Checking fastrand v2.0.1
[INFO] [stderr]     Checking thread_local v1.1.7
[INFO] [stderr]    Compiling indexmap v2.0.2
[INFO] [stderr]     Checking futures-lite v1.13.0
[INFO] [stderr]     Checking concurrent-queue v2.3.0
[INFO] [stderr]    Compiling bit-set v0.5.3
[INFO] [stderr]     Checking smol_str v0.2.0
[INFO] [stderr]     Checking bevy_ptr v0.11.3
[INFO] [stderr]    Compiling syn v1.0.109
[INFO] [stderr]     Checking aho-corasick v1.1.1
[INFO] [stderr]     Checking regex-syntax v0.7.5
[INFO] [stderr]     Checking regex-syntax v0.6.29
[INFO] [stderr]     Checking lazy_static v1.4.0
[INFO] [stderr]     Checking async-channel v1.9.0
[INFO] [stderr]     Checking overload v0.1.1
[INFO] [stderr]     Checking tracing-log v0.1.3
[INFO] [stderr]     Checking nu-ansi-term v0.46.0
[INFO] [stderr]     Checking sharded-slab v0.1.6
[INFO] [stderr]     Checking raw-window-handle v0.5.2
[INFO] [stderr]    Compiling quote v1.0.33
[INFO] [stderr]     Checking crossbeam-channel v0.5.8
[INFO] [stderr]     Checking unicode-width v0.1.11
[INFO] [stderr]    Compiling ahash v0.8.3
[INFO] [stderr]     Checking termcolor v1.3.0
[INFO] [stderr]    Compiling num-traits v0.2.16
[INFO] [stderr]    Compiling syn v2.0.37
[INFO] [stderr]    Compiling lock_api v0.4.10
[INFO] [stderr]    Compiling slab v0.4.9
[INFO] [stderr]    Compiling num-integer v0.1.45
[INFO] [stderr]    Compiling indexmap v1.9.3
[INFO] [stderr]    Compiling num-rational v0.4.1
[INFO] [stderr]     Checking simd-adler32 v0.3.7
[INFO] [stderr]    Compiling getrandom v0.2.10
[INFO] [stderr]     Checking unicode-xid v0.2.4
[INFO] [stderr]    Compiling crc32fast v1.3.2
[INFO] [stderr]    Compiling uuid v1.4.1
[INFO] [stderr]     Checking hashbrown v0.12.3
[INFO] [stderr]     Checking async-executor v1.5.4
[INFO] [stderr]     Checking pp-rs v0.2.1
[INFO] [stderr]     Checking codespan-reporting v0.11.1
[INFO] [stderr]     Checking libloading v0.7.4
[INFO] [stderr]    Compiling toml_edit v0.19.15
[INFO] [stderr]     Checking bevy_tasks v0.11.3
[INFO] [stderr]    Compiling ash v0.37.3+1.3.251
[INFO] [stderr]    Compiling khronos-egl v4.1.0
[INFO] [stderr]     Checking hexf-parse v0.2.1
[INFO] [stderr]     Checking adler v1.0.2
[INFO] [stderr]     Checking gpu-alloc-types v0.2.0
[INFO] [stderr]     Checking fdeflate v0.3.0
[INFO] [stderr]     Checking miniz_oxide v0.7.1
[INFO] [stderr]     Checking libloading v0.8.1
[INFO] [stderr]     Checking gpu-alloc v0.5.4
[INFO] [stderr]     Checking profiling v1.0.11
[INFO] [stderr]     Checking renderdoc-sys v1.0.0
[INFO] [stderr]    Compiling thiserror-core v1.0.38
[INFO] [stderr]    Compiling anyhow v1.0.75
[INFO] [stderr]     Checking byteorder v1.4.3
[INFO] [stderr]     Checking spirv v0.2.0+1.5.4
[INFO] [stderr]     Checking glow v0.12.3
[INFO] [stderr]     Checking static_assertions v1.1.0
[INFO] [stderr]     Checking regex-automata v0.1.10
[INFO] [stderr]     Checking sysinfo v0.29.10
[INFO] [stderr]     Checking const_soft_float v0.1.4
[INFO] [stderr]     Checking flate2 v1.0.27
[INFO] [stderr]     Checking color_quant v1.1.0
[INFO] [stderr]     Checking regex-automata v0.3.9
[INFO] [stderr]     Checking twox-hash v1.6.3
[INFO] [stderr]     Checking constgebra v0.1.3
[INFO] [stderr]     Checking const_panic v0.2.8
[INFO] [stderr]     Checking png v0.17.10
[INFO] [stderr]     Checking data-encoding v2.4.0
[INFO] [stderr]     Checking approx v0.5.1
[INFO] [stderr]     Checking ktx2 v0.3.0
[INFO] [stderr]     Checking ttf-parser v0.19.2
[INFO] [stderr]     Checking radsort v0.1.0
[INFO] [stderr]     Checking ab_glyph_rasterizer v0.1.8
[INFO] [stderr]    Compiling pkg-config v0.3.27
[INFO] [stderr]    Compiling xml-rs v0.8.19
[INFO] [stderr]     Checking euclid v0.22.9
[INFO] [stderr]     Checking svg_fmt v0.4.1
[INFO] [stderr]     Checking matchers v0.1.0
[INFO] [stderr]    Compiling cfg_aliases v0.1.1
[INFO] [stderr]    Compiling slotmap v1.0.6
[INFO] [stderr]     Checking accesskit v0.11.2
[INFO] [stderr]     Checking rectangle-pack v0.4.2
[INFO] [stderr]     Checking vec_map v0.8.2
[INFO] [stderr]     Checking nix v0.26.4
[INFO] [stderr]    Compiling gilrs v0.10.2
[INFO] [stderr]     Checking xi-unicode v0.3.0
[INFO] [stderr]     Checking base64 v0.21.4
[INFO] [stderr]    Compiling libm v0.1.4
[INFO] [stderr]     Checking grid v0.10.0
[INFO] [stderr]     Checking fnv v1.0.7
[INFO] [stderr]    Compiling memoffset v0.9.0
[INFO] [stderr]    Compiling wayland-scanner v0.29.5
[INFO] [stderr]    Compiling memoffset v0.6.5
[INFO] [stderr]    Compiling paste v1.0.14
[INFO] [stderr]    Compiling getrandom v0.1.16
[INFO] [stderr]     Checking guillotiere v0.6.2
[INFO] [stderr]    Compiling packed_simd_2 v0.3.8
[INFO] [stderr]    Compiling crossbeam-epoch v0.9.15
[INFO] [stderr]    Compiling matrixmultiply v0.3.8
[INFO] [stderr]     Checking tinyvec_macros v0.1.1
[INFO] [stderr]     Checking ppv-lite86 v0.2.17
[INFO] [stderr]    Compiling typenum v1.17.0
[INFO] [stderr]     Checking tinyvec v1.6.0
[INFO] [stderr]     Checking rawpointer v0.2.1
[INFO] [stderr]     Checking either v1.9.0
[INFO] [stderr]    Compiling crossbeam-queue v0.3.8
[INFO] [stderr]     Checking regex v1.9.6
[INFO] [stderr]     Checking nix v0.24.3
[INFO] [stderr]     Checking rand_core v0.5.1
[INFO] [stderr]    Compiling libudev-sys v0.1.4
[INFO] [stderr]     Checking rand_core v0.6.4
[INFO] [stderr]     Checking robust v0.2.3
[INFO] [stderr]     Checking owned_ttf_parser v0.19.0
[INFO] [stderr]    Compiling bevy_macro_utils v0.11.3
[INFO] [stderr]    Compiling encase_derive_impl v0.6.1
[INFO] [stderr]     Checking ab_glyph v0.2.22
[INFO] [stderr]     Checking unicode-normalization v0.1.22
[INFO] [stderr]     Checking percent-encoding v2.3.0
[INFO] [stderr]     Checking unicode-bidi v0.3.13
[INFO] [stderr]     Checking glyph_brush_layout v0.2.3
[INFO] [stderr] error: could not compile `ash` (lib)
[INFO] [stderr] 
[INFO] [stderr] Caused by:
[INFO] [stderr]   process didn't exit successfully: `/opt/rustwide/rustup-home/toolchains/1.75.0-x86_64-unknown-linux-gnu/bin/rustc --crate-name ash --edition=2021 /opt/rustwide/cargo-home/registry/src/index.crates.io-6f17d22bba15001f/ash-0.37.3+1.3.251/src/lib.rs --error-format=json --json=diagnostic-rendered-ansi,artifacts,future-incompat --crate-type lib --emit=dep-info,metadata -C opt-level=3 -C embed-bitcode=no -C debuginfo=2 -C debug-assertions=on --cfg 'feature="debug"' --cfg 'feature="default"' --cfg 'feature="libloading"' --cfg 'feature="loaded"' -C metadata=48d6e2b5c8877329 -C extra-filename=-48d6e2b5c8877329 --out-dir /opt/rustwide/target/debug/deps -L dependency=/opt/rustwide/target/debug/deps --extern libloading=/opt/rustwide/target/debug/deps/liblibloading-a566ac0672d8b853.rmeta --cap-lints allow --cap-lints=warn` (signal: 9, SIGKILL: kill)
[INFO] [stderr] warning: build failed, waiting for other jobs to finish...
[INFO] [stdout] error[E0554]: `#![feature]` may not be used on the stable release channel
[INFO] [stdout]    --> /opt/rustwide/cargo-home/registry/src/index.crates.io-6f17d22bba15001f/packed_simd_2-0.3.8/src/lib.rs:214:1
[INFO] [stdout]     |
[INFO] [stdout] 214 | / #![feature(
[INFO] [stdout] 215 | |     adt_const_params,
[INFO] [stdout] 216 | |     repr_simd,
[INFO] [stdout] 217 | |     rustc_attrs,
[INFO] [stdout] ...   |
[INFO] [stdout] 224 | |     custom_inner_attributes,
[INFO] [stdout] 225 | | )]
[INFO] [stdout]     | |__^
[INFO] [stdout] 
[INFO] [stdout] 
[INFO] [stdout] error[E0554]: `#![feature]` may not be used on the stable release channel
[INFO] [stdout]    --> /opt/rustwide/cargo-home/registry/src/index.crates.io-6f17d22bba15001f/packed_simd_2-0.3.8/src/lib.rs:219:5
[INFO] [stdout]     |
[INFO] [stdout] 219 |     stdsimd,
[INFO] [stdout]     |     ^^^^^^^
[INFO] [stdout] 
[INFO] [stdout] 
[INFO] [stdout] error[E0554]: `#![feature]` may not be used on the stable release channel
[INFO] [stdout]    --> /opt/rustwide/cargo-home/registry/src/index.crates.io-6f17d22bba15001f/packed_simd_2-0.3.8/src/lib.rs:222:5
[INFO] [stdout]     |
[INFO] [stdout] 222 |     core_intrinsics,
[INFO] [stdout]     |     ^^^^^^^^^^^^^^^
[INFO] [stdout] 
[INFO] [stdout] 
[INFO] [stdout] error: unrecognized platform-specific intrinsic function: `simd_shuffle2`
[INFO] [stdout]   --> /opt/rustwide/cargo-home/registry/src/index.crates.io-6f17d22bba15001f/packed_simd_2-0.3.8/src/codegen/llvm.rs:10:5
[INFO] [stdout]    |
[INFO] [stdout] 10 |     pub fn simd_shuffle2<T, U>(x: T, y: T, idx: [u32; 2]) -> U;
[INFO] [stdout]    |     ^^^^^^^^^^^^^^^^^^^^^^^^^^^^^^^^^^^^^^^^^^^^^^^^^^^^^^^^^^^
[INFO] [stdout] 
[INFO] [stdout] 
[INFO] [stdout] error: unrecognized platform-specific intrinsic function: `simd_shuffle4`
[INFO] [stdout]   --> /opt/rustwide/cargo-home/registry/src/index.crates.io-6f17d22bba15001f/packed_simd_2-0.3.8/src/codegen/llvm.rs:11:5
[INFO] [stdout]    |
[INFO] [stdout] 11 |     pub fn simd_shuffle4<T, U>(x: T, y: T, idx: [u32; 4]) -> U;
[INFO] [stdout]    |     ^^^^^^^^^^^^^^^^^^^^^^^^^^^^^^^^^^^^^^^^^^^^^^^^^^^^^^^^^^^
[INFO] [stdout] 
[INFO] [stdout] 
[INFO] [stdout] error: unrecognized platform-specific intrinsic function: `simd_shuffle8`
[INFO] [stdout]   --> /opt/rustwide/cargo-home/registry/src/index.crates.io-6f17d22bba15001f/packed_simd_2-0.3.8/src/codegen/llvm.rs:12:5
[INFO] [stdout]    |
[INFO] [stdout] 12 |     pub fn simd_shuffle8<T, U>(x: T, y: T, idx: [u32; 8]) -> U;
[INFO] [stdout]    |     ^^^^^^^^^^^^^^^^^^^^^^^^^^^^^^^^^^^^^^^^^^^^^^^^^^^^^^^^^^^
[INFO] [stdout] 
[INFO] [stdout] 
[INFO] [stdout] error: unrecognized platform-specific intrinsic function: `simd_shuffle16`
[INFO] [stdout]   --> /opt/rustwide/cargo-home/registry/src/index.crates.io-6f17d22bba15001f/packed_simd_2-0.3.8/src/codegen/llvm.rs:13:5
[INFO] [stdout]    |
[INFO] [stdout] 13 |     pub fn simd_shuffle16<T, U>(x: T, y: T, idx: [u32; 16]) -> U;
[INFO] [stdout]    |     ^^^^^^^^^^^^^^^^^^^^^^^^^^^^^^^^^^^^^^^^^^^^^^^^^^^^^^^^^^^^^
[INFO] [stdout] 
[INFO] [stdout] 
[INFO] [stdout] error: unrecognized platform-specific intrinsic function: `simd_shuffle32`
[INFO] [stdout]   --> /opt/rustwide/cargo-home/registry/src/index.crates.io-6f17d22bba15001f/packed_simd_2-0.3.8/src/codegen/llvm.rs:14:5
[INFO] [stdout]    |
[INFO] [stdout] 14 |     pub fn simd_shuffle32<T, U>(x: T, y: T, idx: [u32; 32]) -> U;
[INFO] [stdout]    |     ^^^^^^^^^^^^^^^^^^^^^^^^^^^^^^^^^^^^^^^^^^^^^^^^^^^^^^^^^^^^^
[INFO] [stdout] 
[INFO] [stdout] 
[INFO] [stdout] error: unrecognized platform-specific intrinsic function: `simd_shuffle64`
[INFO] [stdout]   --> /opt/rustwide/cargo-home/registry/src/index.crates.io-6f17d22bba15001f/packed_simd_2-0.3.8/src/codegen/llvm.rs:15:5
[INFO] [stdout]    |
[INFO] [stdout] 15 |     pub fn simd_shuffle64<T, U>(x: T, y: T, idx: [u32; 64]) -> U;
[INFO] [stdout]    |     ^^^^^^^^^^^^^^^^^^^^^^^^^^^^^^^^^^^^^^^^^^^^^^^^^^^^^^^^^^^^^
[INFO] [stdout] 
[INFO] [stdout] 
[INFO] [stdout] error: aborting due to 9 previous errors
[INFO] [stdout] 
[INFO] [stdout] 
[INFO] [stdout] For more information about this error, try `rustc --explain E0554`.
[INFO] [stdout] 
[INFO] [stderr] error: could not compile `packed_simd_2` (lib) due to 10 previous errors
[INFO] running `Command { std: "docker" "inspect" "73a5f541ce3e516a38f78a115e6df38660ed86bd1a2a263ecb66995ae55fbaa2", kill_on_drop: false }`
[INFO] running `Command { std: "docker" "rm" "-f" "73a5f541ce3e516a38f78a115e6df38660ed86bd1a2a263ecb66995ae55fbaa2", kill_on_drop: false }`
[INFO] [stdout] 73a5f541ce3e516a38f78a115e6df38660ed86bd1a2a263ecb66995ae55fbaa2
