[INFO] cloning repository https://github.com/LSDfi-cafe/zkOracles
[INFO] running `Command { std: "git" "-c" "credential.helper=" "-c" "credential.helper=/workspace/cargo-home/bin/git-credential-null" "clone" "--bare" "https://github.com/LSDfi-cafe/zkOracles" "/workspace/cache/git-repos/https%3A%2F%2Fgithub.com%2FLSDfi-cafe%2FzkOracles", kill_on_drop: false }`
[INFO] [stderr] Cloning into bare repository '/workspace/cache/git-repos/https%3A%2F%2Fgithub.com%2FLSDfi-cafe%2FzkOracles'...
[INFO] running `Command { std: "git" "rev-parse" "HEAD", kill_on_drop: false }`
[INFO] [stdout] b80c4a99218f9a439a1356807e65e0a3ebb3822f
[INFO] documenting LSDfi-cafe/zkOracles against 1.75.0 for beta-1.76-rustdoc-1
[INFO] running `Command { std: "git" "clone" "/workspace/cache/git-repos/https%3A%2F%2Fgithub.com%2FLSDfi-cafe%2FzkOracles" "/workspace/builds/worker-6-tc1/source", kill_on_drop: false }`
[INFO] [stderr] Cloning into '/workspace/builds/worker-6-tc1/source'...
[INFO] [stderr] done.
[INFO] validating manifest of git repo https://github.com/LSDfi-cafe/zkOracles on toolchain 1.75.0
[INFO] running `Command { std: CARGO_HOME="/workspace/cargo-home" RUSTUP_HOME="/workspace/rustup-home" "/workspace/cargo-home/bin/cargo" "+1.75.0" "metadata" "--manifest-path" "Cargo.toml" "--no-deps", kill_on_drop: false }`
[INFO] removed /workspace/builds/worker-6-tc1/source/rust-toolchain
[INFO] started tweaking git repo https://github.com/LSDfi-cafe/zkOracles
[INFO] finished tweaking git repo https://github.com/LSDfi-cafe/zkOracles
[INFO] tweaked toml for git repo https://github.com/LSDfi-cafe/zkOracles written to /workspace/builds/worker-6-tc1/source/Cargo.toml
[INFO] crate git repo https://github.com/LSDfi-cafe/zkOracles already has a lockfile, it will not be regenerated
[INFO] running `Command { std: CARGO_HOME="/workspace/cargo-home" RUSTUP_HOME="/workspace/rustup-home" "/workspace/cargo-home/bin/cargo" "+1.75.0" "fetch" "--manifest-path" "Cargo.toml", kill_on_drop: false }`
[INFO] [stderr]     Updating crates.io index
[INFO] [stderr]     Updating git repository `https://github.com/mir-protocol/plonky2.git`
[INFO] [stderr]     Updating git repository `https://github.com/succinctlabs/succinctx.git`
[INFO] [stderr]     Updating git submodule `https://github.com/foundry-rs/forge-std`
[INFO] [stderr]     Updating git submodule `https://github.com/dapphub/ds-test`
[INFO] [stderr]     Updating git submodule `https://github.com/openzeppelin/openzeppelin-contracts`
[INFO] [stderr]     Updating git submodule `https://github.com/a16z/erc4626-tests.git`
[INFO] [stderr]     Updating git submodule `https://github.com/foundry-rs/forge-std`
[INFO] [stderr]     Updating git submodule `https://github.com/dapphub/ds-test`
[INFO] [stderr]     Updating git submodule `https://github.com/openzeppelin/openzeppelin-contracts-upgradeable`
[INFO] [stderr]     Updating git submodule `https://github.com/a16z/erc4626-tests.git`
[INFO] [stderr]     Updating git submodule `https://github.com/foundry-rs/forge-std`
[INFO] [stderr]     Updating git submodule `https://github.com/dapphub/ds-test`
[INFO] [stderr]     Updating git submodule `https://github.com/safe-global/safe-contracts`
[INFO] [stderr]     Updating git repository `https://github.com/succinctlabs/curta.git`
[INFO] [stderr]     Updating git repository `https://github.com/succinctlabs/curve25519-dalek.git`
[INFO] [stderr]     Blocking waiting for file lock on package cache
[INFO] [stderr]  Downloading crates ...
[INFO] [stderr]   Downloaded addchain v0.2.0
[INFO] [stderr]   Downloaded array-macro v2.1.5
[INFO] [stderr]   Downloaded alloy-sol-macro v0.4.2
[INFO] [stderr]   Downloaded keccak-hash v0.8.0
[INFO] [stderr]   Downloaded fastrlp v0.3.1
[INFO] [stderr]   Downloaded ff_derive v0.13.0
[INFO] [stderr]   Downloaded syn-solidity v0.4.2
[INFO] [stderr]   Downloaded platforms v3.1.2
[INFO] [stderr]   Downloaded alloy-sol-types v0.4.2
[INFO] [stderr]   Downloaded plonky2_maybe_rayon v0.1.1
[INFO] [stderr]   Downloaded svm-rs v0.3.2
[INFO] running `Command { std: "docker" "create" "-v" "/var/lib/crater-agent-workspace/builds/worker-6-tc1/target:/opt/rustwide/target:rw,Z" "-v" "/var/lib/crater-agent-workspace/builds/worker-6-tc1/source:/opt/rustwide/workdir:ro,Z" "-v" "/var/lib/crater-agent-workspace/cargo-home:/opt/rustwide/cargo-home:ro,Z" "-v" "/var/lib/crater-agent-workspace/rustup-home:/opt/rustwide/rustup-home:ro,Z" "-e" "SOURCE_DIR=/opt/rustwide/workdir" "-e" "CARGO_TARGET_DIR=/opt/rustwide/target" "-e" "CARGO_HOME=/opt/rustwide/cargo-home" "-e" "RUSTUP_HOME=/opt/rustwide/rustup-home" "-w" "/opt/rustwide/workdir" "-m" "1610612736" "--user" "0:0" "--network" "none" "ghcr.io/rust-lang/crates-build-env/linux@sha256:2788e3201cd34a07e3172128adcd8b3090168a8e3bcc40d7c032b9dda1df7d1c" "/opt/rustwide/cargo-home/bin/cargo" "+1.75.0" "metadata" "--no-deps" "--format-version=1", kill_on_drop: false }`
[INFO] [stdout] e3659f382cc0b28859eb5fc1be3e5c20156cb7b30fe9e1ba88f2cc61e918b46d
[INFO] running `Command { std: "docker" "start" "-a" "e3659f382cc0b28859eb5fc1be3e5c20156cb7b30fe9e1ba88f2cc61e918b46d", kill_on_drop: false }`
[INFO] running `Command { std: "docker" "inspect" "e3659f382cc0b28859eb5fc1be3e5c20156cb7b30fe9e1ba88f2cc61e918b46d", kill_on_drop: false }`
[INFO] running `Command { std: "docker" "rm" "-f" "e3659f382cc0b28859eb5fc1be3e5c20156cb7b30fe9e1ba88f2cc61e918b46d", kill_on_drop: false }`
[INFO] [stdout] e3659f382cc0b28859eb5fc1be3e5c20156cb7b30fe9e1ba88f2cc61e918b46d
[INFO] running `Command { std: "docker" "create" "-v" "/var/lib/crater-agent-workspace/builds/worker-6-tc1/target:/opt/rustwide/target:rw,Z" "-v" "/var/lib/crater-agent-workspace/builds/worker-6-tc1/source:/opt/rustwide/workdir:ro,Z" "-v" "/var/lib/crater-agent-workspace/cargo-home:/opt/rustwide/cargo-home:ro,Z" "-v" "/var/lib/crater-agent-workspace/rustup-home:/opt/rustwide/rustup-home:ro,Z" "-e" "SOURCE_DIR=/opt/rustwide/workdir" "-e" "CARGO_TARGET_DIR=/opt/rustwide/target" "-e" "CARGO_INCREMENTAL=0" "-e" "RUST_BACKTRACE=full" "-e" "RUSTFLAGS=--cap-lints=warn" "-e" "RUSTDOCFLAGS=--cap-lints=warn" "-e" "CARGO_HOME=/opt/rustwide/cargo-home" "-e" "RUSTUP_HOME=/opt/rustwide/rustup-home" "-w" "/opt/rustwide/workdir" "-m" "1610612736" "--user" "0:0" "--network" "none" "ghcr.io/rust-lang/crates-build-env/linux@sha256:2788e3201cd34a07e3172128adcd8b3090168a8e3bcc40d7c032b9dda1df7d1c" "/opt/rustwide/cargo-home/bin/cargo" "+1.75.0" "doc" "--frozen" "--no-deps" "--document-private-items" "--message-format=json", kill_on_drop: false }`
[INFO] [stdout] e82ceeb883b5a76d6a4118fd0545f122eb834c9d4a899286130853dcf0d6da6a
[INFO] running `Command { std: "docker" "start" "-a" "e82ceeb883b5a76d6a4118fd0545f122eb834c9d4a899286130853dcf0d6da6a", kill_on_drop: false }`
[INFO] [stderr]    Compiling proc-macro2 v1.0.69
[INFO] [stderr]    Compiling libc v0.2.149
[INFO] [stderr]    Compiling serde v1.0.190
[INFO] [stderr]    Compiling syn v1.0.109
[INFO] [stderr]     Checking zeroize v1.6.0
[INFO] [stderr]    Compiling once_cell v1.18.0
[INFO] [stderr]    Compiling crunchy v0.2.2
[INFO] [stderr]    Compiling hashbrown v0.14.2
[INFO] [stderr]    Compiling generic-array v0.14.7
[INFO] [stderr]    Compiling equivalent v1.0.1
[INFO] [stderr]     Checking subtle v2.5.0
[INFO] [stderr]    Compiling winnow v0.5.17
[INFO] [stderr]     Checking const-oid v0.9.5
[INFO] [stderr]     Checking byteorder v1.5.0
[INFO] [stderr]     Checking cpufeatures v0.2.11
[INFO] [stderr]    Compiling num-traits v0.2.17
[INFO] [stderr]    Compiling tiny-keccak v2.0.2
[INFO] [stderr]    Compiling num-integer v0.1.45
[INFO] [stderr]    Compiling typenum v1.17.0
[INFO] [stderr]    Compiling num-bigint v0.3.3
[INFO] [stderr]    Compiling semver v1.0.20
[INFO] [stderr]    Compiling radium v0.7.0
[INFO] [stderr]     Checking wyz v0.5.1
[INFO] [stderr]    Compiling quote v1.0.33
[INFO] [stderr]    Compiling indexmap v2.0.2
[INFO] [stderr]     Checking der v0.7.8
[INFO] [stderr]    Compiling syn v2.0.38
[INFO] [stderr]     Checking funty v2.0.0
[INFO] [stderr]     Checking crypto-common v0.1.6
[INFO] [stderr]     Checking block-buffer v0.10.4
[INFO] [stderr]    Compiling serde_json v1.0.108
[INFO] [stderr]     Checking smallvec v1.11.1
[INFO] [stderr]     Checking digest v0.10.7
[INFO] [stderr]     Checking uint v0.9.5
[INFO] [stderr]    Compiling cc v1.0.83
[INFO] [stderr]    Compiling getrandom v0.2.10
[INFO] [stderr]    Compiling proc-macro-error-attr v1.0.4
[INFO] [stderr]     Checking arrayvec v0.7.4
[INFO] [stderr]    Compiling rand_core v0.6.4
[INFO] [stderr]     Checking sha2 v0.10.8
[INFO] [stderr]     Checking hmac v0.12.1
[INFO] [stderr]     Checking parking_lot_core v0.9.9
[INFO] [stderr]     Checking byte-slice-cast v1.2.2
[INFO] [stderr]    Compiling rustversion v1.0.14
[INFO] [stderr]    Compiling camino v1.1.6
[INFO] [stderr]     Checking bitvec v1.0.1
[INFO] [stderr]    Compiling futures-task v0.3.29
[INFO] [stderr]     Checking parking_lot v0.12.1
[INFO] [stderr]     Checking rand_chacha v0.3.1
[INFO] [stderr]     Checking spki v0.7.2
[INFO] [stderr]     Checking num_cpus v1.16.0
[INFO] [stderr]     Checking mio v0.8.9
[INFO] [stderr]     Checking socket2 v0.5.5
[INFO] [stderr]     Checking signal-hook-registry v1.4.1
[INFO] [stderr]     Checking rand v0.8.5
[INFO] [stderr]     Checking base16ct v0.2.0
[INFO] [stderr]     Checking either v1.9.0
[INFO] [stderr]     Checking keccak v0.1.4
[INFO] [stderr]     Checking pkcs8 v0.10.2
[INFO] [stderr]     Checking sec1 v0.7.3
[INFO] [stderr]     Checking crypto-bigint v0.5.3
[INFO] [stderr]    Compiling futures-util v0.3.29
[INFO] [stderr]     Checking signature v2.1.0
[INFO] [stderr]     Checking rfc6979 v0.4.0
[INFO] [stderr]     Checking sha3 v0.10.8
[INFO] [stderr]     Checking tracing-core v0.1.32
[INFO] [stderr]    Compiling rustix v0.38.21
[INFO] [stderr]    Compiling rustc-hex v2.1.0
[INFO] [stderr]    Compiling hex v0.4.3
[INFO] [stderr]     Checking spin v0.9.8
[INFO] [stderr]     Checking untrusted v0.9.0
[INFO] [stderr]    Compiling ppv-lite86 v0.2.17
[INFO] [stderr]     Checking regex-automata v0.4.3
[INFO] [stderr]     Checking unicode-ident v1.0.12
[INFO] [stderr]    Compiling wasm-bindgen-shared v0.2.87
[INFO] [stderr]    Compiling ring v0.17.5
[INFO] [stderr]    Compiling openssl-sys v0.9.93
[INFO] [stderr]     Checking linux-raw-sys v0.4.10
[INFO] [stderr]    Compiling static_assertions v1.1.0
[INFO] [stderr]     Checking fixed-hash v0.8.0
[INFO] [stderr]     Checking rayon v1.8.0
[INFO] [stderr]    Compiling const-random-macro v0.1.16
[INFO] [stderr]    Compiling ahash v0.8.6
[INFO] [stderr]    Compiling rustls v0.21.8
[INFO] [stderr]     Checking num-bigint v0.4.4
[INFO] [stderr]     Checking const-hex v1.10.0
[INFO] [stderr]     Checking const-random v0.1.16
[INFO] [stderr]     Checking zerocopy v0.7.20
[INFO] [stderr]    Compiling addchain v0.2.0
[INFO] [stderr]    Compiling bumpalo v3.14.0
[INFO] [stderr]    Compiling openssl v0.10.57
[INFO] [stderr]    Compiling memchr v2.6.4
[INFO] [stderr]    Compiling ff v0.13.0
[INFO] [stderr]     Checking fastrand v2.0.1
[INFO] [stderr]    Compiling regex-syntax v0.8.2
[INFO] [stderr]    Compiling aho-corasick v1.1.2
[INFO] [stderr]    Compiling group v0.13.0
[INFO] [stderr]    Compiling native-tls v0.2.11
[INFO] [stderr]     Checking chrono v0.4.31
[INFO] [stderr]    Compiling wasm-bindgen-backend v0.2.87
[INFO] [stderr]     Checking socket2 v0.4.10
[INFO] [stderr]    Compiling proc-macro-error v1.0.4
[INFO] [stderr]     Checking inout v0.1.3
[INFO] [stderr]    Compiling prettyplease v0.2.15
[INFO] [stderr]    Compiling wasm-bindgen v0.2.87
[INFO] [stderr]     Checking regex v1.10.2
[INFO] [stderr]    Compiling itoa v1.0.9
[INFO] [stderr]    Compiling ryu v1.0.15
[INFO] [stderr]     Checking tempfile v3.8.1
[INFO] [stderr]     Checking unicode-xid v0.2.4
[INFO] [stderr]    Compiling eyre v0.6.8
[INFO] [stderr]     Checking cipher v0.4.4
[INFO] [stderr]    Compiling async-trait v0.1.74
[INFO] [stderr]    Compiling bitflags v2.4.1
[INFO] [stderr]    Compiling time-macros v0.2.15
[INFO] [stderr]     Checking deranged v0.3.9
[INFO] [stderr]    Compiling wasm-bindgen-macro-support v0.2.87
[INFO] [stderr]    Compiling ring v0.16.20
[INFO] [stderr]    Compiling dunce v1.0.4
[INFO] [stderr]     Checking webpki-roots v0.25.2
[INFO] [stderr]     Checking rustls-pemfile v1.0.3
[INFO] [stderr]     Checking bs58 v0.5.0
[INFO] [stderr]     Checking sha1 v0.10.6
[INFO] [stderr]    Compiling elliptic-curve v0.13.6
[INFO] [stderr]     Checking ripemd v0.1.3
[INFO] [stderr]    Compiling num-rational v0.4.1
[INFO] [stderr]    Compiling num-iter v0.1.43
[INFO] [stderr]    Compiling indenter v0.3.3
[INFO] [stderr]    Compiling ecdsa v0.16.8
[INFO] [stderr]     Checking data-encoding v2.4.0
[INFO] [stderr]     Checking bech32 v0.9.1
[INFO] [stderr]    Compiling walkdir v2.4.0
[INFO] [stderr]     Checking pem v1.1.1
[INFO] [stderr]    Compiling k256 v0.13.1
[INFO] [stderr]     Checking salsa20 v0.10.2
[INFO] [stderr]     Checking pbkdf2 v0.11.0
[INFO] [stderr]     Checking fxhash v0.2.1
[INFO] [stderr]     Checking time v0.3.30
[INFO] [stderr]     Checking send_wrapper v0.4.0
[INFO] [stderr]     Checking Inflector v0.11.4
[INFO] [stderr]    Compiling darling_core v0.20.3
[INFO] [stderr]     Checking scrypt v0.10.0
[INFO] [stderr]     Checking hashers v1.0.1
[INFO] [stderr]    Compiling impl-trait-for-tuples v0.2.2
[INFO] [stderr]    Compiling serde_derive v1.0.190
[INFO] [stderr]    Compiling thiserror-impl v1.0.50
[INFO] [stderr]    Compiling rlp-derive v0.1.0
[INFO] [stderr]    Compiling derive_more v0.99.17
[INFO] [stderr]    Compiling ff_derive v0.13.0
[INFO] [stderr]    Compiling tokio-macros v2.1.0
[INFO] [stderr]    Compiling futures-macro v0.3.29
[INFO] [stderr]    Compiling strum_macros v0.25.3
[INFO] [stderr]    Compiling tracing-attributes v0.1.27
[INFO] [stderr]    Compiling auto_impl v1.1.0
[INFO] [stderr]     Checking rustls-webpki v0.101.7
[INFO] [stderr]     Checking sct v0.7.1
[INFO] [stderr]    Compiling openssl-macros v0.1.1
[INFO] [stderr]    Compiling wasm-bindgen-macro v0.2.87
[INFO] [stderr]    Compiling pin-project-internal v1.1.3
[INFO] [stderr]     Checking thiserror v1.0.50
[INFO] [stderr]     Checking simple_asn1 v0.6.2
[INFO] [stderr]     Checking tracing v0.1.40
[INFO] [stderr]     Checking js-sys v0.3.64
[INFO] [stderr]     Checking ctr v0.9.2
[INFO] [stderr]     Checking aes v0.8.3
[INFO] [stderr]     Checking num-complex v0.4.4
[INFO] [stderr]     Checking strum v0.25.0
[INFO] [stderr]     Checking pbkdf2 v0.12.2
[INFO] [stderr]     Checking fixed-hash v0.7.0
[INFO] [stderr]     Checking instant v0.1.12
[INFO] [stderr]    Compiling paste v1.0.14
[INFO] [stderr]     Checking primitive-types v0.10.1
[INFO] [stderr]    Compiling darling_macro v0.20.3
[INFO] [stderr]    Compiling unroll v0.1.5
[INFO] [stderr]     Checking itertools v0.11.0
[INFO] [stderr]     Checking digest v0.9.0
[INFO] [stderr]     Checking pin-project v1.1.3
[INFO] [stderr]     Checking plonky2_util v0.1.1 (https://github.com/mir-protocol/plonky2.git#6332900d)
[INFO] [stderr]     Checking num v0.4.1
[INFO] [stderr]     Checking tracing-futures v0.2.5
[INFO] [stderr]    Compiling platforms v3.1.2
[INFO] [stderr]     Checking plonky2_maybe_rayon v0.1.1 (https://github.com/mir-protocol/plonky2.git#6332900d)
[INFO] [stderr]    Compiling backtrace v0.3.69
[INFO] [stderr]     Checking futures-locks v0.7.1
[INFO] [stderr]     Checking block-buffer v0.9.0
[INFO] [stderr]     Checking gimli v0.28.0
[INFO] [stderr]    Compiling ruint-macro v1.1.0
[INFO] [stderr]     Checking subtle-ng v2.5.0
[INFO] [stderr]     Checking clap_builder v4.4.7
[INFO] [stderr]     Checking curve25519-dalek-ng v4.1.1
[INFO] [stderr]     Checking sha2 v0.9.9
[INFO] [stderr]     Checking miniz_oxide v0.7.1
[INFO] [stderr]     Checking keccak-hash v0.8.0
[INFO] [stderr]    Compiling darling v0.20.3
[INFO] [stderr]    Compiling clap_derive v4.4.7
[INFO] [stderr]    Compiling curve25519-dalek-derive v0.1.0 (https://github.com/succinctlabs/curve25519-dalek.git?branch=feature/edwards-point-getters#e2d1bd10)
[INFO] [stderr]     Checking is-terminal v0.4.9
[INFO] [stderr]     Checking ruint v1.10.1
[INFO] [stderr]    Compiling serde_with_macros v3.4.0
[INFO] [stderr]    Compiling syn-solidity v0.4.2
[INFO] [stderr]     Checking plonky2_maybe_rayon v0.1.1
[INFO] [stderr]     Checking itertools v0.10.5
[INFO] [stderr]     Checking futures-executor v0.3.29
[INFO] [stderr]     Checking object v0.32.1
[INFO] [stderr]     Checking subtle-encoding v0.5.1
[INFO] [stderr]     Checking rustc-demangle v0.1.23
[INFO] [stderr]     Checking gloo-timers v0.2.6
[INFO] [stderr]     Checking termcolor v1.3.0
[INFO] [stderr]     Checking futures-timer v3.0.2
[INFO] [stderr]     Checking hex-literal v0.4.1
[INFO] [stderr]     Checking futures v0.3.29
[INFO] [stderr]    Compiling plonky2x-derive v0.1.0 (https://github.com/succinctlabs/succinctx.git#c19242c4)
[INFO] [stderr]     Checking env_logger v0.10.0
[INFO] [stderr]     Checking array-macro v2.1.5
[INFO] [stderr]     Checking addr2line v0.21.0
[INFO] [stderr]     Checking clap v4.4.7
[INFO] [stderr]     Checking bytes v1.5.0
[INFO] [stderr]     Checking impl-serde v0.4.0
[INFO] [stderr]     Checking cargo-platform v0.1.4
[INFO] [stderr]     Checking toml_datetime v0.6.5
[INFO] [stderr]     Checking serde_urlencoded v0.7.1
[INFO] [stderr]     Checking serde_spanned v0.6.4
[INFO] [stderr]     Checking coins-core v0.8.7
[INFO] [stderr]     Checking uuid v0.8.2
[INFO] [stderr]     Checking plonky2_field v0.1.1 (https://github.com/mir-protocol/plonky2.git#6332900d)
[INFO] [stderr]     Checking bincode v1.3.3
[INFO] [stderr]     Checking ed25519-consensus v2.1.0
[INFO] [stderr]     Checking serde_with v3.4.0
[INFO] [stderr]     Checking uuid v1.5.0
[INFO] [stderr]     Checking serde_plain v1.0.2
[INFO] [stderr]     Checking coins-bip32 v0.8.7
[INFO] [stdout] error[E0554]: `#![feature]` may not be used on the stable release channel
[INFO] [stdout]  --> /opt/rustwide/cargo-home/git/checkouts/plonky2-7767d84a5a370f2d/6332900/field/src/lib.rs:6:1
[INFO] [stdout]   |
[INFO] [stdout] 6 | #![feature(stdsimd)]
[INFO] [stdout]   | ^^^^^^^^^^^^^^^^^^^^
[INFO] [stdout] 
[INFO] [stdout] 
[INFO] [stdout] error[E0554]: `#![feature]` may not be used on the stable release channel
[INFO] [stdout]  --> /opt/rustwide/cargo-home/git/checkouts/plonky2-7767d84a5a370f2d/6332900/field/src/lib.rs:7:1
[INFO] [stdout]   |
[INFO] [stdout] 7 | #![feature(specialization)]
[INFO] [stdout]   | ^^^^^^^^^^^^^^^^^^^^^^^^^^^
[INFO] [stdout] 
[INFO] [stdout] 
[INFO] [stderr]     Checking rlp v0.5.2
[INFO] [stdout] error[E0554]: `#![feature]` may not be used on the stable release channel
[INFO] [stdout]  --> /opt/rustwide/cargo-home/git/checkouts/plonky2-7767d84a5a370f2d/6332900/field/src/lib.rs:6:12
[INFO] [stdout]   |
[INFO] [stdout] 6 | #![feature(stdsimd)]
[INFO] [stdout]   |            ^^^^^^^
[INFO] [stdout] 
[INFO] [stdout] 
[INFO] [stderr]     Checking tokio v1.33.0
[INFO] [stderr]     Checking http v0.2.9
[INFO] [stderr]     Checking alloy-primitives v0.4.2
[INFO] [stderr]     Checking impl-rlp v0.3.0
[INFO] [stderr]    Compiling toml_edit v0.19.15
[INFO] [stderr]    Compiling toml_edit v0.20.7
[INFO] [stderr]     Checking enr v0.9.1
[INFO] [stdout] error: aborting due to 3 previous errors
[INFO] [stdout] 
[INFO] [stdout] 
[INFO] [stdout] For more information about this error, try `rustc --explain E0554`.
[INFO] [stdout] 
[INFO] [stderr] error: could not compile `plonky2_field` (lib) due to 4 previous errors
[INFO] [stderr] warning: build failed, waiting for other jobs to finish...
[INFO] running `Command { std: "docker" "inspect" "e82ceeb883b5a76d6a4118fd0545f122eb834c9d4a899286130853dcf0d6da6a", kill_on_drop: false }`
[INFO] running `Command { std: "docker" "rm" "-f" "e82ceeb883b5a76d6a4118fd0545f122eb834c9d4a899286130853dcf0d6da6a", kill_on_drop: false }`
[INFO] [stdout] e82ceeb883b5a76d6a4118fd0545f122eb834c9d4a899286130853dcf0d6da6a
