[INFO] cloning repository https://github.com/LFalch/cowfarg
[INFO] running `Command { std: "git" "-c" "credential.helper=" "-c" "credential.helper=/workspace/cargo-home/bin/git-credential-null" "clone" "--bare" "https://github.com/LFalch/cowfarg" "/workspace/cache/git-repos/https%3A%2F%2Fgithub.com%2FLFalch%2Fcowfarg", kill_on_drop: false }`
[INFO] [stderr] Cloning into bare repository '/workspace/cache/git-repos/https%3A%2F%2Fgithub.com%2FLFalch%2Fcowfarg'...
[INFO] running `Command { std: "git" "rev-parse" "HEAD", kill_on_drop: false }`
[INFO] [stdout] 8a59cb42e47918bb44b7dd05787feb53402c9c7b
[INFO] documenting LFalch/cowfarg against 1.75.0 for beta-1.76-rustdoc-1
[INFO] running `Command { std: "git" "clone" "/workspace/cache/git-repos/https%3A%2F%2Fgithub.com%2FLFalch%2Fcowfarg" "/workspace/builds/worker-7-tc1/source", kill_on_drop: false }`
[INFO] [stderr] Cloning into '/workspace/builds/worker-7-tc1/source'...
[INFO] [stderr] done.
[INFO] validating manifest of git repo https://github.com/LFalch/cowfarg on toolchain 1.75.0
[INFO] running `Command { std: CARGO_HOME="/workspace/cargo-home" RUSTUP_HOME="/workspace/rustup-home" "/workspace/cargo-home/bin/cargo" "+1.75.0" "metadata" "--manifest-path" "Cargo.toml" "--no-deps", kill_on_drop: false }`
[INFO] started tweaking git repo https://github.com/LFalch/cowfarg
[INFO] finished tweaking git repo https://github.com/LFalch/cowfarg
[INFO] tweaked toml for git repo https://github.com/LFalch/cowfarg written to /workspace/builds/worker-7-tc1/source/Cargo.toml
[INFO] crate git repo https://github.com/LFalch/cowfarg already has a lockfile, it will not be regenerated
[INFO] running `Command { std: CARGO_HOME="/workspace/cargo-home" RUSTUP_HOME="/workspace/rustup-home" "/workspace/cargo-home/bin/cargo" "+1.75.0" "fetch" "--manifest-path" "Cargo.toml", kill_on_drop: false }`
[INFO] [stderr]     Updating crates.io index
[INFO] [stderr]     Blocking waiting for file lock on package cache
[INFO] [stderr]  Downloading crates ...
[INFO] [stderr]   Downloaded glutin_glx_sys v0.1.5
[INFO] [stderr]   Downloaded glutin v0.20.1
[INFO] [stderr]   Downloaded euclid v0.19.9
[INFO] [stderr]   Downloaded wasm-bindgen-macro-support v0.2.48
[INFO] [stderr]   Downloaded twox-hash v1.1.2
[INFO] [stderr]   Downloaded gfx_gl v0.6.0
[INFO] [stderr]   Downloaded wasm-bindgen-shared v0.2.48
[INFO] [stderr]   Downloaded lyon v0.13.5
[INFO] [stderr]   Downloaded memchr v2.1.2
[INFO] [stderr]   Downloaded lyon_algorithms v0.13.4
[INFO] [stderr]   Downloaded wasm-bindgen v0.2.48
[INFO] [stderr]   Downloaded lyon_tessellation v0.13.5
[INFO] [stderr]   Downloaded ggez v0.5.1
[INFO] [stderr]   Downloaded gilrs v0.7.3
[INFO] [stderr]   Downloaded glyph_brush v0.5.4
[INFO] [stderr]   Downloaded rodio v0.9.0
[INFO] [stderr]   Downloaded self-compare v0.2.0
[INFO] [stderr]   Downloaded lyon_geom v0.12.7
[INFO] [stderr]   Downloaded wasm-bindgen-macro v0.2.48
[INFO] [stderr]   Downloaded rusty-xinput v1.1.0
[INFO] [stderr]   Downloaded png v0.15.2
[INFO] [stderr]   Downloaded gilrs-core v0.2.5
[INFO] [stderr]   Downloaded rustc-demangle v0.1.11
[INFO] [stderr]   Downloaded directories v2.0.2
[INFO] [stderr]   Downloaded wasm-bindgen-backend v0.2.48
[INFO] [stderr]   Downloaded lyon_path v0.13.2
[INFO] running `Command { std: "docker" "create" "-v" "/var/lib/crater-agent-workspace/builds/worker-7-tc1/target:/opt/rustwide/target:rw,Z" "-v" "/var/lib/crater-agent-workspace/builds/worker-7-tc1/source:/opt/rustwide/workdir:ro,Z" "-v" "/var/lib/crater-agent-workspace/cargo-home:/opt/rustwide/cargo-home:ro,Z" "-v" "/var/lib/crater-agent-workspace/rustup-home:/opt/rustwide/rustup-home:ro,Z" "-e" "SOURCE_DIR=/opt/rustwide/workdir" "-e" "CARGO_TARGET_DIR=/opt/rustwide/target" "-e" "CARGO_HOME=/opt/rustwide/cargo-home" "-e" "RUSTUP_HOME=/opt/rustwide/rustup-home" "-w" "/opt/rustwide/workdir" "-m" "1610612736" "--user" "0:0" "--network" "none" "ghcr.io/rust-lang/crates-build-env/linux@sha256:2788e3201cd34a07e3172128adcd8b3090168a8e3bcc40d7c032b9dda1df7d1c" "/opt/rustwide/cargo-home/bin/cargo" "+1.75.0" "metadata" "--no-deps" "--format-version=1", kill_on_drop: false }`
[INFO] [stdout] 6d0eb81119f829239e7c04a21a709c536e3bb0b69bde12b0f9847d8a130201d3
[INFO] running `Command { std: "docker" "start" "-a" "6d0eb81119f829239e7c04a21a709c536e3bb0b69bde12b0f9847d8a130201d3", kill_on_drop: false }`
[INFO] running `Command { std: "docker" "inspect" "6d0eb81119f829239e7c04a21a709c536e3bb0b69bde12b0f9847d8a130201d3", kill_on_drop: false }`
[INFO] running `Command { std: "docker" "rm" "-f" "6d0eb81119f829239e7c04a21a709c536e3bb0b69bde12b0f9847d8a130201d3", kill_on_drop: false }`
[INFO] [stdout] 6d0eb81119f829239e7c04a21a709c536e3bb0b69bde12b0f9847d8a130201d3
[INFO] running `Command { std: "docker" "create" "-v" "/var/lib/crater-agent-workspace/builds/worker-7-tc1/target:/opt/rustwide/target:rw,Z" "-v" "/var/lib/crater-agent-workspace/builds/worker-7-tc1/source:/opt/rustwide/workdir:ro,Z" "-v" "/var/lib/crater-agent-workspace/cargo-home:/opt/rustwide/cargo-home:ro,Z" "-v" "/var/lib/crater-agent-workspace/rustup-home:/opt/rustwide/rustup-home:ro,Z" "-e" "SOURCE_DIR=/opt/rustwide/workdir" "-e" "CARGO_TARGET_DIR=/opt/rustwide/target" "-e" "CARGO_INCREMENTAL=0" "-e" "RUST_BACKTRACE=full" "-e" "RUSTFLAGS=--cap-lints=warn" "-e" "RUSTDOCFLAGS=--cap-lints=warn" "-e" "CARGO_HOME=/opt/rustwide/cargo-home" "-e" "RUSTUP_HOME=/opt/rustwide/rustup-home" "-w" "/opt/rustwide/workdir" "-m" "1610612736" "--user" "0:0" "--network" "none" "ghcr.io/rust-lang/crates-build-env/linux@sha256:2788e3201cd34a07e3172128adcd8b3090168a8e3bcc40d7c032b9dda1df7d1c" "/opt/rustwide/cargo-home/bin/cargo" "+1.75.0" "doc" "--frozen" "--no-deps" "--document-private-items" "--message-format=json", kill_on_drop: false }`
[INFO] [stdout] 5ec1e7783f8e9f9165aa4db9ebfeb810e4bacf6c4b9e495d4ac99844bf9323fc
[INFO] running `Command { std: "docker" "start" "-a" "5ec1e7783f8e9f9165aa4db9ebfeb810e4bacf6c4b9e495d4ac99844bf9323fc", kill_on_drop: false }`
[INFO] [stderr]    Compiling libc v0.2.66
[INFO] [stderr]    Compiling serde v1.0.103
[INFO] [stderr]     Checking cfg-if v0.1.6
[INFO] [stderr]    Compiling cc v1.0.28
[INFO] [stderr]    Compiling proc-macro2 v0.4.24
[INFO] [stderr]    Compiling unicode-xid v0.1.0
[INFO] [stderr]    Compiling xml-rs v0.8.0
[INFO] [stderr]     Checking lazy_static v1.2.0
[INFO] [stderr]     Checking byteorder v1.2.7
[INFO] [stderr]    Compiling syn v0.15.44
[INFO] [stderr]     Checking bitflags v1.0.4
[INFO] [stderr]    Compiling pkg-config v0.3.14
[INFO] [stderr]    Compiling khronos_api v3.1.0
[INFO] [stderr]    Compiling num-traits v0.2.10
[INFO] [stderr]    Compiling crossbeam-utils v0.7.0
[INFO] [stderr]    Compiling log v0.4.6
[INFO] [stderr]     Checking scopeguard v1.0.0
[INFO] [stderr]    Compiling crossbeam-epoch v0.8.0
[INFO] [stderr]    Compiling maybe-uninit v2.0.0
[INFO] [stderr]     Checking void v1.0.2
[INFO] [stderr]     Checking rand_core v0.3.0
[INFO] [stderr]     Checking rustc-hash v1.0.1
[INFO] [stderr]     Checking stb_truetype v0.3.1
[INFO] [stderr]     Checking arrayvec v0.5.1
[INFO] [stderr]     Checking linked-hash-map v0.5.1
[INFO] [stderr]    Compiling nix v0.14.1
[INFO] [stderr]    Compiling backtrace v0.3.13
[INFO] [stderr]    Compiling num-integer v0.1.39
[INFO] [stderr]    Compiling version_check v0.1.5
[INFO] [stderr]    Compiling arrayvec v0.4.10
[INFO] [stderr]    Compiling ryu v1.0.2
[INFO] [stderr]    Compiling x11-dl v2.18.4
[INFO] [stderr]     Checking rand_isaac v0.1.1
[INFO] [stderr]     Checking smallvec v0.6.13
[INFO] [stderr]     Checking rand_xorshift v0.1.0
[INFO] [stderr]    Compiling quote v0.6.10
[INFO] [stderr]    Compiling gl_generator v0.11.0
[INFO] [stderr]     Checking rand_hc v0.1.0
[INFO] [stderr]    Compiling error-chain v0.12.1
[INFO] [stderr]     Checking nodrop v0.1.13
[INFO] [stderr]     Checking same-file v1.0.5
[INFO] [stderr]     Checking downcast-rs v1.1.1
[INFO] [stderr]    Compiling rustc-demangle v0.1.11
[INFO] [stderr]     Checking walkdir v2.2.9
[INFO] [stderr]    Compiling wayland-scanner v0.21.13
[INFO] [stderr]    Compiling gl_generator v0.13.1
[INFO] [stderr]    Compiling num-rational v0.2.2
[INFO] [stderr]    Compiling num-complex v0.2.3
[INFO] [stderr]    Compiling crc32fast v1.2.0
[INFO] [stderr]    Compiling libloading v0.5.2
[INFO] [stderr]    Compiling backtrace-sys v0.1.28
[INFO] [stderr]     Checking xdg v2.2.0
[INFO] [stderr]     Checking approx v0.3.2
[INFO] [stderr]     Checking ordered-float v1.0.2
[INFO] [stderr]     Checking line_drawing v0.7.0
[INFO] [stderr]    Compiling libm v0.1.4
[INFO] [stderr]    Compiling pulldown-cmark v0.2.0
[INFO] [stderr]    Compiling itoa v0.4.4
[INFO] [stderr]    Compiling typenum v1.10.0
[INFO] [stderr]     Checking num_cpus v1.11.1
[INFO] [stderr]     Checking memmap v0.7.0
[INFO] [stderr]    Compiling rand v0.4.3
[INFO] [stderr]    Compiling glutin_glx_sys v0.1.5
[INFO] [stderr]     Checking dlib v0.4.1
[INFO] [stderr]    Compiling gfx_gl v0.6.0
[INFO] [stderr]     Checking num-traits v0.1.43
[INFO] [stderr]     Checking wayland-sys v0.21.13
[INFO] [stderr]    Compiling bzip2-sys v0.1.7
[INFO] [stderr]    Compiling minimp3-sys v0.3.1
[INFO] [stderr]    Compiling glutin_egl_sys v0.1.4
[INFO] [stderr]    Compiling alsa-sys v0.1.2
[INFO] [stderr]    Compiling libudev-sys v0.1.4
[INFO] [stderr]     Checking lock_api v0.3.2
[INFO] [stderr]     Checking draw_state v0.8.0
[INFO] [stderr]    Compiling nix v0.15.0
[INFO] [stderr]     Checking adler32 v1.0.3
[INFO] [stderr]    Compiling num-derive v0.2.3
[INFO] [stderr]    Compiling getrandom v0.1.13
[INFO] [stderr]    Compiling remove_dir_all v0.5.2
[INFO] [stderr]    Compiling tempdir v0.3.7
[INFO] [stderr]     Checking gfx_core v0.9.2
[INFO] [stderr]    Compiling wayland-client v0.21.13
[INFO] [stderr]    Compiling wayland-protocols v0.21.13
[INFO] [stderr]     Checking sid v0.5.2
[INFO] [stderr]    Compiling xcb v0.8.2
[INFO] [stderr]     Checking raw-window-handle v0.3.3
[INFO] [stderr]     Checking shared_library v0.1.9
[INFO] [stderr]    Compiling num-iter v0.1.37
[INFO] [stderr]    Compiling glob v0.2.11
[INFO] [stderr]     Checking xi-unicode v0.2.0
[INFO] [stderr]     Checking rawpointer v0.2.1
[INFO] [stderr]    Compiling bytecount v0.4.0
[INFO] [stderr]     Checking percent-encoding v2.1.0
[INFO] [stderr]     Checking lzw v0.10.0
[INFO] [stderr]    Compiling semver v0.9.0
[INFO] [stderr]    Compiling serde_json v1.0.44
[INFO] [stderr]     Checking matrixmultiply v0.2.3
[INFO] [stderr]     Checking osmesa-sys v0.1.2
[INFO] [stderr]     Checking alga v0.9.2
[INFO] [stderr]    Compiling rustc_version v0.2.3
[INFO] [stderr]     Checking generic-array v0.12.3
[INFO] [stderr]    Compiling memoffset v0.5.3
[INFO] [stderr] error: failed to run custom build command for `xcb v0.8.2`
[INFO] [stderr] note: To improve backtraces for build dependencies, set the CARGO_PROFILE_DEV_BUILD_OVERRIDE_DEBUG=true environment variable to enable debug information generation.
[INFO] [stderr] 
[INFO] [stderr] Caused by:
[INFO] [stderr]   process didn't exit successfully: `/opt/rustwide/target/debug/build/xcb-10e8fb971d9b6975/build-script-build` (exit status: 101)
[INFO] [stderr]   --- stderr
[INFO] [stderr]   error occured in handler:  ('request: ', ('xcb', 'SELinux', 'GetClientContext'))
[INFO] [stderr]   Traceback (most recent call last):
[INFO] [stderr]     File "/opt/rustwide/cargo-home/registry/src/index.crates.io-6f17d22bba15001f/xcb-0.8.2/rs_client.py", line 2448, in <module>
[INFO] [stderr]       module.generate()
[INFO] [stderr]     File "/opt/rustwide/cargo-home/registry/src/index.crates.io-6f17d22bba15001f/xcb-0.8.2/xcbgen/state.py", line 108, in generate
[INFO] [stderr]       self.close()
[INFO] [stderr]     File "/opt/rustwide/cargo-home/registry/src/index.crates.io-6f17d22bba15001f/xcb-0.8.2/rs_client.py", line 296, in rs_close
[INFO] [stderr]       _f.writeout(os.path.join(module.rs_srcdir, "ffi", "%s.rs" % _module_name(_ns.ext_name)))
[INFO] [stderr]     File "/opt/rustwide/cargo-home/registry/src/index.crates.io-6f17d22bba15001f/xcb-0.8.2/rs_client.py", line 114, in writeout
[INFO] [stderr]       with open(path, 'w') as f:
[INFO] [stderr]   OSError: [Errno 30] Read-only file system: '/opt/rustwide/cargo-home/registry/src/index.crates.io-6f17d22bba15001f/xcb-0.8.2/src/ffi/selinux.rs'
[INFO] [stderr]   thread 'main' panicked at /opt/rustwide/cargo-home/registry/src/index.crates.io-6f17d22bba15001f/xcb-0.8.2/build.rs:75:17:
[INFO] [stderr]   processing of /opt/rustwide/cargo-home/registry/src/index.crates.io-6f17d22bba15001f/xcb-0.8.2/xml/xselinux.xml returned non-zero (1)
[INFO] [stderr]   stack backtrace:
[INFO] [stderr]      0:     0x564c0dfec2cc - std::backtrace_rs::backtrace::libunwind::trace::ha637c64ce894333a
[INFO] [stderr]                                  at /rustc/82e1608dfa6e0b5569232559e3d385fea5a93112/library/std/src/../../backtrace/src/backtrace/libunwind.rs:104:5
[INFO] [stderr]      1:     0x564c0dfec2cc - std::backtrace_rs::backtrace::trace_unsynchronized::h47f62dea28e0c88d
[INFO] [stderr]                                  at /rustc/82e1608dfa6e0b5569232559e3d385fea5a93112/library/std/src/../../backtrace/src/backtrace/mod.rs:66:5
[INFO] [stderr]      2:     0x564c0dfec2cc - std::sys_common::backtrace::_print_fmt::h9eef0abe20ede486
[INFO] [stderr]                                  at /rustc/82e1608dfa6e0b5569232559e3d385fea5a93112/library/std/src/sys_common/backtrace.rs:67:5
[INFO] [stderr]      3:     0x564c0dfec2cc - <std::sys_common::backtrace::_print::DisplayBacktrace as core::fmt::Display>::fmt::hed7f999df88cc644
[INFO] [stderr]                                  at /rustc/82e1608dfa6e0b5569232559e3d385fea5a93112/library/std/src/sys_common/backtrace.rs:44:22
[INFO] [stderr]      4:     0x564c0e00f6c0 - core::fmt::rt::Argument::fmt::h1539a9308b8d058d
[INFO] [stderr]                                  at /rustc/82e1608dfa6e0b5569232559e3d385fea5a93112/library/core/src/fmt/rt.rs:142:9
[INFO] [stderr]      5:     0x564c0e00f6c0 - core::fmt::write::h3a39390d8560d9c9
[INFO] [stderr]                                  at /rustc/82e1608dfa6e0b5569232559e3d385fea5a93112/library/core/src/fmt/mod.rs:1120:17
[INFO] [stderr]      6:     0x564c0dfea29f - std::io::Write::write_fmt::h5fc9997dfe05f882
[INFO] [stderr]                                  at /rustc/82e1608dfa6e0b5569232559e3d385fea5a93112/library/std/src/io/mod.rs:1762:15
[INFO] [stderr]      7:     0x564c0dfec0b4 - std::sys_common::backtrace::_print::h894006fb5c6f3d45
[INFO] [stderr]                                  at /rustc/82e1608dfa6e0b5569232559e3d385fea5a93112/library/std/src/sys_common/backtrace.rs:47:5
[INFO] [stderr]      8:     0x564c0dfec0b4 - std::sys_common::backtrace::print::h23a2d212c6fff936
[INFO] [stderr]                                  at /rustc/82e1608dfa6e0b5569232559e3d385fea5a93112/library/std/src/sys_common/backtrace.rs:34:9
[INFO] [stderr]      9:     0x564c0dfed757 - std::panicking::default_hook::{{closure}}::h8a1d2ee00185001a
[INFO] [stderr]     10:     0x564c0dfed4bf - std::panicking::default_hook::h6038f2eba384e475
[INFO] [stderr]                                  at /rustc/82e1608dfa6e0b5569232559e3d385fea5a93112/library/std/src/panicking.rs:292:9
[INFO] [stderr]     11:     0x564c0dfedbd8 - std::panicking::rust_panic_with_hook::h2b5517d590cab22e
[INFO] [stderr]                                  at /rustc/82e1608dfa6e0b5569232559e3d385fea5a93112/library/std/src/panicking.rs:779:13
[INFO] [stderr]     12:     0x564c0dfedabe - std::panicking::begin_panic_handler::{{closure}}::h233112c06e0ef43e
[INFO] [stderr]                                  at /rustc/82e1608dfa6e0b5569232559e3d385fea5a93112/library/std/src/panicking.rs:657:13
[INFO] [stderr]     13:     0x564c0dfec796 - std::sys_common::backtrace::__rust_end_short_backtrace::h6e893f24d7ebbff8
[INFO] [stderr]                                  at /rustc/82e1608dfa6e0b5569232559e3d385fea5a93112/library/std/src/sys_common/backtrace.rs:170:18
[INFO] [stderr]     14:     0x564c0dfed822 - rust_begin_unwind
[INFO] [stderr]                                  at /rustc/82e1608dfa6e0b5569232559e3d385fea5a93112/library/std/src/panicking.rs:645:5
[INFO] [stderr]     15:     0x564c0dfc6285 - core::panicking::panic_fmt::hbf0e066aabfa482c
[INFO] [stderr]                                  at /rustc/82e1608dfa6e0b5569232559e3d385fea5a93112/library/core/src/panicking.rs:72:14
[INFO] [stderr]     16:     0x564c0dfcc171 - build_script_build::main::{{closure}}::h6f31c1e4a401db83
[INFO] [stderr]     17:     0x564c0dfcb065 - build_script_build::visit_xml::hff61cea8775983c0
[INFO] [stderr]     18:     0x564c0dfcb703 - build_script_build::main::h91b1a3598ae7c108
[INFO] [stderr]     19:     0x564c0dfc7e33 - core::ops::function::FnOnce::call_once::ha7ac414ab749b2ec
[INFO] [stderr]     20:     0x564c0dfc6dc6 - std::sys_common::backtrace::__rust_begin_short_backtrace::h846ee94aa6316e22
[INFO] [stderr]     21:     0x564c0dfc7509 - std::rt::lang_start::{{closure}}::h5b0420675accef25
[INFO] [stderr]     22:     0x564c0dfe6fa7 - core::ops::function::impls::<impl core::ops::function::FnOnce<A> for &F>::call_once::hd95060ecd5e1ca24
[INFO] [stderr]                                  at /rustc/82e1608dfa6e0b5569232559e3d385fea5a93112/library/core/src/ops/function.rs:284:13
[INFO] [stderr]     23:     0x564c0dfe6fa7 - std::panicking::try::do_call::h6e8cf51db32a6e4b
[INFO] [stderr]                                  at /rustc/82e1608dfa6e0b5569232559e3d385fea5a93112/library/std/src/panicking.rs:552:40
[INFO] [stderr]     24:     0x564c0dfe6fa7 - std::panicking::try::h3a52eefe24fe3c29
[INFO] [stderr]                                  at /rustc/82e1608dfa6e0b5569232559e3d385fea5a93112/library/std/src/panicking.rs:516:19
[INFO] [stderr]     25:     0x564c0dfe6fa7 - std::panic::catch_unwind::h24c28c23c02c3841
[INFO] [stderr]                                  at /rustc/82e1608dfa6e0b5569232559e3d385fea5a93112/library/std/src/panic.rs:142:14
[INFO] [stderr]     26:     0x564c0dfe6fa7 - std::rt::lang_start_internal::{{closure}}::h705d3c9cbc06ef47
[INFO] [stderr]                                  at /rustc/82e1608dfa6e0b5569232559e3d385fea5a93112/library/std/src/rt.rs:148:48
[INFO] [stderr]     27:     0x564c0dfe6fa7 - std::panicking::try::do_call::ha21f52ba13158470
[INFO] [stderr]                                  at /rustc/82e1608dfa6e0b5569232559e3d385fea5a93112/library/std/src/panicking.rs:552:40
[INFO] [stderr]     28:     0x564c0dfe6fa7 - std::panicking::try::h5581346bf6aeb1f8
[INFO] [stderr]                                  at /rustc/82e1608dfa6e0b5569232559e3d385fea5a93112/library/std/src/panicking.rs:516:19
[INFO] [stderr]     29:     0x564c0dfe6fa7 - std::panic::catch_unwind::h7919645a6b72e25b
[INFO] [stderr]                                  at /rustc/82e1608dfa6e0b5569232559e3d385fea5a93112/library/std/src/panic.rs:142:14
[INFO] [stderr]     30:     0x564c0dfe6fa7 - std::rt::lang_start_internal::h12de51168669836e
[INFO] [stderr]                                  at /rustc/82e1608dfa6e0b5569232559e3d385fea5a93112/library/std/src/rt.rs:148:20
[INFO] [stderr]     31:     0x564c0dfc74e7 - std::rt::lang_start::hb010913b20eb73dd
[INFO] [stderr]     32:     0x564c0dfcc1f5 - main
[INFO] [stderr]     33:     0x7fe16c16fd90 - <unknown>
[INFO] [stderr]     34:     0x7fe16c16fe40 - __libc_start_main
[INFO] [stderr]     35:     0x564c0dfc69a5 - _start
[INFO] [stderr]     36:                0x0 - <unknown>
[INFO] [stderr] warning: build failed, waiting for other jobs to finish...
[INFO] running `Command { std: "docker" "inspect" "5ec1e7783f8e9f9165aa4db9ebfeb810e4bacf6c4b9e495d4ac99844bf9323fc", kill_on_drop: false }`
[INFO] running `Command { std: "docker" "rm" "-f" "5ec1e7783f8e9f9165aa4db9ebfeb810e4bacf6c4b9e495d4ac99844bf9323fc", kill_on_drop: false }`
[INFO] [stdout] 5ec1e7783f8e9f9165aa4db9ebfeb810e4bacf6c4b9e495d4ac99844bf9323fc
[INFO] documenting LFalch/cowfarg against beta-2023-12-22 for beta-1.76-rustdoc-1
[INFO] running `Command { std: "git" "clone" "/workspace/cache/git-repos/https%3A%2F%2Fgithub.com%2FLFalch%2Fcowfarg" "/workspace/builds/worker-7-tc2/source", kill_on_drop: false }`
[INFO] [stderr] Cloning into '/workspace/builds/worker-7-tc2/source'...
[INFO] [stderr] done.
[INFO] validating manifest of git repo https://github.com/LFalch/cowfarg on toolchain beta-2023-12-22
[INFO] running `Command { std: CARGO_HOME="/workspace/cargo-home" RUSTUP_HOME="/workspace/rustup-home" "/workspace/cargo-home/bin/cargo" "+beta-2023-12-22" "metadata" "--manifest-path" "Cargo.toml" "--no-deps", kill_on_drop: false }`
[INFO] started tweaking git repo https://github.com/LFalch/cowfarg
[INFO] finished tweaking git repo https://github.com/LFalch/cowfarg
[INFO] tweaked toml for git repo https://github.com/LFalch/cowfarg written to /workspace/builds/worker-7-tc2/source/Cargo.toml
[INFO] crate git repo https://github.com/LFalch/cowfarg already has a lockfile, it will not be regenerated
[INFO] running `Command { std: CARGO_HOME="/workspace/cargo-home" RUSTUP_HOME="/workspace/rustup-home" "/workspace/cargo-home/bin/cargo" "+beta-2023-12-22" "fetch" "--manifest-path" "Cargo.toml", kill_on_drop: false }`
[INFO] running `Command { std: "docker" "create" "-v" "/var/lib/crater-agent-workspace/builds/worker-7-tc2/target:/opt/rustwide/target:rw,Z" "-v" "/var/lib/crater-agent-workspace/builds/worker-7-tc2/source:/opt/rustwide/workdir:ro,Z" "-v" "/var/lib/crater-agent-workspace/cargo-home:/opt/rustwide/cargo-home:ro,Z" "-v" "/var/lib/crater-agent-workspace/rustup-home:/opt/rustwide/rustup-home:ro,Z" "-e" "SOURCE_DIR=/opt/rustwide/workdir" "-e" "CARGO_TARGET_DIR=/opt/rustwide/target" "-e" "CARGO_HOME=/opt/rustwide/cargo-home" "-e" "RUSTUP_HOME=/opt/rustwide/rustup-home" "-w" "/opt/rustwide/workdir" "-m" "1610612736" "--user" "0:0" "--network" "none" "ghcr.io/rust-lang/crates-build-env/linux@sha256:2788e3201cd34a07e3172128adcd8b3090168a8e3bcc40d7c032b9dda1df7d1c" "/opt/rustwide/cargo-home/bin/cargo" "+beta-2023-12-22" "metadata" "--no-deps" "--format-version=1", kill_on_drop: false }`
[INFO] [stdout] 92e507588ae725e0cb1cbe56b61eb883c1720b3255b6729ab94d8fe3ecdc4c93
[INFO] running `Command { std: "docker" "start" "-a" "92e507588ae725e0cb1cbe56b61eb883c1720b3255b6729ab94d8fe3ecdc4c93", kill_on_drop: false }`
[INFO] running `Command { std: "docker" "inspect" "92e507588ae725e0cb1cbe56b61eb883c1720b3255b6729ab94d8fe3ecdc4c93", kill_on_drop: false }`
[INFO] running `Command { std: "docker" "rm" "-f" "92e507588ae725e0cb1cbe56b61eb883c1720b3255b6729ab94d8fe3ecdc4c93", kill_on_drop: false }`
[INFO] [stdout] 92e507588ae725e0cb1cbe56b61eb883c1720b3255b6729ab94d8fe3ecdc4c93
[INFO] running `Command { std: "docker" "create" "-v" "/var/lib/crater-agent-workspace/builds/worker-7-tc2/target:/opt/rustwide/target:rw,Z" "-v" "/var/lib/crater-agent-workspace/builds/worker-7-tc2/source:/opt/rustwide/workdir:ro,Z" "-v" "/var/lib/crater-agent-workspace/cargo-home:/opt/rustwide/cargo-home:ro,Z" "-v" "/var/lib/crater-agent-workspace/rustup-home:/opt/rustwide/rustup-home:ro,Z" "-e" "SOURCE_DIR=/opt/rustwide/workdir" "-e" "CARGO_TARGET_DIR=/opt/rustwide/target" "-e" "CARGO_INCREMENTAL=0" "-e" "RUST_BACKTRACE=full" "-e" "RUSTFLAGS=--cap-lints=warn" "-e" "RUSTDOCFLAGS=--cap-lints=warn" "-e" "CARGO_HOME=/opt/rustwide/cargo-home" "-e" "RUSTUP_HOME=/opt/rustwide/rustup-home" "-w" "/opt/rustwide/workdir" "-m" "1610612736" "--user" "0:0" "--network" "none" "ghcr.io/rust-lang/crates-build-env/linux@sha256:2788e3201cd34a07e3172128adcd8b3090168a8e3bcc40d7c032b9dda1df7d1c" "/opt/rustwide/cargo-home/bin/cargo" "+beta-2023-12-22" "doc" "--frozen" "--no-deps" "--document-private-items" "--message-format=json", kill_on_drop: false }`
[INFO] [stdout] 92aa2c7fb23dd26d0e398ee6a99da6c8f018fc4ca701f34641f78fdff0d6054c
[INFO] running `Command { std: "docker" "start" "-a" "92aa2c7fb23dd26d0e398ee6a99da6c8f018fc4ca701f34641f78fdff0d6054c", kill_on_drop: false }`
[INFO] [stderr]    Compiling libc v0.2.66
[INFO] [stderr]    Compiling serde v1.0.103
[INFO] [stderr]     Checking cfg-if v0.1.6
[INFO] [stderr]    Compiling cc v1.0.28
[INFO] [stderr]    Compiling proc-macro2 v0.4.24
[INFO] [stderr]    Compiling unicode-xid v0.1.0
[INFO] [stderr]    Compiling xml-rs v0.8.0
[INFO] [stderr]     Checking lazy_static v1.2.0
[INFO] [stderr]     Checking byteorder v1.2.7
[INFO] [stderr]    Compiling syn v0.15.44
[INFO] [stderr]     Checking bitflags v1.0.4
[INFO] [stderr]    Compiling pkg-config v0.3.14
[INFO] [stderr]    Compiling khronos_api v3.1.0
[INFO] [stderr]    Compiling num-traits v0.2.10
[INFO] [stderr]    Compiling crossbeam-utils v0.7.0
[INFO] [stderr]     Checking scopeguard v1.0.0
[INFO] [stderr]     Checking log v0.4.6
[INFO] [stderr]    Compiling crossbeam-epoch v0.8.0
[INFO] [stderr]    Compiling maybe-uninit v2.0.0
[INFO] [stderr]     Checking rand_core v0.3.0
[INFO] [stderr]     Checking void v1.0.2
[INFO] [stderr]     Checking rustc-hash v1.0.1
[INFO] [stderr]     Checking stb_truetype v0.3.1
[INFO] [stderr]     Checking linked-hash-map v0.5.1
[INFO] [stderr]     Checking arrayvec v0.5.1
[INFO] [stderr]    Compiling nix v0.14.1
[INFO] [stderr]    Compiling backtrace v0.3.13
[INFO] [stderr]    Compiling version_check v0.1.5
[INFO] [stderr]    Compiling gl_generator v0.11.0
[INFO] [stderr]    Compiling num-integer v0.1.39
[INFO] [stderr]     Checking smallvec v0.6.13
[INFO] [stderr]    Compiling arrayvec v0.4.10
[INFO] [stderr]    Compiling ryu v1.0.2
[INFO] [stderr]    Compiling x11-dl v2.18.4
[INFO] [stderr]     Checking rand_xorshift v0.1.0
[INFO] [stderr]    Compiling quote v0.6.10
[INFO] [stderr]    Compiling error-chain v0.12.1
[INFO] [stderr]     Checking rand_isaac v0.1.1
[INFO] [stderr]     Checking rand_hc v0.1.0
[INFO] [stderr]    Compiling wayland-scanner v0.21.13
[INFO] [stderr]     Checking same-file v1.0.5
[INFO] [stderr]    Compiling rustc-demangle v0.1.11
[INFO] [stderr]     Checking downcast-rs v1.1.1
[INFO] [stderr]     Checking nodrop v0.1.13
[INFO] [stderr]     Checking walkdir v2.2.9
[INFO] [stderr]    Compiling libloading v0.5.2
[INFO] [stderr]    Compiling backtrace-sys v0.1.28
[INFO] [stderr]    Compiling gl_generator v0.13.1
[INFO] [stderr]    Compiling num-complex v0.2.3
[INFO] [stderr]    Compiling num-rational v0.2.2
[INFO] [stderr]    Compiling itoa v0.4.4
[INFO] [stderr]     Checking approx v0.3.2
[INFO] [stderr]     Checking ordered-float v1.0.2
[INFO] [stderr]     Checking line_drawing v0.7.0
[INFO] [stderr]     Checking xdg v2.2.0
[INFO] [stderr]    Compiling typenum v1.10.0
[INFO] [stderr]    Compiling pulldown-cmark v0.2.0
[INFO] [stderr]    Compiling libm v0.1.4
[INFO] [stderr]    Compiling crc32fast v1.2.0
[INFO] [stderr]     Checking num-traits v0.1.43
[INFO] [stderr]     Checking num_cpus v1.11.1
[INFO] [stderr]     Checking memmap v0.7.0
[INFO] [stderr]    Compiling rand v0.4.3
[INFO] [stderr]     Checking dlib v0.4.1
[INFO] [stderr]    Compiling gfx_gl v0.6.0
[INFO] [stderr]    Compiling glutin_glx_sys v0.1.5
[INFO] [stderr]     Checking wayland-sys v0.21.13
[INFO] [stderr]    Compiling bzip2-sys v0.1.7
[INFO] [stderr]    Compiling minimp3-sys v0.3.1
[INFO] [stderr]    Compiling glutin_egl_sys v0.1.4
[INFO] [stderr]    Compiling libudev-sys v0.1.4
[INFO] [stderr]    Compiling alsa-sys v0.1.2
[INFO] [stderr]     Checking lock_api v0.3.2
[INFO] [stderr]     Checking draw_state v0.8.0
[INFO] [stderr]    Compiling getrandom v0.1.13
[INFO] [stderr]    Compiling remove_dir_all v0.5.2
[INFO] [stderr]    Compiling nix v0.15.0
[INFO] [stderr]     Checking adler32 v1.0.3
[INFO] [stderr]    Compiling num-derive v0.2.3
[INFO] [stderr]     Checking gfx_core v0.9.2
[INFO] [stderr]    Compiling tempdir v0.3.7
[INFO] [stderr]    Compiling wayland-client v0.21.13
[INFO] [stderr]    Compiling wayland-protocols v0.21.13
[INFO] [stderr]    Compiling xcb v0.8.2
[INFO] [stderr]    Compiling semver v0.9.0
[INFO] [stderr]    Compiling serde_json v1.0.44
[INFO] [stderr]     Checking sid v0.5.2
[INFO] [stderr]     Checking shared_library v0.1.9
[INFO] [stderr]     Checking raw-window-handle v0.3.3
[INFO] [stderr]     Checking percent-encoding v2.1.0
[INFO] [stderr]     Checking lzw v0.10.0
[INFO] [stderr]     Checking xi-unicode v0.2.0
[INFO] [stderr]    Compiling glob v0.2.11
[INFO] [stderr]    Compiling num-iter v0.1.37
[INFO] [stderr]    Compiling rustc_version v0.2.3
[INFO] [stderr]     Checking rawpointer v0.2.1
[INFO] [stderr]    Compiling bytecount v0.4.0
[INFO] [stderr]     Checking alga v0.9.2
[INFO] [stderr]     Checking matrixmultiply v0.2.3
[INFO] [stderr]     Checking osmesa-sys v0.1.2
[INFO] [stderr]     Checking generic-array v0.12.3
[INFO] [stderr]    Compiling memoffset v0.5.3
[INFO] [stderr]    Compiling rand_chacha v0.1.0
[INFO] [stderr]    Compiling rand_pcg v0.1.1
[INFO] [stderr] error: failed to run custom build command for `xcb v0.8.2`
[INFO] [stderr] note: To improve backtraces for build dependencies, set the CARGO_PROFILE_DEV_BUILD_OVERRIDE_DEBUG=true environment variable to enable debug information generation.
[INFO] [stderr] 
[INFO] [stderr] Caused by:
[INFO] [stderr]   process didn't exit successfully: `/opt/rustwide/target/debug/build/xcb-7c8843dd18a5c30e/build-script-build` (exit status: 101)
[INFO] [stderr]   --- stderr
[INFO] [stderr]   error occured in handler:  ('request: ', ('xcb', 'SELinux', 'GetClientContext'))
[INFO] [stderr]   Traceback (most recent call last):
[INFO] [stderr]     File "/opt/rustwide/cargo-home/registry/src/index.crates.io-6f17d22bba15001f/xcb-0.8.2/rs_client.py", line 2448, in <module>
[INFO] [stderr]       module.generate()
[INFO] [stderr]     File "/opt/rustwide/cargo-home/registry/src/index.crates.io-6f17d22bba15001f/xcb-0.8.2/xcbgen/state.py", line 108, in generate
[INFO] [stderr]       self.close()
[INFO] [stderr]     File "/opt/rustwide/cargo-home/registry/src/index.crates.io-6f17d22bba15001f/xcb-0.8.2/rs_client.py", line 296, in rs_close
[INFO] [stderr]       _f.writeout(os.path.join(module.rs_srcdir, "ffi", "%s.rs" % _module_name(_ns.ext_name)))
[INFO] [stderr]     File "/opt/rustwide/cargo-home/registry/src/index.crates.io-6f17d22bba15001f/xcb-0.8.2/rs_client.py", line 114, in writeout
[INFO] [stderr]       with open(path, 'w') as f:
[INFO] [stderr]   OSError: [Errno 30] Read-only file system: '/opt/rustwide/cargo-home/registry/src/index.crates.io-6f17d22bba15001f/xcb-0.8.2/src/ffi/selinux.rs'
[INFO] [stderr]   thread 'main' panicked at /opt/rustwide/cargo-home/registry/src/index.crates.io-6f17d22bba15001f/xcb-0.8.2/build.rs:75:17:
[INFO] [stderr]   processing of /opt/rustwide/cargo-home/registry/src/index.crates.io-6f17d22bba15001f/xcb-0.8.2/xml/xselinux.xml returned non-zero (1)
[INFO] [stderr]   stack backtrace:
[INFO] [stderr]      0:     0x56023a7ce376 - std::backtrace_rs::backtrace::libunwind::trace::h261606ad26a499c1
[INFO] [stderr]                                  at /rustc/0e09125c6c3c2fd70d7de961bcf0e51575235fad/library/std/src/../../backtrace/src/backtrace/libunwind.rs:104:5
[INFO] [stderr]      1:     0x56023a7ce376 - std::backtrace_rs::backtrace::trace_unsynchronized::hd183f0625477fb28
[INFO] [stderr]                                  at /rustc/0e09125c6c3c2fd70d7de961bcf0e51575235fad/library/std/src/../../backtrace/src/backtrace/mod.rs:66:5
[INFO] [stderr]      2:     0x56023a7ce376 - std::sys_common::backtrace::_print_fmt::hd7f8fef21b4eda67
[INFO] [stderr]                                  at /rustc/0e09125c6c3c2fd70d7de961bcf0e51575235fad/library/std/src/sys_common/backtrace.rs:68:5
[INFO] [stderr]      3:     0x56023a7ce376 - <std::sys_common::backtrace::_print::DisplayBacktrace as core::fmt::Display>::fmt::h623d9b51f2f453f1
[INFO] [stderr]                                  at /rustc/0e09125c6c3c2fd70d7de961bcf0e51575235fad/library/std/src/sys_common/backtrace.rs:44:22
[INFO] [stderr]      4:     0x56023a7f0aa0 - core::fmt::rt::Argument::fmt::h9f417ac76a86f368
[INFO] [stderr]                                  at /rustc/0e09125c6c3c2fd70d7de961bcf0e51575235fad/library/core/src/fmt/rt.rs:142:9
[INFO] [stderr]      5:     0x56023a7f0aa0 - core::fmt::write::hc9b6faf4ac2aeff7
[INFO] [stderr]                                  at /rustc/0e09125c6c3c2fd70d7de961bcf0e51575235fad/library/core/src/fmt/mod.rs:1120:17
[INFO] [stderr]      6:     0x56023a7cc3ef - std::io::Write::write_fmt::hfead1eee52c2e65e
[INFO] [stderr]                                  at /rustc/0e09125c6c3c2fd70d7de961bcf0e51575235fad/library/std/src/io/mod.rs:1810:15
[INFO] [stderr]      7:     0x56023a7ce154 - std::sys_common::backtrace::_print::hd5d66399c7df88a2
[INFO] [stderr]                                  at /rustc/0e09125c6c3c2fd70d7de961bcf0e51575235fad/library/std/src/sys_common/backtrace.rs:47:5
[INFO] [stderr]      8:     0x56023a7ce154 - std::sys_common::backtrace::print::he81ed2da642d37e5
[INFO] [stderr]                                  at /rustc/0e09125c6c3c2fd70d7de961bcf0e51575235fad/library/std/src/sys_common/backtrace.rs:34:9
[INFO] [stderr]      9:     0x56023a7cf847 - std::panicking::default_hook::{{closure}}::h85773f4fa117163d
[INFO] [stderr]     10:     0x56023a7cf5a9 - std::panicking::default_hook::h6a1694a91d09b278
[INFO] [stderr]                                  at /rustc/0e09125c6c3c2fd70d7de961bcf0e51575235fad/library/std/src/panicking.rs:292:9
[INFO] [stderr]     11:     0x56023a7cfcd8 - std::panicking::rust_panic_with_hook::h0a7ad96e90f7145b
[INFO] [stderr]                                  at /rustc/0e09125c6c3c2fd70d7de961bcf0e51575235fad/library/std/src/panicking.rs:779:13
[INFO] [stderr]     12:     0x56023a7cfbb2 - std::panicking::begin_panic_handler::{{closure}}::h7919090525c6485e
[INFO] [stderr]                                  at /rustc/0e09125c6c3c2fd70d7de961bcf0e51575235fad/library/std/src/panicking.rs:657:13
[INFO] [stderr]     13:     0x56023a7ce876 - std::sys_common::backtrace::__rust_end_short_backtrace::hf3289479464f7dfe
[INFO] [stderr]                                  at /rustc/0e09125c6c3c2fd70d7de961bcf0e51575235fad/library/std/src/sys_common/backtrace.rs:171:18
[INFO] [stderr]     14:     0x56023a7cf910 - rust_begin_unwind
[INFO] [stderr]                                  at /rustc/0e09125c6c3c2fd70d7de961bcf0e51575235fad/library/std/src/panicking.rs:645:5
[INFO] [stderr]     15:     0x56023a7a8285 - core::panicking::panic_fmt::hcc9f77c5c132af55
[INFO] [stderr]                                  at /rustc/0e09125c6c3c2fd70d7de961bcf0e51575235fad/library/core/src/panicking.rs:72:14
[INFO] [stderr]     16:     0x56023a7ae141 - build_script_build::main::{{closure}}::hea35a174b07bf16a
[INFO] [stderr]     17:     0x56023a7ad033 - build_script_build::visit_xml::hef88bcc8f213bc32
[INFO] [stderr]     18:     0x56023a7ad6d3 - build_script_build::main::h0bfde6ea8b1a7e7e
[INFO] [stderr]     19:     0x56023a7a9d83 - core::ops::function::FnOnce::call_once::h59f1b736b1e404f0
[INFO] [stderr]     20:     0x56023a7a8dd6 - std::sys_common::backtrace::__rust_begin_short_backtrace::h3cb78aef91524271
[INFO] [stderr]     21:     0x56023a7a9509 - std::rt::lang_start::{{closure}}::h7dd7dbdab808f83e
[INFO] [stderr]     22:     0x56023a7c8fd1 - core::ops::function::impls::<impl core::ops::function::FnOnce<A> for &F>::call_once::h4eb4c5e1620f29b0
[INFO] [stderr]                                  at /rustc/0e09125c6c3c2fd70d7de961bcf0e51575235fad/library/core/src/ops/function.rs:284:13
[INFO] [stderr]     23:     0x56023a7c8fd1 - std::panicking::try::do_call::h73fd26535faffcdf
[INFO] [stderr]                                  at /rustc/0e09125c6c3c2fd70d7de961bcf0e51575235fad/library/std/src/panicking.rs:552:40
[INFO] [stderr]     24:     0x56023a7c8fd1 - std::panicking::try::h77ff1d98f0fb9f39
[INFO] [stderr]                                  at /rustc/0e09125c6c3c2fd70d7de961bcf0e51575235fad/library/std/src/panicking.rs:516:19
[INFO] [stderr]     25:     0x56023a7c8fd1 - std::panic::catch_unwind::hab3caf2448b95e37
[INFO] [stderr]                                  at /rustc/0e09125c6c3c2fd70d7de961bcf0e51575235fad/library/std/src/panic.rs:142:14
[INFO] [stderr]     26:     0x56023a7c8fd1 - std::rt::lang_start_internal::{{closure}}::h8086711f9c783f78
[INFO] [stderr]                                  at /rustc/0e09125c6c3c2fd70d7de961bcf0e51575235fad/library/std/src/rt.rs:148:48
[INFO] [stderr]     27:     0x56023a7c8fd1 - std::panicking::try::do_call::hf920d4dc291cd6ca
[INFO] [stderr]                                  at /rustc/0e09125c6c3c2fd70d7de961bcf0e51575235fad/library/std/src/panicking.rs:552:40
[INFO] [stderr]     28:     0x56023a7c8fd1 - std::panicking::try::h2b806ccc0a85db74
[INFO] [stderr]                                  at /rustc/0e09125c6c3c2fd70d7de961bcf0e51575235fad/library/std/src/panicking.rs:516:19
[INFO] [stderr]     29:     0x56023a7c8fd1 - std::panic::catch_unwind::h038489539c507df2
[INFO] [stderr]                                  at /rustc/0e09125c6c3c2fd70d7de961bcf0e51575235fad/library/std/src/panic.rs:142:14
[INFO] [stderr]     30:     0x56023a7c8fd1 - std::rt::lang_start_internal::h28503b88912e8a5c
[INFO] [stderr]                                  at /rustc/0e09125c6c3c2fd70d7de961bcf0e51575235fad/library/std/src/rt.rs:148:20
[INFO] [stderr]     31:     0x56023a7a94e7 - std::rt::lang_start::h01e6d369e29927aa
[INFO] [stderr]     32:     0x56023a7ae1c5 - main
[INFO] [stderr]     33:     0x7ffa72d69d90 - <unknown>
[INFO] [stderr]     34:     0x7ffa72d69e40 - __libc_start_main
[INFO] [stderr]     35:     0x56023a7a89b5 - _start
[INFO] [stderr]     36:                0x0 - <unknown>
[INFO] [stderr] warning: build failed, waiting for other jobs to finish...
[INFO] running `Command { std: "docker" "inspect" "92aa2c7fb23dd26d0e398ee6a99da6c8f018fc4ca701f34641f78fdff0d6054c", kill_on_drop: false }`
[INFO] running `Command { std: "docker" "rm" "-f" "92aa2c7fb23dd26d0e398ee6a99da6c8f018fc4ca701f34641f78fdff0d6054c", kill_on_drop: false }`
[INFO] [stdout] 92aa2c7fb23dd26d0e398ee6a99da6c8f018fc4ca701f34641f78fdff0d6054c
