[INFO] cloning repository https://github.com/L2Ordinals/l2o-core
[INFO] running `Command { std: "git" "-c" "credential.helper=" "-c" "credential.helper=/workspace/cargo-home/bin/git-credential-null" "clone" "--bare" "https://github.com/L2Ordinals/l2o-core" "/workspace/cache/git-repos/https%3A%2F%2Fgithub.com%2FL2Ordinals%2Fl2o-core", kill_on_drop: false }`
[INFO] [stderr] Cloning into bare repository '/workspace/cache/git-repos/https%3A%2F%2Fgithub.com%2FL2Ordinals%2Fl2o-core'...
[INFO] running `Command { std: "git" "rev-parse" "HEAD", kill_on_drop: false }`
[INFO] [stdout] 8332eeb88fd0ce50d65673049ee526287bcc9abd
[INFO] documenting L2Ordinals/l2o-core against 1.75.0 for beta-1.76-rustdoc-1
[INFO] running `Command { std: "git" "clone" "/workspace/cache/git-repos/https%3A%2F%2Fgithub.com%2FL2Ordinals%2Fl2o-core" "/workspace/builds/worker-3-tc1/source", kill_on_drop: false }`
[INFO] [stderr] Cloning into '/workspace/builds/worker-3-tc1/source'...
[INFO] [stderr] done.
[INFO] validating manifest of git repo https://github.com/L2Ordinals/l2o-core on toolchain 1.75.0
[INFO] running `Command { std: CARGO_HOME="/workspace/cargo-home" RUSTUP_HOME="/workspace/rustup-home" "/workspace/cargo-home/bin/cargo" "+1.75.0" "metadata" "--manifest-path" "Cargo.toml" "--no-deps", kill_on_drop: false }`
[INFO] removed /workspace/builds/worker-3-tc1/source/rust-toolchain
[INFO] started tweaking git repo https://github.com/L2Ordinals/l2o-core
[INFO] finished tweaking git repo https://github.com/L2Ordinals/l2o-core
[INFO] tweaked toml for git repo https://github.com/L2Ordinals/l2o-core written to /workspace/builds/worker-3-tc1/source/Cargo.toml
[INFO] crate git repo https://github.com/L2Ordinals/l2o-core already has a lockfile, it will not be regenerated
[INFO] running `Command { std: CARGO_HOME="/workspace/cargo-home" RUSTUP_HOME="/workspace/rustup-home" "/workspace/cargo-home/bin/cargo" "+1.75.0" "fetch" "--manifest-path" "Cargo.toml", kill_on_drop: false }`
[INFO] [stderr]     Updating git repository `https://github.com/0xPolygonZero/plonky2`
[INFO] [stderr]     Updating crates.io index
[INFO] [stderr]  Downloading crates ...
[INFO] [stderr]   Downloaded ark-snark v0.4.0
[INFO] [stderr]   Downloaded keccak-hash v0.8.0
[INFO] [stderr]   Downloaded ark-groth16 v0.4.0
[INFO] [stderr]   Downloaded ark-relations v0.4.0
[INFO] [stderr]   Downloaded unroll v0.1.5
[INFO] [stderr]   Downloaded serdect v0.2.0
[INFO] [stderr]   Downloaded ark-crypto-primitives v0.4.0
[INFO] [stderr]   Downloaded secp v0.2.0
[INFO] [stderr]   Downloaded secp256k1-sys v0.9.1
[INFO] [stderr]   Downloaded musig2 v0.0.4
[INFO] running `Command { std: "docker" "create" "-v" "/var/lib/crater-agent-workspace/builds/worker-3-tc1/target:/opt/rustwide/target:rw,Z" "-v" "/var/lib/crater-agent-workspace/builds/worker-3-tc1/source:/opt/rustwide/workdir:ro,Z" "-v" "/var/lib/crater-agent-workspace/cargo-home:/opt/rustwide/cargo-home:ro,Z" "-v" "/var/lib/crater-agent-workspace/rustup-home:/opt/rustwide/rustup-home:ro,Z" "-e" "SOURCE_DIR=/opt/rustwide/workdir" "-e" "CARGO_TARGET_DIR=/opt/rustwide/target" "-e" "CARGO_HOME=/opt/rustwide/cargo-home" "-e" "RUSTUP_HOME=/opt/rustwide/rustup-home" "-w" "/opt/rustwide/workdir" "-m" "1610612736" "--user" "0:0" "--network" "none" "ghcr.io/rust-lang/crates-build-env/linux@sha256:2788e3201cd34a07e3172128adcd8b3090168a8e3bcc40d7c032b9dda1df7d1c" "/opt/rustwide/cargo-home/bin/cargo" "+1.75.0" "metadata" "--no-deps" "--format-version=1", kill_on_drop: false }`
[INFO] [stdout] d57d82abac4eda3a3acf6d987f450319d836167e43af401d162f95938f0cedac
[INFO] running `Command { std: "docker" "start" "-a" "d57d82abac4eda3a3acf6d987f450319d836167e43af401d162f95938f0cedac", kill_on_drop: false }`
[INFO] running `Command { std: "docker" "inspect" "d57d82abac4eda3a3acf6d987f450319d836167e43af401d162f95938f0cedac", kill_on_drop: false }`
[INFO] running `Command { std: "docker" "rm" "-f" "d57d82abac4eda3a3acf6d987f450319d836167e43af401d162f95938f0cedac", kill_on_drop: false }`
[INFO] [stdout] d57d82abac4eda3a3acf6d987f450319d836167e43af401d162f95938f0cedac
[INFO] running `Command { std: "docker" "create" "-v" "/var/lib/crater-agent-workspace/builds/worker-3-tc1/target:/opt/rustwide/target:rw,Z" "-v" "/var/lib/crater-agent-workspace/builds/worker-3-tc1/source:/opt/rustwide/workdir:ro,Z" "-v" "/var/lib/crater-agent-workspace/cargo-home:/opt/rustwide/cargo-home:ro,Z" "-v" "/var/lib/crater-agent-workspace/rustup-home:/opt/rustwide/rustup-home:ro,Z" "-e" "SOURCE_DIR=/opt/rustwide/workdir" "-e" "CARGO_TARGET_DIR=/opt/rustwide/target" "-e" "CARGO_INCREMENTAL=0" "-e" "RUST_BACKTRACE=full" "-e" "RUSTFLAGS=--cap-lints=warn" "-e" "RUSTDOCFLAGS=--cap-lints=warn" "-e" "CARGO_HOME=/opt/rustwide/cargo-home" "-e" "RUSTUP_HOME=/opt/rustwide/rustup-home" "-w" "/opt/rustwide/workdir" "-m" "1610612736" "--user" "0:0" "--network" "none" "ghcr.io/rust-lang/crates-build-env/linux@sha256:2788e3201cd34a07e3172128adcd8b3090168a8e3bcc40d7c032b9dda1df7d1c" "/opt/rustwide/cargo-home/bin/cargo" "+1.75.0" "doc" "--frozen" "--no-deps" "--document-private-items" "--message-format=json", kill_on_drop: false }`
[INFO] [stdout] b30b1a7868b07508e14fa67fb95ae1f8764a0c197038a5ea53ba75ba4486e4c8
[INFO] running `Command { std: "docker" "start" "-a" "b30b1a7868b07508e14fa67fb95ae1f8764a0c197038a5ea53ba75ba4486e4c8", kill_on_drop: false }`
[INFO] [stderr]    Compiling proc-macro2 v1.0.71
[INFO] [stderr]    Compiling unicode-ident v1.0.12
[INFO] [stderr]    Compiling libc v0.2.151
[INFO] [stderr]     Checking cfg-if v1.0.0
[INFO] [stderr]    Compiling autocfg v1.1.0
[INFO] [stderr]    Compiling version_check v0.9.4
[INFO] [stderr]    Compiling typenum v1.17.0
[INFO] [stderr]     Checking subtle v2.5.0
[INFO] [stderr]     Checking const-oid v0.9.6
[INFO] [stderr]    Compiling crunchy v0.2.2
[INFO] [stderr]    Compiling syn v1.0.109
[INFO] [stderr]     Checking ppv-lite86 v0.2.17
[INFO] [stderr]    Compiling generic-array v0.14.7
[INFO] [stderr]     Checking once_cell v1.19.0
[INFO] [stderr]    Compiling num-traits v0.2.17
[INFO] [stderr]    Compiling num-integer v0.1.45
[INFO] [stderr]    Compiling num-bigint v0.4.4
[INFO] [stderr]     Checking either v1.9.0
[INFO] [stderr]    Compiling serde v1.0.193
[INFO] [stderr]    Compiling tiny-keccak v2.0.2
[INFO] [stderr]    Compiling quote v1.0.33
[INFO] [stderr]    Compiling syn v2.0.42
[INFO] [stderr]     Checking getrandom v0.2.11
[INFO] [stderr]    Compiling crossbeam-utils v0.8.18
[INFO] [stderr]     Checking rand_core v0.6.4
[INFO] [stderr]     Checking rand_chacha v0.3.1
[INFO] [stderr]    Compiling ahash v0.8.6
[INFO] [stderr]    Compiling rayon-core v1.12.0
[INFO] [stderr]    Compiling const-random-macro v0.1.16
[INFO] [stderr]     Checking rand v0.8.5
[INFO] [stderr]     Checking zerocopy v0.7.32
[INFO] [stderr]     Checking crossbeam-epoch v0.9.17
[INFO] [stderr]     Checking static_assertions v1.1.0
[INFO] [stderr]    Compiling paste v1.0.14
[INFO] [stderr]     Checking const-random v0.1.17
[INFO] [stderr]     Checking crossbeam-deque v0.8.4
[INFO] [stderr]    Compiling num-iter v0.1.43
[INFO] [stderr]    Compiling num-rational v0.4.1
[INFO] [stderr]    Compiling fnv v1.0.7
[INFO] [stderr]    Compiling strsim v0.10.0
[INFO] [stderr]     Checking hex v0.4.3
[INFO] [stderr]    Compiling ident_case v1.0.1
[INFO] [stderr]     Checking rayon v1.8.0
[INFO] [stderr]     Checking itertools v0.10.5
[INFO] [stderr]    Compiling anyhow v1.0.76
[INFO] [stderr]     Checking byteorder v1.5.0
[INFO] [stderr]     Checking uint v0.9.5
[INFO] [stderr]     Checking num-complex v0.4.4
[INFO] [stderr]     Checking fixed-hash v0.7.0
[INFO] [stderr]     Checking base16ct v0.2.0
[INFO] [stderr]    Compiling serde_json v1.0.108
[INFO] [stderr]     Checking primitive-types v0.10.1
[INFO] [stderr]     Checking num v0.4.1
[INFO] [stderr]     Checking ff v0.13.0
[INFO] [stderr]     Checking itertools v0.11.0
[INFO] [stderr]     Checking tracing-core v0.1.32
[INFO] [stderr]     Checking itoa v1.0.10
[INFO] [stderr]     Checking plonky2_util v0.1.1 (https://github.com/0xPolygonZero/plonky2?rev=bfcfcdb498d253ff33121dba03a130be89fcc96c#bfcfcdb4)
[INFO] [stderr]     Checking ryu v1.0.16
[INFO] [stderr]     Checking cpufeatures v0.2.11
[INFO] [stderr]     Checking group v0.13.0
[INFO] [stderr]     Checking hashbrown v0.13.2
[INFO] [stderr]     Checking log v0.4.20
[INFO] [stderr]     Checking pin-project-lite v0.2.13
[INFO] [stderr]     Checking keccak-hash v0.8.0
[INFO] [stderr]     Checking plonky2_maybe_rayon v0.1.1 (https://github.com/0xPolygonZero/plonky2?rev=bfcfcdb498d253ff33121dba03a130be89fcc96c#bfcfcdb4)
[INFO] [stderr]     Checking tracing v0.1.40
[INFO] [stderr]     Checking tracing-subscriber v0.2.25
[INFO] [stderr]    Compiling cc v1.0.83
[INFO] [stderr]    Compiling darling_core v0.20.3
[INFO] [stderr]     Checking ark-std v0.4.0
[INFO] [stderr]     Checking arrayvec v0.7.4
[INFO] [stderr]     Checking keccak v0.1.4
[INFO] [stderr]     Checking arrayref v0.3.7
[INFO] [stderr]     Checking constant_time_eq v0.3.0
[INFO] [stderr]  Documenting l2o_indexer_ordhook v0.1.0 (/opt/rustwide/workdir/l2o_indexer_ordhook)
[INFO] [stderr]  Documenting l2o_store_leveldb v0.1.0 (/opt/rustwide/workdir/l2o_store_leveldb)
[INFO] [stderr]  Documenting l2o_indexer v0.1.0 (/opt/rustwide/workdir/l2o_indexer)
[INFO] [stderr]    Compiling blake3 v1.5.0
[INFO] [stderr]    Compiling zeroize_derive v1.4.2
[INFO] [stderr]    Compiling serde_derive v1.0.193
[INFO] [stderr]    Compiling ark-serialize-derive v0.4.2
[INFO] [stderr]    Compiling ark-ff-asm v0.4.2
[INFO] [stderr]    Compiling ark-ff-macros v0.4.2
[INFO] [stderr]    Compiling derivative v2.2.0
[INFO] [stderr]    Compiling darling_macro v0.20.3
[INFO] [stderr]    Compiling unroll v0.1.5
[INFO] [stderr]    Compiling darling v0.20.3
[INFO] [stderr]     Checking zeroize v1.7.0
[INFO] [stderr]    Compiling serde_with_macros v3.4.0
[INFO] [stderr]     Checking der v0.7.8
[INFO] [stderr]     Checking crypto-common v0.1.6
[INFO] [stderr]     Checking block-buffer v0.10.4
[INFO] [stderr]     Checking crypto-bigint v0.5.5
[INFO] [stderr]     Checking digest v0.10.7
[INFO] [stderr]     Checking ark-serialize v0.4.2
[INFO] [stderr]     Checking sha2 v0.10.8
[INFO] [stderr]     Checking hmac v0.12.1
[INFO] [stderr]     Checking rfc6979 v0.4.0
[INFO] [stderr]     Checking spki v0.7.3
[INFO] [stderr]     Checking signature v2.2.0
[INFO] [stderr]     Checking blake2 v0.10.6
[INFO] [stderr]     Checking sha3 v0.10.8
[INFO] [stderr]     Checking ark-ff v0.4.2
[INFO] [stderr]     Checking pkcs8 v0.10.2
[INFO] [stderr]     Checking serdect v0.2.0
[INFO] [stderr]     Checking hashbrown v0.14.3
[INFO] [stderr]     Checking plonky2_field v0.1.1 (https://github.com/0xPolygonZero/plonky2?rev=bfcfcdb498d253ff33121dba03a130be89fcc96c#bfcfcdb4)
[INFO] [stderr]     Checking serde_with v3.4.0
[INFO] [stdout] error[E0554]: `#![feature]` may not be used on the stable release channel
[INFO] [stdout]  --> /opt/rustwide/cargo-home/git/checkouts/plonky2-20cf69f227461c49/bfcfcdb/field/src/lib.rs:6:1
[INFO] [stdout]   |
[INFO] [stdout] 6 | #![feature(stdsimd)]
[INFO] [stdout]   | ^^^^^^^^^^^^^^^^^^^^
[INFO] [stdout] 
[INFO] [stdout] 
[INFO] [stdout] error[E0554]: `#![feature]` may not be used on the stable release channel
[INFO] [stdout]  --> /opt/rustwide/cargo-home/git/checkouts/plonky2-20cf69f227461c49/bfcfcdb/field/src/lib.rs:7:1
[INFO] [stdout]   |
[INFO] [stdout] 7 | #![feature(specialization)]
[INFO] [stdout]   | ^^^^^^^^^^^^^^^^^^^^^^^^^^^
[INFO] [stdout] 
[INFO] [stdout] 
[INFO] [stderr]     Checking sec1 v0.7.3
[INFO] [stdout] error[E0554]: `#![feature]` may not be used on the stable release channel
[INFO] [stdout]  --> /opt/rustwide/cargo-home/git/checkouts/plonky2-20cf69f227461c49/bfcfcdb/field/src/lib.rs:6:12
[INFO] [stdout]   |
[INFO] [stdout] 6 | #![feature(stdsimd)]
[INFO] [stdout]   |            ^^^^^^^
[INFO] [stdout] 
[INFO] [stdout] 
[INFO] [stderr]     Checking elliptic-curve v0.13.8
[INFO] [stdout] error: aborting due to 3 previous errors
[INFO] [stdout] 
[INFO] [stdout] 
[INFO] [stdout] For more information about this error, try `rustc --explain E0554`.
[INFO] [stdout] 
[INFO] [stderr] error: could not compile `plonky2_field` (lib) due to 4 previous errors
[INFO] [stderr] warning: build failed, waiting for other jobs to finish...
[INFO] running `Command { std: "docker" "inspect" "b30b1a7868b07508e14fa67fb95ae1f8764a0c197038a5ea53ba75ba4486e4c8", kill_on_drop: false }`
[INFO] running `Command { std: "docker" "rm" "-f" "b30b1a7868b07508e14fa67fb95ae1f8764a0c197038a5ea53ba75ba4486e4c8", kill_on_drop: false }`
[INFO] [stdout] b30b1a7868b07508e14fa67fb95ae1f8764a0c197038a5ea53ba75ba4486e4c8
