[INFO] cloning repository https://github.com/L-jasmine/todo-flows
[INFO] running `Command { std: "git" "-c" "credential.helper=" "-c" "credential.helper=/workspace/cargo-home/bin/git-credential-null" "clone" "--bare" "https://github.com/L-jasmine/todo-flows" "/workspace/cache/git-repos/https%3A%2F%2Fgithub.com%2FL-jasmine%2Ftodo-flows", kill_on_drop: false }`
[INFO] [stderr] Cloning into bare repository '/workspace/cache/git-repos/https%3A%2F%2Fgithub.com%2FL-jasmine%2Ftodo-flows'...
[INFO] running `Command { std: "git" "rev-parse" "HEAD", kill_on_drop: false }`
[INFO] [stdout] e83e97984b8d82a24f298336e8bbf9fec1e5d968
[INFO] documenting L-jasmine/todo-flows against 1.75.0 for beta-1.76-rustdoc-1
[INFO] running `Command { std: "git" "clone" "/workspace/cache/git-repos/https%3A%2F%2Fgithub.com%2FL-jasmine%2Ftodo-flows" "/workspace/builds/worker-4-tc1/source", kill_on_drop: false }`
[INFO] [stderr] Cloning into '/workspace/builds/worker-4-tc1/source'...
[INFO] [stderr] done.
[INFO] validating manifest of git repo https://github.com/L-jasmine/todo-flows on toolchain 1.75.0
[INFO] running `Command { std: CARGO_HOME="/workspace/cargo-home" RUSTUP_HOME="/workspace/rustup-home" "/workspace/cargo-home/bin/cargo" "+1.75.0" "metadata" "--manifest-path" "Cargo.toml" "--no-deps", kill_on_drop: false }`
[INFO] started tweaking git repo https://github.com/L-jasmine/todo-flows
[INFO] finished tweaking git repo https://github.com/L-jasmine/todo-flows
[INFO] tweaked toml for git repo https://github.com/L-jasmine/todo-flows written to /workspace/builds/worker-4-tc1/source/Cargo.toml
[INFO] crate git repo https://github.com/L-jasmine/todo-flows already has a lockfile, it will not be regenerated
[INFO] running `Command { std: CARGO_HOME="/workspace/cargo-home" RUSTUP_HOME="/workspace/rustup-home" "/workspace/cargo-home/bin/cargo" "+1.75.0" "fetch" "--manifest-path" "Cargo.toml", kill_on_drop: false }`
[INFO] [stderr]     Updating crates.io index
[INFO] [stderr]     Blocking waiting for file lock on package cache
[INFO] [stderr]  Downloading crates ...
[INFO] [stderr]   Downloaded webhook-flows v0.4.4
[INFO] [stderr]   Downloaded wasmedge_rustls_api v0.1.1
[INFO] [stderr]   Downloaded webhook-flows-macros v0.2.2
[INFO] [stderr]   Downloaded flowsnet-platform-sdk v0.1.6
[INFO] [stderr]   Downloaded wasmedge_wasi_socket v0.5.1
[INFO] [stderr]   Downloaded borsh-derive v1.2.1
[INFO] [stderr]   Downloaded tokio-util_wasi v0.7.5
[INFO] [stderr]   Downloaded syn v2.0.40
[INFO] [stderr]   Downloaded tokio_wasi v1.25.2
[INFO] [stderr]   Downloaded borsh v1.2.1
[INFO] [stderr]   Downloaded http_req_wasi v0.11.1
[INFO] [stderr]   Downloaded mio_wasi v0.8.9
[INFO] [stderr]   Downloaded mysql_common v0.29.2
[INFO] [stderr]   Downloaded winnow v0.5.28
[INFO] [stderr]   Downloaded mysql_async_wasi v0.31.6
[INFO] running `Command { std: "docker" "create" "-v" "/var/lib/crater-agent-workspace/builds/worker-4-tc1/target:/opt/rustwide/target:rw,Z" "-v" "/var/lib/crater-agent-workspace/builds/worker-4-tc1/source:/opt/rustwide/workdir:ro,Z" "-v" "/var/lib/crater-agent-workspace/cargo-home:/opt/rustwide/cargo-home:ro,Z" "-v" "/var/lib/crater-agent-workspace/rustup-home:/opt/rustwide/rustup-home:ro,Z" "-e" "SOURCE_DIR=/opt/rustwide/workdir" "-e" "CARGO_TARGET_DIR=/opt/rustwide/target" "-e" "CARGO_HOME=/opt/rustwide/cargo-home" "-e" "RUSTUP_HOME=/opt/rustwide/rustup-home" "-w" "/opt/rustwide/workdir" "-m" "1610612736" "--user" "0:0" "--network" "none" "ghcr.io/rust-lang/crates-build-env/linux@sha256:2788e3201cd34a07e3172128adcd8b3090168a8e3bcc40d7c032b9dda1df7d1c" "/opt/rustwide/cargo-home/bin/cargo" "+1.75.0" "metadata" "--no-deps" "--format-version=1", kill_on_drop: false }`
[INFO] [stdout] b5ff3c1c5cb0561ab0aa30c30449296ba964b9f9526b62c4100c8cf55083d5c2
[INFO] running `Command { std: "docker" "start" "-a" "b5ff3c1c5cb0561ab0aa30c30449296ba964b9f9526b62c4100c8cf55083d5c2", kill_on_drop: false }`
[INFO] running `Command { std: "docker" "inspect" "b5ff3c1c5cb0561ab0aa30c30449296ba964b9f9526b62c4100c8cf55083d5c2", kill_on_drop: false }`
[INFO] running `Command { std: "docker" "rm" "-f" "b5ff3c1c5cb0561ab0aa30c30449296ba964b9f9526b62c4100c8cf55083d5c2", kill_on_drop: false }`
[INFO] [stdout] b5ff3c1c5cb0561ab0aa30c30449296ba964b9f9526b62c4100c8cf55083d5c2
[INFO] running `Command { std: "docker" "create" "-v" "/var/lib/crater-agent-workspace/builds/worker-4-tc1/target:/opt/rustwide/target:rw,Z" "-v" "/var/lib/crater-agent-workspace/builds/worker-4-tc1/source:/opt/rustwide/workdir:ro,Z" "-v" "/var/lib/crater-agent-workspace/cargo-home:/opt/rustwide/cargo-home:ro,Z" "-v" "/var/lib/crater-agent-workspace/rustup-home:/opt/rustwide/rustup-home:ro,Z" "-e" "SOURCE_DIR=/opt/rustwide/workdir" "-e" "CARGO_TARGET_DIR=/opt/rustwide/target" "-e" "CARGO_INCREMENTAL=0" "-e" "RUST_BACKTRACE=full" "-e" "RUSTFLAGS=--cap-lints=warn" "-e" "RUSTDOCFLAGS=--cap-lints=warn" "-e" "CARGO_HOME=/opt/rustwide/cargo-home" "-e" "RUSTUP_HOME=/opt/rustwide/rustup-home" "-w" "/opt/rustwide/workdir" "-m" "1610612736" "--user" "0:0" "--network" "none" "ghcr.io/rust-lang/crates-build-env/linux@sha256:2788e3201cd34a07e3172128adcd8b3090168a8e3bcc40d7c032b9dda1df7d1c" "/opt/rustwide/cargo-home/bin/cargo" "+1.75.0" "doc" "--frozen" "--no-deps" "--document-private-items" "--message-format=json", kill_on_drop: false }`
[INFO] [stdout] 42cbb902eb9c662759150431370ce716bbbf04cdf6547fc9db53d1037d9d5d7c
[INFO] running `Command { std: "docker" "start" "-a" "42cbb902eb9c662759150431370ce716bbbf04cdf6547fc9db53d1037d9d5d7c", kill_on_drop: false }`
[INFO] [stderr]    Compiling autocfg v1.1.0
[INFO] [stderr]    Compiling libc v0.2.151
[INFO] [stderr]    Compiling cfg-if v1.0.0
[INFO] [stderr]     Checking once_cell v1.19.0
[INFO] [stderr]    Compiling typenum v1.17.0
[INFO] [stderr]    Compiling crossbeam-utils v0.8.16
[INFO] [stderr]     Checking static_assertions v1.1.0
[INFO] [stderr]    Compiling syn v2.0.40
[INFO] [stderr]    Compiling generic-array v0.14.7
[INFO] [stderr]    Compiling glob v0.3.1
[INFO] [stderr]     Checking lexical-util v0.8.5
[INFO] [stderr]    Compiling serde_json v1.0.108
[INFO] [stderr]    Compiling clang-sys v1.6.1
[INFO] [stderr]    Compiling num-traits v0.2.17
[INFO] [stderr]     Checking smallvec v1.11.2
[INFO] [stderr]     Checking itoa v1.0.10
[INFO] [stderr]    Compiling serde v1.0.193
[INFO] [stderr]     Checking ppv-lite86 v0.2.17
[INFO] [stderr]    Compiling ahash v0.7.7
[INFO] [stderr]     Checking log v0.4.20
[INFO] [stderr]    Compiling memchr v2.6.4
[INFO] [stderr]     Checking getrandom v0.2.11
[INFO] [stderr]     Checking lazy_static v1.4.0
[INFO] [stderr]    Compiling minimal-lexical v0.2.1
[INFO] [stderr]     Checking bytes v1.5.0
[INFO] [stderr]     Checking scopeguard v1.2.0
[INFO] [stderr]     Checking rand_core v0.6.4
[INFO] [stderr]    Compiling regex-syntax v0.8.2
[INFO] [stderr]     Checking rand_chacha v0.3.1
[INFO] [stderr]    Compiling memoffset v0.9.0
[INFO] [stderr]    Compiling num-integer v0.1.45
[INFO] [stderr]     Checking rand v0.8.5
[INFO] [stderr]    Compiling nom v7.1.3
[INFO] [stderr]    Compiling libloading v0.7.4
[INFO] [stderr]     Checking byteorder v1.5.0
[INFO] [stderr]    Compiling frunk_core v0.4.2
[INFO] [stderr]     Checking powerfmt v0.2.0
[INFO] [stderr]    Compiling bindgen v0.59.2
[INFO] [stderr]     Checking deranged v0.3.10
[INFO] [stderr]     Checking crypto-common v0.1.6
[INFO] [stderr]     Checking block-buffer v0.10.4
[INFO] [stderr]    Compiling cc v1.0.83
[INFO] [stderr]     Checking lexical-parse-integer v0.8.6
[INFO] [stderr]    Compiling regex-automata v0.4.3
[INFO] [stderr]     Checking lexical-write-integer v0.8.5
[INFO] [stderr]    Compiling crossbeam-epoch v0.9.15
[INFO] [stderr]    Compiling cexpr v0.6.0
[INFO] [stderr]    Compiling num-bigint v0.4.4
[INFO] [stderr]     Checking time-core v0.1.2
[INFO] [stderr]    Compiling bitflags v1.3.2
[INFO] [stderr]    Compiling rustc-hash v1.1.0
[INFO] [stderr]    Compiling crc32fast v1.3.2
[INFO] [stderr]    Compiling peeking_take_while v0.1.2
[INFO] [stderr]     Checking tinyvec_macros v0.1.1
[INFO] [stderr]    Compiling frunk_proc_macro_helpers v0.1.2
[INFO] [stderr]    Compiling shlex v1.2.0
[INFO] [stderr]    Compiling radium v0.7.0
[INFO] [stderr]    Compiling lazycell v1.3.0
[INFO] [stderr]     Checking ryu v1.0.16
[INFO] [stderr]     Checking tinyvec v1.6.0
[INFO] [stderr]    Compiling serde_derive v1.0.193
[INFO] [stderr]    Compiling thiserror-impl v1.0.50
[INFO] [stderr]     Checking time v0.3.30
[INFO] [stderr]    Compiling regex v1.10.2
[INFO] [stderr]     Checking lexical-write-float v0.8.5
[INFO] [stderr]    Compiling cmake v0.1.50
[INFO] [stderr]     Checking lexical-parse-float v0.8.5
[INFO] [stderr]     Checking hashbrown v0.12.3
[INFO] [stderr]     Checking aho-corasick v1.1.2
[INFO] [stderr]     Checking digest v0.10.7
[INFO] [stderr]    Compiling subprocess v0.2.9
[INFO] [stderr]     Checking crossbeam-channel v0.5.8
[INFO] [stderr]    Compiling slab v0.4.9
[INFO] [stderr]     Checking thiserror v1.0.50
[INFO] [stderr]    Compiling lock_api v0.4.11
[INFO] [stderr]    Compiling indexmap v1.9.3
[INFO] [stderr]     Checking tracing-core v0.1.32
[INFO] [stderr]    Compiling unicase v2.7.0
[INFO] [stderr]    Compiling futures-core v0.3.29
[INFO] [stderr]    Compiling rust_decimal v1.33.1
[INFO] [stderr]    Compiling futures-task v0.3.29
[INFO] [stderr]     Checking tap v1.0.1
[INFO] [stderr]     Checking quick-error v1.2.3
[INFO] [stderr]    Compiling parking_lot_core v0.9.9
[INFO] [stderr]     Checking adler v1.0.2
[INFO] [stderr]    Compiling syn v1.0.109
[INFO] [stderr]     Checking cpufeatures v0.2.11
[INFO] [stderr]    Compiling crossbeam-queue v0.3.8
[INFO] [stderr]     Checking overload v0.1.1
[INFO] [stderr]     Checking nu-ansi-term v0.46.0
[INFO] [stderr]     Checking miniz_oxide v0.7.1
[INFO] [stderr]     Checking dns-parser v0.8.0
[INFO] [stderr]     Checking wyz v0.5.1
[INFO] [stderr]     Checking tracing-log v0.2.0
[INFO] [stderr]     Checking lexical-core v0.8.5
[INFO] [stderr]     Checking unicode-normalization v0.1.22
[INFO] [stderr]    Compiling frunk_proc_macros v0.1.2
[INFO] [stderr]    Compiling frunk_derives v0.4.2
[INFO] [stderr]     Checking sharded-slab v0.1.7
[INFO] [stderr]    Compiling priority-queue v1.3.2
[INFO] [stderr]     Checking thread_local v1.1.7
[INFO] [stderr]     Checking arrayvec v0.7.4
[INFO] [stderr]    Compiling futures-util v0.3.29
[INFO] [stderr]     Checking funty v2.0.0
[INFO] [stderr]     Checking percent-encoding v2.3.1
[INFO] [stderr]     Checking base64 v0.13.1
[INFO] [stderr]     Checking unicode-bidi v0.3.14
[INFO] [stderr]     Checking pin-project-lite v0.2.13
[INFO] [stderr]     Checking tracing-subscriber v0.3.18
[INFO] [stderr]     Checking bitvec v1.0.1
[INFO] [stderr]     Checking idna v0.5.0
[INFO] [stderr]     Checking form_urlencoded v1.2.1
[INFO] [stderr]     Checking bigdecimal v0.3.1
[INFO] [stderr]     Checking flate2 v1.0.28
[INFO] [stderr]     Checking crossbeam-deque v0.8.3
[INFO] [stderr]     Checking lexical v6.1.1
[INFO] [stderr]     Checking wasmedge_wasi_socket v0.5.1
[INFO] [stdout] error[E0433]: failed to resolve: could not find `wasi` in `os`
[INFO] [stdout]  --> /opt/rustwide/cargo-home/registry/src/index.crates.io-6f17d22bba15001f/wasmedge_wasi_socket-0.5.1/src/poll.rs:2:14
[INFO] [stdout]   |
[INFO] [stdout] 2 | use std::os::wasi::prelude::*;
[INFO] [stdout]   |              ^^^^ could not find `wasi` in `os`
[INFO] [stdout] 
[INFO] [stdout] 
[INFO] [stdout] error[E0433]: failed to resolve: could not find `wasi` in `os`
[INFO] [stdout]  --> /opt/rustwide/cargo-home/registry/src/index.crates.io-6f17d22bba15001f/wasmedge_wasi_socket-0.5.1/src/socket.rs:4:14
[INFO] [stdout]   |
[INFO] [stdout] 4 | use std::os::wasi::prelude::{AsRawFd, FromRawFd, IntoRawFd, RawFd};
[INFO] [stdout]   |              ^^^^ could not find `wasi` in `os`
[INFO] [stdout] 
[INFO] [stdout] 
[INFO] [stdout] error[E0433]: failed to resolve: could not find `wasi` in `os`
[INFO] [stdout]   --> /opt/rustwide/cargo-home/registry/src/index.crates.io-6f17d22bba15001f/wasmedge_wasi_socket-0.5.1/src/lib.rs:11:9
[INFO] [stdout]    |
[INFO] [stdout] 11 |     os::wasi::prelude::{AsRawFd, FromRawFd, IntoRawFd},
[INFO] [stdout]    |         ^^^^ could not find `wasi` in `os`
[INFO] [stdout] 
[INFO] [stdout] 
[INFO] [stdout] error[E0412]: cannot find type `RawFd` in this scope
[INFO] [stdout]   --> /opt/rustwide/cargo-home/registry/src/index.crates.io-6f17d22bba15001f/wasmedge_wasi_socket-0.5.1/src/poll.rs:12:13
[INFO] [stdout]    |
[INFO] [stdout] 12 |         fd: RawFd,
[INFO] [stdout]    |             ^^^^^ not found in this scope
[INFO] [stdout]    |
[INFO] [stdout] help: consider importing this type alias
[INFO] [stdout]    |
[INFO] [stdout] 1  + use std::os::fd::RawFd;
[INFO] [stdout]    |
[INFO] [stdout] 
[INFO] [stdout] 
[INFO] [stdout] error[E0412]: cannot find type `RawFd` in this scope
[INFO] [stdout]   --> /opt/rustwide/cargo-home/registry/src/index.crates.io-6f17d22bba15001f/wasmedge_wasi_socket-0.5.1/src/poll.rs:18:13
[INFO] [stdout]    |
[INFO] [stdout] 18 |         fd: RawFd,
[INFO] [stdout]    |             ^^^^^ not found in this scope
[INFO] [stdout]    |
[INFO] [stdout] help: consider importing this type alias
[INFO] [stdout]    |
[INFO] [stdout] 1  + use std::os::fd::RawFd;
[INFO] [stdout]    |
[INFO] [stdout] 
[INFO] [stdout] 
[INFO] [stdout] error[E0405]: cannot find trait `AsRawFd` in this scope
[INFO] [stdout]   --> /opt/rustwide/cargo-home/registry/src/index.crates.io-6f17d22bba15001f/wasmedge_wasi_socket-0.5.1/src/poll.rs:29:18
[INFO] [stdout]    |
[INFO] [stdout] 29 |     pub fn io<F: AsRawFd>(
[INFO] [stdout]    |                  ^^^^^^^ not found in this scope
[INFO] [stdout]    |
[INFO] [stdout] help: consider importing this trait
[INFO] [stdout]    |
[INFO] [stdout] 1  + use std::os::fd::AsRawFd;
[INFO] [stdout]    |
[INFO] [stdout] 
[INFO] [stdout] 
[INFO] [stdout] error[E0433]: failed to resolve: could not find `wasi` in `os`
[INFO] [stdout]    --> /opt/rustwide/cargo-home/registry/src/index.crates.io-6f17d22bba15001f/wasmedge_wasi_socket-0.5.1/src/lib.rs:116:37
[INFO] [stdout]     |
[INFO] [stdout] 116 |     fn as_raw_fd(&self) -> std::os::wasi::prelude::RawFd {
[INFO] [stdout]     |                                     ^^^^ could not find `wasi` in `os`
[INFO] [stdout]     |
[INFO] [stdout] help: consider importing this module
[INFO] [stdout]     |
[INFO] [stdout] 7   + use std::os::unix::prelude;
[INFO] [stdout]     |
[INFO] [stdout] help: if you import `prelude`, refer to it directly
[INFO] [stdout]     |
[INFO] [stdout] 116 -     fn as_raw_fd(&self) -> std::os::wasi::prelude::RawFd {
[INFO] [stdout] 116 +     fn as_raw_fd(&self) -> prelude::RawFd {
[INFO] [stdout]     |
[INFO] [stdout] 
[INFO] [stdout] 
[INFO] [stdout] error[E0433]: failed to resolve: could not find `wasi` in `os`
[INFO] [stdout]    --> /opt/rustwide/cargo-home/registry/src/index.crates.io-6f17d22bba15001f/wasmedge_wasi_socket-0.5.1/src/lib.rs:122:38
[INFO] [stdout]     |
[INFO] [stdout] 122 |     fn into_raw_fd(self) -> std::os::wasi::prelude::RawFd {
[INFO] [stdout]     |                                      ^^^^ could not find `wasi` in `os`
[INFO] [stdout]     |
[INFO] [stdout] help: consider importing this module
[INFO] [stdout]     |
[INFO] [stdout] 7   + use std::os::unix::prelude;
[INFO] [stdout]     |
[INFO] [stdout] help: if you import `prelude`, refer to it directly
[INFO] [stdout]     |
[INFO] [stdout] 122 -     fn into_raw_fd(self) -> std::os::wasi::prelude::RawFd {
[INFO] [stdout] 122 +     fn into_raw_fd(self) -> prelude::RawFd {
[INFO] [stdout]     |
[INFO] [stdout] 
[INFO] [stdout] 
[INFO] [stdout] error[E0433]: failed to resolve: could not find `wasi` in `os`
[INFO] [stdout]    --> /opt/rustwide/cargo-home/registry/src/index.crates.io-6f17d22bba15001f/wasmedge_wasi_socket-0.5.1/src/lib.rs:128:40
[INFO] [stdout]     |
[INFO] [stdout] 128 |     unsafe fn from_raw_fd(fd: std::os::wasi::prelude::RawFd) -> Self {
[INFO] [stdout]     |                                        ^^^^ could not find `wasi` in `os`
[INFO] [stdout]     |
[INFO] [stdout] help: consider importing this module
[INFO] [stdout]     |
[INFO] [stdout] 7   + use std::os::unix::prelude;
[INFO] [stdout]     |
[INFO] [stdout] help: if you import `prelude`, refer to it directly
[INFO] [stdout]     |
[INFO] [stdout] 128 -     unsafe fn from_raw_fd(fd: std::os::wasi::prelude::RawFd) -> Self {
[INFO] [stdout] 128 +     unsafe fn from_raw_fd(fd: prelude::RawFd) -> Self {
[INFO] [stdout]     |
[INFO] [stdout] 
[INFO] [stdout] 
[INFO] [stdout] error[E0433]: failed to resolve: could not find `wasi` in `os`
[INFO] [stdout]    --> /opt/rustwide/cargo-home/registry/src/index.crates.io-6f17d22bba15001f/wasmedge_wasi_socket-0.5.1/src/lib.rs:229:37
[INFO] [stdout]     |
[INFO] [stdout] 229 |     fn as_raw_fd(&self) -> std::os::wasi::prelude::RawFd {
[INFO] [stdout]     |                                     ^^^^ could not find `wasi` in `os`
[INFO] [stdout]     |
[INFO] [stdout] help: consider importing this module
[INFO] [stdout]     |
[INFO] [stdout] 7   + use std::os::unix::prelude;
[INFO] [stdout]     |
[INFO] [stdout] help: if you import `prelude`, refer to it directly
[INFO] [stdout]     |
[INFO] [stdout] 229 -     fn as_raw_fd(&self) -> std::os::wasi::prelude::RawFd {
[INFO] [stdout] 229 +     fn as_raw_fd(&self) -> prelude::RawFd {
[INFO] [stdout]     |
[INFO] [stdout] 
[INFO] [stdout] 
[INFO] [stdout] error[E0433]: failed to resolve: could not find `wasi` in `os`
[INFO] [stdout]    --> /opt/rustwide/cargo-home/registry/src/index.crates.io-6f17d22bba15001f/wasmedge_wasi_socket-0.5.1/src/lib.rs:235:38
[INFO] [stdout]     |
[INFO] [stdout] 235 |     fn into_raw_fd(self) -> std::os::wasi::prelude::RawFd {
[INFO] [stdout]     |                                      ^^^^ could not find `wasi` in `os`
[INFO] [stdout]     |
[INFO] [stdout] help: consider importing this module
[INFO] [stdout]     |
[INFO] [stdout] 7   + use std::os::unix::prelude;
[INFO] [stdout]     |
[INFO] [stdout] help: if you import `prelude`, refer to it directly
[INFO] [stdout]     |
[INFO] [stdout] 235 -     fn into_raw_fd(self) -> std::os::wasi::prelude::RawFd {
[INFO] [stdout] 235 +     fn into_raw_fd(self) -> prelude::RawFd {
[INFO] [stdout]     |
[INFO] [stdout] 
[INFO] [stdout] 
[INFO] [stdout] error[E0433]: failed to resolve: could not find `wasi` in `os`
[INFO] [stdout]    --> /opt/rustwide/cargo-home/registry/src/index.crates.io-6f17d22bba15001f/wasmedge_wasi_socket-0.5.1/src/lib.rs:241:40
[INFO] [stdout]     |
[INFO] [stdout] 241 |     unsafe fn from_raw_fd(fd: std::os::wasi::prelude::RawFd) -> Self {
[INFO] [stdout]     |                                        ^^^^ could not find `wasi` in `os`
[INFO] [stdout]     |
[INFO] [stdout] help: consider importing this module
[INFO] [stdout]     |
[INFO] [stdout] 7   + use std::os::unix::prelude;
[INFO] [stdout]     |
[INFO] [stdout] help: if you import `prelude`, refer to it directly
[INFO] [stdout]     |
[INFO] [stdout] 241 -     unsafe fn from_raw_fd(fd: std::os::wasi::prelude::RawFd) -> Self {
[INFO] [stdout] 241 +     unsafe fn from_raw_fd(fd: prelude::RawFd) -> Self {
[INFO] [stdout]     |
[INFO] [stdout] 
[INFO] [stdout] 
[INFO] [stdout] error[E0433]: failed to resolve: could not find `wasi` in `os`
[INFO] [stdout]    --> /opt/rustwide/cargo-home/registry/src/index.crates.io-6f17d22bba15001f/wasmedge_wasi_socket-0.5.1/src/lib.rs:316:37
[INFO] [stdout]     |
[INFO] [stdout] 316 |     fn as_raw_fd(&self) -> std::os::wasi::prelude::RawFd {
[INFO] [stdout]     |                                     ^^^^ could not find `wasi` in `os`
[INFO] [stdout]     |
[INFO] [stdout] help: consider importing this module
[INFO] [stdout]     |
[INFO] [stdout] 7   + use std::os::unix::prelude;
[INFO] [stdout]     |
[INFO] [stdout] help: if you import `prelude`, refer to it directly
[INFO] [stdout]     |
[INFO] [stdout] 316 -     fn as_raw_fd(&self) -> std::os::wasi::prelude::RawFd {
[INFO] [stdout] 316 +     fn as_raw_fd(&self) -> prelude::RawFd {
[INFO] [stdout]     |
[INFO] [stdout] 
[INFO] [stdout] 
[INFO] [stdout] error: aborting due to 13 previous errors
[INFO] [stdout] 
[INFO] [stdout] 
[INFO] [stdout] Some errors have detailed explanations: E0405, E0412, E0433.
[INFO] [stdout] 
[INFO] [stdout] For more information about an error, try `rustc --explain E0405`.
[INFO] [stdout] 
[INFO] [stderr] error: could not compile `wasmedge_wasi_socket` (lib) due to 14 previous errors
[INFO] [stderr] warning: build failed, waiting for other jobs to finish...
[INFO] running `Command { std: "docker" "inspect" "42cbb902eb9c662759150431370ce716bbbf04cdf6547fc9db53d1037d9d5d7c", kill_on_drop: false }`
[INFO] running `Command { std: "docker" "rm" "-f" "42cbb902eb9c662759150431370ce716bbbf04cdf6547fc9db53d1037d9d5d7c", kill_on_drop: false }`
[INFO] [stdout] 42cbb902eb9c662759150431370ce716bbbf04cdf6547fc9db53d1037d9d5d7c
