[INFO] cloning repository https://github.com/KuTuGu/proof-of-innocence
[INFO] running `Command { std: "git" "-c" "credential.helper=" "-c" "credential.helper=/workspace/cargo-home/bin/git-credential-null" "clone" "--bare" "https://github.com/KuTuGu/proof-of-innocence" "/workspace/cache/git-repos/https%3A%2F%2Fgithub.com%2FKuTuGu%2Fproof-of-innocence", kill_on_drop: false }`
[INFO] [stderr] Cloning into bare repository '/workspace/cache/git-repos/https%3A%2F%2Fgithub.com%2FKuTuGu%2Fproof-of-innocence'...
[INFO] running `Command { std: "git" "rev-parse" "HEAD", kill_on_drop: false }`
[INFO] [stdout] dc89bf6c6b2af47b1ec08eebdb3924f3bd614a3f
[INFO] documenting KuTuGu/proof-of-innocence against 1.75.0 for beta-1.76-rustdoc-1
[INFO] running `Command { std: "git" "clone" "/workspace/cache/git-repos/https%3A%2F%2Fgithub.com%2FKuTuGu%2Fproof-of-innocence" "/workspace/builds/worker-5-tc1/source", kill_on_drop: false }`
[INFO] [stderr] Cloning into '/workspace/builds/worker-5-tc1/source'...
[INFO] [stderr] done.
[INFO] validating manifest of git repo https://github.com/KuTuGu/proof-of-innocence on toolchain 1.75.0
[INFO] running `Command { std: CARGO_HOME="/workspace/cargo-home" RUSTUP_HOME="/workspace/rustup-home" "/workspace/cargo-home/bin/cargo" "+1.75.0" "metadata" "--manifest-path" "Cargo.toml" "--no-deps", kill_on_drop: false }`
[INFO] started tweaking git repo https://github.com/KuTuGu/proof-of-innocence
[INFO] finished tweaking git repo https://github.com/KuTuGu/proof-of-innocence
[INFO] tweaked toml for git repo https://github.com/KuTuGu/proof-of-innocence written to /workspace/builds/worker-5-tc1/source/Cargo.toml
[INFO] crate git repo https://github.com/KuTuGu/proof-of-innocence already has a lockfile, it will not be regenerated
[INFO] running `Command { std: CARGO_HOME="/workspace/cargo-home" RUSTUP_HOME="/workspace/rustup-home" "/workspace/cargo-home/bin/cargo" "+1.75.0" "fetch" "--manifest-path" "Cargo.toml", kill_on_drop: false }`
[INFO] [stderr] warning: virtual workspace defaulting to `resolver = "1"` despite one or more workspace members being on edition 2021 which implies `resolver = "2"`
[INFO] [stderr] note: to keep the current resolver, specify `workspace.resolver = "1"` in the workspace root's manifest
[INFO] [stderr] note: to use the edition 2021 resolver, specify `workspace.resolver = "2"` in the workspace root's manifest
[INFO] [stderr] note: for more details see https://doc.rust-lang.org/cargo/reference/resolver.html#resolver-versions
[INFO] [stderr]     Updating crates.io index
[INFO] [stderr]     Updating git repository `https://github.com/KuTuGu/fixed-merkle-tree`
[INFO] [stderr]     Updating git repository `https://github.com/tzilkha/mimc-sponge-rs`
[INFO] [stderr]  Downloading crates ...
[INFO] [stderr]   Downloaded ff_ce v0.11.0
[INFO] [stderr]   Downloaded elf v0.7.2
[INFO] [stderr]   Downloaded syn-mid v0.5.3
[INFO] [stderr]   Downloaded ff_derive_ce v0.8.0
[INFO] [stderr]   Downloaded lazy-regex v2.4.1
[INFO] [stderr]   Downloaded wasm-bindgen-test v0.3.34
[INFO] [stderr]   Downloaded wasm-bindgen-test-macro v0.3.34
[INFO] [stderr]   Downloaded risc0-zeroio v0.12.0
[INFO] [stderr]   Downloaded novasmt v0.2.20
[INFO] [stderr]   Downloaded risc0-build v0.12.0
[INFO] [stderr]   Downloaded risc0-zkvm-platform v0.12.0
[INFO] [stderr]   Downloaded risc0-zeroio-derive v0.12.0
[INFO] [stderr]   Downloaded risc0-zkvm v0.12.0
[INFO] [stderr]   Downloaded risc0-zkp v0.12.0
[INFO] [stderr]   Downloaded risc0-circuit-rv32im v0.12.0
[INFO] running `Command { std: "docker" "create" "-v" "/var/lib/crater-agent-workspace/builds/worker-5-tc1/target:/opt/rustwide/target:rw,Z" "-v" "/var/lib/crater-agent-workspace/builds/worker-5-tc1/source:/opt/rustwide/workdir:ro,Z" "-v" "/var/lib/crater-agent-workspace/cargo-home:/opt/rustwide/cargo-home:ro,Z" "-v" "/var/lib/crater-agent-workspace/rustup-home:/opt/rustwide/rustup-home:ro,Z" "-e" "SOURCE_DIR=/opt/rustwide/workdir" "-e" "CARGO_TARGET_DIR=/opt/rustwide/target" "-e" "CARGO_HOME=/opt/rustwide/cargo-home" "-e" "RUSTUP_HOME=/opt/rustwide/rustup-home" "-w" "/opt/rustwide/workdir" "-m" "1610612736" "--user" "0:0" "--network" "none" "ghcr.io/rust-lang/crates-build-env/linux@sha256:2788e3201cd34a07e3172128adcd8b3090168a8e3bcc40d7c032b9dda1df7d1c" "/opt/rustwide/cargo-home/bin/cargo" "+1.75.0" "metadata" "--no-deps" "--format-version=1", kill_on_drop: false }`
[INFO] [stdout] f9ad62e91f073c8a375314206947aba69000cf5b5130c96a64464957a9b061cd
[INFO] running `Command { std: "docker" "start" "-a" "f9ad62e91f073c8a375314206947aba69000cf5b5130c96a64464957a9b061cd", kill_on_drop: false }`
[INFO] running `Command { std: "docker" "inspect" "f9ad62e91f073c8a375314206947aba69000cf5b5130c96a64464957a9b061cd", kill_on_drop: false }`
[INFO] running `Command { std: "docker" "rm" "-f" "f9ad62e91f073c8a375314206947aba69000cf5b5130c96a64464957a9b061cd", kill_on_drop: false }`
[INFO] [stdout] f9ad62e91f073c8a375314206947aba69000cf5b5130c96a64464957a9b061cd
[INFO] running `Command { std: "docker" "create" "-v" "/var/lib/crater-agent-workspace/builds/worker-5-tc1/target:/opt/rustwide/target:rw,Z" "-v" "/var/lib/crater-agent-workspace/builds/worker-5-tc1/source:/opt/rustwide/workdir:ro,Z" "-v" "/var/lib/crater-agent-workspace/cargo-home:/opt/rustwide/cargo-home:ro,Z" "-v" "/var/lib/crater-agent-workspace/rustup-home:/opt/rustwide/rustup-home:ro,Z" "-e" "SOURCE_DIR=/opt/rustwide/workdir" "-e" "CARGO_TARGET_DIR=/opt/rustwide/target" "-e" "CARGO_INCREMENTAL=0" "-e" "RUST_BACKTRACE=full" "-e" "RUSTFLAGS=--cap-lints=warn" "-e" "RUSTDOCFLAGS=--cap-lints=warn" "-e" "CARGO_HOME=/opt/rustwide/cargo-home" "-e" "RUSTUP_HOME=/opt/rustwide/rustup-home" "-w" "/opt/rustwide/workdir" "-m" "1610612736" "--user" "0:0" "--network" "none" "ghcr.io/rust-lang/crates-build-env/linux@sha256:2788e3201cd34a07e3172128adcd8b3090168a8e3bcc40d7c032b9dda1df7d1c" "/opt/rustwide/cargo-home/bin/cargo" "+1.75.0" "doc" "--frozen" "--no-deps" "--document-private-items" "--message-format=json", kill_on_drop: false }`
[INFO] [stdout] cd233225b28bfa22948e11b14c7afea846164ee15171af23b51a0ad2df0b2a7e
[INFO] running `Command { std: "docker" "start" "-a" "cd233225b28bfa22948e11b14c7afea846164ee15171af23b51a0ad2df0b2a7e", kill_on_drop: false }`
[INFO] [stderr] warning: virtual workspace defaulting to `resolver = "1"` despite one or more workspace members being on edition 2021 which implies `resolver = "2"`
[INFO] [stderr] note: to keep the current resolver, specify `workspace.resolver = "1"` in the workspace root's manifest
[INFO] [stderr] note: to use the edition 2021 resolver, specify `workspace.resolver = "2"` in the workspace root's manifest
[INFO] [stderr] note: for more details see https://doc.rust-lang.org/cargo/reference/resolver.html#resolver-versions
[INFO] [stderr]    Compiling libc v0.2.139
[INFO] [stderr]    Compiling autocfg v1.1.0
[INFO] [stderr]    Compiling proc-macro2 v1.0.51
[INFO] [stderr]    Compiling quote v1.0.23
[INFO] [stderr]    Compiling unicode-ident v1.0.6
[INFO] [stderr]    Compiling syn v1.0.108
[INFO] [stderr]    Compiling cfg-if v1.0.0
[INFO] [stderr]    Compiling version_check v0.9.4
[INFO] [stderr]    Compiling log v0.4.17
[INFO] [stderr]    Compiling typenum v1.16.0
[INFO] [stderr]    Compiling memchr v2.5.0
[INFO] [stderr]    Compiling once_cell v1.17.1
[INFO] [stderr]    Compiling generic-array v0.14.6
[INFO] [stderr]    Compiling crossbeam-utils v0.8.14
[INFO] [stderr]    Compiling num-traits v0.2.15
[INFO] [stderr]    Compiling memoffset v0.7.1
[INFO] [stderr]    Compiling serde_derive v1.0.152
[INFO] [stderr]    Compiling serde v1.0.152
[INFO] [stderr]    Compiling pkg-config v0.3.26
[INFO] [stderr]    Compiling crossbeam-epoch v0.9.13
[INFO] [stderr]    Compiling futures-core v0.3.26
[INFO] [stderr]    Compiling jobserver v0.1.25
[INFO] [stderr]    Compiling num-integer v0.1.45
[INFO] [stderr]    Compiling cc v1.0.79
[INFO] [stderr]    Compiling getrandom v0.2.8
[INFO] [stderr]    Compiling slab v0.4.8
[INFO] [stderr]    Compiling pin-project-lite v0.2.9
[INFO] [stderr]    Compiling futures-channel v0.3.26
[INFO] [stderr]    Compiling futures-task v0.3.26
[INFO] [stderr]    Compiling rayon-core v1.10.2
[INFO] [stderr]    Compiling ahash v0.7.6
[INFO] [stderr]    Compiling futures-util v0.3.26
[INFO] [stderr]    Compiling num_cpus v1.15.0
[INFO] [stderr]    Compiling subtle v2.4.1
[INFO] [stderr]    Compiling anyhow v1.0.69
[INFO] [stderr]    Compiling cpufeatures v0.2.5
[INFO] [stderr]    Compiling tracing-core v0.1.30
[INFO] [stderr]    Compiling itoa v1.0.5
[INFO] [stderr]    Compiling futures-sink v0.3.26
[INFO] [stderr]    Compiling bytes v1.4.0
[INFO] [stderr]    Compiling rand_core v0.6.4
[INFO] [stderr]    Compiling tokio v1.25.0
[INFO] [stderr]    Compiling openssl-sys v0.9.80
[INFO] [stderr]    Compiling block-buffer v0.10.3
[INFO] [stderr]    Compiling crypto-common v0.1.6
[INFO] [stderr]    Compiling risc0-zkp v0.12.0
[INFO] [stderr]    Compiling digest v0.10.6
[INFO] [stderr]    Compiling sha2 v0.10.6
[INFO] [stderr]    Compiling mio v0.8.6
[INFO] [stderr]    Compiling socket2 v0.4.7
[INFO] [stderr]    Compiling futures-io v0.3.26
[INFO] [stderr]    Compiling scopeguard v1.1.0
[INFO] [stderr]    Compiling paste v1.0.11
[INFO] [stderr]    Compiling pin-utils v0.1.0
[INFO] [stderr]    Compiling indexmap v1.9.2
[INFO] [stderr]    Compiling fnv v1.0.7
[INFO] [stderr]    Compiling openssl v0.10.45
[INFO] [stderr]    Compiling serde_json v1.0.94
[INFO] [stderr]    Compiling foreign-types-shared v0.1.1
[INFO] [stderr]    Compiling foreign-types v0.3.2
[INFO] [stderr]    Compiling http v0.2.9
[INFO] [stderr]    Compiling hashbrown v0.12.3
[INFO] [stderr]    Compiling crossbeam-deque v0.8.2
[INFO] [stderr]    Compiling crossbeam-channel v0.5.6
[INFO] [stderr]    Compiling zstd-sys v2.0.7+zstd.1.5.4
[INFO] [stderr]    Compiling aho-corasick v0.7.20
[INFO] [stderr]    Compiling ppv-lite86 v0.2.17
[INFO] [stderr]    Compiling httparse v1.8.0
[INFO] [stderr]    Compiling regex-syntax v0.6.28
[INFO] [stderr]    Compiling tinyvec_macros v0.1.1
[INFO] [stderr]    Compiling native-tls v0.2.11
[INFO] [stderr]    Compiling bitflags v1.3.2
[INFO] [stderr]    Compiling glob v0.3.1
[INFO] [stderr]    Compiling wasm-bindgen-shared v0.2.84
[INFO] [stderr]    Compiling tinyvec v1.6.0
[INFO] [stderr]    Compiling rand_chacha v0.3.1
[INFO] [stderr]    Compiling risc0-circuit-rv32im v0.12.0
[INFO] [stderr]    Compiling openssl-probe v0.1.5
[INFO] [stderr]    Compiling rawpointer v0.2.1
[INFO] [stderr]    Compiling try-lock v0.2.4
[INFO] [stderr]    Compiling percent-encoding v2.2.0
[INFO] [stderr]    Compiling either v1.8.1
[INFO] [stderr]    Compiling ryu v1.0.12
[INFO] [stderr]    Compiling rayon v1.6.1
[INFO] [stderr]    Compiling form_urlencoded v1.1.0
[INFO] [stderr]    Compiling want v0.3.0
[INFO] [stderr]    Compiling regex v1.7.1
[INFO] [stderr]    Compiling matrixmultiply v0.3.2
[INFO] [stderr]    Compiling unicode-normalization v0.1.22
[INFO] [stderr]    Compiling rand v0.8.5
[INFO] [stderr]    Compiling http-body v0.4.5
[INFO] [stderr]    Compiling num-complex v0.4.3
[INFO] [stderr]    Compiling bzip2-sys v0.1.11+1.0.8
[INFO] [stderr]    Compiling proc-macro-error-attr v0.4.12
[INFO] [stderr]    Compiling tower-service v0.3.2
[INFO] [stderr]    Compiling zstd-safe v5.0.2+zstd.1.5.2
[INFO] [stderr]    Compiling crc32fast v1.3.2
[INFO] [stderr]    Compiling thiserror v1.0.38
[INFO] [stderr]    Compiling unicode-bidi v0.3.10
[INFO] [stderr]    Compiling httpdate v1.0.2
[INFO] [stderr]    Compiling bumpalo v3.12.0
[INFO] [stderr]    Compiling idna v0.3.0
[INFO] [stderr]    Compiling wasm-bindgen-backend v0.2.84
[INFO] [stderr]    Compiling tracing-attributes v0.1.23
[INFO] [stderr]    Compiling futures-macro v0.3.26
[INFO] [stderr]    Compiling bytemuck_derive v1.4.0
[INFO] [stderr]    Compiling impl-trait-for-tuples v0.2.2
[INFO] [stderr]    Compiling risc0-zeroio-derive v0.12.0
[INFO] [stderr]    Compiling openssl-macros v0.1.0
[INFO] [stderr]    Compiling bytemuck v1.13.0
[INFO] [stderr]    Compiling lazy-regex-proc_macros v2.4.1
[INFO] [stderr]    Compiling thiserror-impl v1.0.38
[INFO] [stderr]    Compiling ndarray v0.15.6
[INFO] [stderr]    Compiling tracing v0.1.37
[INFO] [stderr]    Compiling tokio-util v0.7.7
[INFO] [stderr]    Compiling syn-mid v0.5.3
[INFO] [stderr]    Compiling num-bigint v0.2.6
[INFO] [stderr]    Compiling proc-macro-error v0.4.12
[INFO] [stderr]    Compiling adler v1.0.2
[INFO] [stderr]    Compiling proc-macro-hack v0.5.20+deprecated
[INFO] [stderr]    Compiling base64ct v1.5.3
[INFO] [stderr]    Compiling camino v1.1.3
[INFO] [stderr]    Compiling risc0-zkvm v0.12.0
[INFO] [stderr]    Compiling semver v1.0.16
[INFO] [stderr]    Compiling password-hash v0.4.2
[INFO] [stderr]    Compiling miniz_oxide v0.6.2
[INFO] [stderr]    Compiling wasm-bindgen-macro-support v0.2.84
[INFO] [stderr]    Compiling h2 v0.3.15
[INFO] [stderr]    Compiling tokio-native-tls v0.3.1
[INFO] [stderr]    Compiling futures-executor v0.3.26
[INFO] [stderr]    Compiling url v2.3.1
[INFO] [stderr]    Compiling num-derive v0.3.3
[INFO] [stderr]    Compiling hmac v0.12.1
[INFO] [stderr]    Compiling cipher v0.3.0
[INFO] [stderr]    Compiling encoding_rs v0.8.32
[INFO] [stderr]    Compiling wasm-bindgen v0.2.84
[INFO] [stderr]    Compiling risc0-zeroio v0.12.0
[INFO] [stderr]    Compiling ipnet v2.7.1
[INFO] [stderr]    Compiling mime v0.3.16
[INFO] [stderr]    Compiling radium v0.6.2
[INFO] [stderr]    Compiling time-core v0.1.0
[INFO] [stderr]    Compiling base64 v0.21.0
[INFO] [stderr]    Compiling opaque-debug v0.3.0
[INFO] [stderr]    Compiling aes v0.7.5
[INFO] [stderr]    Compiling time v0.3.19
[INFO] [stderr]    Compiling pbkdf2 v0.11.0
[INFO] [stderr]    Compiling flate2 v1.0.25
[INFO] [stderr]    Compiling wasm-bindgen-macro v0.2.84
[INFO] [stderr]    Compiling futures v0.3.26
[INFO] [stderr]    Compiling hyper v0.14.24
[INFO] [stderr]    Compiling lazy-regex v2.4.1
[INFO] [stderr]    Compiling sha1 v0.10.5
[INFO] [stderr]    Compiling serde_urlencoded v0.7.1
[INFO] [stderr]    Compiling cargo-platform v0.1.2
[INFO] [stderr]    Compiling blake3 v1.3.3
[INFO] [stderr]     Checking hex v0.4.3
[INFO] [stderr]    Compiling constant_time_eq v0.1.5
[INFO] [stderr]    Compiling risc0-zkvm-platform v0.12.0
[INFO] [stderr]    Compiling fastrand v1.9.0
[INFO] [stderr]    Compiling elf v0.7.2
[INFO] [stderr]    Compiling byteorder v1.4.3
[INFO] [stderr]    Compiling remove_dir_all v0.5.3
[INFO] [stderr]    Compiling tempfile v3.3.0
[INFO] [stderr]    Compiling ff_derive_ce v0.8.0
[INFO] [stderr]    Compiling cargo_metadata v0.15.3
[INFO] [stderr]    Compiling genawaiter-proc-macro v0.99.1
[INFO] [stderr]    Compiling hyper-tls v0.5.0
[INFO] [stderr]    Compiling reqwest v0.11.14
[INFO] [stderr]     Checking rand v0.4.6
[INFO] [stderr]    Compiling num-bigint v0.4.3
[INFO] [stderr]    Compiling home v0.5.4
[INFO] [stderr]     Checking arrayref v0.3.6
[INFO] [stderr]     Checking tap v1.0.1
[INFO] [stderr]    Compiling downloader v0.2.7
[INFO] [stderr]     Checking arrayvec v0.7.2
[INFO] [stderr]     Checking funty v1.1.0
[INFO] [stderr]     Checking constant_time_eq v0.2.4
[INFO] [stderr]     Checking wyz v0.2.0
[INFO] [stderr]     Checking genawaiter-macro v0.99.1
[INFO] [stderr]     Checking genawaiter v0.99.1
[INFO] [stderr]     Checking ff_ce v0.11.0
[INFO] [stderr]     Checking bitvec v0.20.4
[INFO] [stderr]     Checking js-sys v0.3.61
[INFO] [stderr]     Checking lru v0.7.8
[INFO] [stderr]     Checking itertools v0.10.5
[INFO] [stderr]     Checking dashmap v4.0.2
[INFO] [stderr]     Checking replace_with v0.1.7
[INFO] [stderr]     Checking ethnum v1.3.2
[INFO] [stderr]     Checking rustc-hash v1.1.0
[INFO] [stderr]     Checking mimc-sponge-rs v0.1.0 (https://github.com/tzilkha/mimc-sponge-rs#277fe98d)
[INFO] [stderr]     Checking merkle_light v0.4.0 (https://github.com/KuTuGu/fixed-merkle-tree#8262eadf)
[INFO] [stderr]     Checking lazy_static v1.4.0
[INFO] [stderr]     Checking wasm-bindgen-futures v0.4.34
[INFO] [stderr]     Checking novasmt v0.2.20
[INFO] [stderr]    Compiling bzip2 v0.4.4
[INFO] [stderr]     Checking circuit v0.1.0 (/opt/rustwide/workdir/circuit)
[INFO] [stdout] error: failed to read file `/opt/rustwide/workdir/circuit/output/tornado_bundle.js`: No such file or directory (os error 2)
[INFO] [stdout]  --> circuit/src/utils/tornado/typ.rs:7:25
[INFO] [stdout]   |
[INFO] [stdout] 7 | #[wasm_bindgen(module = "/output/tornado_bundle.js")]
[INFO] [stdout]   |                         ^^^^^^^^^^^^^^^^^^^^^^^^^^^
[INFO] [stdout] 
[INFO] [stdout] 
[INFO] [stdout] error[E0412]: cannot find type `TornadoUtil` in this scope
[INFO] [stdout]   --> circuit/src/utils/tornado/note.rs:19:35
[INFO] [stdout]    |
[INFO] [stdout] 19 |     pub fn new(note: &str, util: &TornadoUtil) -> Result<Self> {
[INFO] [stdout]    |                                   ^^^^^^^^^^^ not found in this scope
[INFO] [stdout] 
[INFO] [stdout] 
[INFO] [stdout] error[E0412]: cannot find type `TornadoUtil` in this scope
[INFO] [stdout]   --> circuit/src/utils/tornado/note.rs:48:16
[INFO] [stdout]    |
[INFO] [stdout] 48 |         util: &TornadoUtil,
[INFO] [stdout]    |                ^^^^^^^^^^^ not found in this scope
[INFO] [stdout] 
[INFO] [stdout] 
[INFO] [stdout] error[E0412]: cannot find type `TornadoUtil` in this scope
[INFO] [stdout]   --> circuit/src/utils/tornado/note.rs:84:16
[INFO] [stdout]    |
[INFO] [stdout] 84 |         util: &TornadoUtil,
[INFO] [stdout]    |                ^^^^^^^^^^^ not found in this scope
[INFO] [stdout] 
[INFO] [stdout] 
[INFO] [stdout] error[E0412]: cannot find type `TornadoUtil` in this scope
[INFO] [stdout]    --> circuit/src/utils/tornado/note.rs:112:39
[INFO] [stdout]     |
[INFO] [stdout] 112 | fn hash_data(data: Uint8Array, util: &TornadoUtil) -> Result<String> {
[INFO] [stdout]     |                                       ^^^^^^^^^^^ not found in this scope
[INFO] [stdout] 
[INFO] [stdout] 
[INFO] [stdout] error[E0412]: cannot find type `TornadoUtil` in this scope
[INFO] [stdout]   --> circuit/src/utils/tornado.rs:18:11
[INFO] [stdout]    |
[INFO] [stdout] 18 |     util: TornadoUtil,
[INFO] [stdout]    |           ^^^^^^^^^^^ not found in this scope
[INFO] [stdout] 
[INFO] [stdout] 
[INFO] [stdout] warning: unused imports: `BigInt`, `Uint8Array`
[INFO] [stdout]  --> circuit/src/utils/tornado/typ.rs:1:14
[INFO] [stdout]   |
[INFO] [stdout] 1 | use js_sys::{BigInt, Uint8Array};
[INFO] [stdout]   |              ^^^^^^  ^^^^^^^^^^
[INFO] [stdout]   |
[INFO] [stdout]   = note: `#[warn(unused_imports)]` on by default
[INFO] [stdout] 
[INFO] [stdout] 
[INFO] [stdout] error[E0277]: the size for values of type `str` cannot be known at compilation time
[INFO] [stdout]   --> circuit/src/utils/tornado/note.rs:61:21
[INFO] [stdout]    |
[INFO] [stdout] 61 |                 let content = self.read_file(util, base_dir, typ).await?;
[INFO] [stdout]    |                     ^^^^^^^ doesn't have a size known at compile-time
[INFO] [stdout]    |
[INFO] [stdout]    = help: the trait `Sized` is not implemented for `str`
[INFO] [stdout]    = note: all local variables must have a statically known size
[INFO] [stdout]    = help: unsized locals are gated as an unstable feature
[INFO] [stdout] 
[INFO] [stdout] 
[INFO] [stdout] error[E0277]: the size for values of type `str` cannot be known at compilation time
[INFO] [stdout]   --> circuit/src/utils/tornado/note.rs:61:31
[INFO] [stdout]    |
[INFO] [stdout] 61 |                 let content = self.read_file(util, base_dir, typ).await?;
[INFO] [stdout]    |                               ^^^^^^^^^^^^^^^^^^^^^^^^^^^^^^^^^^^^^^^^^^ doesn't have a size known at compile-time
[INFO] [stdout]    |
[INFO] [stdout]    = help: the trait `Sized` is not implemented for `str`
[INFO] [stdout]    = note: all local variables must have a statically known size
[INFO] [stdout]    = help: unsized locals are gated as an unstable feature
[INFO] [stdout] 
[INFO] [stdout] 
[INFO] [stdout] error[E0277]: the size for values of type `str` cannot be known at compilation time
[INFO] [stdout]   --> circuit/src/utils/tornado/note.rs:61:72
[INFO] [stdout]    |
[INFO] [stdout] 61 |                 let content = self.read_file(util, base_dir, typ).await?;
[INFO] [stdout]    |                                                                        ^ doesn't have a size known at compile-time
[INFO] [stdout]    |
[INFO] [stdout]    = help: the trait `Sized` is not implemented for `str`
[INFO] [stdout] note: required by a bound in `Break`
[INFO] [stdout]   --> /rustc/82e1608dfa6e0b5569232559e3d385fea5a93112/library/core/src/ops/control_flow.rs:93:5
[INFO] [stdout] 
[INFO] [stdout] 
[INFO] [stdout] error[E0277]: the size for values of type `str` cannot be known at compilation time
[INFO] [stdout]   --> circuit/src/utils/tornado/note.rs:65:21
[INFO] [stdout]    |
[INFO] [stdout] 65 |                 let content = self
[INFO] [stdout]    |                     ^^^^^^^ doesn't have a size known at compile-time
[INFO] [stdout]    |
[INFO] [stdout]    = help: the trait `Sized` is not implemented for `str`
[INFO] [stdout]    = note: all local variables must have a statically known size
[INFO] [stdout]    = help: unsized locals are gated as an unstable feature
[INFO] [stdout] 
[INFO] [stdout] 
[INFO] [stdout] error[E0277]: the size for values of type `str` cannot be known at compilation time
[INFO] [stdout]   --> circuit/src/utils/tornado/note.rs:65:31
[INFO] [stdout]    |
[INFO] [stdout] 65 |                   let content = self
[INFO] [stdout]    |  _______________________________^
[INFO] [stdout] 66 | |                     .read_file(util, base_dir, EventLogType::Deposit)
[INFO] [stdout] 67 | |                     .await?;
[INFO] [stdout]    | |___________________________^ doesn't have a size known at compile-time
[INFO] [stdout]    |
[INFO] [stdout]    = help: the trait `Sized` is not implemented for `str`
[INFO] [stdout]    = note: all local variables must have a statically known size
[INFO] [stdout]    = help: unsized locals are gated as an unstable feature
[INFO] [stdout] 
[INFO] [stdout] 
[INFO] [stdout] error[E0277]: the size for values of type `str` cannot be known at compilation time
[INFO] [stdout]   --> circuit/src/utils/tornado/note.rs:67:27
[INFO] [stdout]    |
[INFO] [stdout] 67 |                     .await?;
[INFO] [stdout]    |                           ^ doesn't have a size known at compile-time
[INFO] [stdout]    |
[INFO] [stdout]    = help: the trait `Sized` is not implemented for `str`
[INFO] [stdout] note: required by a bound in `Break`
[INFO] [stdout]   --> /rustc/82e1608dfa6e0b5569232559e3d385fea5a93112/library/core/src/ops/control_flow.rs:93:5
[INFO] [stdout] 
[INFO] [stdout] 
[INFO] [stdout] error[E0277]: the size for values of type `str` cannot be known at compilation time
[INFO] [stdout]   --> circuit/src/utils/tornado/note.rs:69:21
[INFO] [stdout]    |
[INFO] [stdout] 69 |                 let content = self
[INFO] [stdout]    |                     ^^^^^^^ doesn't have a size known at compile-time
[INFO] [stdout]    |
[INFO] [stdout]    = help: the trait `Sized` is not implemented for `str`
[INFO] [stdout]    = note: all local variables must have a statically known size
[INFO] [stdout]    = help: unsized locals are gated as an unstable feature
[INFO] [stdout] 
[INFO] [stdout] 
[INFO] [stdout] error[E0277]: the size for values of type `str` cannot be known at compilation time
[INFO] [stdout]   --> circuit/src/utils/tornado/note.rs:69:31
[INFO] [stdout]    |
[INFO] [stdout] 69 |                   let content = self
[INFO] [stdout]    |  _______________________________^
[INFO] [stdout] 70 | |                     .read_file(util, base_dir, EventLogType::Withdrawal)
[INFO] [stdout] 71 | |                     .await?;
[INFO] [stdout]    | |___________________________^ doesn't have a size known at compile-time
[INFO] [stdout]    |
[INFO] [stdout]    = help: the trait `Sized` is not implemented for `str`
[INFO] [stdout]    = note: all local variables must have a statically known size
[INFO] [stdout]    = help: unsized locals are gated as an unstable feature
[INFO] [stdout] 
[INFO] [stdout] 
[INFO] [stdout] error[E0277]: the size for values of type `str` cannot be known at compilation time
[INFO] [stdout]   --> circuit/src/utils/tornado/note.rs:71:27
[INFO] [stdout]    |
[INFO] [stdout] 71 |                     .await?;
[INFO] [stdout]    |                           ^ doesn't have a size known at compile-time
[INFO] [stdout]    |
[INFO] [stdout]    = help: the trait `Sized` is not implemented for `str`
[INFO] [stdout] note: required by a bound in `Break`
[INFO] [stdout]   --> /rustc/82e1608dfa6e0b5569232559e3d385fea5a93112/library/core/src/ops/control_flow.rs:93:5
[INFO] [stdout] 
[INFO] [stdout] 
[INFO] [stdout] error[E0433]: failed to resolve: use of undeclared type `TornadoUtil`
[INFO] [stdout]   --> circuit/src/utils/tornado.rs:26:19
[INFO] [stdout]    |
[INFO] [stdout] 26 |             util: TornadoUtil::new(),
[INFO] [stdout]    |                   ^^^^^^^^^^^ use of undeclared type `TornadoUtil`
[INFO] [stdout] 
[INFO] [stdout] 
[INFO] [stdout] error: aborting due to 16 previous errors; 1 warning emitted
[INFO] [stdout] 
[INFO] [stdout] 
[INFO] [stdout] Some errors have detailed explanations: E0277, E0412, E0433.
[INFO] [stdout] 
[INFO] [stdout] For more information about an error, try `rustc --explain E0277`.
[INFO] [stdout] 
[INFO] [stderr] error: could not compile `circuit` (lib) due to 17 previous errors; 1 warning emitted
[INFO] [stderr] warning: build failed, waiting for other jobs to finish...
[INFO] running `Command { std: "docker" "inspect" "cd233225b28bfa22948e11b14c7afea846164ee15171af23b51a0ad2df0b2a7e", kill_on_drop: false }`
[INFO] running `Command { std: "docker" "rm" "-f" "cd233225b28bfa22948e11b14c7afea846164ee15171af23b51a0ad2df0b2a7e", kill_on_drop: false }`
[INFO] [stdout] cd233225b28bfa22948e11b14c7afea846164ee15171af23b51a0ad2df0b2a7e
