[INFO] cloning repository https://github.com/Koyonyong/my_quic_hevc
[INFO] running `Command { std: "git" "-c" "credential.helper=" "-c" "credential.helper=/workspace/cargo-home/bin/git-credential-null" "clone" "--bare" "https://github.com/Koyonyong/my_quic_hevc" "/workspace/cache/git-repos/https%3A%2F%2Fgithub.com%2FKoyonyong%2Fmy_quic_hevc", kill_on_drop: false }`
[INFO] [stderr] Cloning into bare repository '/workspace/cache/git-repos/https%3A%2F%2Fgithub.com%2FKoyonyong%2Fmy_quic_hevc'...
[INFO] running `Command { std: "git" "rev-parse" "HEAD", kill_on_drop: false }`
[INFO] [stdout] 4654e7ae27366680980a0b0bfc61a30b008a655b
[INFO] documenting Koyonyong/my_quic_hevc against 1.75.0 for beta-1.76-rustdoc-1
[INFO] running `Command { std: "git" "clone" "/workspace/cache/git-repos/https%3A%2F%2Fgithub.com%2FKoyonyong%2Fmy_quic_hevc" "/workspace/builds/worker-3-tc1/source", kill_on_drop: false }`
[INFO] [stderr] Cloning into '/workspace/builds/worker-3-tc1/source'...
[INFO] [stderr] done.
[INFO] [stderr] Updating files:  71% (6059/8488)
Updating files:  72% (6112/8488)
Updating files:  73% (6197/8488)
Updating files:  74% (6282/8488)
Updating files:  74% (6319/8488)
Updating files:  75% (6366/8488)
Updating files:  76% (6451/8488)
Updating files:  77% (6536/8488)
Updating files:  78% (6621/8488)
Updating files:  79% (6706/8488)
Updating files:  80% (6791/8488)
Updating files:  81% (6876/8488)
Updating files:  82% (6961/8488)
Updating files:  83% (7046/8488)
Updating files:  84% (7130/8488)
Updating files:  85% (7215/8488)
Updating files:  86% (7300/8488)
Updating files:  87% (7385/8488)
Updating files:  88% (7470/8488)
Updating files:  89% (7555/8488)
Updating files:  90% (7640/8488)
Updating files:  90% (7705/8488)
Updating files:  91% (7725/8488)
Updating files:  92% (7809/8488)
Updating files:  93% (7894/8488)
Updating files:  93% (7933/8488)
Updating files:  94% (7979/8488)
Updating files:  94% (7986/8488)
Updating files:  95% (8064/8488)
Updating files:  96% (8149/8488)
Updating files:  97% (8234/8488)
Updating files:  98% (8319/8488)
Updating files:  99% (8404/8488)
Updating files: 100% (8488/8488)
Updating files: 100% (8488/8488), done.
[INFO] validating manifest of git repo https://github.com/Koyonyong/my_quic_hevc on toolchain 1.75.0
[INFO] running `Command { std: CARGO_HOME="/workspace/cargo-home" RUSTUP_HOME="/workspace/rustup-home" "/workspace/cargo-home/bin/cargo" "+1.75.0" "metadata" "--manifest-path" "Cargo.toml" "--no-deps", kill_on_drop: false }`
[INFO] started tweaking git repo https://github.com/Koyonyong/my_quic_hevc
[INFO] finished tweaking git repo https://github.com/Koyonyong/my_quic_hevc
[INFO] tweaked toml for git repo https://github.com/Koyonyong/my_quic_hevc written to /workspace/builds/worker-3-tc1/source/Cargo.toml
[INFO] crate git repo https://github.com/Koyonyong/my_quic_hevc already has a lockfile, it will not be regenerated
[INFO] running `Command { std: CARGO_HOME="/workspace/cargo-home" RUSTUP_HOME="/workspace/rustup-home" "/workspace/cargo-home/bin/cargo" "+1.75.0" "fetch" "--manifest-path" "Cargo.toml", kill_on_drop: false }`
[INFO] [stderr]  Downloading crates ...
[INFO] [stderr]   Downloaded rayon-core v1.8.0
[INFO] running `Command { std: "docker" "create" "-v" "/var/lib/crater-agent-workspace/builds/worker-3-tc1/target:/opt/rustwide/target:rw,Z" "-v" "/var/lib/crater-agent-workspace/builds/worker-3-tc1/source:/opt/rustwide/workdir:ro,Z" "-v" "/var/lib/crater-agent-workspace/cargo-home:/opt/rustwide/cargo-home:ro,Z" "-v" "/var/lib/crater-agent-workspace/rustup-home:/opt/rustwide/rustup-home:ro,Z" "-e" "SOURCE_DIR=/opt/rustwide/workdir" "-e" "CARGO_TARGET_DIR=/opt/rustwide/target" "-e" "CARGO_HOME=/opt/rustwide/cargo-home" "-e" "RUSTUP_HOME=/opt/rustwide/rustup-home" "-w" "/opt/rustwide/workdir" "-m" "1610612736" "--user" "0:0" "--network" "none" "ghcr.io/rust-lang/crates-build-env/linux@sha256:2788e3201cd34a07e3172128adcd8b3090168a8e3bcc40d7c032b9dda1df7d1c" "/opt/rustwide/cargo-home/bin/cargo" "+1.75.0" "metadata" "--no-deps" "--format-version=1", kill_on_drop: false }`
[INFO] [stdout] 05f354acbe196f9dbd8e5b0c6094a4a2cbf19441ba6cec196a955f7c3b3345e8
[INFO] running `Command { std: "docker" "start" "-a" "05f354acbe196f9dbd8e5b0c6094a4a2cbf19441ba6cec196a955f7c3b3345e8", kill_on_drop: false }`
[INFO] running `Command { std: "docker" "inspect" "05f354acbe196f9dbd8e5b0c6094a4a2cbf19441ba6cec196a955f7c3b3345e8", kill_on_drop: false }`
[INFO] running `Command { std: "docker" "rm" "-f" "05f354acbe196f9dbd8e5b0c6094a4a2cbf19441ba6cec196a955f7c3b3345e8", kill_on_drop: false }`
[INFO] [stdout] 05f354acbe196f9dbd8e5b0c6094a4a2cbf19441ba6cec196a955f7c3b3345e8
[INFO] running `Command { std: "docker" "create" "-v" "/var/lib/crater-agent-workspace/builds/worker-3-tc1/target:/opt/rustwide/target:rw,Z" "-v" "/var/lib/crater-agent-workspace/builds/worker-3-tc1/source:/opt/rustwide/workdir:ro,Z" "-v" "/var/lib/crater-agent-workspace/cargo-home:/opt/rustwide/cargo-home:ro,Z" "-v" "/var/lib/crater-agent-workspace/rustup-home:/opt/rustwide/rustup-home:ro,Z" "-e" "SOURCE_DIR=/opt/rustwide/workdir" "-e" "CARGO_TARGET_DIR=/opt/rustwide/target" "-e" "CARGO_INCREMENTAL=0" "-e" "RUST_BACKTRACE=full" "-e" "RUSTFLAGS=--cap-lints=warn" "-e" "RUSTDOCFLAGS=--cap-lints=warn" "-e" "CARGO_HOME=/opt/rustwide/cargo-home" "-e" "RUSTUP_HOME=/opt/rustwide/rustup-home" "-w" "/opt/rustwide/workdir" "-m" "1610612736" "--user" "0:0" "--network" "none" "ghcr.io/rust-lang/crates-build-env/linux@sha256:2788e3201cd34a07e3172128adcd8b3090168a8e3bcc40d7c032b9dda1df7d1c" "/opt/rustwide/cargo-home/bin/cargo" "+1.75.0" "doc" "--frozen" "--no-deps" "--document-private-items" "--message-format=json", kill_on_drop: false }`
[INFO] [stdout] 01a699a9ce7085fd6fe12770878fc9607c393b991dac8e66ff4268888ed8f37f
[INFO] running `Command { std: "docker" "start" "-a" "01a699a9ce7085fd6fe12770878fc9607c393b991dac8e66ff4268888ed8f37f", kill_on_drop: false }`
[INFO] [stderr]    Compiling cc v1.0.59
[INFO] [stderr]    Compiling libc v0.2.77
[INFO] [stderr]    Compiling log v0.4.11
[INFO] [stderr]     Checking once_cell v1.4.1
[INFO] [stderr]     Checking cfg-if v0.1.10
[INFO] [stderr]     Checking spin v0.5.2
[INFO] [stderr]     Checking untrusted v0.7.1
[INFO] [stderr]     Checking lazy_static v1.4.0
[INFO] [stderr]    Compiling cmake v0.1.44
[INFO] [stderr]    Compiling ring v0.16.15
[INFO] [stderr]    Compiling quiche v0.3.0 (/opt/rustwide/workdir)
[INFO] [stderr] error: failed to run custom build command for `quiche v0.3.0 (/opt/rustwide/workdir)`
[INFO] [stderr] note: To improve backtraces for build dependencies, set the CARGO_PROFILE_DEV_BUILD_OVERRIDE_DEBUG=true environment variable to enable debug information generation.
[INFO] [stderr] 
[INFO] [stderr] Caused by:
[INFO] [stderr]   process didn't exit successfully: `/opt/rustwide/target/debug/build/quiche-2cc3401b6229c36b/build-script-build` (exit status: 101)
[INFO] [stderr]   --- stdout
[INFO] [stderr]   running: cd "/opt/rustwide/target/debug/build/quiche-21dc7e68426d0968/out/build" && CMAKE_PREFIX_PATH="" "cmake" "/opt/rustwide/workdir/deps/boringssl" "-DCMAKE_INSTALL_PREFIX=/opt/rustwide/target/debug/build/quiche-21dc7e68426d0968/out" "-DCMAKE_C_FLAGS= -ffunction-sections -fdata-sections -fPIC -m64" "-DCMAKE_C_COMPILER=/usr/bin/cc" "-DCMAKE_CXX_FLAGS= -ffunction-sections -fdata-sections -fPIC -m64" "-DCMAKE_CXX_COMPILER=/usr/bin/c++" "-DCMAKE_ASM_FLAGS= -ffunction-sections -fdata-sections -fPIC -m64" "-DCMAKE_ASM_COMPILER=/usr/bin/cc" "-DCMAKE_BUILD_TYPE=Debug"
[INFO] [stderr]   -- The C compiler identification is GNU 11.4.0
[INFO] [stderr]   -- Detecting C compiler ABI info
[INFO] [stderr]   -- Detecting C compiler ABI info - done
[INFO] [stderr]   -- Check for working C compiler: /usr/bin/cc - skipped
[INFO] [stderr]   -- Detecting C compile features
[INFO] [stderr]   -- Detecting C compile features - done
[INFO] [stderr]   -- The CXX compiler identification is GNU 11.4.0
[INFO] [stderr]   -- Detecting CXX compiler ABI info
[INFO] [stderr]   -- Detecting CXX compiler ABI info - done
[INFO] [stderr]   -- Check for working CXX compiler: /usr/bin/c++ - skipped
[INFO] [stderr]   -- Detecting CXX compile features
[INFO] [stderr]   -- Detecting CXX compile features - done
[INFO] [stderr]   -- Found Perl: /usr/bin/perl (found version "5.34.0") 
[INFO] [stderr]   -- Checking for module 'libunwind-generic'
[INFO] [stderr]   --   Found libunwind-generic, version 1.3.2
[INFO] [stderr]   -- The ASM compiler identification is GNU
[INFO] [stderr]   -- Found assembler: /usr/bin/cc
[INFO] [stderr]   -- Configuring done
[INFO] [stderr]   -- Generating done
[INFO] [stderr]   -- Build files have been written to: /opt/rustwide/target/debug/build/quiche-21dc7e68426d0968/out/build
[INFO] [stderr]   running: cd "/opt/rustwide/target/debug/build/quiche-21dc7e68426d0968/out/build" && MAKEFLAGS="-j --jobserver-fds=7,8 --jobserver-auth=7,8" "cmake" "--build" "." "--target" "bssl" "--config" "Debug" "--"
[INFO] [stderr]   [  0%] Built target global_target
[INFO] [stderr]   [  1%] Generating x86_64-mont5.S
[INFO] [stderr]   [  1%] Generating ghash-ssse3-x86_64.S
[INFO] [stderr]   [  1%] Generating aesni-gcm-x86_64.S
[INFO] [stderr]   [  1%] Generating aesni-x86_64.S
[INFO] [stderr]   [  1%] Generating p256-x86_64-asm.S
[INFO] [stderr]   [  1%] Generating ghash-x86_64.S
[INFO] [stderr]   [  2%] Generating md5-x86_64.S
[INFO] [stderr]   [  2%] Generating p256_beeu-x86_64-asm.S
[INFO] [stderr]   [  2%] Generating rdrand-x86_64.S
[INFO] [stderr]   [  2%] Generating rsaz-avx2.S
[INFO] [stderr]   [  4%] Generating sha256-x86_64.S
[INFO] [stderr]   [  4%] Generating sha1-x86_64.S
[INFO] [stderr]   [  4%] Generating sha512-x86_64.S
[INFO] [stderr]   [  4%] Generating vpaes-x86_64.S
[INFO] [stderr]   [  4%] Generating x86_64-mont.S
[INFO] [stderr]   Scanning dependencies of target fipsmodule
[INFO] [stderr]   [  4%] Building C object crypto/fipsmodule/CMakeFiles/fipsmodule.dir/is_fips.c.o
[INFO] [stderr]   [  5%] Building ASM object crypto/fipsmodule/CMakeFiles/fipsmodule.dir/ghash-x86_64.S.o
[INFO] [stderr]   [  5%] Building C object crypto/fipsmodule/CMakeFiles/fipsmodule.dir/fips_shared_support.c.o
[INFO] [stderr]   [  5%] Building C object crypto/fipsmodule/CMakeFiles/fipsmodule.dir/bcm.c.o
[INFO] [stderr]   [  6%] Building ASM object crypto/fipsmodule/CMakeFiles/fipsmodule.dir/aesni-gcm-x86_64.S.o
[INFO] [stderr]   [  6%] Building ASM object crypto/fipsmodule/CMakeFiles/fipsmodule.dir/aesni-x86_64.S.o
[INFO] [stderr]   [  6%] Building ASM object crypto/fipsmodule/CMakeFiles/fipsmodule.dir/md5-x86_64.S.o
[INFO] [stderr]   [  6%] Building ASM object crypto/fipsmodule/CMakeFiles/fipsmodule.dir/p256-x86_64-asm.S.o
[INFO] [stderr]   [  6%] Building ASM object crypto/fipsmodule/CMakeFiles/fipsmodule.dir/ghash-ssse3-x86_64.S.o
[INFO] [stderr]   [  6%] Building ASM object crypto/fipsmodule/CMakeFiles/fipsmodule.dir/rsaz-avx2.S.o
[INFO] [stderr]   [  8%] Building ASM object crypto/fipsmodule/CMakeFiles/fipsmodule.dir/p256_beeu-x86_64-asm.S.o
[INFO] [stderr]   [  8%] Building ASM object crypto/fipsmodule/CMakeFiles/fipsmodule.dir/vpaes-x86_64.S.o
[INFO] [stderr]   [  8%] Building ASM object crypto/fipsmodule/CMakeFiles/fipsmodule.dir/sha512-x86_64.S.o
[INFO] [stderr]   [  8%] Building ASM object crypto/fipsmodule/CMakeFiles/fipsmodule.dir/sha1-x86_64.S.o
[INFO] [stderr]   [  9%] Building ASM object crypto/fipsmodule/CMakeFiles/fipsmodule.dir/sha256-x86_64.S.o
[INFO] [stderr]   [  9%] Building ASM object crypto/fipsmodule/CMakeFiles/fipsmodule.dir/rdrand-x86_64.S.o
[INFO] [stderr]   [  9%] Building ASM object crypto/fipsmodule/CMakeFiles/fipsmodule.dir/x86_64-mont5.S.o
[INFO] [stderr]   [  9%] Building ASM object crypto/fipsmodule/CMakeFiles/fipsmodule.dir/x86_64-mont.S.o
[INFO] [stderr] 
[INFO] [stderr]   --- stderr
[INFO] [stderr]   In file included from /opt/rustwide/workdir/deps/boringssl/crypto/fipsmodule/bcm.c:38:
[INFO] [stderr]   /opt/rustwide/workdir/deps/boringssl/crypto/fipsmodule/bn/asm/x86_64-gcc.c:427:51: error: argument 2 of type 'const uint64_t[8]' {aka 'const long unsigned int[8]'} with mismatched bound [-Werror=array-parameter=]
[INFO] [stderr]     427 | void bn_sqr_comba8(BN_ULONG r[16], const BN_ULONG a[8]) {
[INFO] [stderr]         |                                    ~~~~~~~~~~~~~~~^~~~
[INFO] [stderr]   In file included from /opt/rustwide/workdir/deps/boringssl/crypto/fipsmodule/bn/add.c:64,
[INFO] [stderr]                    from /opt/rustwide/workdir/deps/boringssl/crypto/fipsmodule/bcm.c:37:
[INFO] [stderr]   /opt/rustwide/workdir/deps/boringssl/crypto/fipsmodule/bn/internal.h:292:51: note: previously declared as 'const uint64_t[4]' {aka 'const long unsigned int[4]'}
[INFO] [stderr]     292 | void bn_sqr_comba8(BN_ULONG r[16], const BN_ULONG a[4]);
[INFO] [stderr]         |                                    ~~~~~~~~~~~~~~~^~~~
[INFO] [stderr]   In file included from /opt/rustwide/workdir/deps/boringssl/crypto/fipsmodule/bcm.c:101:
[INFO] [stderr]   /opt/rustwide/workdir/deps/boringssl/crypto/fipsmodule/sha/sha256.c: In function 'SHA224_Final':
[INFO] [stderr]   /opt/rustwide/workdir/deps/boringssl/crypto/fipsmodule/sha/sha256.c:122:10: error: 'SHA256_Final' accessing 32 bytes in a region of size 28 [-Werror=stringop-overflow=]
[INFO] [stderr]     122 |   return SHA256_Final(out, ctx);
[INFO] [stderr]         |          ^~~~~~~~~~~~~~~~~~~~~~
[INFO] [stderr]   /opt/rustwide/workdir/deps/boringssl/crypto/fipsmodule/sha/sha256.c:122:10: note: referencing argument 1 of type 'uint8_t *' {aka 'unsigned char *'}
[INFO] [stderr]   /opt/rustwide/workdir/deps/boringssl/crypto/fipsmodule/sha/sha256.c:172:20: note: in a call to function 'SHA256_Final'
[INFO] [stderr]     172 | #define HASH_FINAL SHA256_Final
[INFO] [stderr]         |                    ^~~~~~~~~~~~
[INFO] [stderr]   /opt/rustwide/workdir/deps/boringssl/crypto/fipsmodule/sha/../digest/md32_common.h:231:5: note: in expansion of macro 'HASH_FINAL'
[INFO] [stderr]     231 | int HASH_FINAL(uint8_t out[HASH_DIGEST_LENGTH], HASH_CTX *c) {
[INFO] [stderr]         |     ^~~~~~~~~~
[INFO] [stderr]   In file included from /opt/rustwide/workdir/deps/boringssl/crypto/fipsmodule/bcm.c:102:
[INFO] [stderr]   /opt/rustwide/workdir/deps/boringssl/crypto/fipsmodule/sha/sha512.c: In function 'SHA512_256':
[INFO] [stderr]   /opt/rustwide/workdir/deps/boringssl/crypto/fipsmodule/sha/sha512.c:150:3: error: 'SHA512_Final' accessing 64 bytes in a region of size 32 [-Werror=stringop-overflow=]
[INFO] [stderr]     150 |   SHA512_Final(out, &ctx);
[INFO] [stderr]         |   ^~~~~~~~~~~~~~~~~~~~~~~
[INFO] [stderr]   /opt/rustwide/workdir/deps/boringssl/crypto/fipsmodule/sha/sha512.c:150:3: note: referencing argument 1 of type 'uint8_t *' {aka 'unsigned char *'}
[INFO] [stderr]   /opt/rustwide/workdir/deps/boringssl/crypto/fipsmodule/sha/sha512.c:234:5: note: in a call to function 'SHA512_Final'
[INFO] [stderr]     234 | int SHA512_Final(uint8_t out[SHA512_DIGEST_LENGTH], SHA512_CTX *sha) {
[INFO] [stderr]         |     ^~~~~~~~~~~~
[INFO] [stderr]   /opt/rustwide/workdir/deps/boringssl/crypto/fipsmodule/sha/sha512.c: In function 'SHA384_Final':
[INFO] [stderr]   /opt/rustwide/workdir/deps/boringssl/crypto/fipsmodule/sha/sha512.c:164:10: error: 'SHA512_Final' accessing 64 bytes in a region of size 48 [-Werror=stringop-overflow=]
[INFO] [stderr]     164 |   return SHA512_Final(out, sha);
[INFO] [stderr]         |          ^~~~~~~~~~~~~~~~~~~~~~
[INFO] [stderr]   /opt/rustwide/workdir/deps/boringssl/crypto/fipsmodule/sha/sha512.c:164:10: note: referencing argument 1 of type 'uint8_t *' {aka 'unsigned char *'}
[INFO] [stderr]   /opt/rustwide/workdir/deps/boringssl/crypto/fipsmodule/sha/sha512.c:234:5: note: in a call to function 'SHA512_Final'
[INFO] [stderr]     234 | int SHA512_Final(uint8_t out[SHA512_DIGEST_LENGTH], SHA512_CTX *sha) {
[INFO] [stderr]         |     ^~~~~~~~~~~~
[INFO] [stderr]   /opt/rustwide/workdir/deps/boringssl/crypto/fipsmodule/sha/sha512.c: In function 'SHA512_256_Final':
[INFO] [stderr]   /opt/rustwide/workdir/deps/boringssl/crypto/fipsmodule/sha/sha512.c:179:10: error: 'SHA512_Final' accessing 64 bytes in a region of size 32 [-Werror=stringop-overflow=]
[INFO] [stderr]     179 |   return SHA512_Final(out, sha);
[INFO] [stderr]         |          ^~~~~~~~~~~~~~~~~~~~~~
[INFO] [stderr]   /opt/rustwide/workdir/deps/boringssl/crypto/fipsmodule/sha/sha512.c:179:10: note: referencing argument 1 of type 'uint8_t *' {aka 'unsigned char *'}
[INFO] [stderr]   /opt/rustwide/workdir/deps/boringssl/crypto/fipsmodule/sha/sha512.c:234:5: note: in a call to function 'SHA512_Final'
[INFO] [stderr]     234 | int SHA512_Final(uint8_t out[SHA512_DIGEST_LENGTH], SHA512_CTX *sha) {
[INFO] [stderr]         |     ^~~~~~~~~~~~
[INFO] [stderr]   cc1: all warnings being treated as errors
[INFO] [stderr]   gmake[3]: *** [crypto/fipsmodule/CMakeFiles/fipsmodule.dir/build.make:256: crypto/fipsmodule/CMakeFiles/fipsmodule.dir/bcm.c.o] Error 1
[INFO] [stderr]   gmake[2]: *** [CMakeFiles/Makefile2:482: crypto/fipsmodule/CMakeFiles/fipsmodule.dir/all] Error 2
[INFO] [stderr]   gmake[1]: *** [CMakeFiles/Makefile2:685: tool/CMakeFiles/bssl.dir/rule] Error 2
[INFO] [stderr]   gmake: *** [Makefile:319: bssl] Error 2
[INFO] [stderr]   thread 'main' panicked at /opt/rustwide/cargo-home/registry/src/index.crates.io-6f17d22bba15001f/cmake-0.1.44/src/lib.rs:885:5:
[INFO] [stderr] 
[INFO] [stderr]   command did not execute successfully, got: exit status: 2
[INFO] [stderr] 
[INFO] [stderr]   build script failed, must exit now
[INFO] [stderr]   stack backtrace:
[INFO] [stderr]      0:     0x561ced8633ac - std::backtrace_rs::backtrace::libunwind::trace::ha637c64ce894333a
[INFO] [stderr]                                  at /rustc/82e1608dfa6e0b5569232559e3d385fea5a93112/library/std/src/../../backtrace/src/backtrace/libunwind.rs:104:5
[INFO] [stderr]      1:     0x561ced8633ac - std::backtrace_rs::backtrace::trace_unsynchronized::h47f62dea28e0c88d
[INFO] [stderr]                                  at /rustc/82e1608dfa6e0b5569232559e3d385fea5a93112/library/std/src/../../backtrace/src/backtrace/mod.rs:66:5
[INFO] [stderr]      2:     0x561ced8633ac - std::sys_common::backtrace::_print_fmt::h9eef0abe20ede486
[INFO] [stderr]                                  at /rustc/82e1608dfa6e0b5569232559e3d385fea5a93112/library/std/src/sys_common/backtrace.rs:67:5
[INFO] [stderr]      3:     0x561ced8633ac - <std::sys_common::backtrace::_print::DisplayBacktrace as core::fmt::Display>::fmt::hed7f999df88cc644
[INFO] [stderr]                                  at /rustc/82e1608dfa6e0b5569232559e3d385fea5a93112/library/std/src/sys_common/backtrace.rs:44:22
[INFO] [stderr]      4:     0x561ced8890b0 - core::fmt::rt::Argument::fmt::h1539a9308b8d058d
[INFO] [stderr]                                  at /rustc/82e1608dfa6e0b5569232559e3d385fea5a93112/library/core/src/fmt/rt.rs:142:9
[INFO] [stderr]      5:     0x561ced8890b0 - core::fmt::write::h3a39390d8560d9c9
[INFO] [stderr]                                  at /rustc/82e1608dfa6e0b5569232559e3d385fea5a93112/library/core/src/fmt/mod.rs:1120:17
[INFO] [stderr]      6:     0x561ced860b6f - std::io::Write::write_fmt::h5fc9997dfe05f882
[INFO] [stderr]                                  at /rustc/82e1608dfa6e0b5569232559e3d385fea5a93112/library/std/src/io/mod.rs:1762:15
[INFO] [stderr]      7:     0x561ced863194 - std::sys_common::backtrace::_print::h894006fb5c6f3d45
[INFO] [stderr]                                  at /rustc/82e1608dfa6e0b5569232559e3d385fea5a93112/library/std/src/sys_common/backtrace.rs:47:5
[INFO] [stderr]      8:     0x561ced863194 - std::sys_common::backtrace::print::h23a2d212c6fff936
[INFO] [stderr]                                  at /rustc/82e1608dfa6e0b5569232559e3d385fea5a93112/library/std/src/sys_common/backtrace.rs:34:9
[INFO] [stderr]      9:     0x561ced8648b7 - std::panicking::default_hook::{{closure}}::h8a1d2ee00185001a
[INFO] [stderr]     10:     0x561ced86461f - std::panicking::default_hook::h6038f2eba384e475
[INFO] [stderr]                                  at /rustc/82e1608dfa6e0b5569232559e3d385fea5a93112/library/std/src/panicking.rs:292:9
[INFO] [stderr]     11:     0x561ced864d38 - std::panicking::rust_panic_with_hook::h2b5517d590cab22e
[INFO] [stderr]                                  at /rustc/82e1608dfa6e0b5569232559e3d385fea5a93112/library/std/src/panicking.rs:779:13
[INFO] [stderr]     12:     0x561ced864c1e - std::panicking::begin_panic_handler::{{closure}}::h233112c06e0ef43e
[INFO] [stderr]                                  at /rustc/82e1608dfa6e0b5569232559e3d385fea5a93112/library/std/src/panicking.rs:657:13
[INFO] [stderr]     13:     0x561ced863876 - std::sys_common::backtrace::__rust_end_short_backtrace::h6e893f24d7ebbff8
[INFO] [stderr]                                  at /rustc/82e1608dfa6e0b5569232559e3d385fea5a93112/library/std/src/sys_common/backtrace.rs:170:18
[INFO] [stderr]     14:     0x561ced864982 - rust_begin_unwind
[INFO] [stderr]                                  at /rustc/82e1608dfa6e0b5569232559e3d385fea5a93112/library/std/src/panicking.rs:645:5
[INFO] [stderr]     15:     0x561ced7f95d5 - core::panicking::panic_fmt::hbf0e066aabfa482c
[INFO] [stderr]                                  at /rustc/82e1608dfa6e0b5569232559e3d385fea5a93112/library/core/src/panicking.rs:72:14
[INFO] [stderr]     16:     0x561ced806a61 - cmake::fail::h9fe8361ab34270c1
[INFO] [stderr]     17:     0x561ced806167 - cmake::run::h66066df460d301d1
[INFO] [stderr]     18:     0x561ced8035c0 - cmake::Config::build::h880929044170df3d
[INFO] [stderr]     19:     0x561ced7fdbe3 - build_script_build::main::{{closure}}::hd15d7f1f271eedc6
[INFO] [stderr]     20:     0x561ced7fab2e - core::result::Result<T,E>::unwrap_or_else::h9c6f79df3623e038
[INFO] [stderr]     21:     0x561ced7fd57d - build_script_build::main::hcb9cf8d8ff0b298c
[INFO] [stderr]     22:     0x561ced7fa373 - core::ops::function::FnOnce::call_once::hcaadfa156da08a4f
[INFO] [stderr]     23:     0x561ced7f9dc6 - std::sys_common::backtrace::__rust_begin_short_backtrace::h0051ce54a66b47f7
[INFO] [stderr]     24:     0x561ced7f9e19 - std::rt::lang_start::{{closure}}::he5d5719b3e7fcb53
[INFO] [stderr]     25:     0x561ced85cd07 - core::ops::function::impls::<impl core::ops::function::FnOnce<A> for &F>::call_once::hd95060ecd5e1ca24
[INFO] [stderr]                                  at /rustc/82e1608dfa6e0b5569232559e3d385fea5a93112/library/core/src/ops/function.rs:284:13
[INFO] [stderr]     26:     0x561ced85cd07 - std::panicking::try::do_call::h6e8cf51db32a6e4b
[INFO] [stderr]                                  at /rustc/82e1608dfa6e0b5569232559e3d385fea5a93112/library/std/src/panicking.rs:552:40
[INFO] [stderr]     27:     0x561ced85cd07 - std::panicking::try::h3a52eefe24fe3c29
[INFO] [stderr]                                  at /rustc/82e1608dfa6e0b5569232559e3d385fea5a93112/library/std/src/panicking.rs:516:19
[INFO] [stderr]     28:     0x561ced85cd07 - std::panic::catch_unwind::h24c28c23c02c3841
[INFO] [stderr]                                  at /rustc/82e1608dfa6e0b5569232559e3d385fea5a93112/library/std/src/panic.rs:142:14
[INFO] [stderr]     29:     0x561ced85cd07 - std::rt::lang_start_internal::{{closure}}::h705d3c9cbc06ef47
[INFO] [stderr]                                  at /rustc/82e1608dfa6e0b5569232559e3d385fea5a93112/library/std/src/rt.rs:148:48
[INFO] [stderr]     30:     0x561ced85cd07 - std::panicking::try::do_call::ha21f52ba13158470
[INFO] [stderr]                                  at /rustc/82e1608dfa6e0b5569232559e3d385fea5a93112/library/std/src/panicking.rs:552:40
[INFO] [stderr]     31:     0x561ced85cd07 - std::panicking::try::h5581346bf6aeb1f8
[INFO] [stderr]                                  at /rustc/82e1608dfa6e0b5569232559e3d385fea5a93112/library/std/src/panicking.rs:516:19
[INFO] [stderr]     32:     0x561ced85cd07 - std::panic::catch_unwind::h7919645a6b72e25b
[INFO] [stderr]                                  at /rustc/82e1608dfa6e0b5569232559e3d385fea5a93112/library/std/src/panic.rs:142:14
[INFO] [stderr]     33:     0x561ced85cd07 - std::rt::lang_start_internal::h12de51168669836e
[INFO] [stderr]                                  at /rustc/82e1608dfa6e0b5569232559e3d385fea5a93112/library/std/src/rt.rs:148:20
[INFO] [stderr]     34:     0x561ced7f9df7 - std::rt::lang_start::h38b68cb3ef2b4b7a
[INFO] [stderr]     35:     0x561ced7fdd05 - main
[INFO] [stderr]     36:     0x7f148d6ffd90 - <unknown>
[INFO] [stderr]     37:     0x7f148d6ffe40 - __libc_start_main
[INFO] [stderr]     38:     0x561ced7f9cf5 - _start
[INFO] [stderr]     39:                0x0 - <unknown>
[INFO] running `Command { std: "docker" "inspect" "01a699a9ce7085fd6fe12770878fc9607c393b991dac8e66ff4268888ed8f37f", kill_on_drop: false }`
[INFO] running `Command { std: "docker" "rm" "-f" "01a699a9ce7085fd6fe12770878fc9607c393b991dac8e66ff4268888ed8f37f", kill_on_drop: false }`
[INFO] [stdout] 01a699a9ce7085fd6fe12770878fc9607c393b991dac8e66ff4268888ed8f37f
[INFO] documenting Koyonyong/my_quic_hevc against beta-2023-12-22 for beta-1.76-rustdoc-1
[INFO] running `Command { std: "git" "clone" "/workspace/cache/git-repos/https%3A%2F%2Fgithub.com%2FKoyonyong%2Fmy_quic_hevc" "/workspace/builds/worker-3-tc2/source", kill_on_drop: false }`
[INFO] [stderr] Cloning into '/workspace/builds/worker-3-tc2/source'...
[INFO] [stderr] done.
[INFO] [stderr] Updating files:  71% (6047/8488)
Updating files:  72% (6112/8488)
Updating files:  72% (6160/8488)
Updating files:  73% (6197/8488)
Updating files:  74% (6282/8488)
Updating files:  74% (6326/8488)
Updating files:  75% (6366/8488)
Updating files:  76% (6451/8488)
Updating files:  77% (6536/8488)
Updating files:  78% (6621/8488)
Updating files:  79% (6706/8488)
Updating files:  80% (6791/8488)
Updating files:  81% (6876/8488)
Updating files:  82% (6961/8488)
Updating files:  83% (7046/8488)
Updating files:  84% (7130/8488)
Updating files:  85% (7215/8488)
Updating files:  86% (7300/8488)
Updating files:  87% (7385/8488)
Updating files:  88% (7470/8488)
Updating files:  89% (7555/8488)
Updating files:  90% (7640/8488)
Updating files:  91% (7725/8488)
Updating files:  92% (7809/8488)
Updating files:  93% (7894/8488)
Updating files:  93% (7927/8488)
Updating files:  93% (7969/8488)
Updating files:  94% (7979/8488)
Updating files:  95% (8064/8488)
Updating files:  96% (8149/8488)
Updating files:  97% (8234/8488)
Updating files:  98% (8319/8488)
Updating files:  99% (8404/8488)
Updating files: 100% (8488/8488)
Updating files: 100% (8488/8488), done.
[INFO] validating manifest of git repo https://github.com/Koyonyong/my_quic_hevc on toolchain beta-2023-12-22
[INFO] running `Command { std: CARGO_HOME="/workspace/cargo-home" RUSTUP_HOME="/workspace/rustup-home" "/workspace/cargo-home/bin/cargo" "+beta-2023-12-22" "metadata" "--manifest-path" "Cargo.toml" "--no-deps", kill_on_drop: false }`
[INFO] started tweaking git repo https://github.com/Koyonyong/my_quic_hevc
[INFO] finished tweaking git repo https://github.com/Koyonyong/my_quic_hevc
[INFO] tweaked toml for git repo https://github.com/Koyonyong/my_quic_hevc written to /workspace/builds/worker-3-tc2/source/Cargo.toml
[INFO] crate git repo https://github.com/Koyonyong/my_quic_hevc already has a lockfile, it will not be regenerated
[INFO] running `Command { std: CARGO_HOME="/workspace/cargo-home" RUSTUP_HOME="/workspace/rustup-home" "/workspace/cargo-home/bin/cargo" "+beta-2023-12-22" "fetch" "--manifest-path" "Cargo.toml", kill_on_drop: false }`
[INFO] running `Command { std: "docker" "create" "-v" "/var/lib/crater-agent-workspace/builds/worker-3-tc2/target:/opt/rustwide/target:rw,Z" "-v" "/var/lib/crater-agent-workspace/builds/worker-3-tc2/source:/opt/rustwide/workdir:ro,Z" "-v" "/var/lib/crater-agent-workspace/cargo-home:/opt/rustwide/cargo-home:ro,Z" "-v" "/var/lib/crater-agent-workspace/rustup-home:/opt/rustwide/rustup-home:ro,Z" "-e" "SOURCE_DIR=/opt/rustwide/workdir" "-e" "CARGO_TARGET_DIR=/opt/rustwide/target" "-e" "CARGO_HOME=/opt/rustwide/cargo-home" "-e" "RUSTUP_HOME=/opt/rustwide/rustup-home" "-w" "/opt/rustwide/workdir" "-m" "1610612736" "--user" "0:0" "--network" "none" "ghcr.io/rust-lang/crates-build-env/linux@sha256:2788e3201cd34a07e3172128adcd8b3090168a8e3bcc40d7c032b9dda1df7d1c" "/opt/rustwide/cargo-home/bin/cargo" "+beta-2023-12-22" "metadata" "--no-deps" "--format-version=1", kill_on_drop: false }`
[INFO] [stdout] 1e57f16ef7928cdec70f22767beff48eda3a4cdf4c4ed3a018ae8fbaa27497a0
[INFO] running `Command { std: "docker" "start" "-a" "1e57f16ef7928cdec70f22767beff48eda3a4cdf4c4ed3a018ae8fbaa27497a0", kill_on_drop: false }`
[INFO] running `Command { std: "docker" "inspect" "1e57f16ef7928cdec70f22767beff48eda3a4cdf4c4ed3a018ae8fbaa27497a0", kill_on_drop: false }`
[INFO] running `Command { std: "docker" "rm" "-f" "1e57f16ef7928cdec70f22767beff48eda3a4cdf4c4ed3a018ae8fbaa27497a0", kill_on_drop: false }`
[INFO] [stdout] 1e57f16ef7928cdec70f22767beff48eda3a4cdf4c4ed3a018ae8fbaa27497a0
[INFO] running `Command { std: "docker" "create" "-v" "/var/lib/crater-agent-workspace/builds/worker-3-tc2/target:/opt/rustwide/target:rw,Z" "-v" "/var/lib/crater-agent-workspace/builds/worker-3-tc2/source:/opt/rustwide/workdir:ro,Z" "-v" "/var/lib/crater-agent-workspace/cargo-home:/opt/rustwide/cargo-home:ro,Z" "-v" "/var/lib/crater-agent-workspace/rustup-home:/opt/rustwide/rustup-home:ro,Z" "-e" "SOURCE_DIR=/opt/rustwide/workdir" "-e" "CARGO_TARGET_DIR=/opt/rustwide/target" "-e" "CARGO_INCREMENTAL=0" "-e" "RUST_BACKTRACE=full" "-e" "RUSTFLAGS=--cap-lints=warn" "-e" "RUSTDOCFLAGS=--cap-lints=warn" "-e" "CARGO_HOME=/opt/rustwide/cargo-home" "-e" "RUSTUP_HOME=/opt/rustwide/rustup-home" "-w" "/opt/rustwide/workdir" "-m" "1610612736" "--user" "0:0" "--network" "none" "ghcr.io/rust-lang/crates-build-env/linux@sha256:2788e3201cd34a07e3172128adcd8b3090168a8e3bcc40d7c032b9dda1df7d1c" "/opt/rustwide/cargo-home/bin/cargo" "+beta-2023-12-22" "doc" "--frozen" "--no-deps" "--document-private-items" "--message-format=json", kill_on_drop: false }`
[INFO] [stdout] a7b31a686431a4e42ef99a62d1c34e4680ad79ec36eeae52dd74dc665535c9bd
[INFO] running `Command { std: "docker" "start" "-a" "a7b31a686431a4e42ef99a62d1c34e4680ad79ec36eeae52dd74dc665535c9bd", kill_on_drop: false }`
[INFO] [stderr]    Compiling cc v1.0.59
[INFO] [stderr]    Compiling libc v0.2.77
[INFO] [stderr]    Compiling log v0.4.11
[INFO] [stderr]     Checking once_cell v1.4.1
[INFO] [stderr]     Checking cfg-if v0.1.10
[INFO] [stderr]     Checking spin v0.5.2
[INFO] [stderr]     Checking untrusted v0.7.1
[INFO] [stderr]     Checking lazy_static v1.4.0
[INFO] [stderr]    Compiling cmake v0.1.44
[INFO] [stderr]    Compiling ring v0.16.15
[INFO] [stderr]    Compiling quiche v0.3.0 (/opt/rustwide/workdir)
[INFO] [stderr] error: failed to run custom build command for `quiche v0.3.0 (/opt/rustwide/workdir)`
[INFO] [stderr] note: To improve backtraces for build dependencies, set the CARGO_PROFILE_DEV_BUILD_OVERRIDE_DEBUG=true environment variable to enable debug information generation.
[INFO] [stderr] 
[INFO] [stderr] Caused by:
[INFO] [stderr]   process didn't exit successfully: `/opt/rustwide/target/debug/build/quiche-012db858fcdda74d/build-script-build` (exit status: 101)
[INFO] [stderr]   --- stdout
[INFO] [stderr]   running: cd "/opt/rustwide/target/debug/build/quiche-60e612fcb8e60111/out/build" && CMAKE_PREFIX_PATH="" "cmake" "/opt/rustwide/workdir/deps/boringssl" "-DCMAKE_INSTALL_PREFIX=/opt/rustwide/target/debug/build/quiche-60e612fcb8e60111/out" "-DCMAKE_C_FLAGS= -ffunction-sections -fdata-sections -fPIC -m64" "-DCMAKE_C_COMPILER=/usr/bin/cc" "-DCMAKE_CXX_FLAGS= -ffunction-sections -fdata-sections -fPIC -m64" "-DCMAKE_CXX_COMPILER=/usr/bin/c++" "-DCMAKE_ASM_FLAGS= -ffunction-sections -fdata-sections -fPIC -m64" "-DCMAKE_ASM_COMPILER=/usr/bin/cc" "-DCMAKE_BUILD_TYPE=Debug"
[INFO] [stderr]   -- The C compiler identification is GNU 11.4.0
[INFO] [stderr]   -- Detecting C compiler ABI info
[INFO] [stderr]   -- Detecting C compiler ABI info - done
[INFO] [stderr]   -- Check for working C compiler: /usr/bin/cc - skipped
[INFO] [stderr]   -- Detecting C compile features
[INFO] [stderr]   -- Detecting C compile features - done
[INFO] [stderr]   -- The CXX compiler identification is GNU 11.4.0
[INFO] [stderr]   -- Detecting CXX compiler ABI info
[INFO] [stderr]   -- Detecting CXX compiler ABI info - done
[INFO] [stderr]   -- Check for working CXX compiler: /usr/bin/c++ - skipped
[INFO] [stderr]   -- Detecting CXX compile features
[INFO] [stderr]   -- Detecting CXX compile features - done
[INFO] [stderr]   -- Found Perl: /usr/bin/perl (found version "5.34.0") 
[INFO] [stderr]   -- Checking for module 'libunwind-generic'
[INFO] [stderr]   --   Found libunwind-generic, version 1.3.2
[INFO] [stderr]   -- The ASM compiler identification is GNU
[INFO] [stderr]   -- Found assembler: /usr/bin/cc
[INFO] [stderr]   -- Configuring done
[INFO] [stderr]   -- Generating done
[INFO] [stderr]   -- Build files have been written to: /opt/rustwide/target/debug/build/quiche-60e612fcb8e60111/out/build
[INFO] [stderr]   running: cd "/opt/rustwide/target/debug/build/quiche-60e612fcb8e60111/out/build" && MAKEFLAGS="-j --jobserver-fds=7,8 --jobserver-auth=7,8" "cmake" "--build" "." "--target" "bssl" "--config" "Debug" "--"
[INFO] [stderr]   [  0%] Built target global_target
[INFO] [stderr]   [  0%] Generating aesni-gcm-x86_64.S
[INFO] [stderr]   [  0%] Generating p256-x86_64-asm.S
[INFO] [stderr]   [  1%] Generating x86_64-mont5.S
[INFO] [stderr]   [  1%] Generating aesni-x86_64.S
[INFO] [stderr]   [  1%] Generating ghash-x86_64.S
[INFO] [stderr]   [  1%] Generating ghash-ssse3-x86_64.S
[INFO] [stderr]   [  1%] Generating md5-x86_64.S
[INFO] [stderr]   [  2%] Generating p256_beeu-x86_64-asm.S
[INFO] [stderr]   [  2%] Generating rdrand-x86_64.S
[INFO] [stderr]   [  2%] Generating sha1-x86_64.S
[INFO] [stderr]   [  2%] Generating rsaz-avx2.S
[INFO] [stderr]   [  4%] Generating sha256-x86_64.S
[INFO] [stderr]   [  4%] Generating sha512-x86_64.S
[INFO] [stderr]   [  4%] Generating vpaes-x86_64.S
[INFO] [stderr]   [  4%] Generating x86_64-mont.S
[INFO] [stderr]   Scanning dependencies of target fipsmodule
[INFO] [stderr]   [  5%] Building C object crypto/fipsmodule/CMakeFiles/fipsmodule.dir/is_fips.c.o
[INFO] [stderr]   [  5%] Building C object crypto/fipsmodule/CMakeFiles/fipsmodule.dir/fips_shared_support.c.o
[INFO] [stderr]   [  5%] Building C object crypto/fipsmodule/CMakeFiles/fipsmodule.dir/bcm.c.o
[INFO] [stderr]   [  5%] Building ASM object crypto/fipsmodule/CMakeFiles/fipsmodule.dir/aesni-gcm-x86_64.S.o
[INFO] [stderr]   [  6%] Building ASM object crypto/fipsmodule/CMakeFiles/fipsmodule.dir/aesni-x86_64.S.o
[INFO] [stderr]   [  6%] Building ASM object crypto/fipsmodule/CMakeFiles/fipsmodule.dir/ghash-ssse3-x86_64.S.o
[INFO] [stderr]   [  6%] Building ASM object crypto/fipsmodule/CMakeFiles/fipsmodule.dir/ghash-x86_64.S.o
[INFO] [stderr]   [  6%] Building ASM object crypto/fipsmodule/CMakeFiles/fipsmodule.dir/md5-x86_64.S.o
[INFO] [stderr]   [  6%] Building ASM object crypto/fipsmodule/CMakeFiles/fipsmodule.dir/p256-x86_64-asm.S.o
[INFO] [stderr]   [  8%] Building ASM object crypto/fipsmodule/CMakeFiles/fipsmodule.dir/rdrand-x86_64.S.o
[INFO] [stderr]   [  8%] Building ASM object crypto/fipsmodule/CMakeFiles/fipsmodule.dir/p256_beeu-x86_64-asm.S.o
[INFO] [stderr]   [  8%] Building ASM object crypto/fipsmodule/CMakeFiles/fipsmodule.dir/rsaz-avx2.S.o
[INFO] [stderr]   [  8%] Building ASM object crypto/fipsmodule/CMakeFiles/fipsmodule.dir/sha1-x86_64.S.o
[INFO] [stderr]   [  9%] Building ASM object crypto/fipsmodule/CMakeFiles/fipsmodule.dir/sha256-x86_64.S.o
[INFO] [stderr]   [  9%] Building ASM object crypto/fipsmodule/CMakeFiles/fipsmodule.dir/sha512-x86_64.S.o
[INFO] [stderr]   [  9%] Building ASM object crypto/fipsmodule/CMakeFiles/fipsmodule.dir/vpaes-x86_64.S.o
[INFO] [stderr]   [  9%] Building ASM object crypto/fipsmodule/CMakeFiles/fipsmodule.dir/x86_64-mont5.S.o
[INFO] [stderr]   [  9%] Building ASM object crypto/fipsmodule/CMakeFiles/fipsmodule.dir/x86_64-mont.S.o
[INFO] [stderr] 
[INFO] [stderr]   --- stderr
[INFO] [stderr]   In file included from /opt/rustwide/workdir/deps/boringssl/crypto/fipsmodule/bcm.c:38:
[INFO] [stderr]   /opt/rustwide/workdir/deps/boringssl/crypto/fipsmodule/bn/asm/x86_64-gcc.c:427:51: error: argument 2 of type 'const uint64_t[8]' {aka 'const long unsigned int[8]'} with mismatched bound [-Werror=array-parameter=]
[INFO] [stderr]     427 | void bn_sqr_comba8(BN_ULONG r[16], const BN_ULONG a[8]) {
[INFO] [stderr]         |                                    ~~~~~~~~~~~~~~~^~~~
[INFO] [stderr]   In file included from /opt/rustwide/workdir/deps/boringssl/crypto/fipsmodule/bn/add.c:64,
[INFO] [stderr]                    from /opt/rustwide/workdir/deps/boringssl/crypto/fipsmodule/bcm.c:37:
[INFO] [stderr]   /opt/rustwide/workdir/deps/boringssl/crypto/fipsmodule/bn/internal.h:292:51: note: previously declared as 'const uint64_t[4]' {aka 'const long unsigned int[4]'}
[INFO] [stderr]     292 | void bn_sqr_comba8(BN_ULONG r[16], const BN_ULONG a[4]);
[INFO] [stderr]         |                                    ~~~~~~~~~~~~~~~^~~~
[INFO] [stderr]   In file included from /opt/rustwide/workdir/deps/boringssl/crypto/fipsmodule/bcm.c:101:
[INFO] [stderr]   /opt/rustwide/workdir/deps/boringssl/crypto/fipsmodule/sha/sha256.c: In function 'SHA224_Final':
[INFO] [stderr]   /opt/rustwide/workdir/deps/boringssl/crypto/fipsmodule/sha/sha256.c:122:10: error: 'SHA256_Final' accessing 32 bytes in a region of size 28 [-Werror=stringop-overflow=]
[INFO] [stderr]     122 |   return SHA256_Final(out, ctx);
[INFO] [stderr]         |          ^~~~~~~~~~~~~~~~~~~~~~
[INFO] [stderr]   /opt/rustwide/workdir/deps/boringssl/crypto/fipsmodule/sha/sha256.c:122:10: note: referencing argument 1 of type 'uint8_t *' {aka 'unsigned char *'}
[INFO] [stderr]   /opt/rustwide/workdir/deps/boringssl/crypto/fipsmodule/sha/sha256.c:172:20: note: in a call to function 'SHA256_Final'
[INFO] [stderr]     172 | #define HASH_FINAL SHA256_Final
[INFO] [stderr]         |                    ^~~~~~~~~~~~
[INFO] [stderr]   /opt/rustwide/workdir/deps/boringssl/crypto/fipsmodule/sha/../digest/md32_common.h:231:5: note: in expansion of macro 'HASH_FINAL'
[INFO] [stderr]     231 | int HASH_FINAL(uint8_t out[HASH_DIGEST_LENGTH], HASH_CTX *c) {
[INFO] [stderr]         |     ^~~~~~~~~~
[INFO] [stderr]   In file included from /opt/rustwide/workdir/deps/boringssl/crypto/fipsmodule/bcm.c:102:
[INFO] [stderr]   /opt/rustwide/workdir/deps/boringssl/crypto/fipsmodule/sha/sha512.c: In function 'SHA512_256':
[INFO] [stderr]   /opt/rustwide/workdir/deps/boringssl/crypto/fipsmodule/sha/sha512.c:150:3: error: 'SHA512_Final' accessing 64 bytes in a region of size 32 [-Werror=stringop-overflow=]
[INFO] [stderr]     150 |   SHA512_Final(out, &ctx);
[INFO] [stderr]         |   ^~~~~~~~~~~~~~~~~~~~~~~
[INFO] [stderr]   /opt/rustwide/workdir/deps/boringssl/crypto/fipsmodule/sha/sha512.c:150:3: note: referencing argument 1 of type 'uint8_t *' {aka 'unsigned char *'}
[INFO] [stderr]   /opt/rustwide/workdir/deps/boringssl/crypto/fipsmodule/sha/sha512.c:234:5: note: in a call to function 'SHA512_Final'
[INFO] [stderr]     234 | int SHA512_Final(uint8_t out[SHA512_DIGEST_LENGTH], SHA512_CTX *sha) {
[INFO] [stderr]         |     ^~~~~~~~~~~~
[INFO] [stderr]   /opt/rustwide/workdir/deps/boringssl/crypto/fipsmodule/sha/sha512.c: In function 'SHA384_Final':
[INFO] [stderr]   /opt/rustwide/workdir/deps/boringssl/crypto/fipsmodule/sha/sha512.c:164:10: error: 'SHA512_Final' accessing 64 bytes in a region of size 48 [-Werror=stringop-overflow=]
[INFO] [stderr]     164 |   return SHA512_Final(out, sha);
[INFO] [stderr]         |          ^~~~~~~~~~~~~~~~~~~~~~
[INFO] [stderr]   /opt/rustwide/workdir/deps/boringssl/crypto/fipsmodule/sha/sha512.c:164:10: note: referencing argument 1 of type 'uint8_t *' {aka 'unsigned char *'}
[INFO] [stderr]   /opt/rustwide/workdir/deps/boringssl/crypto/fipsmodule/sha/sha512.c:234:5: note: in a call to function 'SHA512_Final'
[INFO] [stderr]     234 | int SHA512_Final(uint8_t out[SHA512_DIGEST_LENGTH], SHA512_CTX *sha) {
[INFO] [stderr]         |     ^~~~~~~~~~~~
[INFO] [stderr]   /opt/rustwide/workdir/deps/boringssl/crypto/fipsmodule/sha/sha512.c: In function 'SHA512_256_Final':
[INFO] [stderr]   /opt/rustwide/workdir/deps/boringssl/crypto/fipsmodule/sha/sha512.c:179:10: error: 'SHA512_Final' accessing 64 bytes in a region of size 32 [-Werror=stringop-overflow=]
[INFO] [stderr]     179 |   return SHA512_Final(out, sha);
[INFO] [stderr]         |          ^~~~~~~~~~~~~~~~~~~~~~
[INFO] [stderr]   /opt/rustwide/workdir/deps/boringssl/crypto/fipsmodule/sha/sha512.c:179:10: note: referencing argument 1 of type 'uint8_t *' {aka 'unsigned char *'}
[INFO] [stderr]   /opt/rustwide/workdir/deps/boringssl/crypto/fipsmodule/sha/sha512.c:234:5: note: in a call to function 'SHA512_Final'
[INFO] [stderr]     234 | int SHA512_Final(uint8_t out[SHA512_DIGEST_LENGTH], SHA512_CTX *sha) {
[INFO] [stderr]         |     ^~~~~~~~~~~~
[INFO] [stderr]   cc1: all warnings being treated as errors
[INFO] [stderr]   gmake[3]: *** [crypto/fipsmodule/CMakeFiles/fipsmodule.dir/build.make:256: crypto/fipsmodule/CMakeFiles/fipsmodule.dir/bcm.c.o] Error 1
[INFO] [stderr]   gmake[2]: *** [CMakeFiles/Makefile2:482: crypto/fipsmodule/CMakeFiles/fipsmodule.dir/all] Error 2
[INFO] [stderr]   gmake[1]: *** [CMakeFiles/Makefile2:685: tool/CMakeFiles/bssl.dir/rule] Error 2
[INFO] [stderr]   gmake: *** [Makefile:319: bssl] Error 2
[INFO] [stderr]   thread 'main' panicked at /opt/rustwide/cargo-home/registry/src/index.crates.io-6f17d22bba15001f/cmake-0.1.44/src/lib.rs:885:5:
[INFO] [stderr] 
[INFO] [stderr]   command did not execute successfully, got: exit status: 2
[INFO] [stderr] 
[INFO] [stderr]   build script failed, must exit now
[INFO] [stderr]   stack backtrace:
[INFO] [stderr]      0:     0x55eb4be3fe56 - std::backtrace_rs::backtrace::libunwind::trace::h261606ad26a499c1
[INFO] [stderr]                                  at /rustc/0e09125c6c3c2fd70d7de961bcf0e51575235fad/library/std/src/../../backtrace/src/backtrace/libunwind.rs:104:5
[INFO] [stderr]      1:     0x55eb4be3fe56 - std::backtrace_rs::backtrace::trace_unsynchronized::hd183f0625477fb28
[INFO] [stderr]                                  at /rustc/0e09125c6c3c2fd70d7de961bcf0e51575235fad/library/std/src/../../backtrace/src/backtrace/mod.rs:66:5
[INFO] [stderr]      2:     0x55eb4be3fe56 - std::sys_common::backtrace::_print_fmt::hd7f8fef21b4eda67
[INFO] [stderr]                                  at /rustc/0e09125c6c3c2fd70d7de961bcf0e51575235fad/library/std/src/sys_common/backtrace.rs:68:5
[INFO] [stderr]      3:     0x55eb4be3fe56 - <std::sys_common::backtrace::_print::DisplayBacktrace as core::fmt::Display>::fmt::h623d9b51f2f453f1
[INFO] [stderr]                                  at /rustc/0e09125c6c3c2fd70d7de961bcf0e51575235fad/library/std/src/sys_common/backtrace.rs:44:22
[INFO] [stderr]      4:     0x55eb4be64e80 - core::fmt::rt::Argument::fmt::h9f417ac76a86f368
[INFO] [stderr]                                  at /rustc/0e09125c6c3c2fd70d7de961bcf0e51575235fad/library/core/src/fmt/rt.rs:142:9
[INFO] [stderr]      5:     0x55eb4be64e80 - core::fmt::write::hc9b6faf4ac2aeff7
[INFO] [stderr]                                  at /rustc/0e09125c6c3c2fd70d7de961bcf0e51575235fad/library/core/src/fmt/mod.rs:1120:17
[INFO] [stderr]      6:     0x55eb4be3d75f - std::io::Write::write_fmt::hfead1eee52c2e65e
[INFO] [stderr]                                  at /rustc/0e09125c6c3c2fd70d7de961bcf0e51575235fad/library/std/src/io/mod.rs:1810:15
[INFO] [stderr]      7:     0x55eb4be3fc34 - std::sys_common::backtrace::_print::hd5d66399c7df88a2
[INFO] [stderr]                                  at /rustc/0e09125c6c3c2fd70d7de961bcf0e51575235fad/library/std/src/sys_common/backtrace.rs:47:5
[INFO] [stderr]      8:     0x55eb4be3fc34 - std::sys_common::backtrace::print::he81ed2da642d37e5
[INFO] [stderr]                                  at /rustc/0e09125c6c3c2fd70d7de961bcf0e51575235fad/library/std/src/sys_common/backtrace.rs:34:9
[INFO] [stderr]      9:     0x55eb4be413a7 - std::panicking::default_hook::{{closure}}::h85773f4fa117163d
[INFO] [stderr]     10:     0x55eb4be41109 - std::panicking::default_hook::h6a1694a91d09b278
[INFO] [stderr]                                  at /rustc/0e09125c6c3c2fd70d7de961bcf0e51575235fad/library/std/src/panicking.rs:292:9
[INFO] [stderr]     11:     0x55eb4be41838 - std::panicking::rust_panic_with_hook::h0a7ad96e90f7145b
[INFO] [stderr]                                  at /rustc/0e09125c6c3c2fd70d7de961bcf0e51575235fad/library/std/src/panicking.rs:779:13
[INFO] [stderr]     12:     0x55eb4be41712 - std::panicking::begin_panic_handler::{{closure}}::h7919090525c6485e
[INFO] [stderr]                                  at /rustc/0e09125c6c3c2fd70d7de961bcf0e51575235fad/library/std/src/panicking.rs:657:13
[INFO] [stderr]     13:     0x55eb4be40356 - std::sys_common::backtrace::__rust_end_short_backtrace::hf3289479464f7dfe
[INFO] [stderr]                                  at /rustc/0e09125c6c3c2fd70d7de961bcf0e51575235fad/library/std/src/sys_common/backtrace.rs:171:18
[INFO] [stderr]     14:     0x55eb4be41470 - rust_begin_unwind
[INFO] [stderr]                                  at /rustc/0e09125c6c3c2fd70d7de961bcf0e51575235fad/library/std/src/panicking.rs:645:5
[INFO] [stderr]     15:     0x55eb4bdd45e5 - core::panicking::panic_fmt::hcc9f77c5c132af55
[INFO] [stderr]                                  at /rustc/0e09125c6c3c2fd70d7de961bcf0e51575235fad/library/core/src/panicking.rs:72:14
[INFO] [stderr]     16:     0x55eb4bde1541 - cmake::fail::h583d9788b98c9f8d
[INFO] [stderr]     17:     0x55eb4bde0c47 - cmake::run::h5155b133dfd44ad3
[INFO] [stderr]     18:     0x55eb4bdde083 - cmake::Config::build::h5048bcdcb54ca4fa
[INFO] [stderr]     19:     0x55eb4bdd8bd3 - build_script_build::main::{{closure}}::h5512a09c89f7b3b9
[INFO] [stderr]     20:     0x55eb4bdd5b3e - core::result::Result<T,E>::unwrap_or_else::hc6d8effd524e726b
[INFO] [stderr]     21:     0x55eb4bdd856d - build_script_build::main::h4f8f115ef65a5ed3
[INFO] [stderr]     22:     0x55eb4bdd5343 - core::ops::function::FnOnce::call_once::h45655d36555620f5
[INFO] [stderr]     23:     0x55eb4bdd4de6 - std::sys_common::backtrace::__rust_begin_short_backtrace::h2005380e1060fba4
[INFO] [stderr]     24:     0x55eb4bdd4e39 - std::rt::lang_start::{{closure}}::h5385e6264bd709d8
[INFO] [stderr]     25:     0x55eb4be39651 - core::ops::function::impls::<impl core::ops::function::FnOnce<A> for &F>::call_once::h4eb4c5e1620f29b0
[INFO] [stderr]                                  at /rustc/0e09125c6c3c2fd70d7de961bcf0e51575235fad/library/core/src/ops/function.rs:284:13
[INFO] [stderr]     26:     0x55eb4be39651 - std::panicking::try::do_call::h73fd26535faffcdf
[INFO] [stderr]                                  at /rustc/0e09125c6c3c2fd70d7de961bcf0e51575235fad/library/std/src/panicking.rs:552:40
[INFO] [stderr]     27:     0x55eb4be39651 - std::panicking::try::h77ff1d98f0fb9f39
[INFO] [stderr]                                  at /rustc/0e09125c6c3c2fd70d7de961bcf0e51575235fad/library/std/src/panicking.rs:516:19
[INFO] [stderr]     28:     0x55eb4be39651 - std::panic::catch_unwind::hab3caf2448b95e37
[INFO] [stderr]                                  at /rustc/0e09125c6c3c2fd70d7de961bcf0e51575235fad/library/std/src/panic.rs:142:14
[INFO] [stderr]     29:     0x55eb4be39651 - std::rt::lang_start_internal::{{closure}}::h8086711f9c783f78
[INFO] [stderr]                                  at /rustc/0e09125c6c3c2fd70d7de961bcf0e51575235fad/library/std/src/rt.rs:148:48
[INFO] [stderr]     30:     0x55eb4be39651 - std::panicking::try::do_call::hf920d4dc291cd6ca
[INFO] [stderr]                                  at /rustc/0e09125c6c3c2fd70d7de961bcf0e51575235fad/library/std/src/panicking.rs:552:40
[INFO] [stderr]     31:     0x55eb4be39651 - std::panicking::try::h2b806ccc0a85db74
[INFO] [stderr]                                  at /rustc/0e09125c6c3c2fd70d7de961bcf0e51575235fad/library/std/src/panicking.rs:516:19
[INFO] [stderr]     32:     0x55eb4be39651 - std::panic::catch_unwind::h038489539c507df2
[INFO] [stderr]                                  at /rustc/0e09125c6c3c2fd70d7de961bcf0e51575235fad/library/std/src/panic.rs:142:14
[INFO] [stderr]     33:     0x55eb4be39651 - std::rt::lang_start_internal::h28503b88912e8a5c
[INFO] [stderr]                                  at /rustc/0e09125c6c3c2fd70d7de961bcf0e51575235fad/library/std/src/rt.rs:148:20
[INFO] [stderr]     34:     0x55eb4bdd4e17 - std::rt::lang_start::h0e3d790414e1519c
[INFO] [stderr]     35:     0x55eb4bdd8ce5 - main
[INFO] [stderr]     36:     0x7f9facd1ed90 - <unknown>
[INFO] [stderr]     37:     0x7f9facd1ee40 - __libc_start_main
[INFO] [stderr]     38:     0x55eb4bdd4d15 - _start
[INFO] [stderr]     39:                0x0 - <unknown>
[INFO] running `Command { std: "docker" "inspect" "a7b31a686431a4e42ef99a62d1c34e4680ad79ec36eeae52dd74dc665535c9bd", kill_on_drop: false }`
[INFO] running `Command { std: "docker" "rm" "-f" "a7b31a686431a4e42ef99a62d1c34e4680ad79ec36eeae52dd74dc665535c9bd", kill_on_drop: false }`
[INFO] [stdout] a7b31a686431a4e42ef99a62d1c34e4680ad79ec36eeae52dd74dc665535c9bd
