[INFO] cloning repository https://github.com/KonishchevDmitry/investment-analyzer
[INFO] running `Command { std: "git" "-c" "credential.helper=" "-c" "credential.helper=/workspace/cargo-home/bin/git-credential-null" "clone" "--bare" "https://github.com/KonishchevDmitry/investment-analyzer" "/workspace/cache/git-repos/https%3A%2F%2Fgithub.com%2FKonishchevDmitry%2Finvestment-analyzer", kill_on_drop: false }`
[INFO] [stderr] Cloning into bare repository '/workspace/cache/git-repos/https%3A%2F%2Fgithub.com%2FKonishchevDmitry%2Finvestment-analyzer'...
[INFO] running `Command { std: "git" "rev-parse" "HEAD", kill_on_drop: false }`
[INFO] [stdout] dcb9fc85ba23a1b1d811796b7113851452499a0e
[INFO] documenting KonishchevDmitry/investment-analyzer against 1.75.0 for beta-1.76-rustdoc-1
[INFO] running `Command { std: "git" "clone" "/workspace/cache/git-repos/https%3A%2F%2Fgithub.com%2FKonishchevDmitry%2Finvestment-analyzer" "/workspace/builds/worker-0-tc1/source", kill_on_drop: false }`
[INFO] [stderr] Cloning into '/workspace/builds/worker-0-tc1/source'...
[INFO] [stderr] done.
[INFO] validating manifest of git repo https://github.com/KonishchevDmitry/investment-analyzer on toolchain 1.75.0
[INFO] running `Command { std: CARGO_HOME="/workspace/cargo-home" RUSTUP_HOME="/workspace/rustup-home" "/workspace/cargo-home/bin/cargo" "+1.75.0" "metadata" "--manifest-path" "Cargo.toml" "--no-deps", kill_on_drop: false }`
[INFO] started tweaking git repo https://github.com/KonishchevDmitry/investment-analyzer
[INFO] removed 0 missing examples
[INFO] finished tweaking git repo https://github.com/KonishchevDmitry/investment-analyzer
[INFO] tweaked toml for git repo https://github.com/KonishchevDmitry/investment-analyzer written to /workspace/builds/worker-0-tc1/source/Cargo.toml
[INFO] crate git repo https://github.com/KonishchevDmitry/investment-analyzer already has a lockfile, it will not be regenerated
[INFO] running `Command { std: CARGO_HOME="/workspace/cargo-home" RUSTUP_HOME="/workspace/rustup-home" "/workspace/cargo-home/bin/cargo" "+1.75.0" "fetch" "--manifest-path" "Cargo.toml", kill_on_drop: false }`
[INFO] [stderr]     Updating crates.io index
[INFO] [stderr]  Downloading crates ...
[INFO] [stderr]   Downloaded async-trait v0.1.75
[INFO] [stderr]   Downloaded anyhow v1.0.77
[INFO] [stderr]   Downloaded thiserror v1.0.52
[INFO] [stderr]   Downloaded diesel-derive-enum v2.1.0
[INFO] [stderr]   Downloaded isin v0.1.18
[INFO] [stderr]   Downloaded thiserror-impl v1.0.52
[INFO] [stderr]   Downloaded governor v0.6.0
[INFO] [stderr]   Downloaded syn v2.0.43
[INFO] [stderr]   Downloaded nonzero_ext v0.3.0
[INFO] [stderr]   Downloaded calamine v0.23.1
[INFO] [stderr]   Downloaded clap_complete v4.4.5
[INFO] [stderr]   Downloaded yaml-merge-keys v0.6.0
[INFO] [stderr]   Downloaded easy-logging v0.1.2
[INFO] [stderr]   Downloaded cusip v0.2.5
[INFO] [stderr]   Downloaded qtrac-retest v4.0.14
[INFO] running `Command { std: "docker" "create" "-v" "/var/lib/crater-agent-workspace/builds/worker-0-tc1/target:/opt/rustwide/target:rw,Z" "-v" "/var/lib/crater-agent-workspace/builds/worker-0-tc1/source:/opt/rustwide/workdir:ro,Z" "-v" "/var/lib/crater-agent-workspace/cargo-home:/opt/rustwide/cargo-home:ro,Z" "-v" "/var/lib/crater-agent-workspace/rustup-home:/opt/rustwide/rustup-home:ro,Z" "-e" "SOURCE_DIR=/opt/rustwide/workdir" "-e" "CARGO_TARGET_DIR=/opt/rustwide/target" "-e" "CARGO_HOME=/opt/rustwide/cargo-home" "-e" "RUSTUP_HOME=/opt/rustwide/rustup-home" "-w" "/opt/rustwide/workdir" "-m" "1610612736" "--user" "0:0" "--network" "none" "ghcr.io/rust-lang/crates-build-env/linux@sha256:2788e3201cd34a07e3172128adcd8b3090168a8e3bcc40d7c032b9dda1df7d1c" "/opt/rustwide/cargo-home/bin/cargo" "+1.75.0" "metadata" "--no-deps" "--format-version=1", kill_on_drop: false }`
[INFO] [stdout] 6859b34517a68513951d0825bec2ba07a1da35fda9713a6699e76eeeb7104073
[INFO] running `Command { std: "docker" "start" "-a" "6859b34517a68513951d0825bec2ba07a1da35fda9713a6699e76eeeb7104073", kill_on_drop: false }`
[INFO] running `Command { std: "docker" "inspect" "6859b34517a68513951d0825bec2ba07a1da35fda9713a6699e76eeeb7104073", kill_on_drop: false }`
[INFO] running `Command { std: "docker" "rm" "-f" "6859b34517a68513951d0825bec2ba07a1da35fda9713a6699e76eeeb7104073", kill_on_drop: false }`
[INFO] [stdout] 6859b34517a68513951d0825bec2ba07a1da35fda9713a6699e76eeeb7104073
[INFO] running `Command { std: "docker" "create" "-v" "/var/lib/crater-agent-workspace/builds/worker-0-tc1/target:/opt/rustwide/target:rw,Z" "-v" "/var/lib/crater-agent-workspace/builds/worker-0-tc1/source:/opt/rustwide/workdir:ro,Z" "-v" "/var/lib/crater-agent-workspace/cargo-home:/opt/rustwide/cargo-home:ro,Z" "-v" "/var/lib/crater-agent-workspace/rustup-home:/opt/rustwide/rustup-home:ro,Z" "-e" "SOURCE_DIR=/opt/rustwide/workdir" "-e" "CARGO_TARGET_DIR=/opt/rustwide/target" "-e" "CARGO_INCREMENTAL=0" "-e" "RUST_BACKTRACE=full" "-e" "RUSTFLAGS=--cap-lints=warn" "-e" "RUSTDOCFLAGS=--cap-lints=warn" "-e" "CARGO_HOME=/opt/rustwide/cargo-home" "-e" "RUSTUP_HOME=/opt/rustwide/rustup-home" "-w" "/opt/rustwide/workdir" "-m" "1610612736" "--user" "0:0" "--network" "none" "ghcr.io/rust-lang/crates-build-env/linux@sha256:2788e3201cd34a07e3172128adcd8b3090168a8e3bcc40d7c032b9dda1df7d1c" "/opt/rustwide/cargo-home/bin/cargo" "+1.75.0" "doc" "--frozen" "--no-deps" "--document-private-items" "--message-format=json", kill_on_drop: false }`
[INFO] [stdout] d0a526cf91ff396c4053e581ae6e56183838dfa4988ca0e2186b7d6bf19be97f
[INFO] running `Command { std: "docker" "start" "-a" "d0a526cf91ff396c4053e581ae6e56183838dfa4988ca0e2186b7d6bf19be97f", kill_on_drop: false }`
[INFO] [stderr]    Compiling proc-macro2 v1.0.71
[INFO] [stderr]    Compiling unicode-ident v1.0.12
[INFO] [stderr]    Compiling libc v0.2.151
[INFO] [stderr]    Compiling autocfg v1.1.0
[INFO] [stderr]     Checking cfg-if v1.0.0
[INFO] [stderr]    Compiling serde v1.0.193
[INFO] [stderr]     Checking memchr v2.7.1
[INFO] [stderr]     Checking pin-project-lite v0.2.13
[INFO] [stderr]     Checking bytes v1.5.0
[INFO] [stderr]     Checking once_cell v1.19.0
[INFO] [stderr]     Checking futures-core v0.3.30
[INFO] [stderr]     Checking itoa v1.0.10
[INFO] [stderr]     Checking hashbrown v0.14.3
[INFO] [stderr]    Compiling vcpkg v0.2.15
[INFO] [stderr]    Compiling pkg-config v0.3.28
[INFO] [stderr]     Checking futures-sink v0.3.30
[INFO] [stderr]     Checking equivalent v1.0.1
[INFO] [stderr]    Compiling regex-syntax v0.8.2
[INFO] [stderr]     Checking futures-io v0.3.30
[INFO] [stderr]     Checking futures-channel v0.3.30
[INFO] [stderr]     Checking pin-utils v0.1.0
[INFO] [stderr]     Checking futures-task v0.3.30
[INFO] [stderr]    Compiling anyhow v1.0.77
[INFO] [stderr]    Compiling either v1.9.0
[INFO] [stderr]    Compiling rustversion v1.0.14
[INFO] [stderr]     Checking log v0.4.20
[INFO] [stderr]     Checking fnv v1.0.7
[INFO] [stderr]    Compiling slab v0.4.9
[INFO] [stderr]    Compiling itertools v0.11.0
[INFO] [stderr]    Compiling num-traits v0.2.17
[INFO] [stderr]     Checking tracing-core v0.1.32
[INFO] [stderr]     Checking http v0.2.11
[INFO] [stderr]    Compiling aho-corasick v1.1.2
[INFO] [stderr]     Checking indexmap v2.1.0
[INFO] [stderr]    Compiling version_check v0.9.4
[INFO] [stderr]    Compiling quote v1.0.33
[INFO] [stderr]    Compiling httparse v1.8.0
[INFO] [stderr]    Compiling crossbeam-utils v0.8.18
[INFO] [stderr]    Compiling siphasher v0.3.11
[INFO] [stderr]    Compiling syn v2.0.43
[INFO] [stderr]    Compiling cc v1.0.83
[INFO] [stderr]     Checking mio v0.8.10
[INFO] [stderr]     Checking num_cpus v1.16.0
[INFO] [stderr]     Checking socket2 v0.5.5
[INFO] [stderr]     Checking getrandom v0.2.11
[INFO] [stderr]     Checking tower-service v0.3.2
[INFO] [stderr]     Checking bitflags v2.4.1
[INFO] [stderr]     Checking ryu v1.0.16
[INFO] [stderr]    Compiling rustix v0.38.28
[INFO] [stderr]    Compiling phf_shared v0.11.2
[INFO] [stderr]     Checking http-body v0.4.6
[INFO] [stderr]     Checking tinyvec_macros v0.1.1
[INFO] [stderr]    Compiling heck v0.4.1
[INFO] [stderr]    Compiling linux-raw-sys v0.4.12
[INFO] [stderr]     Checking percent-encoding v2.3.1
[INFO] [stderr]    Compiling rand_core v0.6.4
[INFO] [stderr]     Checking try-lock v0.2.5
[INFO] [stderr]     Checking tinyvec v1.6.0
[INFO] [stderr]     Checking want v0.3.1
[INFO] [stderr]    Compiling rand v0.8.5
[INFO] [stderr]    Compiling lock_api v0.4.11
[INFO] [stderr]     Checking foreign-types-shared v0.1.1
[INFO] [stderr]    Compiling prettyplease v0.2.15
[INFO] [stderr]     Checking ppv-lite86 v0.2.17
[INFO] [stderr]     Checking httpdate v1.0.3
[INFO] [stderr]    Compiling openssl v0.10.62
[INFO] [stderr]     Checking spin v0.9.8
[INFO] [stderr]     Checking untrusted v0.9.0
[INFO] [stderr]     Checking iana-time-zone v0.1.58
[INFO] [stderr]     Checking openssl-probe v0.1.5
[INFO] [stderr]    Compiling syn v1.0.109
[INFO] [stderr]    Compiling parking_lot_core v0.9.9
[INFO] [stderr]    Compiling regex-automata v0.4.3
[INFO] [stderr]     Checking foreign-types v0.3.2
[INFO] [stderr]     Checking chrono v0.4.31
[INFO] [stderr]    Compiling proc-macro-error-attr v1.0.4
[INFO] [stderr]    Compiling indexmap v1.9.3
[INFO] [stderr]     Checking rand_chacha v0.3.1
[INFO] [stderr]    Compiling phf_generator v0.11.2
[INFO] [stderr]     Checking unicode-bidi v0.3.14
[INFO] [stderr]     Checking utf8parse v0.2.1
[INFO] [stderr]    Compiling fixedbitset v0.4.2
[INFO] [stderr]    Compiling winnow v0.5.31
[INFO] [stderr]     Checking unicode-normalization v0.1.22
[INFO] [stderr]     Checking smallvec v1.11.2
[INFO] [stderr]    Compiling thiserror v1.0.52
[INFO] [stderr]    Compiling home v0.5.9
[INFO] [stderr]    Compiling strsim v0.10.0
[INFO] [stderr]    Compiling fastrand v2.0.1
[INFO] [stderr]     Checking lazy_static v1.4.0
[INFO] [stderr]     Checking bitflags v1.3.2
[INFO] [stderr]    Compiling crc32fast v1.3.2
[INFO] [stderr]    Compiling async-trait v0.1.75
[INFO] [stderr]    Compiling ident_case v1.0.1
[INFO] [stderr]    Compiling openssl-sys v0.9.98
[INFO] [stderr]    Compiling ring v0.17.7
[INFO] [stderr]    Compiling libsqlite3-sys v0.27.0
[INFO] [stderr]     Checking scopeguard v1.2.0
[INFO] [stderr]    Compiling native-tls v0.2.11
[INFO] [stderr]    Compiling petgraph v0.6.4
[INFO] [stderr]     Checking anstyle-parse v0.2.3
[INFO] [stderr]    Compiling phf_codegen v0.11.2
[INFO] [stderr]    Compiling axum-core v0.3.4
[INFO] [stderr]     Checking form_urlencoded v1.2.1
[INFO] [stderr]    Compiling phf v0.11.2
[INFO] [stderr]    Compiling proc-macro-error v1.0.4
[INFO] [stderr]     Checking encoding_rs v0.8.33
[INFO] [stderr]     Checking base64 v0.21.5
[INFO] [stderr]     Checking mime v0.3.17
[INFO] [stderr]    Compiling serde_json v1.0.108
[INFO] [stderr]    Compiling multimap v0.8.3
[INFO] [stderr]     Checking hashbrown v0.12.3
[INFO] [stderr]     Checking anstyle-query v1.0.2
[INFO] [stderr]     Checking colorchoice v1.0.0
[INFO] [stderr]     Checking adler v1.0.2
[INFO] [stderr]    Compiling which v4.4.2
[INFO] [stderr]    Compiling tempfile v3.9.0
[INFO] [stderr]     Checking tower-layer v0.3.2
[INFO] [stderr]    Compiling rustls v0.21.10
[INFO] [stderr]     Checking anstyle v1.0.4
[INFO] [stderr]     Checking anstream v0.6.5
[INFO] [stderr]     Checking miniz_oxide v0.7.1
[INFO] [stderr]     Checking idna v0.5.0
[INFO] [stderr]     Checking crossbeam-epoch v0.9.17
[INFO] [stderr]    Compiling regex v1.10.2
[INFO] [stderr]    Compiling axum v0.6.20
[INFO] [stderr]     Checking dirs-sys-next v0.1.2
[INFO] [stderr]    Compiling rayon-core v1.12.0
[INFO] [stderr]    Compiling protobuf v2.28.0
[INFO] [stderr]    Compiling rust_decimal v1.33.1
[INFO] [stderr]     Checking option-ext v0.2.0
[INFO] [stderr]     Checking clap_lex v0.6.0
[INFO] [stderr]    Compiling parse-zoneinfo v0.3.0
[INFO] [stderr]     Checking url v2.5.0
[INFO] [stderr]     Checking clap_builder v4.4.12
[INFO] [stderr]    Compiling darling_core v0.20.3
[INFO] [stderr]    Compiling diesel_table_macro_syntax v0.1.0
[INFO] [stderr]    Compiling chrono-tz-build v0.2.1
[INFO] [stderr]    Compiling validator_types v0.16.0
[INFO] [stderr]     Checking dirs-sys v0.4.1
[INFO] [stderr]     Checking crossbeam-deque v0.8.4
[INFO] [stderr]     Checking flate2 v1.0.28
[INFO] [stderr]     Checking dirs-next v2.0.0
[INFO] [stderr]     Checking rustls-pemfile v1.0.4
[INFO] [stderr]     Checking parking_lot v0.12.1
[INFO] [stderr]     Checking raw-cpuid v10.7.0
[INFO] [stderr]     Checking csv-core v0.1.11
[INFO] [stderr]    Compiling num-integer v0.1.45
[INFO] [stderr]    Compiling arrayvec v0.7.4
[INFO] [stderr]    Compiling if_chain v1.0.2
[INFO] [stderr]     Checking byteorder v1.5.0
[INFO] [stderr]    Compiling prometheus v0.13.3
[INFO] [stderr]     Checking matchit v0.7.3
[INFO] [stderr]     Checking sync_wrapper v0.1.2
[INFO] [stderr]     Checking unsafe-libyaml v0.2.10
[INFO] [stderr]     Checking linked-hash-map v0.5.6
[INFO] [stderr]     Checking unicode-width v0.1.11
[INFO] [stderr]     Checking zip v0.6.6
[INFO] [stderr]     Checking is-terminal v0.4.10
[INFO] [stderr]     Checking yaml-rust v0.4.5
[INFO] [stderr]     Checking rustls-native-certs v0.6.3
[INFO] [stderr]     Checking term v0.7.0
[INFO] [stderr]     Checking dirs v5.0.1
[INFO] [stderr]     Checking codepage v0.1.1
[INFO] [stderr]     Checking fern v0.5.9
[INFO] [stderr]     Checking dashmap v5.5.3
[INFO] [stderr]     Checking idna v0.4.0
[INFO] [stderr]     Checking quanta v0.11.1
[INFO] [stderr]     Checking atty v0.2.14
[INFO] [stderr]     Checking ansi_term v0.12.1
[INFO] [stderr]     Checking clap v4.4.12
[INFO] [stderr]     Checking ipnet v2.9.0
[INFO] [stderr]     Checking xml-rs v0.8.19
[INFO] [stderr]    Compiling chrono-tz v0.8.5
[INFO] [stderr]    Compiling validator_derive v0.16.0
[INFO] [stderr]     Checking futures-timer v3.0.2
[INFO] [stderr]     Checking smawk v0.3.2
[INFO] [stderr]     Checking nonzero_ext v0.3.0
[INFO] [stderr]     Checking encode_unicode v1.0.0
[INFO] [stderr]     Checking no-std-compat v0.4.1
[INFO] [stderr]     Checking unicode-linebreak v0.1.5
[INFO] [stderr]     Checking easy-logging v0.1.2
[INFO] [stderr]     Checking clap_complete v4.4.5
[INFO] [stderr]     Checking rayon v1.8.0
[INFO] [stderr]     Checking shellexpand v3.1.0
[INFO] [stderr]    Compiling rust_decimal_macros v1.33.1
[INFO] [stderr]     Checking itertools v0.12.0
[INFO] [stderr]     Checking textwrap v0.16.0
[INFO] [stderr]     Checking uuid v1.6.1
[INFO] [stderr]     Checking separator v0.4.1
[INFO] [stderr]     Checking matches v0.1.10
[INFO] [stderr]     Checking isin v0.1.18
[INFO] [stderr]     Checking maplit v1.0.2
[INFO] [stderr]     Checking maybe-owned v0.3.4
[INFO] [stderr]     Checking platforms v3.3.0
[INFO] [stderr]     Checking cusip v0.2.5
[INFO] [stderr]    Compiling indoc v2.0.4
[INFO] [stderr]     Checking cast v0.3.0
[INFO] [stderr]     Checking rustls-webpki v0.101.7
[INFO] [stderr]     Checking sct v0.7.1
[INFO] [stderr]    Compiling serde_derive v1.0.193
[INFO] [stderr]    Compiling tokio-macros v2.2.0
[INFO] [stderr]    Compiling futures-macro v0.3.30
[INFO] [stderr]    Compiling tracing-attributes v0.1.27
[INFO] [stderr]    Compiling prost-derive v0.12.3
[INFO] [stderr]    Compiling openssl-macros v0.1.1
[INFO] [stderr]    Compiling pin-project-internal v1.1.3
[INFO] [stderr]    Compiling thiserror-impl v1.0.52
[INFO] [stderr]    Compiling darling_macro v0.20.3
[INFO] [stderr]    Compiling diesel_derives v2.1.2
[INFO] [stderr]    Compiling async-stream-impl v0.3.5
[INFO] [stderr]    Compiling strum_macros v0.25.3
[INFO] [stderr]     Checking tokio v1.35.1
[INFO] [stderr]    Compiling darling v0.20.3
[INFO] [stderr]    Compiling xls_table_derive v0.6.9 (/opt/rustwide/workdir/src/formats/xls/xls_table_derive)
[INFO] [stderr]     Checking futures-util v0.3.30
[INFO] [stderr]    Compiling static_table_derive v0.1.64 (/opt/rustwide/workdir/src/formatting/static_table_derive)
[INFO] [stderr]     Checking pin-project v1.1.3
[INFO] [stderr]     Checking async-stream v0.3.5
[INFO] [stderr]    Compiling diesel-derive-enum v2.1.0
[INFO] [stderr]     Checking tracing v0.1.40
[INFO] [stderr] The following warnings were emitted during compilation:
[INFO] [stderr] 
[INFO] [stderr] warning: libsqlite3-sys@0.27.0: cc: fatal error: Killed signal terminated program cc1
[INFO] [stderr] warning: libsqlite3-sys@0.27.0: compilation terminated.
[INFO] [stderr] 
[INFO] [stderr] error: failed to run custom build command for `libsqlite3-sys v0.27.0`
[INFO] [stderr] note: To improve backtraces for build dependencies, set the CARGO_PROFILE_DEV_BUILD_OVERRIDE_DEBUG=true environment variable to enable debug information generation.
[INFO] [stderr] 
[INFO] [stderr] Caused by:
[INFO] [stderr]   process didn't exit successfully: `/opt/rustwide/target/debug/build/libsqlite3-sys-fe9b3d132ab27dbf/build-script-build` (exit status: 1)
[INFO] [stderr]   --- stdout
[INFO] [stderr]   cargo:rerun-if-env-changed=LIBSQLITE3_SYS_USE_PKG_CONFIG
[INFO] [stderr]   cargo:rerun-if-changed=sqlite3/sqlite3.c
[INFO] [stderr]   cargo:rerun-if-changed=sqlite3/wasm32-wasi-vfs.c
[INFO] [stderr]   cargo:rerun-if-env-changed=SQLITE_MAX_VARIABLE_NUMBER
[INFO] [stderr]   cargo:rerun-if-env-changed=SQLITE_MAX_EXPR_DEPTH
[INFO] [stderr]   cargo:rerun-if-env-changed=SQLITE_MAX_COLUMN
[INFO] [stderr]   cargo:rerun-if-env-changed=LIBSQLITE3_FLAGS
[INFO] [stderr]   TARGET = Some("x86_64-unknown-linux-gnu")
[INFO] [stderr]   OPT_LEVEL = Some("0")
[INFO] [stderr]   HOST = Some("x86_64-unknown-linux-gnu")
[INFO] [stderr]   cargo:rerun-if-env-changed=CC_x86_64-unknown-linux-gnu
[INFO] [stderr]   CC_x86_64-unknown-linux-gnu = None
[INFO] [stderr]   cargo:rerun-if-env-changed=CC_x86_64_unknown_linux_gnu
[INFO] [stderr]   CC_x86_64_unknown_linux_gnu = None
[INFO] [stderr]   cargo:rerun-if-env-changed=HOST_CC
[INFO] [stderr]   HOST_CC = None
[INFO] [stderr]   cargo:rerun-if-env-changed=CC
[INFO] [stderr]   CC = None
[INFO] [stderr]   cargo:rerun-if-env-changed=CRATE_CC_NO_DEFAULTS
[INFO] [stderr]   CRATE_CC_NO_DEFAULTS = None
[INFO] [stderr]   DEBUG = Some("true")
[INFO] [stderr]   CARGO_CFG_TARGET_FEATURE = Some("fxsr,sse,sse2")
[INFO] [stderr]   cargo:rerun-if-env-changed=CFLAGS_x86_64-unknown-linux-gnu
[INFO] [stderr]   CFLAGS_x86_64-unknown-linux-gnu = None
[INFO] [stderr]   cargo:rerun-if-env-changed=CFLAGS_x86_64_unknown_linux_gnu
[INFO] [stderr]   CFLAGS_x86_64_unknown_linux_gnu = None
[INFO] [stderr]   cargo:rerun-if-env-changed=HOST_CFLAGS
[INFO] [stderr]   HOST_CFLAGS = None
[INFO] [stderr]   cargo:rerun-if-env-changed=CFLAGS
[INFO] [stderr]   CFLAGS = None
[INFO] [stderr]   running: "cc" "-O0" "-ffunction-sections" "-fdata-sections" "-fPIC" "-gdwarf-4" "-fno-omit-frame-pointer" "-m64" "-DSQLITE_CORE" "-DSQLITE_DEFAULT_FOREIGN_KEYS=1" "-DSQLITE_ENABLE_API_ARMOR" "-DSQLITE_ENABLE_COLUMN_METADATA" "-DSQLITE_ENABLE_DBSTAT_VTAB" "-DSQLITE_ENABLE_FTS3" "-DSQLITE_ENABLE_FTS3_PARENTHESIS" "-DSQLITE_ENABLE_FTS5" "-DSQLITE_ENABLE_JSON1" "-DSQLITE_ENABLE_LOAD_EXTENSION=1" "-DSQLITE_ENABLE_MEMORY_MANAGEMENT" "-DSQLITE_ENABLE_RTREE" "-DSQLITE_ENABLE_STAT2" "-DSQLITE_ENABLE_STAT4" "-DSQLITE_SOUNDEX" "-DSQLITE_THREADSAFE=1" "-DSQLITE_USE_URI" "-DHAVE_USLEEP=1" "-D_POSIX_THREAD_SAFE_FUNCTIONS" "-DHAVE_ISNAN" "-DHAVE_LOCALTIME_R" "-o" "/opt/rustwide/target/debug/build/libsqlite3-sys-7a31f1e7a293448e/out/sqlite3/sqlite3.o" "-c" "sqlite3/sqlite3.c"
[INFO] [stderr]   exit status: 1
[INFO] [stderr]   cargo:warning=cc: fatal error: Killed signal terminated program cc1
[INFO] [stderr] 
[INFO] [stderr]   cargo:warning=compilation terminated.
[INFO] [stderr] 
[INFO] [stderr] 
[INFO] [stderr]   --- stderr
[INFO] [stderr] 
[INFO] [stderr] 
[INFO] [stderr]   error occurred: Command "cc" "-O0" "-ffunction-sections" "-fdata-sections" "-fPIC" "-gdwarf-4" "-fno-omit-frame-pointer" "-m64" "-DSQLITE_CORE" "-DSQLITE_DEFAULT_FOREIGN_KEYS=1" "-DSQLITE_ENABLE_API_ARMOR" "-DSQLITE_ENABLE_COLUMN_METADATA" "-DSQLITE_ENABLE_DBSTAT_VTAB" "-DSQLITE_ENABLE_FTS3" "-DSQLITE_ENABLE_FTS3_PARENTHESIS" "-DSQLITE_ENABLE_FTS5" "-DSQLITE_ENABLE_JSON1" "-DSQLITE_ENABLE_LOAD_EXTENSION=1" "-DSQLITE_ENABLE_MEMORY_MANAGEMENT" "-DSQLITE_ENABLE_RTREE" "-DSQLITE_ENABLE_STAT2" "-DSQLITE_ENABLE_STAT4" "-DSQLITE_SOUNDEX" "-DSQLITE_THREADSAFE=1" "-DSQLITE_USE_URI" "-DHAVE_USLEEP=1" "-D_POSIX_THREAD_SAFE_FUNCTIONS" "-DHAVE_ISNAN" "-DHAVE_LOCALTIME_R" "-o" "/opt/rustwide/target/debug/build/libsqlite3-sys-7a31f1e7a293448e/out/sqlite3/sqlite3.o" "-c" "sqlite3/sqlite3.c" with args "cc" did not execute successfully (status code exit status: 1).
[INFO] [stderr] 
[INFO] [stderr] 
[INFO] [stderr] warning: build failed, waiting for other jobs to finish...
[INFO] running `Command { std: "docker" "inspect" "d0a526cf91ff396c4053e581ae6e56183838dfa4988ca0e2186b7d6bf19be97f", kill_on_drop: false }`
[INFO] running `Command { std: "docker" "rm" "-f" "d0a526cf91ff396c4053e581ae6e56183838dfa4988ca0e2186b7d6bf19be97f", kill_on_drop: false }`
[INFO] [stdout] d0a526cf91ff396c4053e581ae6e56183838dfa4988ca0e2186b7d6bf19be97f
[INFO] documenting KonishchevDmitry/investment-analyzer against beta-2023-12-22 for beta-1.76-rustdoc-1
[INFO] running `Command { std: "git" "clone" "/workspace/cache/git-repos/https%3A%2F%2Fgithub.com%2FKonishchevDmitry%2Finvestment-analyzer" "/workspace/builds/worker-0-tc2/source", kill_on_drop: false }`
[INFO] [stderr] Cloning into '/workspace/builds/worker-0-tc2/source'...
[INFO] [stderr] done.
[INFO] validating manifest of git repo https://github.com/KonishchevDmitry/investment-analyzer on toolchain beta-2023-12-22
[INFO] running `Command { std: CARGO_HOME="/workspace/cargo-home" RUSTUP_HOME="/workspace/rustup-home" "/workspace/cargo-home/bin/cargo" "+beta-2023-12-22" "metadata" "--manifest-path" "Cargo.toml" "--no-deps", kill_on_drop: false }`
[INFO] started tweaking git repo https://github.com/KonishchevDmitry/investment-analyzer
[INFO] removed 0 missing examples
[INFO] finished tweaking git repo https://github.com/KonishchevDmitry/investment-analyzer
[INFO] tweaked toml for git repo https://github.com/KonishchevDmitry/investment-analyzer written to /workspace/builds/worker-0-tc2/source/Cargo.toml
[INFO] crate git repo https://github.com/KonishchevDmitry/investment-analyzer already has a lockfile, it will not be regenerated
[INFO] running `Command { std: CARGO_HOME="/workspace/cargo-home" RUSTUP_HOME="/workspace/rustup-home" "/workspace/cargo-home/bin/cargo" "+beta-2023-12-22" "fetch" "--manifest-path" "Cargo.toml", kill_on_drop: false }`
[INFO] running `Command { std: "docker" "create" "-v" "/var/lib/crater-agent-workspace/builds/worker-0-tc2/target:/opt/rustwide/target:rw,Z" "-v" "/var/lib/crater-agent-workspace/builds/worker-0-tc2/source:/opt/rustwide/workdir:ro,Z" "-v" "/var/lib/crater-agent-workspace/cargo-home:/opt/rustwide/cargo-home:ro,Z" "-v" "/var/lib/crater-agent-workspace/rustup-home:/opt/rustwide/rustup-home:ro,Z" "-e" "SOURCE_DIR=/opt/rustwide/workdir" "-e" "CARGO_TARGET_DIR=/opt/rustwide/target" "-e" "CARGO_HOME=/opt/rustwide/cargo-home" "-e" "RUSTUP_HOME=/opt/rustwide/rustup-home" "-w" "/opt/rustwide/workdir" "-m" "1610612736" "--user" "0:0" "--network" "none" "ghcr.io/rust-lang/crates-build-env/linux@sha256:2788e3201cd34a07e3172128adcd8b3090168a8e3bcc40d7c032b9dda1df7d1c" "/opt/rustwide/cargo-home/bin/cargo" "+beta-2023-12-22" "metadata" "--no-deps" "--format-version=1", kill_on_drop: false }`
[INFO] [stdout] de49f9d8041befd16871a959215efce6cc17c96ca02f30fe81f651001ef0744b
[INFO] running `Command { std: "docker" "start" "-a" "de49f9d8041befd16871a959215efce6cc17c96ca02f30fe81f651001ef0744b", kill_on_drop: false }`
[INFO] running `Command { std: "docker" "inspect" "de49f9d8041befd16871a959215efce6cc17c96ca02f30fe81f651001ef0744b", kill_on_drop: false }`
[INFO] running `Command { std: "docker" "rm" "-f" "de49f9d8041befd16871a959215efce6cc17c96ca02f30fe81f651001ef0744b", kill_on_drop: false }`
[INFO] [stdout] de49f9d8041befd16871a959215efce6cc17c96ca02f30fe81f651001ef0744b
[INFO] running `Command { std: "docker" "create" "-v" "/var/lib/crater-agent-workspace/builds/worker-0-tc2/target:/opt/rustwide/target:rw,Z" "-v" "/var/lib/crater-agent-workspace/builds/worker-0-tc2/source:/opt/rustwide/workdir:ro,Z" "-v" "/var/lib/crater-agent-workspace/cargo-home:/opt/rustwide/cargo-home:ro,Z" "-v" "/var/lib/crater-agent-workspace/rustup-home:/opt/rustwide/rustup-home:ro,Z" "-e" "SOURCE_DIR=/opt/rustwide/workdir" "-e" "CARGO_TARGET_DIR=/opt/rustwide/target" "-e" "CARGO_INCREMENTAL=0" "-e" "RUST_BACKTRACE=full" "-e" "RUSTFLAGS=--cap-lints=warn" "-e" "RUSTDOCFLAGS=--cap-lints=warn" "-e" "CARGO_HOME=/opt/rustwide/cargo-home" "-e" "RUSTUP_HOME=/opt/rustwide/rustup-home" "-w" "/opt/rustwide/workdir" "-m" "1610612736" "--user" "0:0" "--network" "none" "ghcr.io/rust-lang/crates-build-env/linux@sha256:2788e3201cd34a07e3172128adcd8b3090168a8e3bcc40d7c032b9dda1df7d1c" "/opt/rustwide/cargo-home/bin/cargo" "+beta-2023-12-22" "doc" "--frozen" "--no-deps" "--document-private-items" "--message-format=json", kill_on_drop: false }`
[INFO] [stdout] 0974c6bb6c2d3b6ebba9d4bd04e8e25ce655162dcac66a1a324793bf77dcdad5
[INFO] running `Command { std: "docker" "start" "-a" "0974c6bb6c2d3b6ebba9d4bd04e8e25ce655162dcac66a1a324793bf77dcdad5", kill_on_drop: false }`
[INFO] [stderr]    Compiling proc-macro2 v1.0.71
[INFO] [stderr]    Compiling unicode-ident v1.0.12
[INFO] [stderr]    Compiling libc v0.2.151
[INFO] [stderr]    Compiling autocfg v1.1.0
[INFO] [stderr]     Checking cfg-if v1.0.0
[INFO] [stderr]    Compiling serde v1.0.193
[INFO] [stderr]     Checking memchr v2.7.1
[INFO] [stderr]     Checking pin-project-lite v0.2.13
[INFO] [stderr]     Checking bytes v1.5.0
[INFO] [stderr]     Checking futures-core v0.3.30
[INFO] [stderr]     Checking itoa v1.0.10
[INFO] [stderr]     Checking once_cell v1.19.0
[INFO] [stderr]     Checking hashbrown v0.14.3
[INFO] [stderr]    Compiling pkg-config v0.3.28
[INFO] [stderr]    Compiling vcpkg v0.2.15
[INFO] [stderr]     Checking futures-sink v0.3.30
[INFO] [stderr]     Checking equivalent v1.0.1
[INFO] [stderr]    Compiling regex-syntax v0.8.2
[INFO] [stderr]     Checking futures-channel v0.3.30
[INFO] [stderr]     Checking futures-io v0.3.30
[INFO] [stderr]     Checking pin-utils v0.1.0
[INFO] [stderr]     Checking futures-task v0.3.30
[INFO] [stderr]    Compiling either v1.9.0
[INFO] [stderr]    Compiling anyhow v1.0.77
[INFO] [stderr]     Checking fnv v1.0.7
[INFO] [stderr]    Compiling rustversion v1.0.14
[INFO] [stderr]     Checking log v0.4.20
[INFO] [stderr]    Compiling slab v0.4.9
[INFO] [stderr]    Compiling num-traits v0.2.17
[INFO] [stderr]    Compiling itertools v0.11.0
[INFO] [stderr]     Checking tracing-core v0.1.32
[INFO] [stderr]     Checking http v0.2.11
[INFO] [stderr]    Compiling aho-corasick v1.1.2
[INFO] [stderr]     Checking indexmap v2.1.0
[INFO] [stderr]    Compiling quote v1.0.33
[INFO] [stderr]     Checking ryu v1.0.16
[INFO] [stderr]    Compiling crossbeam-utils v0.8.18
[INFO] [stderr]    Compiling syn v2.0.43
[INFO] [stderr]    Compiling version_check v0.9.4
[INFO] [stderr]    Compiling siphasher v0.3.11
[INFO] [stderr]    Compiling cc v1.0.83
[INFO] [stderr]     Checking num_cpus v1.16.0
[INFO] [stderr]     Checking socket2 v0.5.5
[INFO] [stderr]     Checking mio v0.8.10
[INFO] [stderr]     Checking getrandom v0.2.11
[INFO] [stderr]     Checking bitflags v2.4.1
[INFO] [stderr]    Compiling rustix v0.38.28
[INFO] [stderr]     Checking tower-service v0.3.2
[INFO] [stderr]    Compiling httparse v1.8.0
[INFO] [stderr]     Checking http-body v0.4.6
[INFO] [stderr]    Compiling phf_shared v0.11.2
[INFO] [stderr]     Checking try-lock v0.2.5
[INFO] [stderr]    Compiling linux-raw-sys v0.4.12
[INFO] [stderr]    Compiling rand_core v0.6.4
[INFO] [stderr]    Compiling heck v0.4.1
[INFO] [stderr]     Checking tinyvec_macros v0.1.1
[INFO] [stderr]     Checking percent-encoding v2.3.1
[INFO] [stderr]    Compiling rand v0.8.5
[INFO] [stderr]     Checking tinyvec v1.6.0
[INFO] [stderr]     Checking want v0.3.1
[INFO] [stderr]    Compiling lock_api v0.4.11
[INFO] [stderr]     Checking ppv-lite86 v0.2.17
[INFO] [stderr]    Compiling parking_lot_core v0.9.9
[INFO] [stderr]     Checking iana-time-zone v0.1.58
[INFO] [stderr]     Checking spin v0.9.8
[INFO] [stderr]     Checking openssl-probe v0.1.5
[INFO] [stderr]    Compiling openssl v0.10.62
[INFO] [stderr]    Compiling syn v1.0.109
[INFO] [stderr]     Checking foreign-types-shared v0.1.1
[INFO] [stderr]     Checking httpdate v1.0.3
[INFO] [stderr]    Compiling prettyplease v0.2.15
[INFO] [stderr]     Checking untrusted v0.9.0
[INFO] [stderr]     Checking rand_chacha v0.3.1
[INFO] [stderr]     Checking foreign-types v0.3.2
[INFO] [stderr]    Compiling proc-macro-error-attr v1.0.4
[INFO] [stderr]    Compiling indexmap v1.9.3
[INFO] [stderr]    Compiling phf_generator v0.11.2
[INFO] [stderr]     Checking chrono v0.4.31
[INFO] [stderr]    Compiling fastrand v2.0.1
[INFO] [stderr]     Checking unicode-bidi v0.3.14
[INFO] [stderr]     Checking lazy_static v1.4.0
[INFO] [stderr]    Compiling regex-automata v0.4.3
[INFO] [stderr]     Checking bitflags v1.3.2
[INFO] [stderr]     Checking scopeguard v1.2.0
[INFO] [stderr]    Compiling home v0.5.9
[INFO] [stderr]    Compiling winnow v0.5.31
[INFO] [stderr]    Compiling crc32fast v1.3.2
[INFO] [stderr]    Compiling thiserror v1.0.52
[INFO] [stderr]     Checking utf8parse v0.2.1
[INFO] [stderr]    Compiling fixedbitset v0.4.2
[INFO] [stderr]    Compiling ident_case v1.0.1
[INFO] [stderr]     Checking unicode-normalization v0.1.22
[INFO] [stderr]     Checking smallvec v1.11.2
[INFO] [stderr]    Compiling native-tls v0.2.11
[INFO] [stderr]    Compiling async-trait v0.1.75
[INFO] [stderr]    Compiling strsim v0.10.0
[INFO] [stderr]    Compiling petgraph v0.6.4
[INFO] [stderr]     Checking anstyle-parse v0.2.3
[INFO] [stderr]    Compiling openssl-sys v0.9.98
[INFO] [stderr]    Compiling ring v0.17.7
[INFO] [stderr]    Compiling libsqlite3-sys v0.27.0
[INFO] [stderr]    Compiling phf_codegen v0.11.2
[INFO] [stderr]    Compiling axum-core v0.3.4
[INFO] [stderr]     Checking form_urlencoded v1.2.1
[INFO] [stderr]    Compiling phf v0.11.2
[INFO] [stderr]    Compiling proc-macro-error v1.0.4
[INFO] [stderr]     Checking encoding_rs v0.8.33
[INFO] [stderr]     Checking anstyle v1.0.4
[INFO] [stderr]     Checking tower-layer v0.3.2
[INFO] [stderr]    Compiling serde_json v1.0.108
[INFO] [stderr]    Compiling multimap v0.8.3
[INFO] [stderr]     Checking mime v0.3.17
[INFO] [stderr]     Checking colorchoice v1.0.0
[INFO] [stderr]     Checking adler v1.0.2
[INFO] [stderr]     Checking anstyle-query v1.0.2
[INFO] [stderr]     Checking base64 v0.21.5
[INFO] [stderr]     Checking hashbrown v0.12.3
[INFO] [stderr]    Compiling rustls v0.21.10
[INFO] [stderr]     Checking anstream v0.6.5
[INFO] [stderr]    Compiling tempfile v3.9.0
[INFO] [stderr]    Compiling which v4.4.2
[INFO] [stderr]     Checking miniz_oxide v0.7.1
[INFO] [stderr]     Checking idna v0.5.0
[INFO] [stderr]     Checking crossbeam-epoch v0.9.17
[INFO] [stderr]    Compiling axum v0.6.20
[INFO] [stderr]     Checking dirs-sys-next v0.1.2
[INFO] [stderr]    Compiling protobuf v2.28.0
[INFO] [stderr]    Compiling rayon-core v1.12.0
[INFO] [stderr]     Checking option-ext v0.2.0
[INFO] [stderr]     Checking clap_lex v0.6.0
[INFO] [stderr]    Compiling regex v1.10.2
[INFO] [stderr]    Compiling rust_decimal v1.33.1
[INFO] [stderr]     Checking clap_builder v4.4.12
[INFO] [stderr]     Checking dirs-sys v0.4.1
[INFO] [stderr]     Checking crossbeam-deque v0.8.4
[INFO] [stderr]    Compiling darling_core v0.20.3
[INFO] [stderr]    Compiling diesel_table_macro_syntax v0.1.0
[INFO] [stderr]    Compiling parse-zoneinfo v0.3.0
[INFO] [stderr]    Compiling validator_types v0.16.0
[INFO] [stderr]     Checking url v2.5.0
[INFO] [stderr]     Checking dirs-next v2.0.0
[INFO] [stderr]     Checking flate2 v1.0.28
[INFO] [stderr]    Compiling chrono-tz-build v0.2.1
[INFO] [stderr]     Checking rustls-pemfile v1.0.4
[INFO] [stderr]     Checking parking_lot v0.12.1
[INFO] [stderr]     Checking raw-cpuid v10.7.0
[INFO] [stderr]     Checking csv-core v0.1.11
[INFO] [stderr]    Compiling num-integer v0.1.45
[INFO] [stderr]    Compiling arrayvec v0.7.4
[INFO] [stderr]     Checking unsafe-libyaml v0.2.10
[INFO] [stderr]     Checking sync_wrapper v0.1.2
[INFO] [stderr]    Compiling if_chain v1.0.2
[INFO] [stderr]     Checking unicode-width v0.1.11
[INFO] [stderr]    Compiling prometheus v0.13.3
[INFO] [stderr]     Checking linked-hash-map v0.5.6
[INFO] [stderr]     Checking matchit v0.7.3
[INFO] [stderr]     Checking byteorder v1.5.0
[INFO] [stderr]     Checking yaml-rust v0.4.5
[INFO] [stderr]     Checking is-terminal v0.4.10
[INFO] [stderr]     Checking rustls-native-certs v0.6.3
[INFO] [stderr]     Checking zip v0.6.6
[INFO] [stderr]     Checking term v0.7.0
[INFO] [stderr]     Checking dirs v5.0.1
[INFO] [stderr]     Checking clap v4.4.12
[INFO] [stderr]     Checking codepage v0.1.1
[INFO] [stderr]     Checking fern v0.5.9
[INFO] [stderr]     Checking dashmap v5.5.3
[INFO] [stderr]     Checking idna v0.4.0
[INFO] [stderr]     Checking quanta v0.11.1
[INFO] [stderr]     Checking atty v0.2.14
[INFO] [stderr]     Checking futures-timer v3.0.2
[INFO] [stderr]     Checking xml-rs v0.8.19
[INFO] [stderr]     Checking no-std-compat v0.4.1
[INFO] [stderr]     Checking unicode-linebreak v0.1.5
[INFO] [stderr]     Checking ipnet v2.9.0
[INFO] [stderr]    Compiling chrono-tz v0.8.5
[INFO] [stderr]    Compiling validator_derive v0.16.0
[INFO] [stderr]     Checking encode_unicode v1.0.0
[INFO] [stderr]     Checking ansi_term v0.12.1
[INFO] [stderr]     Checking smawk v0.3.2
[INFO] [stderr]     Checking nonzero_ext v0.3.0
[INFO] [stderr]     Checking easy-logging v0.1.2
[INFO] [stderr]     Checking rayon v1.8.0
[INFO] [stderr]     Checking shellexpand v3.1.0
[INFO] [stderr]     Checking textwrap v0.16.0
[INFO] [stderr]    Compiling rust_decimal_macros v1.33.1
[INFO] [stderr]     Checking clap_complete v4.4.5
[INFO] [stderr]     Checking itertools v0.12.0
[INFO] [stderr]     Checking uuid v1.6.1
[INFO] [stderr]     Checking maybe-owned v0.3.4
[INFO] [stderr]     Checking cast v0.3.0
[INFO] [stderr]     Checking platforms v3.3.0
[INFO] [stderr]     Checking cusip v0.2.5
[INFO] [stderr]    Compiling indoc v2.0.4
[INFO] [stderr]     Checking isin v0.1.18
[INFO] [stderr]     Checking matches v0.1.10
[INFO] [stderr]     Checking separator v0.4.1
[INFO] [stderr]     Checking maplit v1.0.2
[INFO] [stderr]     Checking rustls-webpki v0.101.7
[INFO] [stderr]     Checking sct v0.7.1
[INFO] [stderr]    Compiling serde_derive v1.0.193
[INFO] [stderr]    Compiling tokio-macros v2.2.0
[INFO] [stderr]    Compiling futures-macro v0.3.30
[INFO] [stderr]    Compiling tracing-attributes v0.1.27
[INFO] [stderr]    Compiling prost-derive v0.12.3
[INFO] [stderr]    Compiling openssl-macros v0.1.1
[INFO] [stderr]    Compiling thiserror-impl v1.0.52
[INFO] [stderr]    Compiling pin-project-internal v1.1.3
[INFO] [stderr]    Compiling darling_macro v0.20.3
[INFO] [stderr]    Compiling async-stream-impl v0.3.5
[INFO] [stderr]    Compiling diesel_derives v2.1.2
[INFO] [stderr]    Compiling strum_macros v0.25.3
[INFO] [stderr]     Checking tokio v1.35.1
[INFO] [stderr]    Compiling darling v0.20.3
[INFO] [stderr]    Compiling static_table_derive v0.1.64 (/opt/rustwide/workdir/src/formatting/static_table_derive)
[INFO] [stderr]     Checking futures-util v0.3.30
[INFO] [stderr]     Checking async-stream v0.3.5
[INFO] [stderr]    Compiling xls_table_derive v0.6.9 (/opt/rustwide/workdir/src/formats/xls/xls_table_derive)
[INFO] [stderr]    Compiling diesel-derive-enum v2.1.0
[INFO] [stderr]     Checking pin-project v1.1.3
[INFO] [stderr] The following warnings were emitted during compilation:
[INFO] [stderr] 
[INFO] [stderr] warning: libsqlite3-sys@0.27.0: cc: fatal error: Killed signal terminated program cc1
[INFO] [stderr] warning: libsqlite3-sys@0.27.0: compilation terminated.
[INFO] [stderr] 
[INFO] [stderr] error: failed to run custom build command for `libsqlite3-sys v0.27.0`
[INFO] [stderr] note: To improve backtraces for build dependencies, set the CARGO_PROFILE_DEV_BUILD_OVERRIDE_DEBUG=true environment variable to enable debug information generation.
[INFO] [stderr] 
[INFO] [stderr] Caused by:
[INFO] [stderr]   process didn't exit successfully: `/opt/rustwide/target/debug/build/libsqlite3-sys-d04aa0554c6c2af1/build-script-build` (exit status: 1)
[INFO] [stderr]   --- stdout
[INFO] [stderr]   cargo:rerun-if-env-changed=LIBSQLITE3_SYS_USE_PKG_CONFIG
[INFO] [stderr]   cargo:rerun-if-changed=sqlite3/sqlite3.c
[INFO] [stderr]   cargo:rerun-if-changed=sqlite3/wasm32-wasi-vfs.c
[INFO] [stderr]   cargo:rerun-if-env-changed=SQLITE_MAX_VARIABLE_NUMBER
[INFO] [stderr]   cargo:rerun-if-env-changed=SQLITE_MAX_EXPR_DEPTH
[INFO] [stderr]   cargo:rerun-if-env-changed=SQLITE_MAX_COLUMN
[INFO] [stderr]   cargo:rerun-if-env-changed=LIBSQLITE3_FLAGS
[INFO] [stderr]   TARGET = Some("x86_64-unknown-linux-gnu")
[INFO] [stderr]   OPT_LEVEL = Some("0")
[INFO] [stderr]   HOST = Some("x86_64-unknown-linux-gnu")
[INFO] [stderr]   cargo:rerun-if-env-changed=CC_x86_64-unknown-linux-gnu
[INFO] [stderr]   CC_x86_64-unknown-linux-gnu = None
[INFO] [stderr]   cargo:rerun-if-env-changed=CC_x86_64_unknown_linux_gnu
[INFO] [stderr]   CC_x86_64_unknown_linux_gnu = None
[INFO] [stderr]   cargo:rerun-if-env-changed=HOST_CC
[INFO] [stderr]   HOST_CC = None
[INFO] [stderr]   cargo:rerun-if-env-changed=CC
[INFO] [stderr]   CC = None
[INFO] [stderr]   cargo:rerun-if-env-changed=CRATE_CC_NO_DEFAULTS
[INFO] [stderr]   CRATE_CC_NO_DEFAULTS = None
[INFO] [stderr]   DEBUG = Some("true")
[INFO] [stderr]   CARGO_CFG_TARGET_FEATURE = Some("fxsr,sse,sse2")
[INFO] [stderr]   cargo:rerun-if-env-changed=CFLAGS_x86_64-unknown-linux-gnu
[INFO] [stderr]   CFLAGS_x86_64-unknown-linux-gnu = None
[INFO] [stderr]   cargo:rerun-if-env-changed=CFLAGS_x86_64_unknown_linux_gnu
[INFO] [stderr]   CFLAGS_x86_64_unknown_linux_gnu = None
[INFO] [stderr]   cargo:rerun-if-env-changed=HOST_CFLAGS
[INFO] [stderr]   HOST_CFLAGS = None
[INFO] [stderr]   cargo:rerun-if-env-changed=CFLAGS
[INFO] [stderr]   CFLAGS = None
[INFO] [stderr]   running: "cc" "-O0" "-ffunction-sections" "-fdata-sections" "-fPIC" "-gdwarf-4" "-fno-omit-frame-pointer" "-m64" "-DSQLITE_CORE" "-DSQLITE_DEFAULT_FOREIGN_KEYS=1" "-DSQLITE_ENABLE_API_ARMOR" "-DSQLITE_ENABLE_COLUMN_METADATA" "-DSQLITE_ENABLE_DBSTAT_VTAB" "-DSQLITE_ENABLE_FTS3" "-DSQLITE_ENABLE_FTS3_PARENTHESIS" "-DSQLITE_ENABLE_FTS5" "-DSQLITE_ENABLE_JSON1" "-DSQLITE_ENABLE_LOAD_EXTENSION=1" "-DSQLITE_ENABLE_MEMORY_MANAGEMENT" "-DSQLITE_ENABLE_RTREE" "-DSQLITE_ENABLE_STAT2" "-DSQLITE_ENABLE_STAT4" "-DSQLITE_SOUNDEX" "-DSQLITE_THREADSAFE=1" "-DSQLITE_USE_URI" "-DHAVE_USLEEP=1" "-D_POSIX_THREAD_SAFE_FUNCTIONS" "-DHAVE_ISNAN" "-DHAVE_LOCALTIME_R" "-o" "/opt/rustwide/target/debug/build/libsqlite3-sys-a56fec9b393c403e/out/sqlite3/sqlite3.o" "-c" "sqlite3/sqlite3.c"
[INFO] [stderr]   exit status: 1
[INFO] [stderr]   cargo:warning=cc: fatal error: Killed signal terminated program cc1
[INFO] [stderr] 
[INFO] [stderr]   cargo:warning=compilation terminated.
[INFO] [stderr] 
[INFO] [stderr] 
[INFO] [stderr]   --- stderr
[INFO] [stderr] 
[INFO] [stderr] 
[INFO] [stderr]   error occurred: Command "cc" "-O0" "-ffunction-sections" "-fdata-sections" "-fPIC" "-gdwarf-4" "-fno-omit-frame-pointer" "-m64" "-DSQLITE_CORE" "-DSQLITE_DEFAULT_FOREIGN_KEYS=1" "-DSQLITE_ENABLE_API_ARMOR" "-DSQLITE_ENABLE_COLUMN_METADATA" "-DSQLITE_ENABLE_DBSTAT_VTAB" "-DSQLITE_ENABLE_FTS3" "-DSQLITE_ENABLE_FTS3_PARENTHESIS" "-DSQLITE_ENABLE_FTS5" "-DSQLITE_ENABLE_JSON1" "-DSQLITE_ENABLE_LOAD_EXTENSION=1" "-DSQLITE_ENABLE_MEMORY_MANAGEMENT" "-DSQLITE_ENABLE_RTREE" "-DSQLITE_ENABLE_STAT2" "-DSQLITE_ENABLE_STAT4" "-DSQLITE_SOUNDEX" "-DSQLITE_THREADSAFE=1" "-DSQLITE_USE_URI" "-DHAVE_USLEEP=1" "-D_POSIX_THREAD_SAFE_FUNCTIONS" "-DHAVE_ISNAN" "-DHAVE_LOCALTIME_R" "-o" "/opt/rustwide/target/debug/build/libsqlite3-sys-a56fec9b393c403e/out/sqlite3/sqlite3.o" "-c" "sqlite3/sqlite3.c" with args "cc" did not execute successfully (status code exit status: 1).
[INFO] [stderr] 
[INFO] [stderr] 
[INFO] [stderr] warning: build failed, waiting for other jobs to finish...
[INFO] running `Command { std: "docker" "inspect" "0974c6bb6c2d3b6ebba9d4bd04e8e25ce655162dcac66a1a324793bf77dcdad5", kill_on_drop: false }`
[INFO] running `Command { std: "docker" "rm" "-f" "0974c6bb6c2d3b6ebba9d4bd04e8e25ce655162dcac66a1a324793bf77dcdad5", kill_on_drop: false }`
[INFO] [stdout] 0974c6bb6c2d3b6ebba9d4bd04e8e25ce655162dcac66a1a324793bf77dcdad5
