[INFO] cloning repository https://github.com/KolCrooks/sifter
[INFO] running `Command { std: "git" "-c" "credential.helper=" "-c" "credential.helper=/workspace/cargo-home/bin/git-credential-null" "clone" "--bare" "https://github.com/KolCrooks/sifter" "/workspace/cache/git-repos/https%3A%2F%2Fgithub.com%2FKolCrooks%2Fsifter", kill_on_drop: false }`
[INFO] [stderr] Cloning into bare repository '/workspace/cache/git-repos/https%3A%2F%2Fgithub.com%2FKolCrooks%2Fsifter'...
[INFO] running `Command { std: "git" "rev-parse" "HEAD", kill_on_drop: false }`
[INFO] [stdout] ea94c5a7d3d9b22b6254e699ebb11fae62aa82d7
[INFO] documenting KolCrooks/sifter against 1.75.0 for beta-1.76-rustdoc-1
[INFO] running `Command { std: "git" "clone" "/workspace/cache/git-repos/https%3A%2F%2Fgithub.com%2FKolCrooks%2Fsifter" "/workspace/builds/worker-2-tc1/source", kill_on_drop: false }`
[INFO] [stderr] Cloning into '/workspace/builds/worker-2-tc1/source'...
[INFO] [stderr] done.
[INFO] validating manifest of git repo https://github.com/KolCrooks/sifter on toolchain 1.75.0
[INFO] running `Command { std: CARGO_HOME="/workspace/cargo-home" RUSTUP_HOME="/workspace/rustup-home" "/workspace/cargo-home/bin/cargo" "+1.75.0" "metadata" "--manifest-path" "Cargo.toml" "--no-deps", kill_on_drop: false }`
[INFO] started tweaking git repo https://github.com/KolCrooks/sifter
[INFO] finished tweaking git repo https://github.com/KolCrooks/sifter
[INFO] tweaked toml for git repo https://github.com/KolCrooks/sifter written to /workspace/builds/worker-2-tc1/source/Cargo.toml
[INFO] crate git repo https://github.com/KolCrooks/sifter already has a lockfile, it will not be regenerated
[INFO] running `Command { std: CARGO_HOME="/workspace/cargo-home" RUSTUP_HOME="/workspace/rustup-home" "/workspace/cargo-home/bin/cargo" "+1.75.0" "fetch" "--manifest-path" "Cargo.toml", kill_on_drop: false }`
[INFO] [stderr] warning: virtual workspace defaulting to `resolver = "1"` despite one or more workspace members being on edition 2021 which implies `resolver = "2"`
[INFO] [stderr] note: to keep the current resolver, specify `workspace.resolver = "1"` in the workspace root's manifest
[INFO] [stderr] note: to use the edition 2021 resolver, specify `workspace.resolver = "2"` in the workspace root's manifest
[INFO] [stderr] note: for more details see https://doc.rust-lang.org/cargo/reference/resolver.html#resolver-versions
[INFO] [stderr]  Downloading crates ...
[INFO] [stderr]   Downloaded tonic-build v0.10.0
[INFO] [stderr]   Downloaded tonic v0.10.0
[INFO] running `Command { std: "docker" "create" "-v" "/var/lib/crater-agent-workspace/builds/worker-2-tc1/target:/opt/rustwide/target:rw,Z" "-v" "/var/lib/crater-agent-workspace/builds/worker-2-tc1/source:/opt/rustwide/workdir:ro,Z" "-v" "/var/lib/crater-agent-workspace/cargo-home:/opt/rustwide/cargo-home:ro,Z" "-v" "/var/lib/crater-agent-workspace/rustup-home:/opt/rustwide/rustup-home:ro,Z" "-e" "SOURCE_DIR=/opt/rustwide/workdir" "-e" "CARGO_TARGET_DIR=/opt/rustwide/target" "-e" "CARGO_HOME=/opt/rustwide/cargo-home" "-e" "RUSTUP_HOME=/opt/rustwide/rustup-home" "-w" "/opt/rustwide/workdir" "-m" "1610612736" "--user" "0:0" "--network" "none" "ghcr.io/rust-lang/crates-build-env/linux@sha256:2788e3201cd34a07e3172128adcd8b3090168a8e3bcc40d7c032b9dda1df7d1c" "/opt/rustwide/cargo-home/bin/cargo" "+1.75.0" "metadata" "--no-deps" "--format-version=1", kill_on_drop: false }`
[INFO] [stdout] f779722eec23ccdaa03e221cac04847767fbdc7abe02dd1f55f574c65f55a0fa
[INFO] running `Command { std: "docker" "start" "-a" "f779722eec23ccdaa03e221cac04847767fbdc7abe02dd1f55f574c65f55a0fa", kill_on_drop: false }`
[INFO] running `Command { std: "docker" "inspect" "f779722eec23ccdaa03e221cac04847767fbdc7abe02dd1f55f574c65f55a0fa", kill_on_drop: false }`
[INFO] running `Command { std: "docker" "rm" "-f" "f779722eec23ccdaa03e221cac04847767fbdc7abe02dd1f55f574c65f55a0fa", kill_on_drop: false }`
[INFO] [stdout] f779722eec23ccdaa03e221cac04847767fbdc7abe02dd1f55f574c65f55a0fa
[INFO] running `Command { std: "docker" "create" "-v" "/var/lib/crater-agent-workspace/builds/worker-2-tc1/target:/opt/rustwide/target:rw,Z" "-v" "/var/lib/crater-agent-workspace/builds/worker-2-tc1/source:/opt/rustwide/workdir:ro,Z" "-v" "/var/lib/crater-agent-workspace/cargo-home:/opt/rustwide/cargo-home:ro,Z" "-v" "/var/lib/crater-agent-workspace/rustup-home:/opt/rustwide/rustup-home:ro,Z" "-e" "SOURCE_DIR=/opt/rustwide/workdir" "-e" "CARGO_TARGET_DIR=/opt/rustwide/target" "-e" "CARGO_INCREMENTAL=0" "-e" "RUST_BACKTRACE=full" "-e" "RUSTFLAGS=--cap-lints=warn" "-e" "RUSTDOCFLAGS=--cap-lints=warn" "-e" "CARGO_HOME=/opt/rustwide/cargo-home" "-e" "RUSTUP_HOME=/opt/rustwide/rustup-home" "-w" "/opt/rustwide/workdir" "-m" "1610612736" "--user" "0:0" "--network" "none" "ghcr.io/rust-lang/crates-build-env/linux@sha256:2788e3201cd34a07e3172128adcd8b3090168a8e3bcc40d7c032b9dda1df7d1c" "/opt/rustwide/cargo-home/bin/cargo" "+1.75.0" "doc" "--frozen" "--no-deps" "--document-private-items" "--message-format=json", kill_on_drop: false }`
[INFO] [stdout] 8a17ad159b3f12ea3b1ae76ee48077987e6a2db0631fb5e6d754f7a02a0b8c0a
[INFO] running `Command { std: "docker" "start" "-a" "8a17ad159b3f12ea3b1ae76ee48077987e6a2db0631fb5e6d754f7a02a0b8c0a", kill_on_drop: false }`
[INFO] [stderr] warning: virtual workspace defaulting to `resolver = "1"` despite one or more workspace members being on edition 2021 which implies `resolver = "2"`
[INFO] [stderr] note: to keep the current resolver, specify `workspace.resolver = "1"` in the workspace root's manifest
[INFO] [stderr] note: to use the edition 2021 resolver, specify `workspace.resolver = "2"` in the workspace root's manifest
[INFO] [stderr] note: for more details see https://doc.rust-lang.org/cargo/reference/resolver.html#resolver-versions
[INFO] [stderr]    Compiling libc v0.2.148
[INFO] [stderr]    Compiling proc-macro2 v1.0.67
[INFO] [stderr]    Compiling unicode-ident v1.0.12
[INFO] [stderr]    Compiling autocfg v1.1.0
[INFO] [stderr]    Compiling parking_lot_core v0.9.8
[INFO] [stderr]     Checking cfg-if v1.0.0
[INFO] [stderr]     Checking pin-project-lite v0.2.13
[INFO] [stderr]    Compiling anyhow v1.0.75
[INFO] [stderr]     Checking bytes v1.5.0
[INFO] [stderr]    Compiling either v1.9.0
[INFO] [stderr]     Checking scopeguard v1.2.0
[INFO] [stderr]     Checking smallvec v1.11.1
[INFO] [stderr]     Checking once_cell v1.18.0
[INFO] [stderr]    Compiling futures-core v0.3.28
[INFO] [stderr]    Compiling rustix v0.38.13
[INFO] [stderr]    Compiling bitflags v2.4.0
[INFO] [stderr]    Compiling linux-raw-sys v0.4.7
[INFO] [stderr]    Compiling regex-syntax v0.7.5
[INFO] [stderr]    Compiling equivalent v1.0.1
[INFO] [stderr]    Compiling hashbrown v0.14.0
[INFO] [stderr]     Checking itoa v1.0.9
[INFO] [stderr]    Compiling log v0.4.20
[INFO] [stderr]    Compiling fixedbitset v0.4.2
[INFO] [stderr]    Compiling futures-task v0.3.28
[INFO] [stderr]    Compiling itertools v0.11.0
[INFO] [stderr]    Compiling futures-util v0.3.28
[INFO] [stderr]    Compiling rustversion v1.0.14
[INFO] [stderr]     Checking tracing-core v0.1.31
[INFO] [stderr]    Compiling lock_api v0.4.10
[INFO] [stderr]    Compiling indexmap v1.9.3
[INFO] [stderr]    Compiling slab v0.4.9
[INFO] [stderr]     Checking fnv v1.0.7
[INFO] [stderr]     Checking pin-utils v0.1.0
[INFO] [stderr]     Checking http v0.2.9
[INFO] [stderr]     Checking futures-sink v0.3.28
[INFO] [stderr]    Compiling indexmap v2.0.0
[INFO] [stderr]     Checking hashbrown v0.12.3
[INFO] [stderr]    Compiling thiserror v1.0.48
[INFO] [stderr]    Compiling async-trait v0.1.73
[INFO] [stderr]    Compiling quote v1.0.33
[INFO] [stderr]    Compiling syn v2.0.35
[INFO] [stderr]     Checking spin v0.5.2
[INFO] [stderr]     Checking untrusted v0.7.1
[INFO] [stderr]     Checking tower-service v0.3.2
[INFO] [stderr]    Compiling futures-channel v0.3.28
[INFO] [stderr]    Compiling serde v1.0.188
[INFO] [stderr]    Compiling prettyplease v0.2.15
[INFO] [stderr]    Compiling httparse v1.8.0
[INFO] [stderr]    Compiling petgraph v0.6.4
[INFO] [stderr]    Compiling crunchy v0.2.2
[INFO] [stderr]     Checking http-body v0.4.5
[INFO] [stderr]    Compiling home v0.5.5
[INFO] [stderr]     Checking try-lock v0.2.4
[INFO] [stderr]     Checking ppv-lite86 v0.2.17
[INFO] [stderr]    Compiling siphasher v0.3.11
[INFO] [stderr]    Compiling tiny-keccak v2.0.2
[INFO] [stderr]    Compiling cc v1.0.83
[INFO] [stderr]    Compiling dirs-sys-next v0.1.2
[INFO] [stderr]    Compiling fastrand v2.0.0
[INFO] [stderr]    Compiling axum-core v0.3.4
[INFO] [stderr]     Checking num_cpus v1.16.0
[INFO] [stderr]     Checking socket2 v0.5.4
[INFO] [stderr]     Checking signal-hook-registry v1.4.1
[INFO] [stderr]     Checking parking_lot v0.12.1
[INFO] [stderr]     Checking mio v0.8.8
[INFO] [stderr]     Checking getrandom v0.2.10
[INFO] [stderr]    Compiling dirs-next v2.0.0
[INFO] [stderr]    Compiling term v0.7.0
[INFO] [stderr]    Compiling phf_shared v0.10.0
[INFO] [stderr]     Checking socket2 v0.4.9
[INFO] [stderr]     Checking rand_core v0.6.4
[INFO] [stderr]     Checking want v0.3.1
[INFO] [stderr]    Compiling regex-automata v0.3.8
[INFO] [stderr]    Compiling new_debug_unreachable v1.0.4
[INFO] [stderr]     Checking rand_chacha v0.3.1
[INFO] [stderr]    Compiling rustls v0.21.7
[INFO] [stderr]    Compiling heck v0.4.1
[INFO] [stderr]    Compiling bit-vec v0.6.3
[INFO] [stderr]    Compiling precomputed-hash v0.1.1
[INFO] [stderr]     Checking httpdate v1.0.3
[INFO] [stderr]     Checking tower-layer v0.3.2
[INFO] [stderr]    Compiling multimap v0.8.3
[INFO] [stderr]     Checking rand v0.8.5
[INFO] [stderr]    Compiling string_cache v0.8.7
[INFO] [stderr]    Compiling bit-set v0.5.3
[INFO] [stderr]    Compiling ascii-canvas v3.0.0
[INFO] [stderr]    Compiling axum v0.6.20
[INFO] [stderr]    Compiling num-traits v0.2.16
[INFO] [stderr]    Compiling ena v0.14.2
[INFO] [stderr]    Compiling itertools v0.10.5
[INFO] [stderr]     Checking mime v0.3.17
[INFO] [stderr]    Compiling unicode-xid v0.2.4
[INFO] [stderr]    Compiling pico-args v0.5.0
[INFO] [stderr]    Compiling diff v0.1.13
[INFO] [stderr]     Checking memchr v2.6.3
[INFO] [stderr]     Checking sync_wrapper v0.1.2
[INFO] [stderr]     Checking matchit v0.7.2
[INFO] [stderr]     Checking bitflags v1.3.2
[INFO] [stderr]     Checking percent-encoding v2.3.0
[INFO] [stderr]     Checking base64 v0.21.4
[INFO] [stderr]     Checking iana-time-zone v0.1.57
[INFO] [stderr]    Compiling tempfile v3.8.0
[INFO] [stderr]    Compiling which v4.4.2
[INFO] [stderr]    Compiling is-terminal v0.4.9
[INFO] [stderr]     Checking unicode_categories v0.1.1
[INFO] [stderr]     Checking uuid v1.4.1
[INFO] [stderr]    Compiling serde_json v1.0.107
[INFO] [stderr]     Checking rustls-pemfile v1.0.3
[INFO] [stderr]     Checking ryu v1.0.15
[INFO] [stderr]     Checking config v0.1.0 (/opt/rustwide/workdir/crates/config)
[INFO] [stderr]  Documenting sifter v0.1.0 (/opt/rustwide/workdir/crates/sifter)
[INFO] [stderr]  Documenting config v0.1.0 (/opt/rustwide/workdir/crates/config)
[INFO] [stderr]    Compiling ring v0.16.20
[INFO] [stderr]    Compiling regex v1.9.5
[INFO] [stderr]     Checking chrono v0.4.31
[INFO] [stderr]    Compiling lalrpop-util v0.20.0
[INFO] [stderr]    Compiling lalrpop v0.20.0
[INFO] [stderr]    Compiling tokio-macros v2.1.0
[INFO] [stderr]    Compiling tracing-attributes v0.1.26
[INFO] [stderr]    Compiling prost-derive v0.12.1
[INFO] [stderr]    Compiling thiserror-impl v1.0.48
[INFO] [stderr]    Compiling serde_derive v1.0.188
[INFO] [stderr]    Compiling pin-project-internal v1.1.3
[INFO] [stderr]    Compiling async-stream-impl v0.3.5
[INFO] [stderr]    Compiling enum_dispatch v0.3.12
[INFO] [stderr]     Checking rustls-webpki v0.101.5
[INFO] [stderr]     Checking sct v0.7.0
[INFO] [stderr]     Checking async-stream v0.3.5
[INFO] [stderr]     Checking tokio v1.32.0
[INFO] [stderr]     Checking pin-project v1.1.3
[INFO] [stderr]     Checking snailquote v0.3.1
[INFO] [stderr]     Checking error v0.1.0 (/opt/rustwide/workdir/crates/error)
[INFO] [stderr]  Documenting error v0.1.0 (/opt/rustwide/workdir/crates/error)
[INFO] [stderr]     Checking tracing v0.1.37
[INFO] [stderr]    Compiling prost v0.12.1
[INFO] [stderr]    Compiling prost-types v0.12.1
[INFO] [stderr]    Compiling prost-build v0.12.1
[INFO] [stderr]    Compiling tonic-build v0.10.0
[INFO] [stderr]    Compiling sifter_proto v0.1.0 (/opt/rustwide/workdir/crates/sifter_proto)
[INFO] [stderr]     Checking tokio-util v0.7.8
[INFO] [stderr]     Checking tokio-io-timeout v1.2.0
[INFO] [stderr]     Checking tokio-rustls v0.24.1
[INFO] [stderr]     Checking tokio-stream v0.1.14
[INFO] [stderr]  Documenting faiss v0.1.0 (/opt/rustwide/workdir/crates/indexing)
[INFO] [stderr]     Checking h2 v0.3.21
[INFO] [stderr]     Checking tower v0.4.13
[INFO] [stderr]  Documenting store v0.1.0 (/opt/rustwide/workdir/crates/store)
[INFO] [stdout] error: expected identifier, found `)`
[INFO] [stdout]   --> crates/store/src/page/manager.rs:67:59
[INFO] [stdout]    |
[INFO] [stdout] 67 |         let id = self.last_page_id.fetch_add(1, Ordering::)
[INFO] [stdout]    |                                                           ^ expected identifier
[INFO] [stdout] 
[INFO] [stdout] 
[INFO] [stdout] error[E0432]: unresolved imports `crate::page::Page`, `crate::page_manager`
[INFO] [stdout]  --> crates/store/src/source.rs:5:13
[INFO] [stdout]   |
[INFO] [stdout] 5 | use crate::{page::Page, page_manager::PageManager};
[INFO] [stdout]   |             ^^^^^^^^^^  ^^^^^^^^^^^^ could not find `page_manager` in the crate root
[INFO] [stdout]   |             |
[INFO] [stdout]   |             no `Page` in `page`
[INFO] [stdout] 
[INFO] [stdout] 
[INFO] [stdout] error[E0412]: cannot find type `RawPage` in this scope
[INFO] [stdout]   --> crates/store/src/page/manager.rs:62:66
[INFO] [stdout]    |
[INFO] [stdout] 62 |     async fn get_page(&self, id: PageId) -> error::Result<Option<RawPage>> {
[INFO] [stdout]    |                                                                  ^^^^^^^ not found in this scope
[INFO] [stdout]    |
[INFO] [stdout] help: consider importing this struct
[INFO] [stdout]    |
[INFO] [stdout] 1  + use crate::page::RawPage;
[INFO] [stdout]    |
[INFO] [stdout] 
[INFO] [stdout] 
[INFO] [stdout] error[E0412]: cannot find type `RawPage` in this scope
[INFO] [stdout]   --> crates/store/src/page/manager.rs:66:39
[INFO] [stdout]    |
[INFO] [stdout] 66 |     pub(crate) fn new_page(&self) -> &RawPage {
[INFO] [stdout]    |                                       ^^^^^^^ not found in this scope
[INFO] [stdout]    |
[INFO] [stdout] help: consider importing this struct
[INFO] [stdout]    |
[INFO] [stdout] 1  + use crate::page::RawPage;
[INFO] [stdout]    |
[INFO] [stdout] 
[INFO] [stdout] 
[INFO] [stdout] error: aborting due to 4 previous errors
[INFO] [stdout] 
[INFO] [stdout] 
[INFO] [stdout] Some errors have detailed explanations: E0412, E0432.
[INFO] [stdout] 
[INFO] [stdout] For more information about an error, try `rustc --explain E0412`.
[INFO] [stdout] 
[INFO] [stderr] error: could not document `store`
[INFO] [stderr] 
[INFO] [stderr] Caused by:
[INFO] [stderr]   process didn't exit successfully: `/opt/rustwide/rustup-home/toolchains/1.75.0-x86_64-unknown-linux-gnu/bin/rustdoc --edition=2021 --crate-type lib --crate-name store crates/store/src/lib.rs -o /opt/rustwide/target/doc --error-format=json --json=diagnostic-rendered-ansi,artifacts,future-incompat --document-private-items -C metadata=d93fb7b7de4d35c5 -L dependency=/opt/rustwide/target/debug/deps --extern config=/opt/rustwide/target/debug/deps/libconfig-b20dadee77730060.rmeta --extern error=/opt/rustwide/target/debug/deps/liberror-8d9d40b086ec261e.rmeta --extern serde=/opt/rustwide/target/debug/deps/libserde-cad703349eb7e84b.rmeta --extern serde_json=/opt/rustwide/target/debug/deps/libserde_json-c81c485c8be69846.rmeta --extern tokio=/opt/rustwide/target/debug/deps/libtokio-a3f5085ece77e9b1.rmeta --cap-lints=warn --crate-version 0.1.0` (exit status: 1)
[INFO] [stderr] warning: build failed, waiting for other jobs to finish...
[INFO] running `Command { std: "docker" "inspect" "8a17ad159b3f12ea3b1ae76ee48077987e6a2db0631fb5e6d754f7a02a0b8c0a", kill_on_drop: false }`
[INFO] running `Command { std: "docker" "rm" "-f" "8a17ad159b3f12ea3b1ae76ee48077987e6a2db0631fb5e6d754f7a02a0b8c0a", kill_on_drop: false }`
[INFO] [stdout] 8a17ad159b3f12ea3b1ae76ee48077987e6a2db0631fb5e6d754f7a02a0b8c0a
