[INFO] cloning repository https://github.com/Knowmark/Backend
[INFO] running `Command { std: "git" "-c" "credential.helper=" "-c" "credential.helper=/workspace/cargo-home/bin/git-credential-null" "clone" "--bare" "https://github.com/Knowmark/Backend" "/workspace/cache/git-repos/https%3A%2F%2Fgithub.com%2FKnowmark%2FBackend", kill_on_drop: false }`
[INFO] [stderr] Cloning into bare repository '/workspace/cache/git-repos/https%3A%2F%2Fgithub.com%2FKnowmark%2FBackend'...
[INFO] running `Command { std: "git" "rev-parse" "HEAD", kill_on_drop: false }`
[INFO] [stdout] e1294939916e48adcd70d6a83134efb289a5e4af
[INFO] documenting Knowmark/Backend against 1.75.0 for beta-1.76-rustdoc-1
[INFO] running `Command { std: "git" "clone" "/workspace/cache/git-repos/https%3A%2F%2Fgithub.com%2FKnowmark%2FBackend" "/workspace/builds/worker-2-tc1/source", kill_on_drop: false }`
[INFO] [stderr] Cloning into '/workspace/builds/worker-2-tc1/source'...
[INFO] [stderr] done.
[INFO] validating manifest of git repo https://github.com/Knowmark/Backend on toolchain 1.75.0
[INFO] running `Command { std: CARGO_HOME="/workspace/cargo-home" RUSTUP_HOME="/workspace/rustup-home" "/workspace/cargo-home/bin/cargo" "+1.75.0" "metadata" "--manifest-path" "Cargo.toml" "--no-deps", kill_on_drop: false }`
[INFO] removed /workspace/builds/worker-2-tc1/source/rust-toolchain.toml
[INFO] started tweaking git repo https://github.com/Knowmark/Backend
[INFO] finished tweaking git repo https://github.com/Knowmark/Backend
[INFO] tweaked toml for git repo https://github.com/Knowmark/Backend written to /workspace/builds/worker-2-tc1/source/Cargo.toml
[INFO] crate git repo https://github.com/Knowmark/Backend already has a lockfile, it will not be regenerated
[INFO] running `Command { std: CARGO_HOME="/workspace/cargo-home" RUSTUP_HOME="/workspace/rustup-home" "/workspace/cargo-home/bin/cargo" "+1.75.0" "fetch" "--manifest-path" "Cargo.toml", kill_on_drop: false }`
[INFO] [stderr]     Updating git repository `https://github.com/lawliet89/rocket_cors`
[INFO] [stderr]     Updating git repository `https://github.com/juhaku/utoipa`
[INFO] [stderr]     Updating crates.io index
[INFO] [stderr]  Downloading crates ...
[INFO] [stderr]   Downloaded ref-cast-impl v1.0.16
[INFO] [stderr]   Downloaded ref-cast v1.0.16
[INFO] [stderr]   Downloaded bitflags v2.2.1
[INFO] [stderr]   Downloaded proc-macro2-diagnostics v0.10.0
[INFO] [stderr]   Downloaded rust-embed-utils v7.5.0
[INFO] [stderr]   Downloaded pear_codegen v0.2.4
[INFO] [stderr]   Downloaded pear v0.2.4
[INFO] [stderr]   Downloaded rust-embed-impl v6.5.0
[INFO] [stderr]   Downloaded windows-service v0.6.0
[INFO] [stderr]   Downloaded zip v0.6.5
[INFO] [stderr]   Downloaded der v0.7.5
[INFO] [stderr]   Downloaded generator v0.7.4
[INFO] [stderr]   Downloaded rust-embed v6.6.1
[INFO] [stderr]   Downloaded mongodb v2.5.0
[INFO] [stderr]   Downloaded rsa v0.9.1
[INFO] running `Command { std: "docker" "create" "-v" "/var/lib/crater-agent-workspace/builds/worker-2-tc1/target:/opt/rustwide/target:rw,Z" "-v" "/var/lib/crater-agent-workspace/builds/worker-2-tc1/source:/opt/rustwide/workdir:ro,Z" "-v" "/var/lib/crater-agent-workspace/cargo-home:/opt/rustwide/cargo-home:ro,Z" "-v" "/var/lib/crater-agent-workspace/rustup-home:/opt/rustwide/rustup-home:ro,Z" "-e" "SOURCE_DIR=/opt/rustwide/workdir" "-e" "CARGO_TARGET_DIR=/opt/rustwide/target" "-e" "CARGO_HOME=/opt/rustwide/cargo-home" "-e" "RUSTUP_HOME=/opt/rustwide/rustup-home" "-w" "/opt/rustwide/workdir" "-m" "1610612736" "--user" "0:0" "--network" "none" "ghcr.io/rust-lang/crates-build-env/linux@sha256:2788e3201cd34a07e3172128adcd8b3090168a8e3bcc40d7c032b9dda1df7d1c" "/opt/rustwide/cargo-home/bin/cargo" "+1.75.0" "metadata" "--no-deps" "--format-version=1", kill_on_drop: false }`
[INFO] [stdout] dcf1ad96214de09da02d03b7f91c13797c65224920f08cad874fb9b61c551fa2
[INFO] running `Command { std: "docker" "start" "-a" "dcf1ad96214de09da02d03b7f91c13797c65224920f08cad874fb9b61c551fa2", kill_on_drop: false }`
[INFO] running `Command { std: "docker" "inspect" "dcf1ad96214de09da02d03b7f91c13797c65224920f08cad874fb9b61c551fa2", kill_on_drop: false }`
[INFO] running `Command { std: "docker" "rm" "-f" "dcf1ad96214de09da02d03b7f91c13797c65224920f08cad874fb9b61c551fa2", kill_on_drop: false }`
[INFO] [stdout] dcf1ad96214de09da02d03b7f91c13797c65224920f08cad874fb9b61c551fa2
[INFO] running `Command { std: "docker" "create" "-v" "/var/lib/crater-agent-workspace/builds/worker-2-tc1/target:/opt/rustwide/target:rw,Z" "-v" "/var/lib/crater-agent-workspace/builds/worker-2-tc1/source:/opt/rustwide/workdir:ro,Z" "-v" "/var/lib/crater-agent-workspace/cargo-home:/opt/rustwide/cargo-home:ro,Z" "-v" "/var/lib/crater-agent-workspace/rustup-home:/opt/rustwide/rustup-home:ro,Z" "-e" "SOURCE_DIR=/opt/rustwide/workdir" "-e" "CARGO_TARGET_DIR=/opt/rustwide/target" "-e" "CARGO_INCREMENTAL=0" "-e" "RUST_BACKTRACE=full" "-e" "RUSTFLAGS=--cap-lints=warn" "-e" "RUSTDOCFLAGS=--cap-lints=warn" "-e" "CARGO_HOME=/opt/rustwide/cargo-home" "-e" "RUSTUP_HOME=/opt/rustwide/rustup-home" "-w" "/opt/rustwide/workdir" "-m" "1610612736" "--user" "0:0" "--network" "none" "ghcr.io/rust-lang/crates-build-env/linux@sha256:2788e3201cd34a07e3172128adcd8b3090168a8e3bcc40d7c032b9dda1df7d1c" "/opt/rustwide/cargo-home/bin/cargo" "+1.75.0" "doc" "--frozen" "--no-deps" "--document-private-items" "--message-format=json", kill_on_drop: false }`
[INFO] [stdout] 0fdcf6d52c0d9001a9493c4a3216628247af53fb9e049d73bb05c665c24826d9
[INFO] running `Command { std: "docker" "start" "-a" "0fdcf6d52c0d9001a9493c4a3216628247af53fb9e049d73bb05c665c24826d9", kill_on_drop: false }`
[INFO] [stderr]    Compiling proc-macro2 v1.0.56
[INFO] [stderr]    Compiling unicode-ident v1.0.8
[INFO] [stderr]    Compiling quote v1.0.26
[INFO] [stderr]    Compiling libc v0.2.143
[INFO] [stderr]    Compiling serde_derive v1.0.162
[INFO] [stderr]    Compiling serde v1.0.162
[INFO] [stderr]    Compiling log v0.4.17
[INFO] [stderr]    Compiling futures-core v0.3.28
[INFO] [stderr]    Compiling typenum v1.16.0
[INFO] [stderr]    Compiling parking_lot_core v0.9.7
[INFO] [stderr]     Checking once_cell v1.17.1
[INFO] [stderr]    Compiling generic-array v0.14.7
[INFO] [stderr]    Compiling syn v1.0.109
[INFO] [stderr]    Compiling slab v0.4.8
[INFO] [stderr]    Compiling futures-channel v0.3.28
[INFO] [stderr]    Compiling futures-task v0.3.28
[INFO] [stderr]    Compiling tokio v1.28.0
[INFO] [stderr]    Compiling futures-util v0.3.28
[INFO] [stderr]    Compiling indexmap v1.9.3
[INFO] [stderr]     Checking itoa v1.0.6
[INFO] [stderr]    Compiling memchr v2.5.0
[INFO] [stderr]     Checking bytes v1.4.0
[INFO] [stderr]     Checking const-oid v0.9.2
[INFO] [stderr]    Compiling proc-macro2-diagnostics v0.10.0
[INFO] [stderr]    Compiling syn v2.0.15
[INFO] [stderr]     Checking futures-sink v0.3.28
[INFO] [stderr]    Compiling time-core v0.1.1
[INFO] [stderr]     Checking futures-io v0.3.28
[INFO] [stderr]    Compiling time-macros v0.2.9
[INFO] [stderr]    Compiling yansi v0.5.1
[INFO] [stderr]     Checking getrandom v0.2.9
[INFO] [stderr]     Checking mio v0.8.6
[INFO] [stderr]     Checking num_cpus v1.15.0
[INFO] [stderr]    Compiling jobserver v0.1.26
[INFO] [stderr]     Checking parking_lot v0.12.1
[INFO] [stderr]     Checking socket2 v0.4.9
[INFO] [stderr]     Checking signal-hook-registry v1.4.1
[INFO] [stderr]     Checking tracing-core v0.1.30
[INFO] [stderr]     Checking block-buffer v0.10.4
[INFO] [stderr]     Checking crypto-common v0.1.6
[INFO] [stderr]    Compiling cc v1.0.79
[INFO] [stderr]     Checking rand_core v0.6.4
[INFO] [stderr]    Compiling httparse v1.8.0
[INFO] [stderr]    Compiling libm v0.2.6
[INFO] [stderr]     Checking hashbrown v0.12.3
[INFO] [stderr]     Checking subtle v2.4.1
[INFO] [stderr]     Checking digest v0.10.6
[INFO] [stderr]    Compiling num-traits v0.2.15
[INFO] [stderr]    Compiling smallvec v1.10.0
[INFO] [stderr]    Compiling lock_api v0.4.9
[INFO] [stderr]     Checking rand_chacha v0.3.1
[INFO] [stderr]    Compiling uncased v0.9.9
[INFO] [stderr]    Compiling num-integer v0.1.45
[INFO] [stderr]     Checking percent-encoding v2.2.0
[INFO] [stderr]     Checking tinyvec_macros v0.1.1
[INFO] [stderr]     Checking tinyvec v1.6.0
[INFO] [stderr]     Checking time v0.3.21
[INFO] [stderr]     Checking rand v0.8.5
[INFO] [stderr]    Compiling ring v0.16.20
[INFO] [stderr]     Checking lazy_static v1.4.0
[INFO] [stderr]    Compiling cookie v0.17.0
[INFO] [stderr]    Compiling serde_json v1.0.96
[INFO] [stderr]    Compiling ref-cast v1.0.16
[INFO] [stderr]     Checking http v0.2.9
[INFO] [stderr]     Checking unicode-normalization v0.1.22
[INFO] [stderr]    Compiling io-lifetimes v1.0.10
[INFO] [stderr]     Checking unicode-bidi v0.3.13
[INFO] [stderr]     Checking ryu v1.0.13
[INFO] [stderr]    Compiling async-trait v0.1.68
[INFO] [stderr]    Compiling sha1_smol v1.0.0
[INFO] [stderr]    Compiling pkg-config v0.3.27
[INFO] [stderr]    Compiling thiserror v1.0.40
[INFO] [stderr]    Compiling try-lock v0.2.4
[INFO] [stderr]    Compiling rustix v0.37.19
[INFO] [stderr]    Compiling bitflags v2.2.1
[INFO] [stderr]    Compiling crc32fast v1.3.2
[INFO] [stderr]    Compiling devise_core v0.4.1
[INFO] [stderr]    Compiling want v0.3.0
[INFO] [stderr]    Compiling http-body v0.4.5
[INFO] [stderr]    Compiling zstd-sys v2.0.8+zstd.1.5.5
[INFO] [stderr]    Compiling tokio-macros v2.1.0
[INFO] [stderr]    Compiling futures-macro v0.3.28
[INFO] [stderr]    Compiling tracing-attributes v0.1.24
[INFO] [stderr]    Compiling pear_codegen v0.2.4
[INFO] [stderr]    Compiling ref-cast-impl v1.0.16
[INFO] [stderr]    Compiling thiserror-impl v1.0.40
[INFO] [stderr]     Checking tracing v0.1.37
[INFO] [stderr]    Compiling aho-corasick v1.0.1
[INFO] [stderr]    Compiling regex-syntax v0.7.1
[INFO] [stderr]     Checking cpufeatures v0.2.7
[INFO] [stderr]    Compiling tower-service v0.3.2
[INFO] [stderr]    Compiling adler v1.0.2
[INFO] [stderr]     Checking zeroize v1.6.0
[INFO] [stderr]    Compiling httpdate v1.0.2
[INFO] [stderr]    Compiling semver-parser v0.7.0
[INFO] [stderr]    Compiling inlinable_string v0.1.15
[INFO] [stderr]    Compiling strsim v0.10.0
[INFO] [stderr]    Compiling ident_case v1.0.1
[INFO] [stderr]     Checking linux-raw-sys v0.3.7
[INFO] [stderr]     Checking base64ct v1.6.0
[INFO] [stderr]     Checking tokio-util v0.7.8
[INFO] [stderr]     Checking pem-rfc7468 v0.7.0
[INFO] [stderr]    Compiling regex v1.8.1
[INFO] [stderr]    Compiling darling_core v0.13.4
[INFO] [stderr]     Checking pear v0.2.4
[INFO] [stderr]    Compiling semver v0.9.0
[INFO] [stderr]    Compiling miniz_oxide v0.7.1
[INFO] [stderr]    Compiling futures v0.3.28
[INFO] [stderr]    Compiling devise_codegen v0.4.1
[INFO] [stderr]     Checking idna v0.3.0
[INFO] [stderr]     Checking form_urlencoded v1.1.0
[INFO] [stderr]    Compiling dirs-sys v0.3.7
[INFO] [stderr]    Compiling stable-pattern v0.1.0
[INFO] [stderr]    Compiling uuid v1.3.2
[INFO] [stderr]    Compiling atomic v0.5.1
[INFO] [stderr]    Compiling h2 v0.3.18
[INFO] [stderr]    Compiling multer v2.1.0
[INFO] [stderr]    Compiling figment v0.10.8
[INFO] [stderr]    Compiling same-file v1.0.6
[INFO] [stderr]    Compiling state v0.5.3
[INFO] [stderr]    Compiling radium v0.7.0
[INFO] [stderr]     Checking mime v0.3.17
[INFO] [stderr]    Compiling either v1.8.1
[INFO] [stderr]    Compiling sha2 v0.10.6
[INFO] [stderr]    Compiling walkdir v2.3.3
[INFO] [stderr]    Compiling devise v0.4.1
[INFO] [stderr]     Checking url v2.3.1
[INFO] [stderr]     Checking toml v0.5.11
[INFO] [stderr]    Compiling dirs v4.0.0
[INFO] [stderr]    Compiling darling_macro v0.13.4
[INFO] [stderr]    Compiling flate2 v1.0.26
[INFO] [stderr]    Compiling proc-macro-error-attr v1.0.4
[INFO] [stderr]    Compiling rustc_version v0.2.3
[INFO] [stderr]     Checking der v0.7.5
[INFO] [stderr]     Checking webpki v0.22.0
[INFO] [stderr]    Compiling async-stream-impl v0.3.5
[INFO] [stderr]    Compiling num-bigint v0.4.3
[INFO] [stderr]     Checking encoding_rs v0.8.32
[INFO] [stderr]    Compiling num-iter v0.1.43
[INFO] [stderr]    Compiling rocket v0.5.0-rc.3
[INFO] [stderr]     Checking matches v0.1.10
[INFO] [stderr]    Compiling glob v0.3.1
[INFO] [stderr]     Checking match_cfg v0.1.0
[INFO] [stderr]    Compiling unicode-xid v0.2.4
[INFO] [stderr]     Checking spin v0.9.8
[INFO] [stderr]    Compiling rustls v0.20.8
[INFO] [stderr]    Compiling byteorder v1.4.3
[INFO] [stderr]     Checking tap v1.0.1
[INFO] [stderr]     Checking base64 v0.13.1
[INFO] [stderr]     Checking fastrand v1.9.0
[INFO] [stderr]     Checking wyz v0.5.1
[INFO] [stderr]    Compiling zip v0.6.5
[INFO] [stderr]     Checking async-stream v0.3.5
[INFO] [stderr]     Checking tempfile v3.5.0
[INFO] [stderr]    Compiling enum-as-inner v0.4.0
[INFO] [stderr]     Checking hyper v0.14.26
[INFO] [stderr]     Checking hostname v0.3.1
[INFO] [stderr]     Checking idna v0.2.3
[INFO] [stderr]     Checking spki v0.7.2
[INFO] [stderr]    Compiling darling v0.13.4
[INFO] [stderr]    Compiling proc-macro-error v1.0.4
[INFO] [stderr]    Compiling rustc_version_runtime v0.2.1
[INFO] [stderr]    Compiling rust-embed-utils v7.5.0
[INFO] [stderr]    Compiling shellexpand v2.1.2
[INFO] [stderr]     Checking ubyte v0.10.3
[INFO] [stderr]     Checking is-terminal v0.4.7
[INFO] [stderr]     Checking tokio-stream v0.1.14
[INFO] [stderr]     Checking sct v0.7.0
[INFO] [stderr]     Checking time v0.1.45
[INFO] [stderr]     Checking binascii v0.1.4
[INFO] [stderr]     Checking regex-syntax v0.6.29
[INFO] [stderr]     Checking ipnet v2.7.2
[INFO] [stderr]     Checking funty v2.0.0
[INFO] [stderr]    Compiling gcc v0.3.55
[INFO] [stderr]     Checking linked-hash-map v0.5.6
[INFO] [stderr]    Compiling num-bigint-dig v0.8.2
[INFO] [stderr]     Checking base64 v0.21.0
[INFO] [stderr]     Checking quick-error v1.2.3
[INFO] [stderr]     Checking data-encoding v2.3.3
[INFO] [stderr]     Checking resolv-conf v0.7.0
[INFO] [stderr]     Checking rocket_http v0.5.0-rc.3
[INFO] [stderr]     Checking bitvec v1.0.1
[INFO] [stderr]    Compiling rust-crypto v0.2.36
[INFO] [stderr]     Checking trust-dns-proto v0.21.2
[INFO] [stderr]     Checking lru-cache v0.1.2
[INFO] [stderr]     Checking regex-automata v0.1.10
[INFO] [stderr]    Compiling rust-embed-impl v6.5.0
[INFO] [stderr]    Compiling utoipa-gen v3.3.0 (https://github.com/juhaku/utoipa?rev=cf53488#cf534886)
[INFO] [stderr]    Compiling utoipa-swagger-ui v3.1.3 (https://github.com/juhaku/utoipa?rev=cf53488#cf534886)
[INFO] [stderr]    Compiling serde_with_macros v1.5.2
[INFO] [stderr]     Checking pkcs8 v0.10.2
[INFO] [stderr]     Checking ahash v0.7.6
[INFO] [stderr]     Checking serde_bytes v0.11.9
[INFO] [stderr]    Compiling pin-project-internal v1.0.12
[INFO] [stderr]     Checking rand v0.4.6
[INFO] [stderr]     Checking overload v0.1.1
[INFO] [stderr]     Checking iana-time-zone v0.1.56
[INFO] [stderr]    Compiling anyhow v1.0.71
[INFO] [stderr]     Checking rand v0.3.23
[INFO] [stderr]     Checking chrono v0.4.24
[INFO] [stderr]     Checking bson v2.6.1
[INFO] [stderr]     Checking simple_asn1 v0.6.2
[INFO] [stderr]     Checking serde_with v1.14.0
[INFO] [stderr]    Compiling derive_more v0.99.17
[INFO] [stderr]     Checking pin-project v1.0.12
[INFO] [stderr]     Checking nu-ansi-term v0.46.0
[INFO] [stderr]     Checking rust-embed v6.6.1
[INFO] [stderr]     Checking tokio-rustls v0.23.4
[INFO] [stderr]    Compiling rocket_codegen v0.5.0-rc.3
[INFO] [stderr]     Checking pkcs1 v0.7.5
[INFO] [stderr]     Checking trust-dns-resolver v0.21.2
[INFO] [stderr]     Checking mime_guess v2.0.4
[INFO] [stderr]     Checking matchers v0.1.0
[INFO] [stderr]     Checking rustls-pemfile v1.0.2
[INFO] [stderr]     Checking pem v1.1.1
[INFO] [stderr]     Checking webpki-roots v0.22.6
[INFO] [stderr]     Checking unicase_serde v0.1.0
[INFO] [stderr]     Checking sha-1 v0.10.1
[INFO] [stderr]     Checking futures-executor v0.3.28
[INFO] [stderr]    Compiling derivative v2.2.0
[INFO] [stderr]    Compiling typed-builder v0.10.0
[INFO] [stderr]     Checking stringprep v0.1.2
[INFO] [stderr]     Checking tracing-log v0.1.3
[INFO] [stderr]     Checking sharded-slab v0.1.4
[INFO] [stderr]     Checking pbkdf2 v0.11.0
[INFO] [stderr]     Checking hmac v0.12.1
[INFO] [stderr]     Checking signature v2.1.0
[INFO] [stderr]     Checking md-5 v0.10.5
[INFO] [stderr]     Checking thread_local v1.1.7
[INFO] [stderr]     Checking rustc-serialize v0.3.24
[INFO] [stderr]     Checking take_mut v0.2.2
[INFO] [stderr]     Checking rsa v0.9.1
[INFO] [stderr]     Checking tracing-subscriber v0.3.17
[INFO] [stderr]     Checking jsonwebtoken v8.3.0
[INFO] [stderr]     Checking tracing-futures v0.2.5
[INFO] [stderr]     Checking dotenv v0.15.0
[INFO] [stderr]     Checking utoipa v3.3.0 (https://github.com/juhaku/utoipa?rev=cf53488#cf534886)
[INFO] [stderr]    Compiling zstd-safe v5.0.2+zstd.1.5.2
[INFO] [stderr]     Checking zstd v0.11.2+zstd.1.5.2
[INFO] [stderr]     Checking mongodb v2.5.0
[INFO] [stderr]     Checking rocket_cors v0.6.0-alpha2 (https://github.com/lawliet89/rocket_cors?rev=985098d#985098dd)
[INFO] [stderr]     Checking knowmark_backend v0.1.0 (/opt/rustwide/workdir)
[INFO] [stderr]  Documenting knowmark_backend v0.1.0 (/opt/rustwide/workdir)
[INFO] [stdout] error[E0554]: `#![feature]` may not be used on the stable release channel
[INFO] [stdout]  --> src/lib.rs:2:1
[INFO] [stdout]   |
[INFO] [stdout] 2 | #![feature(proc_macro_hygiene, decl_macro, async_fn_in_trait)]
[INFO] [stdout]   | ^^^^^^^^^^^^^^^^^^^^^^^^^^^^^^^^^^^^^^^^^^^^^^^^^^^^^^^^^^^^^^
[INFO] [stdout]   |
[INFO] [stdout]   = help: the feature `async_fn_in_trait` has been stable since `1.75.0` and no longer requires an attribute to enable
[INFO] [stdout] 
[INFO] [stdout] 
[INFO] [stdout] warning: unused imports: `AllowedOrigins`, `Origins`
[INFO] [stdout]   --> src/lib.rs:15:35
[INFO] [stdout]    |
[INFO] [stdout] 15 | use rocket_cors::{AllowedHeaders, AllowedOrigins, Origins};
[INFO] [stdout]    |                                   ^^^^^^^^^^^^^^  ^^^^^^^
[INFO] [stdout]    |
[INFO] [stdout]    = note: `#[warn(unused_imports)]` on by default
[INFO] [stdout] 
[INFO] [stdout] 
[INFO] [stdout] warning: unused import: `Serialize`
[INFO] [stdout]  --> src/data/class/db.rs:3:26
[INFO] [stdout]   |
[INFO] [stdout] 3 | use serde::{Deserialize, Serialize};
[INFO] [stdout]   |                          ^^^^^^^^^
[INFO] [stdout] 
[INFO] [stdout] 
[INFO] [stdout] warning: lint `private_in_public` has been removed: replaced with another group of lints, see RFC <https://rust-lang.github.io/rfcs/2145-type-privacy.html> for more information
[INFO] [stdout]   --> src/data/user/db.rs:65:1
[INFO] [stdout]    |
[INFO] [stdout] 65 | pub struct UserSignupData<'r> {
[INFO] [stdout]    | ^^^
[INFO] [stdout]    |
[INFO] [stdout]    = note: `#[warn(renamed_and_removed_lints)]` on by default
[INFO] [stdout] 
[INFO] [stdout] 
[INFO] [stdout] warning: lint `private_in_public` has been removed: replaced with another group of lints, see RFC <https://rust-lang.github.io/rfcs/2145-type-privacy.html> for more information
[INFO] [stdout]    --> src/data/user/db.rs:134:1
[INFO] [stdout]     |
[INFO] [stdout] 134 | pub struct UserLoginData {
[INFO] [stdout]     | ^^^
[INFO] [stdout] 
[INFO] [stdout] 
[INFO] [stdout] warning: `&` without an explicit lifetime name cannot be used here
[INFO] [stdout]   --> src/role.rs:17:16
[INFO] [stdout]    |
[INFO] [stdout] 17 |     const ALL: &[Role] = &[Role::None, Role::Normal, Role::Author, Role::Admin];
[INFO] [stdout]    |                ^
[INFO] [stdout]    |
[INFO] [stdout]    = warning: this was previously accepted by the compiler but is being phased out; it will become a hard error in a future release!
[INFO] [stdout]    = note: for more information, see issue #115010 <https://github.com/rust-lang/rust/issues/115010>
[INFO] [stdout]    = note: `#[warn(elided_lifetimes_in_associated_constant)]` on by default
[INFO] [stdout] help: use the `'static` lifetime
[INFO] [stdout]    |
[INFO] [stdout] 17 |     const ALL: &'static [Role] = &[Role::None, Role::Normal, Role::Author, Role::Admin];
[INFO] [stdout]    |                 +++++++
[INFO] [stdout] 
[INFO] [stdout] 
[INFO] [stdout] warning: unused import: `response::Redirect`
[INFO] [stdout]  --> src/route/mod.rs:3:14
[INFO] [stdout]   |
[INFO] [stdout] 3 | use rocket::{response::Redirect, Build, Rocket, Route};
[INFO] [stdout]   |              ^^^^^^^^^^^^^^^^^^
[INFO] [stdout] 
[INFO] [stdout] 
[INFO] [stdout] warning: unused import: `utoipa::openapi::path::Parameter`
[INFO] [stdout]  --> src/route/users.rs:8:5
[INFO] [stdout]   |
[INFO] [stdout] 8 | use utoipa::openapi::path::Parameter;
[INFO] [stdout]   |     ^^^^^^^^^^^^^^^^^^^^^^^^^^^^^^^^
[INFO] [stdout] 
[INFO] [stdout] 
[INFO] [stdout] warning: the feature `async_fn_in_trait` has been stable since 1.75.0 and no longer requires an attribute to enable
[INFO] [stdout]  --> src/lib.rs:2:44
[INFO] [stdout]   |
[INFO] [stdout] 2 | #![feature(proc_macro_hygiene, decl_macro, async_fn_in_trait)]
[INFO] [stdout]   |                                            ^^^^^^^^^^^^^^^^^
[INFO] [stdout]   |
[INFO] [stdout]   = note: `#[warn(stable_features)]` on by default
[INFO] [stdout] 
[INFO] [stdout] 
[INFO] [stdout] error[E0554]: `#![feature]` may not be used on the stable release channel
[INFO] [stdout]  --> src/lib.rs:2:1
[INFO] [stdout]   |
[INFO] [stdout] 2 | #![feature(proc_macro_hygiene, decl_macro, async_fn_in_trait)]
[INFO] [stdout]   | ^^^^^^^^^^^^^^^^^^^^^^^^^^^^^^^^^^^^^^^^^^^^^^^^^^^^^^^^^^^^^^
[INFO] [stdout]   |
[INFO] [stdout]   = help: the feature `async_fn_in_trait` has been stable since `1.75.0` and no longer requires an attribute to enable
[INFO] [stdout] 
[INFO] [stdout] 
[INFO] [stdout] warning: lint `private_in_public` has been removed: replaced with another group of lints, see RFC <https://rust-lang.github.io/rfcs/2145-type-privacy.html> for more information
[INFO] [stdout]   --> src/data/user/db.rs:65:1
[INFO] [stdout]    |
[INFO] [stdout] 65 | pub struct UserSignupData<'r> {
[INFO] [stdout]    | ^^^
[INFO] [stdout]    |
[INFO] [stdout]    = note: `#[warn(renamed_and_removed_lints)]` on by default
[INFO] [stdout] 
[INFO] [stdout] 
[INFO] [stdout] warning: lint `private_in_public` has been removed: replaced with another group of lints, see RFC <https://rust-lang.github.io/rfcs/2145-type-privacy.html> for more information
[INFO] [stdout]    --> src/data/user/db.rs:134:1
[INFO] [stdout]     |
[INFO] [stdout] 134 | pub struct UserLoginData {
[INFO] [stdout]     | ^^^
[INFO] [stdout] 
[INFO] [stdout] 
[INFO] [stdout] error: aborting due to previous error; 2 warnings emitted
[INFO] [stdout] 
[INFO] [stdout] 
[INFO] [stdout] For more information about this error, try `rustc --explain E0554`.
[INFO] [stdout] 
[INFO] [stderr] error: could not document `knowmark_backend`
[INFO] [stderr] 
[INFO] [stderr] Caused by:
[INFO] [stderr]   process didn't exit successfully: `/opt/rustwide/rustup-home/toolchains/1.75.0-x86_64-unknown-linux-gnu/bin/rustdoc --edition=2018 --crate-type lib --crate-name knowmark_backend src/lib.rs -o /opt/rustwide/target/doc --cfg 'feature="default"' --cfg 'feature="generate-security"' --cfg 'feature="rsa"' --error-format=json --json=diagnostic-rendered-ansi,artifacts,future-incompat --document-private-items -C metadata=34091093ffc3c425 -L dependency=/opt/rustwide/target/debug/deps --extern anyhow=/opt/rustwide/target/debug/deps/libanyhow-23167f3535e7ba8b.rmeta --extern bson=/opt/rustwide/target/debug/deps/libbson-8f9e0a7c28487b04.rmeta --extern chrono=/opt/rustwide/target/debug/deps/libchrono-483390b7eca00297.rmeta --extern dotenv=/opt/rustwide/target/debug/deps/libdotenv-5c7b155fb9ea380a.rmeta --extern jsonwebtoken=/opt/rustwide/target/debug/deps/libjsonwebtoken-d302528847c7aef3.rmeta --extern mongodb=/opt/rustwide/target/debug/deps/libmongodb-79362dd8ebfac708.rmeta --extern rand=/opt/rustwide/target/debug/deps/librand-84d15efdcd388c2f.rmeta --extern rocket=/opt/rustwide/target/debug/deps/librocket-1479a21e66417403.rmeta --extern rocket_cors=/opt/rustwide/target/debug/deps/librocket_cors-6679279c30bb37d8.rmeta --extern rsa=/opt/rustwide/target/debug/deps/librsa-5a2aa769ac7f9c05.rmeta --extern crypto=/opt/rustwide/target/debug/deps/libcrypto-8e0547d4d8969170.rmeta --extern serde=/opt/rustwide/target/debug/deps/libserde-61e69cf511cae3f6.rmeta --extern serde_json=/opt/rustwide/target/debug/deps/libserde_json-a7a99507deefbcd9.rmeta --extern sha2=/opt/rustwide/target/debug/deps/libsha2-d7f64521fa1ab4d9.rmeta --extern thiserror=/opt/rustwide/target/debug/deps/libthiserror-67f9400712d9f3cd.rmeta --extern tokio=/opt/rustwide/target/debug/deps/libtokio-b876d44a612ac0fa.rmeta --extern tracing=/opt/rustwide/target/debug/deps/libtracing-934bdec053868ef6.rmeta --extern tracing_futures=/opt/rustwide/target/debug/deps/libtracing_futures-f9f906d776b10bec.rmeta --extern tracing_log=/opt/rustwide/target/debug/deps/libtracing_log-01437b1006bd1de2.rmeta --extern tracing_subscriber=/opt/rustwide/target/debug/deps/libtracing_subscriber-128f0942b8493a40.rmeta --extern utoipa=/opt/rustwide/target/debug/deps/libutoipa-9ed2c67e6f70b118.rmeta --extern utoipa_swagger_ui=/opt/rustwide/target/debug/deps/libutoipa_swagger_ui-bdbcb93e2057482d.rmeta --extern uuid=/opt/rustwide/target/debug/deps/libuuid-22397be1a0fe7f8c.rmeta --cap-lints=warn --crate-version 0.1.0` (exit status: 1)
[INFO] [stderr] warning: build failed, waiting for other jobs to finish...
[INFO] [stdout] error: aborting due to previous error; 8 warnings emitted
[INFO] [stdout] 
[INFO] [stdout] 
[INFO] [stdout] For more information about this error, try `rustc --explain E0554`.
[INFO] [stdout] 
[INFO] [stderr] error: could not compile `knowmark_backend` (lib) due to 2 previous errors; 8 warnings emitted
[INFO] running `Command { std: "docker" "inspect" "0fdcf6d52c0d9001a9493c4a3216628247af53fb9e049d73bb05c665c24826d9", kill_on_drop: false }`
[INFO] running `Command { std: "docker" "rm" "-f" "0fdcf6d52c0d9001a9493c4a3216628247af53fb9e049d73bb05c665c24826d9", kill_on_drop: false }`
[INFO] [stdout] 0fdcf6d52c0d9001a9493c4a3216628247af53fb9e049d73bb05c665c24826d9
[INFO] documenting Knowmark/Backend against beta-2023-12-22 for beta-1.76-rustdoc-1
[INFO] running `Command { std: "git" "clone" "/workspace/cache/git-repos/https%3A%2F%2Fgithub.com%2FKnowmark%2FBackend" "/workspace/builds/worker-2-tc2/source", kill_on_drop: false }`
[INFO] [stderr] Cloning into '/workspace/builds/worker-2-tc2/source'...
[INFO] [stderr] done.
[INFO] validating manifest of git repo https://github.com/Knowmark/Backend on toolchain beta-2023-12-22
[INFO] running `Command { std: CARGO_HOME="/workspace/cargo-home" RUSTUP_HOME="/workspace/rustup-home" "/workspace/cargo-home/bin/cargo" "+beta-2023-12-22" "metadata" "--manifest-path" "Cargo.toml" "--no-deps", kill_on_drop: false }`
[INFO] removed /workspace/builds/worker-2-tc2/source/rust-toolchain.toml
[INFO] started tweaking git repo https://github.com/Knowmark/Backend
[INFO] finished tweaking git repo https://github.com/Knowmark/Backend
[INFO] tweaked toml for git repo https://github.com/Knowmark/Backend written to /workspace/builds/worker-2-tc2/source/Cargo.toml
[INFO] crate git repo https://github.com/Knowmark/Backend already has a lockfile, it will not be regenerated
[INFO] running `Command { std: CARGO_HOME="/workspace/cargo-home" RUSTUP_HOME="/workspace/rustup-home" "/workspace/cargo-home/bin/cargo" "+beta-2023-12-22" "fetch" "--manifest-path" "Cargo.toml", kill_on_drop: false }`
[INFO] running `Command { std: "docker" "create" "-v" "/var/lib/crater-agent-workspace/builds/worker-2-tc2/target:/opt/rustwide/target:rw,Z" "-v" "/var/lib/crater-agent-workspace/builds/worker-2-tc2/source:/opt/rustwide/workdir:ro,Z" "-v" "/var/lib/crater-agent-workspace/cargo-home:/opt/rustwide/cargo-home:ro,Z" "-v" "/var/lib/crater-agent-workspace/rustup-home:/opt/rustwide/rustup-home:ro,Z" "-e" "SOURCE_DIR=/opt/rustwide/workdir" "-e" "CARGO_TARGET_DIR=/opt/rustwide/target" "-e" "CARGO_HOME=/opt/rustwide/cargo-home" "-e" "RUSTUP_HOME=/opt/rustwide/rustup-home" "-w" "/opt/rustwide/workdir" "-m" "1610612736" "--user" "0:0" "--network" "none" "ghcr.io/rust-lang/crates-build-env/linux@sha256:2788e3201cd34a07e3172128adcd8b3090168a8e3bcc40d7c032b9dda1df7d1c" "/opt/rustwide/cargo-home/bin/cargo" "+beta-2023-12-22" "metadata" "--no-deps" "--format-version=1", kill_on_drop: false }`
[INFO] [stdout] d52069cd15025ee19ae6040189c29ac5184e702c7e2b13d98f4333f4e6265f26
[INFO] running `Command { std: "docker" "start" "-a" "d52069cd15025ee19ae6040189c29ac5184e702c7e2b13d98f4333f4e6265f26", kill_on_drop: false }`
[INFO] running `Command { std: "docker" "inspect" "d52069cd15025ee19ae6040189c29ac5184e702c7e2b13d98f4333f4e6265f26", kill_on_drop: false }`
[INFO] running `Command { std: "docker" "rm" "-f" "d52069cd15025ee19ae6040189c29ac5184e702c7e2b13d98f4333f4e6265f26", kill_on_drop: false }`
[INFO] [stdout] d52069cd15025ee19ae6040189c29ac5184e702c7e2b13d98f4333f4e6265f26
[INFO] running `Command { std: "docker" "create" "-v" "/var/lib/crater-agent-workspace/builds/worker-2-tc2/target:/opt/rustwide/target:rw,Z" "-v" "/var/lib/crater-agent-workspace/builds/worker-2-tc2/source:/opt/rustwide/workdir:ro,Z" "-v" "/var/lib/crater-agent-workspace/cargo-home:/opt/rustwide/cargo-home:ro,Z" "-v" "/var/lib/crater-agent-workspace/rustup-home:/opt/rustwide/rustup-home:ro,Z" "-e" "SOURCE_DIR=/opt/rustwide/workdir" "-e" "CARGO_TARGET_DIR=/opt/rustwide/target" "-e" "CARGO_INCREMENTAL=0" "-e" "RUST_BACKTRACE=full" "-e" "RUSTFLAGS=--cap-lints=warn" "-e" "RUSTDOCFLAGS=--cap-lints=warn" "-e" "CARGO_HOME=/opt/rustwide/cargo-home" "-e" "RUSTUP_HOME=/opt/rustwide/rustup-home" "-w" "/opt/rustwide/workdir" "-m" "1610612736" "--user" "0:0" "--network" "none" "ghcr.io/rust-lang/crates-build-env/linux@sha256:2788e3201cd34a07e3172128adcd8b3090168a8e3bcc40d7c032b9dda1df7d1c" "/opt/rustwide/cargo-home/bin/cargo" "+beta-2023-12-22" "doc" "--frozen" "--no-deps" "--document-private-items" "--message-format=json", kill_on_drop: false }`
[INFO] [stdout] 51d47ab6444c1c054ef2cecbf8c9d5bf7a64251a275f288458ba881914951234
[INFO] running `Command { std: "docker" "start" "-a" "51d47ab6444c1c054ef2cecbf8c9d5bf7a64251a275f288458ba881914951234", kill_on_drop: false }`
[INFO] [stderr]    Compiling proc-macro2 v1.0.56
[INFO] [stderr]    Compiling quote v1.0.26
[INFO] [stderr]    Compiling unicode-ident v1.0.8
[INFO] [stderr]    Compiling libc v0.2.143
[INFO] [stderr]    Compiling serde_derive v1.0.162
[INFO] [stderr]    Compiling serde v1.0.162
[INFO] [stderr]    Compiling log v0.4.17
[INFO] [stderr]    Compiling futures-core v0.3.28
[INFO] [stderr]    Compiling parking_lot_core v0.9.7
[INFO] [stderr]    Compiling typenum v1.16.0
[INFO] [stderr]     Checking once_cell v1.17.1
[INFO] [stderr]    Compiling generic-array v0.14.7
[INFO] [stderr]    Compiling syn v1.0.109
[INFO] [stderr]    Compiling slab v0.4.8
[INFO] [stderr]    Compiling futures-channel v0.3.28
[INFO] [stderr]    Compiling futures-task v0.3.28
[INFO] [stderr]    Compiling tokio v1.28.0
[INFO] [stderr]    Compiling futures-util v0.3.28
[INFO] [stderr]    Compiling indexmap v1.9.3
[INFO] [stderr]     Checking itoa v1.0.6
[INFO] [stderr]    Compiling memchr v2.5.0
[INFO] [stderr]     Checking bytes v1.4.0
[INFO] [stderr]     Checking const-oid v0.9.2
[INFO] [stderr]    Compiling syn v2.0.15
[INFO] [stderr]    Compiling proc-macro2-diagnostics v0.10.0
[INFO] [stderr]     Checking futures-sink v0.3.28
[INFO] [stderr]    Compiling time-core v0.1.1
[INFO] [stderr]     Checking futures-io v0.3.28
[INFO] [stderr]    Compiling yansi v0.5.1
[INFO] [stderr]    Compiling time-macros v0.2.9
[INFO] [stderr]     Checking tracing-core v0.1.30
[INFO] [stderr]     Checking hashbrown v0.12.3
[INFO] [stderr]    Compiling libm v0.2.6
[INFO] [stderr]    Compiling jobserver v0.1.26
[INFO] [stderr]     Checking subtle v2.4.1
[INFO] [stderr]     Checking getrandom v0.2.9
[INFO] [stderr]    Compiling cc v1.0.79
[INFO] [stderr]     Checking num_cpus v1.15.0
[INFO] [stderr]     Checking parking_lot v0.12.1
[INFO] [stderr]     Checking signal-hook-registry v1.4.1
[INFO] [stderr]     Checking socket2 v0.4.9
[INFO] [stderr]     Checking mio v0.8.6
[INFO] [stderr]     Checking crypto-common v0.1.6
[INFO] [stderr]     Checking block-buffer v0.10.4
[INFO] [stderr]     Checking rand_core v0.6.4
[INFO] [stderr]    Compiling httparse v1.8.0
[INFO] [stderr]     Checking digest v0.10.6
[INFO] [stderr]    Compiling num-traits v0.2.15
[INFO] [stderr]    Compiling smallvec v1.10.0
[INFO] [stderr]     Checking rand_chacha v0.3.1
[INFO] [stderr]    Compiling lock_api v0.4.9
[INFO] [stderr]    Compiling num-integer v0.1.45
[INFO] [stderr]    Compiling uncased v0.9.9
[INFO] [stderr]     Checking tinyvec_macros v0.1.1
[INFO] [stderr]     Checking percent-encoding v2.2.0
[INFO] [stderr]     Checking time v0.3.21
[INFO] [stderr]     Checking tinyvec v1.6.0
[INFO] [stderr]    Compiling ring v0.16.20
[INFO] [stderr]     Checking rand v0.8.5
[INFO] [stderr]     Checking lazy_static v1.4.0
[INFO] [stderr]    Compiling cookie v0.17.0
[INFO] [stderr]    Compiling serde_json v1.0.96
[INFO] [stderr]    Compiling ref-cast v1.0.16
[INFO] [stderr]     Checking http v0.2.9
[INFO] [stderr]     Checking unicode-normalization v0.1.22
[INFO] [stderr]    Compiling sha1_smol v1.0.0
[INFO] [stderr]    Compiling async-trait v0.1.68
[INFO] [stderr]     Checking ryu v1.0.13
[INFO] [stderr]     Checking unicode-bidi v0.3.13
[INFO] [stderr]    Compiling io-lifetimes v1.0.10
[INFO] [stderr]    Compiling thiserror v1.0.40
[INFO] [stderr]    Compiling pkg-config v0.3.27
[INFO] [stderr]    Compiling bitflags v2.2.1
[INFO] [stderr]    Compiling try-lock v0.2.4
[INFO] [stderr]    Compiling rustix v0.37.19
[INFO] [stderr]    Compiling crc32fast v1.3.2
[INFO] [stderr]    Compiling want v0.3.0
[INFO] [stderr]    Compiling devise_core v0.4.1
[INFO] [stderr]    Compiling http-body v0.4.5
[INFO] [stderr]    Compiling zstd-sys v2.0.8+zstd.1.5.5
[INFO] [stderr]    Compiling aho-corasick v1.0.1
[INFO] [stderr]    Compiling inlinable_string v0.1.15
[INFO] [stderr]    Compiling semver-parser v0.7.0
[INFO] [stderr]     Checking cpufeatures v0.2.7
[INFO] [stderr]    Compiling adler v1.0.2
[INFO] [stderr]    Compiling ident_case v1.0.1
[INFO] [stderr]    Compiling strsim v0.10.0
[INFO] [stderr]     Checking base64ct v1.6.0
[INFO] [stderr]     Checking zeroize v1.6.0
[INFO] [stderr]    Compiling httpdate v1.0.2
[INFO] [stderr]    Compiling regex-syntax v0.7.1
[INFO] [stderr]    Compiling tower-service v0.3.2
[INFO] [stderr]     Checking linux-raw-sys v0.3.7
[INFO] [stderr]     Checking pem-rfc7468 v0.7.0
[INFO] [stderr]    Compiling darling_core v0.13.4
[INFO] [stderr]    Compiling miniz_oxide v0.7.1
[INFO] [stderr]    Compiling tokio-macros v2.1.0
[INFO] [stderr]    Compiling futures-macro v0.3.28
[INFO] [stderr]    Compiling tracing-attributes v0.1.24
[INFO] [stderr]    Compiling pear_codegen v0.2.4
[INFO] [stderr]    Compiling ref-cast-impl v1.0.16
[INFO] [stderr]     Checking tracing v0.1.37
[INFO] [stderr]    Compiling thiserror-impl v1.0.40
[INFO] [stderr]    Compiling regex v1.8.1
[INFO] [stderr]    Compiling pear v0.2.4
[INFO] [stderr]    Compiling devise_codegen v0.4.1
[INFO] [stderr]    Compiling semver v0.9.0
[INFO] [stderr]     Checking idna v0.3.0
[INFO] [stderr]     Checking tokio-util v0.7.8
[INFO] [stderr]     Checking form_urlencoded v1.1.0
[INFO] [stderr]    Compiling dirs-sys v0.3.7
[INFO] [stderr]    Compiling stable-pattern v0.1.0
[INFO] [stderr]    Compiling futures v0.3.28
[INFO] [stderr]    Compiling atomic v0.5.1
[INFO] [stderr]    Compiling multer v2.1.0
[INFO] [stderr]    Compiling figment v0.10.8
[INFO] [stderr]    Compiling radium v0.7.0
[INFO] [stderr]     Checking mime v0.3.17
[INFO] [stderr]    Compiling same-file v1.0.6
[INFO] [stderr]    Compiling either v1.8.1
[INFO] [stderr]    Compiling state v0.5.3
[INFO] [stderr]    Compiling sha2 v0.10.6
[INFO] [stderr]    Compiling walkdir v2.3.3
[INFO] [stderr]    Compiling dirs v4.0.0
[INFO] [stderr]     Checking url v2.3.1
[INFO] [stderr]    Compiling devise v0.4.1
[INFO] [stderr]    Compiling flate2 v1.0.26
[INFO] [stderr]    Compiling proc-macro-error-attr v1.0.4
[INFO] [stderr]    Compiling rustc_version v0.2.3
[INFO] [stderr]    Compiling darling_macro v0.13.4
[INFO] [stderr]    Compiling async-stream-impl v0.3.5
[INFO] [stderr]     Checking der v0.7.5
[INFO] [stderr]     Checking webpki v0.22.0
[INFO] [stderr]     Checking encoding_rs v0.8.32
[INFO] [stderr]    Compiling num-bigint v0.4.3
[INFO] [stderr]    Compiling num-iter v0.1.43
[INFO] [stderr]    Compiling rocket v0.5.0-rc.3
[INFO] [stderr]    Compiling byteorder v1.4.3
[INFO] [stderr]     Checking tap v1.0.1
[INFO] [stderr]     Checking spin v0.9.8
[INFO] [stderr]     Checking uuid v1.3.2
[INFO] [stderr]     Checking toml v0.5.11
[INFO] [stderr]     Checking base64 v0.13.1
[INFO] [stderr]    Compiling glob v0.3.1
[INFO] [stderr]     Checking match_cfg v0.1.0
[INFO] [stderr]     Checking fastrand v1.9.0
[INFO] [stderr]    Compiling unicode-xid v0.2.4
[INFO] [stderr]    Compiling rustls v0.20.8
[INFO] [stderr]     Checking matches v0.1.10
[INFO] [stderr]     Checking tempfile v3.5.0
[INFO] [stderr]     Checking idna v0.2.3
[INFO] [stderr]     Checking h2 v0.3.18
[INFO] [stderr]     Checking hostname v0.3.1
[INFO] [stderr]     Checking spki v0.7.2
[INFO] [stderr]    Compiling zip v0.6.5
[INFO] [stderr]     Checking ubyte v0.10.3
[INFO] [stderr]    Compiling enum-as-inner v0.4.0
[INFO] [stderr]     Checking wyz v0.5.1
[INFO] [stderr]     Checking async-stream v0.3.5
[INFO] [stderr]    Compiling darling v0.13.4
[INFO] [stderr]    Compiling proc-macro-error v1.0.4
[INFO] [stderr]    Compiling rustc_version_runtime v0.2.1
[INFO] [stderr]     Checking is-terminal v0.4.7
[INFO] [stderr]    Compiling shellexpand v2.1.2
[INFO] [stderr]    Compiling rust-embed-utils v7.5.0
[INFO] [stderr]     Checking tokio-stream v0.1.14
[INFO] [stderr]     Checking sct v0.7.0
[INFO] [stderr]     Checking time v0.1.45
[INFO] [stderr]    Compiling num-bigint-dig v0.8.2
[INFO] [stderr]     Checking base64 v0.21.0
[INFO] [stderr]     Checking ipnet v2.7.2
[INFO] [stderr]     Checking binascii v0.1.4
[INFO] [stderr]     Checking linked-hash-map v0.5.6
[INFO] [stderr]     Checking data-encoding v2.3.3
[INFO] [stderr]     Checking funty v2.0.0
[INFO] [stderr]     Checking regex-syntax v0.6.29
[INFO] [stderr]    Compiling gcc v0.3.55
[INFO] [stderr]     Checking trust-dns-proto v0.21.2
[INFO] [stderr]     Checking bitvec v1.0.1
[INFO] [stderr]     Checking lru-cache v0.1.2
[INFO] [stderr]     Checking resolv-conf v0.7.0
[INFO] [stderr]    Compiling rust-crypto v0.2.36
[INFO] [stderr]    Compiling utoipa-gen v3.3.0 (https://github.com/juhaku/utoipa?rev=cf53488#cf534886)
[INFO] [stderr]    Compiling rust-embed-impl v6.5.0
[INFO] [stderr]     Checking hyper v0.14.26
[INFO] [stderr]     Checking regex-automata v0.1.10
[INFO] [stderr]    Compiling utoipa-swagger-ui v3.1.3 (https://github.com/juhaku/utoipa?rev=cf53488#cf534886)
[INFO] [stderr]    Compiling serde_with_macros v1.5.2
[INFO] [stderr]     Checking ahash v0.7.6
[INFO] [stderr]     Checking pkcs8 v0.10.2
[INFO] [stderr]     Checking serde_bytes v0.11.9
[INFO] [stderr]    Compiling pin-project-internal v1.0.12
[INFO] [stderr]     Checking rand v0.4.6
[INFO] [stderr]     Checking rocket_http v0.5.0-rc.3
[INFO] [stderr]     Checking overload v0.1.1
[INFO] [stderr]     Checking iana-time-zone v0.1.56
[INFO] [stderr]    Compiling anyhow v1.0.71
[INFO] [stderr]    Compiling derive_more v0.99.17
[INFO] [stderr]     Checking simple_asn1 v0.6.2
[INFO] [stderr]     Checking serde_with v1.14.0
[INFO] [stderr]     Checking rand v0.3.23
[INFO] [stderr]     Checking chrono v0.4.24
[INFO] [stderr]     Checking pin-project v1.0.12
[INFO] [stderr]     Checking nu-ansi-term v0.46.0
[INFO] [stderr]     Checking bson v2.6.1
[INFO] [stderr]     Checking pkcs1 v0.7.5
[INFO] [stderr]     Checking rust-embed v6.6.1
[INFO] [stderr]     Checking tokio-rustls v0.23.4
[INFO] [stderr]     Checking mime_guess v2.0.4
[INFO] [stderr]     Checking matchers v0.1.0
[INFO] [stderr]     Checking trust-dns-resolver v0.21.2
[INFO] [stderr]     Checking rustls-pemfile v1.0.2
[INFO] [stderr]     Checking pem v1.1.1
[INFO] [stderr]     Checking unicase_serde v0.1.0
[INFO] [stderr]     Checking webpki-roots v0.22.6
[INFO] [stderr]     Checking futures-executor v0.3.28
[INFO] [stderr]    Compiling derivative v2.2.0
[INFO] [stderr]    Compiling typed-builder v0.10.0
[INFO] [stderr]     Checking sha-1 v0.10.1
[INFO] [stderr]     Checking stringprep v0.1.2
[INFO] [stderr]     Checking sharded-slab v0.1.4
[INFO] [stderr]     Checking tracing-log v0.1.3
[INFO] [stderr]     Checking hmac v0.12.1
[INFO] [stderr]     Checking pbkdf2 v0.11.0
[INFO] [stderr]     Checking md-5 v0.10.5
[INFO] [stderr]     Checking signature v2.1.0
[INFO] [stderr]     Checking thread_local v1.1.7
[INFO] [stderr]     Checking take_mut v0.2.2
[INFO] [stderr]     Checking rustc-serialize v0.3.24
[INFO] [stderr]     Checking rsa v0.9.1
[INFO] [stderr]     Checking tracing-subscriber v0.3.17
[INFO] [stdout] error[E0310]: the parameter type `T` may not live long enough
[INFO] [stdout]     --> /opt/rustwide/cargo-home/registry/src/index.crates.io-6f17d22bba15001f/rustc-serialize-0.3.24/src/serialize.rs:1155:5
[INFO] [stdout]      |
[INFO] [stdout] 1155 |     fn decode<D: Decoder>(d: &mut D) -> Result<Cow<'static, T>, D::Error> {
[INFO] [stdout]      |     ^^^^^^^^^^^^^^^^^^^^^^^^^^^^^^^^^^^^^^^^^^^^^^^^^^^^^^^^^^^^^^^^^^^^^
[INFO] [stdout]      |     |
[INFO] [stdout]      |     the parameter type `T` must be valid for the static lifetime...
[INFO] [stdout]      |     ...so that the type `T` will meet its required lifetime bounds...
[INFO] [stdout]      |
[INFO] [stdout] note: ...that is required by this bound
[INFO] [stdout]     --> /rustc/0e09125c6c3c2fd70d7de961bcf0e51575235fad/library/alloc/src/borrow.rs:180:30
[INFO] [stdout] help: consider adding an explicit lifetime bound
[INFO] [stdout]      |
[INFO] [stdout] 1151 | impl<'a, T: ?Sized + 'static> Decodable for Cow<'a, T>
[INFO] [stdout]      |                    +++++++++
[INFO] [stdout] 
[INFO] [stdout] 
[INFO] [stderr]     Checking jsonwebtoken v8.3.0
[INFO] [stderr]    Compiling rocket_codegen v0.5.0-rc.3
[INFO] [stderr]     Checking tracing-futures v0.2.5
[INFO] [stderr]     Checking dotenv v0.15.0
[INFO] [stdout] error: aborting due to 1 previous error
[INFO] [stdout] 
[INFO] [stdout] 
[INFO] [stdout] For more information about this error, try `rustc --explain E0310`.
[INFO] [stdout] 
[INFO] [stderr] error: could not compile `rustc-serialize` (lib) due to 2 previous errors
[INFO] [stderr] warning: build failed, waiting for other jobs to finish...
[INFO] running `Command { std: "docker" "inspect" "51d47ab6444c1c054ef2cecbf8c9d5bf7a64251a275f288458ba881914951234", kill_on_drop: false }`
[INFO] running `Command { std: "docker" "rm" "-f" "51d47ab6444c1c054ef2cecbf8c9d5bf7a64251a275f288458ba881914951234", kill_on_drop: false }`
[INFO] [stdout] 51d47ab6444c1c054ef2cecbf8c9d5bf7a64251a275f288458ba881914951234
