[INFO] cloning repository https://github.com/Kleptine/csharp-semantic-search
[INFO] running `Command { std: "git" "-c" "credential.helper=" "-c" "credential.helper=/workspace/cargo-home/bin/git-credential-null" "clone" "--bare" "https://github.com/Kleptine/csharp-semantic-search" "/workspace/cache/git-repos/https%3A%2F%2Fgithub.com%2FKleptine%2Fcsharp-semantic-search", kill_on_drop: false }`
[INFO] [stderr] Cloning into bare repository '/workspace/cache/git-repos/https%3A%2F%2Fgithub.com%2FKleptine%2Fcsharp-semantic-search'...
[INFO] running `Command { std: "git" "rev-parse" "HEAD", kill_on_drop: false }`
[INFO] [stdout] da31beb11717b3715fe51b2a3308b92a79847c59
[INFO] documenting Kleptine/csharp-semantic-search against 1.75.0 for beta-1.76-rustdoc-1
[INFO] running `Command { std: "git" "clone" "/workspace/cache/git-repos/https%3A%2F%2Fgithub.com%2FKleptine%2Fcsharp-semantic-search" "/workspace/builds/worker-5-tc1/source", kill_on_drop: false }`
[INFO] [stderr] Cloning into '/workspace/builds/worker-5-tc1/source'...
[INFO] [stderr] done.
[INFO] validating manifest of git repo https://github.com/Kleptine/csharp-semantic-search on toolchain 1.75.0
[INFO] running `Command { std: CARGO_HOME="/workspace/cargo-home" RUSTUP_HOME="/workspace/rustup-home" "/workspace/cargo-home/bin/cargo" "+1.75.0" "metadata" "--manifest-path" "Cargo.toml" "--no-deps", kill_on_drop: false }`
[INFO] started tweaking git repo https://github.com/Kleptine/csharp-semantic-search
[INFO] finished tweaking git repo https://github.com/Kleptine/csharp-semantic-search
[INFO] tweaked toml for git repo https://github.com/Kleptine/csharp-semantic-search written to /workspace/builds/worker-5-tc1/source/Cargo.toml
[INFO] crate git repo https://github.com/Kleptine/csharp-semantic-search already has a lockfile, it will not be regenerated
[INFO] running `Command { std: CARGO_HOME="/workspace/cargo-home" RUSTUP_HOME="/workspace/rustup-home" "/workspace/cargo-home/bin/cargo" "+1.75.0" "fetch" "--manifest-path" "Cargo.toml", kill_on_drop: false }`
[INFO] [stderr]  Downloading crates ...
[INFO] [stderr]   Downloaded crossbeam-utils v0.8.13
[INFO] [stderr]   Downloaded crossbeam-epoch v0.9.12
[INFO] running `Command { std: "docker" "create" "-v" "/var/lib/crater-agent-workspace/builds/worker-5-tc1/target:/opt/rustwide/target:rw,Z" "-v" "/var/lib/crater-agent-workspace/builds/worker-5-tc1/source:/opt/rustwide/workdir:ro,Z" "-v" "/var/lib/crater-agent-workspace/cargo-home:/opt/rustwide/cargo-home:ro,Z" "-v" "/var/lib/crater-agent-workspace/rustup-home:/opt/rustwide/rustup-home:ro,Z" "-e" "SOURCE_DIR=/opt/rustwide/workdir" "-e" "CARGO_TARGET_DIR=/opt/rustwide/target" "-e" "CARGO_HOME=/opt/rustwide/cargo-home" "-e" "RUSTUP_HOME=/opt/rustwide/rustup-home" "-w" "/opt/rustwide/workdir" "-m" "1610612736" "--user" "0:0" "--network" "none" "ghcr.io/rust-lang/crates-build-env/linux@sha256:2788e3201cd34a07e3172128adcd8b3090168a8e3bcc40d7c032b9dda1df7d1c" "/opt/rustwide/cargo-home/bin/cargo" "+1.75.0" "metadata" "--no-deps" "--format-version=1", kill_on_drop: false }`
[INFO] [stdout] 4cf21cf2f0f6795d0a45b5299e07cdd4fc738ec801995846da416f5783ea88ce
[INFO] running `Command { std: "docker" "start" "-a" "4cf21cf2f0f6795d0a45b5299e07cdd4fc738ec801995846da416f5783ea88ce", kill_on_drop: false }`
[INFO] running `Command { std: "docker" "inspect" "4cf21cf2f0f6795d0a45b5299e07cdd4fc738ec801995846da416f5783ea88ce", kill_on_drop: false }`
[INFO] running `Command { std: "docker" "rm" "-f" "4cf21cf2f0f6795d0a45b5299e07cdd4fc738ec801995846da416f5783ea88ce", kill_on_drop: false }`
[INFO] [stdout] 4cf21cf2f0f6795d0a45b5299e07cdd4fc738ec801995846da416f5783ea88ce
[INFO] running `Command { std: "docker" "create" "-v" "/var/lib/crater-agent-workspace/builds/worker-5-tc1/target:/opt/rustwide/target:rw,Z" "-v" "/var/lib/crater-agent-workspace/builds/worker-5-tc1/source:/opt/rustwide/workdir:ro,Z" "-v" "/var/lib/crater-agent-workspace/cargo-home:/opt/rustwide/cargo-home:ro,Z" "-v" "/var/lib/crater-agent-workspace/rustup-home:/opt/rustwide/rustup-home:ro,Z" "-e" "SOURCE_DIR=/opt/rustwide/workdir" "-e" "CARGO_TARGET_DIR=/opt/rustwide/target" "-e" "CARGO_INCREMENTAL=0" "-e" "RUST_BACKTRACE=full" "-e" "RUSTFLAGS=--cap-lints=warn" "-e" "RUSTDOCFLAGS=--cap-lints=warn" "-e" "CARGO_HOME=/opt/rustwide/cargo-home" "-e" "RUSTUP_HOME=/opt/rustwide/rustup-home" "-w" "/opt/rustwide/workdir" "-m" "1610612736" "--user" "0:0" "--network" "none" "ghcr.io/rust-lang/crates-build-env/linux@sha256:2788e3201cd34a07e3172128adcd8b3090168a8e3bcc40d7c032b9dda1df7d1c" "/opt/rustwide/cargo-home/bin/cargo" "+1.75.0" "doc" "--frozen" "--no-deps" "--document-private-items" "--message-format=json", kill_on_drop: false }`
[INFO] [stdout] a0e783374e8650d65d651293b605680cfb9cab74b4d14d19f45c73bd5203e5ff
[INFO] running `Command { std: "docker" "start" "-a" "a0e783374e8650d65d651293b605680cfb9cab74b4d14d19f45c73bd5203e5ff", kill_on_drop: false }`
[INFO] [stderr]    Compiling libc v0.2.137
[INFO] [stderr]    Compiling cc v1.0.76
[INFO] [stderr]    Compiling proc-macro2 v1.0.47
[INFO] [stderr]    Compiling quote v1.0.21
[INFO] [stderr]    Compiling unicode-ident v1.0.5
[INFO] [stderr]    Compiling crossbeam-utils v0.8.13
[INFO] [stderr]    Compiling crossbeam-epoch v0.9.12
[INFO] [stderr]    Compiling syn v1.0.103
[INFO] [stderr]    Compiling rayon-core v1.10.1
[INFO] [stderr]     Checking gimli v0.26.2
[INFO] [stderr]     Checking miniz_oxide v0.5.4
[INFO] [stderr]     Checking crossbeam-channel v0.5.6
[INFO] [stderr]     Checking aho-corasick v0.7.19
[INFO] [stderr]     Checking object v0.29.0
[INFO] [stderr]     Checking crossbeam-deque v0.8.2
[INFO] [stderr]     Checking regex-syntax v0.6.28
[INFO] [stderr]     Checking os_str_bytes v6.4.0
[INFO] [stderr]     Checking num_cpus v1.14.0
[INFO] [stderr]    Compiling backtrace v0.3.66
[INFO] [stderr]    Compiling tree-sitter v0.20.9
[INFO] [stderr]    Compiling anyhow v1.0.66
[INFO] [stderr]    Compiling heck v0.4.0
[INFO] [stderr]     Checking rustc-demangle v0.1.21
[INFO] [stderr]    Compiling proc-macro-error-attr v1.0.4
[INFO] [stderr]     Checking clap_lex v0.3.0
[INFO] [stderr]    Compiling tree-search v0.1.0 (/opt/rustwide/workdir)
[INFO] [stderr]     Checking atty v0.2.14
[INFO] [stderr]     Checking either v1.8.0
[INFO] [stderr]     Checking termcolor v1.1.3
[INFO] [stderr]     Checking once_cell v1.16.0
[INFO] [stderr]     Checking rayon v1.6.0
[INFO] [stderr] The following warnings were emitted during compilation:
[INFO] [stderr] 
[INFO] [stderr] warning: tree-search@0.1.0: cc1: fatal error: tree-sitter-c-sharp/src/parser.c: No such file or directory
[INFO] [stderr] warning: tree-search@0.1.0: compilation terminated.
[INFO] [stderr] 
[INFO] [stderr] error: failed to run custom build command for `tree-search v0.1.0 (/opt/rustwide/workdir)`
[INFO] [stderr] note: To improve backtraces for build dependencies, set the CARGO_PROFILE_DEV_BUILD_OVERRIDE_DEBUG=true environment variable to enable debug information generation.
[INFO] [stderr] 
[INFO] [stderr] Caused by:
[INFO] [stderr]   process didn't exit successfully: `/opt/rustwide/target/debug/build/tree-search-1c9d993ee2a72f83/build-script-build` (exit status: 1)
[INFO] [stderr]   --- stdout
[INFO] [stderr]   TARGET = Some("x86_64-unknown-linux-gnu")
[INFO] [stderr]   OPT_LEVEL = Some("0")
[INFO] [stderr]   HOST = Some("x86_64-unknown-linux-gnu")
[INFO] [stderr]   cargo:rerun-if-env-changed=CC_x86_64-unknown-linux-gnu
[INFO] [stderr]   CC_x86_64-unknown-linux-gnu = None
[INFO] [stderr]   cargo:rerun-if-env-changed=CC_x86_64_unknown_linux_gnu
[INFO] [stderr]   CC_x86_64_unknown_linux_gnu = None
[INFO] [stderr]   cargo:rerun-if-env-changed=HOST_CC
[INFO] [stderr]   HOST_CC = None
[INFO] [stderr]   cargo:rerun-if-env-changed=CC
[INFO] [stderr]   CC = None
[INFO] [stderr]   cargo:rerun-if-env-changed=CFLAGS_x86_64-unknown-linux-gnu
[INFO] [stderr]   CFLAGS_x86_64-unknown-linux-gnu = None
[INFO] [stderr]   cargo:rerun-if-env-changed=CFLAGS_x86_64_unknown_linux_gnu
[INFO] [stderr]   CFLAGS_x86_64_unknown_linux_gnu = None
[INFO] [stderr]   cargo:rerun-if-env-changed=HOST_CFLAGS
[INFO] [stderr]   HOST_CFLAGS = None
[INFO] [stderr]   cargo:rerun-if-env-changed=CFLAGS
[INFO] [stderr]   CFLAGS = None
[INFO] [stderr]   cargo:rerun-if-env-changed=CRATE_CC_NO_DEFAULTS
[INFO] [stderr]   CRATE_CC_NO_DEFAULTS = None
[INFO] [stderr]   DEBUG = Some("true")
[INFO] [stderr]   CARGO_CFG_TARGET_FEATURE = Some("fxsr,sse,sse2")
[INFO] [stderr]   running: "cc" "-O0" "-ffunction-sections" "-fdata-sections" "-fPIC" "-g" "-fno-omit-frame-pointer" "-m64" "-I" "tree-sitter-c-sharp/src" "-Wall" "-Wextra" "-o" "/opt/rustwide/target/debug/build/tree-search-b6896160eecb5038/out/tree-sitter-c-sharp/src/parser.o" "-c" "tree-sitter-c-sharp/src/parser.c"
[INFO] [stderr]   cargo:warning=cc1: fatal error: tree-sitter-c-sharp/src/parser.c: No such file or directory
[INFO] [stderr]   cargo:warning=compilation terminated.
[INFO] [stderr]   exit status: 1
[INFO] [stderr] 
[INFO] [stderr]   --- stderr
[INFO] [stderr] 
[INFO] [stderr] 
[INFO] [stderr]   error occurred: Command "cc" "-O0" "-ffunction-sections" "-fdata-sections" "-fPIC" "-g" "-fno-omit-frame-pointer" "-m64" "-I" "tree-sitter-c-sharp/src" "-Wall" "-Wextra" "-o" "/opt/rustwide/target/debug/build/tree-search-b6896160eecb5038/out/tree-sitter-c-sharp/src/parser.o" "-c" "tree-sitter-c-sharp/src/parser.c" with args "cc" did not execute successfully (status code exit status: 1).
[INFO] [stderr] 
[INFO] [stderr] 
[INFO] [stderr] warning: build failed, waiting for other jobs to finish...
[INFO] running `Command { std: "docker" "inspect" "a0e783374e8650d65d651293b605680cfb9cab74b4d14d19f45c73bd5203e5ff", kill_on_drop: false }`
[INFO] running `Command { std: "docker" "rm" "-f" "a0e783374e8650d65d651293b605680cfb9cab74b4d14d19f45c73bd5203e5ff", kill_on_drop: false }`
[INFO] [stdout] a0e783374e8650d65d651293b605680cfb9cab74b4d14d19f45c73bd5203e5ff
[INFO] documenting Kleptine/csharp-semantic-search against beta-2023-12-22 for beta-1.76-rustdoc-1
[INFO] running `Command { std: "git" "clone" "/workspace/cache/git-repos/https%3A%2F%2Fgithub.com%2FKleptine%2Fcsharp-semantic-search" "/workspace/builds/worker-5-tc2/source", kill_on_drop: false }`
[INFO] [stderr] Cloning into '/workspace/builds/worker-5-tc2/source'...
[INFO] [stderr] done.
[INFO] validating manifest of git repo https://github.com/Kleptine/csharp-semantic-search on toolchain beta-2023-12-22
[INFO] running `Command { std: CARGO_HOME="/workspace/cargo-home" RUSTUP_HOME="/workspace/rustup-home" "/workspace/cargo-home/bin/cargo" "+beta-2023-12-22" "metadata" "--manifest-path" "Cargo.toml" "--no-deps", kill_on_drop: false }`
[INFO] started tweaking git repo https://github.com/Kleptine/csharp-semantic-search
[INFO] finished tweaking git repo https://github.com/Kleptine/csharp-semantic-search
[INFO] tweaked toml for git repo https://github.com/Kleptine/csharp-semantic-search written to /workspace/builds/worker-5-tc2/source/Cargo.toml
[INFO] crate git repo https://github.com/Kleptine/csharp-semantic-search already has a lockfile, it will not be regenerated
[INFO] running `Command { std: CARGO_HOME="/workspace/cargo-home" RUSTUP_HOME="/workspace/rustup-home" "/workspace/cargo-home/bin/cargo" "+beta-2023-12-22" "fetch" "--manifest-path" "Cargo.toml", kill_on_drop: false }`
[INFO] running `Command { std: "docker" "create" "-v" "/var/lib/crater-agent-workspace/builds/worker-5-tc2/target:/opt/rustwide/target:rw,Z" "-v" "/var/lib/crater-agent-workspace/builds/worker-5-tc2/source:/opt/rustwide/workdir:ro,Z" "-v" "/var/lib/crater-agent-workspace/cargo-home:/opt/rustwide/cargo-home:ro,Z" "-v" "/var/lib/crater-agent-workspace/rustup-home:/opt/rustwide/rustup-home:ro,Z" "-e" "SOURCE_DIR=/opt/rustwide/workdir" "-e" "CARGO_TARGET_DIR=/opt/rustwide/target" "-e" "CARGO_HOME=/opt/rustwide/cargo-home" "-e" "RUSTUP_HOME=/opt/rustwide/rustup-home" "-w" "/opt/rustwide/workdir" "-m" "1610612736" "--user" "0:0" "--network" "none" "ghcr.io/rust-lang/crates-build-env/linux@sha256:2788e3201cd34a07e3172128adcd8b3090168a8e3bcc40d7c032b9dda1df7d1c" "/opt/rustwide/cargo-home/bin/cargo" "+beta-2023-12-22" "metadata" "--no-deps" "--format-version=1", kill_on_drop: false }`
[INFO] [stdout] 5e8ee7cbd3333f702b578686eedfdd8855114aa4ea8efa8b4e73e5ebb16ff1b3
[INFO] running `Command { std: "docker" "start" "-a" "5e8ee7cbd3333f702b578686eedfdd8855114aa4ea8efa8b4e73e5ebb16ff1b3", kill_on_drop: false }`
[INFO] running `Command { std: "docker" "inspect" "5e8ee7cbd3333f702b578686eedfdd8855114aa4ea8efa8b4e73e5ebb16ff1b3", kill_on_drop: false }`
[INFO] running `Command { std: "docker" "rm" "-f" "5e8ee7cbd3333f702b578686eedfdd8855114aa4ea8efa8b4e73e5ebb16ff1b3", kill_on_drop: false }`
[INFO] [stdout] 5e8ee7cbd3333f702b578686eedfdd8855114aa4ea8efa8b4e73e5ebb16ff1b3
[INFO] running `Command { std: "docker" "create" "-v" "/var/lib/crater-agent-workspace/builds/worker-5-tc2/target:/opt/rustwide/target:rw,Z" "-v" "/var/lib/crater-agent-workspace/builds/worker-5-tc2/source:/opt/rustwide/workdir:ro,Z" "-v" "/var/lib/crater-agent-workspace/cargo-home:/opt/rustwide/cargo-home:ro,Z" "-v" "/var/lib/crater-agent-workspace/rustup-home:/opt/rustwide/rustup-home:ro,Z" "-e" "SOURCE_DIR=/opt/rustwide/workdir" "-e" "CARGO_TARGET_DIR=/opt/rustwide/target" "-e" "CARGO_INCREMENTAL=0" "-e" "RUST_BACKTRACE=full" "-e" "RUSTFLAGS=--cap-lints=warn" "-e" "RUSTDOCFLAGS=--cap-lints=warn" "-e" "CARGO_HOME=/opt/rustwide/cargo-home" "-e" "RUSTUP_HOME=/opt/rustwide/rustup-home" "-w" "/opt/rustwide/workdir" "-m" "1610612736" "--user" "0:0" "--network" "none" "ghcr.io/rust-lang/crates-build-env/linux@sha256:2788e3201cd34a07e3172128adcd8b3090168a8e3bcc40d7c032b9dda1df7d1c" "/opt/rustwide/cargo-home/bin/cargo" "+beta-2023-12-22" "doc" "--frozen" "--no-deps" "--document-private-items" "--message-format=json", kill_on_drop: false }`
[INFO] [stdout] 8ee4f96626eb3272543510ed24c6055fb4b92b4096a8e955a17107057a8d212b
[INFO] running `Command { std: "docker" "start" "-a" "8ee4f96626eb3272543510ed24c6055fb4b92b4096a8e955a17107057a8d212b", kill_on_drop: false }`
[INFO] [stderr]    Compiling libc v0.2.137
[INFO] [stderr]    Compiling cc v1.0.76
[INFO] [stderr]    Compiling proc-macro2 v1.0.47
[INFO] [stderr]    Compiling crossbeam-utils v0.8.13
[INFO] [stderr]    Compiling unicode-ident v1.0.5
[INFO] [stderr]    Compiling quote v1.0.21
[INFO] [stderr]    Compiling crossbeam-epoch v0.9.12
[INFO] [stderr]    Compiling syn v1.0.103
[INFO] [stderr]    Compiling rayon-core v1.10.1
[INFO] [stderr]     Checking gimli v0.26.2
[INFO] [stderr]     Checking miniz_oxide v0.5.4
[INFO] [stderr]     Checking aho-corasick v0.7.19
[INFO] [stderr]     Checking object v0.29.0
[INFO] [stderr]     Checking rustc-demangle v0.1.21
[INFO] [stderr]     Checking num_cpus v1.14.0
[INFO] [stderr]     Checking crossbeam-deque v0.8.2
[INFO] [stderr]     Checking crossbeam-channel v0.5.6
[INFO] [stderr]     Checking regex-syntax v0.6.28
[INFO] [stderr]    Compiling heck v0.4.0
[INFO] [stderr]    Compiling anyhow v1.0.66
[INFO] [stderr]    Compiling proc-macro-error-attr v1.0.4
[INFO] [stderr]    Compiling backtrace v0.3.66
[INFO] [stderr]    Compiling tree-sitter v0.20.9
[INFO] [stderr]     Checking os_str_bytes v6.4.0
[INFO] [stderr]     Checking clap_lex v0.3.0
[INFO] [stderr]    Compiling tree-search v0.1.0 (/opt/rustwide/workdir)
[INFO] [stderr]     Checking atty v0.2.14
[INFO] [stderr]     Checking termcolor v1.1.3
[INFO] [stderr]     Checking either v1.8.0
[INFO] [stderr]     Checking once_cell v1.16.0
[INFO] [stderr] The following warnings were emitted during compilation:
[INFO] [stderr] 
[INFO] [stderr] warning: tree-search@0.1.0: cc1: fatal error: tree-sitter-c-sharp/src/parser.c: No such file or directory
[INFO] [stderr] warning: tree-search@0.1.0: compilation terminated.
[INFO] [stderr] 
[INFO] [stderr] error: failed to run custom build command for `tree-search v0.1.0 (/opt/rustwide/workdir)`
[INFO] [stderr] note: To improve backtraces for build dependencies, set the CARGO_PROFILE_DEV_BUILD_OVERRIDE_DEBUG=true environment variable to enable debug information generation.
[INFO] [stderr] 
[INFO] [stderr] Caused by:
[INFO] [stderr]   process didn't exit successfully: `/opt/rustwide/target/debug/build/tree-search-b856b1aab3b09dbc/build-script-build` (exit status: 1)
[INFO] [stderr]   --- stdout
[INFO] [stderr]   TARGET = Some("x86_64-unknown-linux-gnu")
[INFO] [stderr]   OPT_LEVEL = Some("0")
[INFO] [stderr]   HOST = Some("x86_64-unknown-linux-gnu")
[INFO] [stderr]   cargo:rerun-if-env-changed=CC_x86_64-unknown-linux-gnu
[INFO] [stderr]   CC_x86_64-unknown-linux-gnu = None
[INFO] [stderr]   cargo:rerun-if-env-changed=CC_x86_64_unknown_linux_gnu
[INFO] [stderr]   CC_x86_64_unknown_linux_gnu = None
[INFO] [stderr]   cargo:rerun-if-env-changed=HOST_CC
[INFO] [stderr]   HOST_CC = None
[INFO] [stderr]   cargo:rerun-if-env-changed=CC
[INFO] [stderr]   CC = None
[INFO] [stderr]   cargo:rerun-if-env-changed=CFLAGS_x86_64-unknown-linux-gnu
[INFO] [stderr]   CFLAGS_x86_64-unknown-linux-gnu = None
[INFO] [stderr]   cargo:rerun-if-env-changed=CFLAGS_x86_64_unknown_linux_gnu
[INFO] [stderr]   CFLAGS_x86_64_unknown_linux_gnu = None
[INFO] [stderr]   cargo:rerun-if-env-changed=HOST_CFLAGS
[INFO] [stderr]   HOST_CFLAGS = None
[INFO] [stderr]   cargo:rerun-if-env-changed=CFLAGS
[INFO] [stderr]   CFLAGS = None
[INFO] [stderr]   cargo:rerun-if-env-changed=CRATE_CC_NO_DEFAULTS
[INFO] [stderr]   CRATE_CC_NO_DEFAULTS = None
[INFO] [stderr]   DEBUG = Some("true")
[INFO] [stderr]   CARGO_CFG_TARGET_FEATURE = Some("fxsr,sse,sse2")
[INFO] [stderr]   running: "cc" "-O0" "-ffunction-sections" "-fdata-sections" "-fPIC" "-g" "-fno-omit-frame-pointer" "-m64" "-I" "tree-sitter-c-sharp/src" "-Wall" "-Wextra" "-o" "/opt/rustwide/target/debug/build/tree-search-30ff38f5adfe05ad/out/tree-sitter-c-sharp/src/parser.o" "-c" "tree-sitter-c-sharp/src/parser.c"
[INFO] [stderr]   cargo:warning=cc1: fatal error: tree-sitter-c-sharp/src/parser.c: No such file or directory
[INFO] [stderr]   cargo:warning=compilation terminated.
[INFO] [stderr]   exit status: 1
[INFO] [stderr] 
[INFO] [stderr]   --- stderr
[INFO] [stderr] 
[INFO] [stderr] 
[INFO] [stderr]   error occurred: Command "cc" "-O0" "-ffunction-sections" "-fdata-sections" "-fPIC" "-g" "-fno-omit-frame-pointer" "-m64" "-I" "tree-sitter-c-sharp/src" "-Wall" "-Wextra" "-o" "/opt/rustwide/target/debug/build/tree-search-30ff38f5adfe05ad/out/tree-sitter-c-sharp/src/parser.o" "-c" "tree-sitter-c-sharp/src/parser.c" with args "cc" did not execute successfully (status code exit status: 1).
[INFO] [stderr] 
[INFO] [stderr] 
[INFO] [stderr] warning: build failed, waiting for other jobs to finish...
[INFO] running `Command { std: "docker" "inspect" "8ee4f96626eb3272543510ed24c6055fb4b92b4096a8e955a17107057a8d212b", kill_on_drop: false }`
[INFO] running `Command { std: "docker" "rm" "-f" "8ee4f96626eb3272543510ed24c6055fb4b92b4096a8e955a17107057a8d212b", kill_on_drop: false }`
[INFO] [stdout] 8ee4f96626eb3272543510ed24c6055fb4b92b4096a8e955a17107057a8d212b
