[INFO] cloning repository https://github.com/KiraCoding/chip
[INFO] running `Command { std: "git" "-c" "credential.helper=" "-c" "credential.helper=/workspace/cargo-home/bin/git-credential-null" "clone" "--bare" "https://github.com/KiraCoding/chip" "/workspace/cache/git-repos/https%3A%2F%2Fgithub.com%2FKiraCoding%2Fchip", kill_on_drop: false }`
[INFO] [stderr] Cloning into bare repository '/workspace/cache/git-repos/https%3A%2F%2Fgithub.com%2FKiraCoding%2Fchip'...
[INFO] running `Command { std: "git" "rev-parse" "HEAD", kill_on_drop: false }`
[INFO] [stdout] 48bd204184970b9cbeb38b8e9310b54565cd3af0
[INFO] documenting KiraCoding/chip against 1.75.0 for beta-1.76-rustdoc-1
[INFO] running `Command { std: "git" "clone" "/workspace/cache/git-repos/https%3A%2F%2Fgithub.com%2FKiraCoding%2Fchip" "/workspace/builds/worker-2-tc1/source", kill_on_drop: false }`
[INFO] [stderr] Cloning into '/workspace/builds/worker-2-tc1/source'...
[INFO] [stderr] done.
[INFO] validating manifest of git repo https://github.com/KiraCoding/chip on toolchain 1.75.0
[INFO] running `Command { std: CARGO_HOME="/workspace/cargo-home" RUSTUP_HOME="/workspace/rustup-home" "/workspace/cargo-home/bin/cargo" "+1.75.0" "metadata" "--manifest-path" "Cargo.toml" "--no-deps", kill_on_drop: false }`
[INFO] removed /workspace/builds/worker-2-tc1/source/.cargo/config.toml
[INFO] removed /workspace/builds/worker-2-tc1/source/rust-toolchain.toml
[INFO] started tweaking git repo https://github.com/KiraCoding/chip
[INFO] finished tweaking git repo https://github.com/KiraCoding/chip
[INFO] tweaked toml for git repo https://github.com/KiraCoding/chip written to /workspace/builds/worker-2-tc1/source/Cargo.toml
[INFO] crate git repo https://github.com/KiraCoding/chip already has a lockfile, it will not be regenerated
[INFO] running `Command { std: CARGO_HOME="/workspace/cargo-home" RUSTUP_HOME="/workspace/rustup-home" "/workspace/cargo-home/bin/cargo" "+1.75.0" "fetch" "--manifest-path" "Cargo.toml", kill_on_drop: false }`
[INFO] running `Command { std: "docker" "create" "-v" "/var/lib/crater-agent-workspace/builds/worker-2-tc1/target:/opt/rustwide/target:rw,Z" "-v" "/var/lib/crater-agent-workspace/builds/worker-2-tc1/source:/opt/rustwide/workdir:ro,Z" "-v" "/var/lib/crater-agent-workspace/cargo-home:/opt/rustwide/cargo-home:ro,Z" "-v" "/var/lib/crater-agent-workspace/rustup-home:/opt/rustwide/rustup-home:ro,Z" "-e" "SOURCE_DIR=/opt/rustwide/workdir" "-e" "CARGO_TARGET_DIR=/opt/rustwide/target" "-e" "CARGO_HOME=/opt/rustwide/cargo-home" "-e" "RUSTUP_HOME=/opt/rustwide/rustup-home" "-w" "/opt/rustwide/workdir" "-m" "1610612736" "--user" "0:0" "--network" "none" "ghcr.io/rust-lang/crates-build-env/linux@sha256:2788e3201cd34a07e3172128adcd8b3090168a8e3bcc40d7c032b9dda1df7d1c" "/opt/rustwide/cargo-home/bin/cargo" "+1.75.0" "metadata" "--no-deps" "--format-version=1", kill_on_drop: false }`
[INFO] [stdout] ef6b42f591b907ae4712bd846a95a3f82d5684f39b2f2980055dfd74d917cc46
[INFO] running `Command { std: "docker" "start" "-a" "ef6b42f591b907ae4712bd846a95a3f82d5684f39b2f2980055dfd74d917cc46", kill_on_drop: false }`
[INFO] running `Command { std: "docker" "inspect" "ef6b42f591b907ae4712bd846a95a3f82d5684f39b2f2980055dfd74d917cc46", kill_on_drop: false }`
[INFO] running `Command { std: "docker" "rm" "-f" "ef6b42f591b907ae4712bd846a95a3f82d5684f39b2f2980055dfd74d917cc46", kill_on_drop: false }`
[INFO] [stdout] ef6b42f591b907ae4712bd846a95a3f82d5684f39b2f2980055dfd74d917cc46
[INFO] running `Command { std: "docker" "create" "-v" "/var/lib/crater-agent-workspace/builds/worker-2-tc1/target:/opt/rustwide/target:rw,Z" "-v" "/var/lib/crater-agent-workspace/builds/worker-2-tc1/source:/opt/rustwide/workdir:ro,Z" "-v" "/var/lib/crater-agent-workspace/cargo-home:/opt/rustwide/cargo-home:ro,Z" "-v" "/var/lib/crater-agent-workspace/rustup-home:/opt/rustwide/rustup-home:ro,Z" "-e" "SOURCE_DIR=/opt/rustwide/workdir" "-e" "CARGO_TARGET_DIR=/opt/rustwide/target" "-e" "CARGO_INCREMENTAL=0" "-e" "RUST_BACKTRACE=full" "-e" "RUSTFLAGS=--cap-lints=warn" "-e" "RUSTDOCFLAGS=--cap-lints=warn" "-e" "CARGO_HOME=/opt/rustwide/cargo-home" "-e" "RUSTUP_HOME=/opt/rustwide/rustup-home" "-w" "/opt/rustwide/workdir" "-m" "1610612736" "--user" "0:0" "--network" "none" "ghcr.io/rust-lang/crates-build-env/linux@sha256:2788e3201cd34a07e3172128adcd8b3090168a8e3bcc40d7c032b9dda1df7d1c" "/opt/rustwide/cargo-home/bin/cargo" "+1.75.0" "doc" "--frozen" "--no-deps" "--document-private-items" "--message-format=json", kill_on_drop: false }`
[INFO] [stdout] 4a1d437a86e4407421473e7e6b022d59384a5af6c032d51b152599485c115583
[INFO] running `Command { std: "docker" "start" "-a" "4a1d437a86e4407421473e7e6b022d59384a5af6c032d51b152599485c115583", kill_on_drop: false }`
[INFO] [stderr]    Compiling libc v0.2.149
[INFO] [stderr]     Checking smallvec v1.11.1
[INFO] [stderr]     Checking libloading v0.8.1
[INFO] [stderr]    Compiling xml-rs v0.8.19
[INFO] [stderr]     Checking bytemuck v1.14.0
[INFO] [stderr]    Compiling wayland-sys v0.29.5
[INFO] [stderr]    Compiling num-traits v0.2.17
[INFO] [stderr]    Compiling ahash v0.8.5
[INFO] [stderr]     Checking zerocopy v0.7.31
[INFO] [stderr]     Checking bitflags v2.4.1
[INFO] [stderr]     Checking either v1.9.0
[INFO] [stderr]     Checking arrayvec v0.7.4
[INFO] [stderr]    Compiling syn v2.0.38
[INFO] [stderr]     Checking allocator-api2 v0.2.16
[INFO] [stderr]     Checking termcolor v1.3.0
[INFO] [stderr]    Compiling ash v0.37.3+1.3.251
[INFO] [stderr]     Checking dlib v0.5.2
[INFO] [stderr]     Checking memchr v2.6.4
[INFO] [stderr]    Compiling khronos-egl v4.1.0
[INFO] [stderr]     Checking itertools v0.11.0
[INFO] [stderr]     Checking unicode-width v0.1.11
[INFO] [stderr]     Checking bit-vec v0.6.3
[INFO] [stderr]     Checking gpu-descriptor-types v0.1.2
[INFO] [stderr]    Compiling alsa-sys v0.3.1
[INFO] [stderr]     Checking codespan-reporting v0.11.1
[INFO] [stderr]     Checking gpu-alloc-types v0.2.0
[INFO] [stderr]     Checking rustc-hash v1.1.0
[INFO] [stderr]     Checking unicode-xid v0.2.4
[INFO] [stderr]     Checking bit-set v0.5.3
[INFO] [stderr]     Checking hexf-parse v0.2.1
[INFO] [stderr]     Checking flate2 v1.0.28
[INFO] [stderr]     Checking wgpu-types v0.16.1
[INFO] [stderr]     Checking gpu-alloc v0.5.4
[INFO] [stderr]    Compiling smithay-client-toolkit v0.16.1
[INFO] [stderr]     Checking strict-num v0.1.1
[INFO] [stderr]     Checking utf8parse v0.2.1
[INFO] [stderr]     Checking hashbrown v0.14.2
[INFO] [stderr]    Compiling wayland-scanner v0.29.5
[INFO] [stderr]     Checking ttf-parser v0.19.2
[INFO] [stderr]     Checking glow v0.12.3
[INFO] [stderr]     Checking profiling v1.0.11
[INFO] [stderr]     Checking nom v7.1.3
[INFO] [stderr]     Checking renderdoc-sys v1.0.0
[INFO] [stderr]     Checking png v0.17.10
[INFO] [stderr]     Checking tiny-skia-path v0.8.4
[INFO] [stderr]     Checking anstyle-parse v0.2.3
[INFO] [stderr]     Checking safe_arch v0.7.1
[INFO] [stderr]     Checking anstyle-query v1.0.2
[INFO] [stderr]    Compiling cfg_aliases v0.1.1
[INFO] [stderr]     Checking unicode-ident v1.0.12
[INFO] [stderr]    Compiling cpal v0.15.2
[INFO] [stderr]     Checking colorchoice v1.0.0
[INFO] [stderr]     Checking anstyle v1.0.4
[INFO] [stderr]     Checking gpu-descriptor v0.2.4
[INFO] [stderr]     Checking wide v0.7.13
[INFO] [stderr]     Checking proc-macro2 v1.0.69
[INFO] [stderr]     Checking tiny-skia v0.8.4
[INFO] [stderr]     Checking dasp_sample v0.11.0
[INFO] [stderr]    Compiling anyhow v1.0.75
[INFO] [stderr]     Checking anstream v0.6.5
[INFO] [stderr]     Checking static_assertions v1.1.0
[INFO] [stderr]     Checking clap_lex v0.6.0
[INFO] [stderr]     Checking pollster v0.3.0
[INFO] [stderr]     Checking spirv v0.2.0+1.5.4
[INFO] [stderr]     Checking clap_builder v4.4.11
[INFO] [stderr]  Documenting chip_format v0.1.0 (/opt/rustwide/workdir/chip_format)
[INFO] [stderr]     Checking chip_lexer v0.1.0 (/opt/rustwide/workdir/chip_lexer)
[INFO] [stderr]  Documenting chip_lexer v0.1.0 (/opt/rustwide/workdir/chip_lexer)
[INFO] [stderr]     Checking quote v1.0.33
[INFO] [stderr]     Checking nix v0.24.3
[INFO] [stderr]     Checking parking_lot_core v0.9.9
[INFO] [stderr]     Checking getrandom v0.2.10
[INFO] [stderr]     Checking nix v0.25.1
[INFO] [stderr]     Checking rand_core v0.6.4
[INFO] [stderr]    Compiling wayland-client v0.29.5
[INFO] [stderr]     Checking parking_lot v0.12.1
[INFO] [stderr]    Compiling wayland-protocols v0.29.5
[INFO] [stderr]     Checking rand_chacha v0.3.1
[INFO] [stderr]     Checking memmap2 v0.5.10
[INFO] [stderr]     Checking owned_ttf_parser v0.19.0
[INFO] [stderr]     Checking rand v0.8.5
[INFO] [stderr]    Compiling winit v0.28.7
[INFO] [stderr]     Checking chip_assembler v0.1.0 (/opt/rustwide/workdir/chip_assembler)
[INFO] [stderr]     Checking xcursor v0.3.4
[INFO] [stdout] error[E0554]: `#![feature]` may not be used on the stable release channel
[INFO] [stdout]  --> chip_assembler/src/lib.rs:2:12
[INFO] [stdout]   |
[INFO] [stdout] 2 | #![feature(error_in_core)]
[INFO] [stdout]   |            ^^^^^^^^^^^^^
[INFO] [stdout] 
[INFO] [stdout] 
[INFO] [stderr]     Checking num_cpus v1.16.0
[INFO] [stdout] error: aborting due to previous error
[INFO] [stdout] 
[INFO] [stdout] 
[INFO] [stdout] For more information about this error, try `rustc --explain E0554`.
[INFO] [stdout] 
[INFO] [stderr] error: could not compile `chip_assembler` (lib) due to 2 previous errors
[INFO] [stderr] warning: build failed, waiting for other jobs to finish...
[INFO] running `Command { std: "docker" "inspect" "4a1d437a86e4407421473e7e6b022d59384a5af6c032d51b152599485c115583", kill_on_drop: false }`
[INFO] running `Command { std: "docker" "rm" "-f" "4a1d437a86e4407421473e7e6b022d59384a5af6c032d51b152599485c115583", kill_on_drop: false }`
[INFO] [stdout] 4a1d437a86e4407421473e7e6b022d59384a5af6c032d51b152599485c115583
[INFO] documenting KiraCoding/chip against beta-2023-12-22 for beta-1.76-rustdoc-1
[INFO] running `Command { std: "git" "clone" "/workspace/cache/git-repos/https%3A%2F%2Fgithub.com%2FKiraCoding%2Fchip" "/workspace/builds/worker-2-tc2/source", kill_on_drop: false }`
[INFO] [stderr] Cloning into '/workspace/builds/worker-2-tc2/source'...
[INFO] [stderr] done.
[INFO] validating manifest of git repo https://github.com/KiraCoding/chip on toolchain beta-2023-12-22
[INFO] running `Command { std: CARGO_HOME="/workspace/cargo-home" RUSTUP_HOME="/workspace/rustup-home" "/workspace/cargo-home/bin/cargo" "+beta-2023-12-22" "metadata" "--manifest-path" "Cargo.toml" "--no-deps", kill_on_drop: false }`
[INFO] removed /workspace/builds/worker-2-tc2/source/.cargo/config.toml
[INFO] removed /workspace/builds/worker-2-tc2/source/rust-toolchain.toml
[INFO] started tweaking git repo https://github.com/KiraCoding/chip
[INFO] finished tweaking git repo https://github.com/KiraCoding/chip
[INFO] tweaked toml for git repo https://github.com/KiraCoding/chip written to /workspace/builds/worker-2-tc2/source/Cargo.toml
[INFO] crate git repo https://github.com/KiraCoding/chip already has a lockfile, it will not be regenerated
[INFO] running `Command { std: CARGO_HOME="/workspace/cargo-home" RUSTUP_HOME="/workspace/rustup-home" "/workspace/cargo-home/bin/cargo" "+beta-2023-12-22" "fetch" "--manifest-path" "Cargo.toml", kill_on_drop: false }`
[INFO] running `Command { std: "docker" "create" "-v" "/var/lib/crater-agent-workspace/builds/worker-2-tc2/target:/opt/rustwide/target:rw,Z" "-v" "/var/lib/crater-agent-workspace/builds/worker-2-tc2/source:/opt/rustwide/workdir:ro,Z" "-v" "/var/lib/crater-agent-workspace/cargo-home:/opt/rustwide/cargo-home:ro,Z" "-v" "/var/lib/crater-agent-workspace/rustup-home:/opt/rustwide/rustup-home:ro,Z" "-e" "SOURCE_DIR=/opt/rustwide/workdir" "-e" "CARGO_TARGET_DIR=/opt/rustwide/target" "-e" "CARGO_HOME=/opt/rustwide/cargo-home" "-e" "RUSTUP_HOME=/opt/rustwide/rustup-home" "-w" "/opt/rustwide/workdir" "-m" "1610612736" "--user" "0:0" "--network" "none" "ghcr.io/rust-lang/crates-build-env/linux@sha256:2788e3201cd34a07e3172128adcd8b3090168a8e3bcc40d7c032b9dda1df7d1c" "/opt/rustwide/cargo-home/bin/cargo" "+beta-2023-12-22" "metadata" "--no-deps" "--format-version=1", kill_on_drop: false }`
[INFO] [stdout] 9a747f0ea659092ae7200c9967aa890d5afd1483dfae2fdeee759ba6469c02fd
[INFO] running `Command { std: "docker" "start" "-a" "9a747f0ea659092ae7200c9967aa890d5afd1483dfae2fdeee759ba6469c02fd", kill_on_drop: false }`
[INFO] running `Command { std: "docker" "inspect" "9a747f0ea659092ae7200c9967aa890d5afd1483dfae2fdeee759ba6469c02fd", kill_on_drop: false }`
[INFO] running `Command { std: "docker" "rm" "-f" "9a747f0ea659092ae7200c9967aa890d5afd1483dfae2fdeee759ba6469c02fd", kill_on_drop: false }`
[INFO] [stdout] 9a747f0ea659092ae7200c9967aa890d5afd1483dfae2fdeee759ba6469c02fd
[INFO] running `Command { std: "docker" "create" "-v" "/var/lib/crater-agent-workspace/builds/worker-2-tc2/target:/opt/rustwide/target:rw,Z" "-v" "/var/lib/crater-agent-workspace/builds/worker-2-tc2/source:/opt/rustwide/workdir:ro,Z" "-v" "/var/lib/crater-agent-workspace/cargo-home:/opt/rustwide/cargo-home:ro,Z" "-v" "/var/lib/crater-agent-workspace/rustup-home:/opt/rustwide/rustup-home:ro,Z" "-e" "SOURCE_DIR=/opt/rustwide/workdir" "-e" "CARGO_TARGET_DIR=/opt/rustwide/target" "-e" "CARGO_INCREMENTAL=0" "-e" "RUST_BACKTRACE=full" "-e" "RUSTFLAGS=--cap-lints=warn" "-e" "RUSTDOCFLAGS=--cap-lints=warn" "-e" "CARGO_HOME=/opt/rustwide/cargo-home" "-e" "RUSTUP_HOME=/opt/rustwide/rustup-home" "-w" "/opt/rustwide/workdir" "-m" "1610612736" "--user" "0:0" "--network" "none" "ghcr.io/rust-lang/crates-build-env/linux@sha256:2788e3201cd34a07e3172128adcd8b3090168a8e3bcc40d7c032b9dda1df7d1c" "/opt/rustwide/cargo-home/bin/cargo" "+beta-2023-12-22" "doc" "--frozen" "--no-deps" "--document-private-items" "--message-format=json", kill_on_drop: false }`
[INFO] [stdout] 3740fa41253e0d6974f0500ce95e856b9947ca7ee39e9fc880e5714b7f024084
[INFO] running `Command { std: "docker" "start" "-a" "3740fa41253e0d6974f0500ce95e856b9947ca7ee39e9fc880e5714b7f024084", kill_on_drop: false }`
[INFO] [stderr]    Compiling libc v0.2.149
[INFO] [stderr]     Checking smallvec v1.11.1
[INFO] [stderr]     Checking libloading v0.8.1
[INFO] [stderr]    Compiling xml-rs v0.8.19
[INFO] [stderr]    Compiling wayland-sys v0.29.5
[INFO] [stderr]    Compiling num-traits v0.2.17
[INFO] [stderr]    Compiling ahash v0.8.5
[INFO] [stderr]     Checking bytemuck v1.14.0
[INFO] [stderr]     Checking zerocopy v0.7.31
[INFO] [stderr]     Checking bitflags v2.4.1
[INFO] [stderr]     Checking either v1.9.0
[INFO] [stderr]     Checking arrayvec v0.7.4
[INFO] [stderr]    Compiling syn v2.0.38
[INFO] [stderr]     Checking termcolor v1.3.0
[INFO] [stderr]     Checking unicode-width v0.1.11
[INFO] [stderr]     Checking bit-vec v0.6.3
[INFO] [stderr]    Compiling khronos-egl v4.1.0
[INFO] [stderr]     Checking dlib v0.5.2
[INFO] [stderr]     Checking allocator-api2 v0.2.16
[INFO] [stderr]     Checking itertools v0.11.0
[INFO] [stderr]    Compiling ash v0.37.3+1.3.251
[INFO] [stderr]     Checking memchr v2.6.4
[INFO] [stderr]     Checking gpu-descriptor-types v0.1.2
[INFO] [stderr]     Checking bit-set v0.5.3
[INFO] [stderr]     Checking codespan-reporting v0.11.1
[INFO] [stderr]     Checking gpu-alloc-types v0.2.0
[INFO] [stderr]    Compiling alsa-sys v0.3.1
[INFO] [stderr]     Checking hexf-parse v0.2.1
[INFO] [stderr]     Checking unicode-xid v0.2.4
[INFO] [stderr]     Checking rustc-hash v1.1.0
[INFO] [stderr]     Checking gpu-alloc v0.5.4
[INFO] [stderr]     Checking flate2 v1.0.28
[INFO] [stderr]     Checking wgpu-types v0.16.1
[INFO] [stderr]    Compiling smithay-client-toolkit v0.16.1
[INFO] [stderr]     Checking utf8parse v0.2.1
[INFO] [stderr]     Checking glow v0.12.3
[INFO] [stderr]     Checking ttf-parser v0.19.2
[INFO] [stderr]     Checking hashbrown v0.14.2
[INFO] [stderr]     Checking renderdoc-sys v1.0.0
[INFO] [stderr]     Checking profiling v1.0.11
[INFO] [stderr]     Checking strict-num v0.1.1
[INFO] [stderr]     Checking anstyle-parse v0.2.3
[INFO] [stderr]     Checking safe_arch v0.7.1
[INFO] [stderr]    Compiling cfg_aliases v0.1.1
[INFO] [stderr]    Compiling wayland-scanner v0.29.5
[INFO] [stderr]     Checking nom v7.1.3
[INFO] [stderr]     Checking tiny-skia-path v0.8.4
[INFO] [stderr]     Checking png v0.17.10
[INFO] [stderr]     Checking anstyle v1.0.4
[INFO] [stderr]     Checking anstyle-query v1.0.2
[INFO] [stderr]     Checking unicode-ident v1.0.12
[INFO] [stderr]    Compiling cpal v0.15.2
[INFO] [stderr]     Checking gpu-descriptor v0.2.4
[INFO] [stderr]     Checking colorchoice v1.0.0
[INFO] [stderr]     Checking anstream v0.6.5
[INFO] [stderr]     Checking proc-macro2 v1.0.69
[INFO] [stderr]     Checking wide v0.7.13
[INFO] [stderr]     Checking clap_lex v0.6.0
[INFO] [stderr]     Checking dasp_sample v0.11.0
[INFO] [stderr]     Checking static_assertions v1.1.0
[INFO] [stderr]    Compiling anyhow v1.0.75
[INFO] [stderr]     Checking tiny-skia v0.8.4
[INFO] [stderr]     Checking clap_builder v4.4.11
[INFO] [stderr]     Checking pollster v0.3.0
[INFO] [stderr]     Checking chip_lexer v0.1.0 (/opt/rustwide/workdir/chip_lexer)
[INFO] [stderr]     Checking spirv v0.2.0+1.5.4
[INFO] [stderr]     Checking chip_assembler v0.1.0 (/opt/rustwide/workdir/chip_assembler)
[INFO] [stderr]  Documenting chip_assembler v0.1.0 (/opt/rustwide/workdir/chip_assembler)
[INFO] [stderr]     Checking quote v1.0.33
[INFO] [stdout] error[E0554]: `#![feature]` may not be used on the beta release channel
[INFO] [stdout]  --> chip_assembler/src/lib.rs:2:12
[INFO] [stdout]   |
[INFO] [stdout] 2 | #![feature(error_in_core)]
[INFO] [stdout]   |            ^^^^^^^^^^^^^
[INFO] [stdout] 
[INFO] [stdout] 
[INFO] [stdout] error[E0554]: `#![feature]` may not be used on the beta release channel
[INFO] [stdout]  --> chip_assembler/src/lib.rs:2:12
[INFO] [stdout]   |
[INFO] [stdout] 2 | #![feature(error_in_core)]
[INFO] [stdout]   |            ^^^^^^^^^^^^^
[INFO] [stdout] 
[INFO] [stdout] 
[INFO] [stderr]  Documenting chip_lexer v0.1.0 (/opt/rustwide/workdir/chip_lexer)
[INFO] [stdout] error: aborting due to 1 previous error
[INFO] [stdout] 
[INFO] [stdout] 
[INFO] [stdout] For more information about this error, try `rustc --explain E0554`.
[INFO] [stdout] 
[INFO] [stderr] error: could not compile `chip_assembler` (lib) due to 2 previous errors
[INFO] [stderr] warning: build failed, waiting for other jobs to finish...
[INFO] [stdout] error: aborting due to 1 previous error
[INFO] [stdout] 
[INFO] [stdout] 
[INFO] [stdout] For more information about this error, try `rustc --explain E0554`.
[INFO] [stdout] 
[INFO] [stderr] error: could not document `chip_assembler`
[INFO] [stderr] 
[INFO] [stderr] Caused by:
[INFO] [stderr]   process didn't exit successfully: `/opt/rustwide/rustup-home/toolchains/beta-2023-12-22-x86_64-unknown-linux-gnu/bin/rustdoc --edition=2021 --crate-type lib --crate-name chip_assembler chip_assembler/src/lib.rs -o /opt/rustwide/target/doc --error-format=json --json=diagnostic-rendered-ansi,artifacts,future-incompat --document-private-items -C metadata=baadd66029b50dac -L dependency=/opt/rustwide/target/debug/deps --extern chip_lexer=/opt/rustwide/target/debug/deps/libchip_lexer-3e9bb2508fe78007.rmeta --cap-lints=warn --crate-version 0.1.0` (exit status: 1)
[INFO] running `Command { std: "docker" "inspect" "3740fa41253e0d6974f0500ce95e856b9947ca7ee39e9fc880e5714b7f024084", kill_on_drop: false }`
[INFO] running `Command { std: "docker" "rm" "-f" "3740fa41253e0d6974f0500ce95e856b9947ca7ee39e9fc880e5714b7f024084", kill_on_drop: false }`
[INFO] [stdout] 3740fa41253e0d6974f0500ce95e856b9947ca7ee39e9fc880e5714b7f024084
