[INFO] cloning repository https://github.com/Kim-Dewelski/cc
[INFO] running `Command { std: "git" "-c" "credential.helper=" "-c" "credential.helper=/workspace/cargo-home/bin/git-credential-null" "clone" "--bare" "https://github.com/Kim-Dewelski/cc" "/workspace/cache/git-repos/https%3A%2F%2Fgithub.com%2FKim-Dewelski%2Fcc", kill_on_drop: false }`
[INFO] [stderr] Cloning into bare repository '/workspace/cache/git-repos/https%3A%2F%2Fgithub.com%2FKim-Dewelski%2Fcc'...
[INFO] running `Command { std: "git" "rev-parse" "HEAD", kill_on_drop: false }`
[INFO] [stdout] c9235f408a003ae84a2e072d881f48163faf0681
[INFO] documenting Kim-Dewelski/cc against 1.75.0 for beta-1.76-rustdoc-1
[INFO] running `Command { std: "git" "clone" "/workspace/cache/git-repos/https%3A%2F%2Fgithub.com%2FKim-Dewelski%2Fcc" "/workspace/builds/worker-2-tc1/source", kill_on_drop: false }`
[INFO] [stderr] Cloning into '/workspace/builds/worker-2-tc1/source'...
[INFO] [stderr] done.
[INFO] validating manifest of git repo https://github.com/Kim-Dewelski/cc on toolchain 1.75.0
[INFO] running `Command { std: CARGO_HOME="/workspace/cargo-home" RUSTUP_HOME="/workspace/rustup-home" "/workspace/cargo-home/bin/cargo" "+1.75.0" "metadata" "--manifest-path" "Cargo.toml" "--no-deps", kill_on_drop: false }`
[INFO] started tweaking git repo https://github.com/Kim-Dewelski/cc
[INFO] finished tweaking git repo https://github.com/Kim-Dewelski/cc
[INFO] tweaked toml for git repo https://github.com/Kim-Dewelski/cc written to /workspace/builds/worker-2-tc1/source/Cargo.toml
[INFO] crate git repo https://github.com/Kim-Dewelski/cc already has a lockfile, it will not be regenerated
[INFO] running `Command { std: CARGO_HOME="/workspace/cargo-home" RUSTUP_HOME="/workspace/rustup-home" "/workspace/cargo-home/bin/cargo" "+1.75.0" "fetch" "--manifest-path" "Cargo.toml", kill_on_drop: false }`
[INFO] [stderr] warning: virtual workspace defaulting to `resolver = "1"` despite one or more workspace members being on edition 2021 which implies `resolver = "2"`
[INFO] [stderr] note: to keep the current resolver, specify `workspace.resolver = "1"` in the workspace root's manifest
[INFO] [stderr] note: to use the edition 2021 resolver, specify `workspace.resolver = "2"` in the workspace root's manifest
[INFO] [stderr] note: for more details see https://doc.rust-lang.org/cargo/reference/resolver.html#resolver-versions
[INFO] [stderr]  Downloading crates ...
[INFO] [stderr]   Downloaded peeking_take_while v1.0.0
[INFO] running `Command { std: "docker" "create" "-v" "/var/lib/crater-agent-workspace/builds/worker-2-tc1/target:/opt/rustwide/target:rw,Z" "-v" "/var/lib/crater-agent-workspace/builds/worker-2-tc1/source:/opt/rustwide/workdir:ro,Z" "-v" "/var/lib/crater-agent-workspace/cargo-home:/opt/rustwide/cargo-home:ro,Z" "-v" "/var/lib/crater-agent-workspace/rustup-home:/opt/rustwide/rustup-home:ro,Z" "-e" "SOURCE_DIR=/opt/rustwide/workdir" "-e" "CARGO_TARGET_DIR=/opt/rustwide/target" "-e" "CARGO_HOME=/opt/rustwide/cargo-home" "-e" "RUSTUP_HOME=/opt/rustwide/rustup-home" "-w" "/opt/rustwide/workdir" "-m" "1610612736" "--user" "0:0" "--network" "none" "ghcr.io/rust-lang/crates-build-env/linux@sha256:2788e3201cd34a07e3172128adcd8b3090168a8e3bcc40d7c032b9dda1df7d1c" "/opt/rustwide/cargo-home/bin/cargo" "+1.75.0" "metadata" "--no-deps" "--format-version=1", kill_on_drop: false }`
[INFO] [stdout] 1b328a29abdf7fbcb228b028a9b83600ae6661d837102ecc3c0c1c07d82065e2
[INFO] running `Command { std: "docker" "start" "-a" "1b328a29abdf7fbcb228b028a9b83600ae6661d837102ecc3c0c1c07d82065e2", kill_on_drop: false }`
[INFO] running `Command { std: "docker" "inspect" "1b328a29abdf7fbcb228b028a9b83600ae6661d837102ecc3c0c1c07d82065e2", kill_on_drop: false }`
[INFO] running `Command { std: "docker" "rm" "-f" "1b328a29abdf7fbcb228b028a9b83600ae6661d837102ecc3c0c1c07d82065e2", kill_on_drop: false }`
[INFO] [stdout] 1b328a29abdf7fbcb228b028a9b83600ae6661d837102ecc3c0c1c07d82065e2
[INFO] running `Command { std: "docker" "create" "-v" "/var/lib/crater-agent-workspace/builds/worker-2-tc1/target:/opt/rustwide/target:rw,Z" "-v" "/var/lib/crater-agent-workspace/builds/worker-2-tc1/source:/opt/rustwide/workdir:ro,Z" "-v" "/var/lib/crater-agent-workspace/cargo-home:/opt/rustwide/cargo-home:ro,Z" "-v" "/var/lib/crater-agent-workspace/rustup-home:/opt/rustwide/rustup-home:ro,Z" "-e" "SOURCE_DIR=/opt/rustwide/workdir" "-e" "CARGO_TARGET_DIR=/opt/rustwide/target" "-e" "CARGO_INCREMENTAL=0" "-e" "RUST_BACKTRACE=full" "-e" "RUSTFLAGS=--cap-lints=warn" "-e" "RUSTDOCFLAGS=--cap-lints=warn" "-e" "CARGO_HOME=/opt/rustwide/cargo-home" "-e" "RUSTUP_HOME=/opt/rustwide/rustup-home" "-w" "/opt/rustwide/workdir" "-m" "1610612736" "--user" "0:0" "--network" "none" "ghcr.io/rust-lang/crates-build-env/linux@sha256:2788e3201cd34a07e3172128adcd8b3090168a8e3bcc40d7c032b9dda1df7d1c" "/opt/rustwide/cargo-home/bin/cargo" "+1.75.0" "doc" "--frozen" "--no-deps" "--document-private-items" "--message-format=json", kill_on_drop: false }`
[INFO] [stdout] f5910a98673914ffb48dbfd3fcbf55b420a1009b4c0ae0eefa924d8c44132507
[INFO] running `Command { std: "docker" "start" "-a" "f5910a98673914ffb48dbfd3fcbf55b420a1009b4c0ae0eefa924d8c44132507", kill_on_drop: false }`
[INFO] [stderr] warning: virtual workspace defaulting to `resolver = "1"` despite one or more workspace members being on edition 2021 which implies `resolver = "2"`
[INFO] [stderr] note: to keep the current resolver, specify `workspace.resolver = "1"` in the workspace root's manifest
[INFO] [stderr] note: to use the edition 2021 resolver, specify `workspace.resolver = "2"` in the workspace root's manifest
[INFO] [stderr] note: for more details see https://doc.rust-lang.org/cargo/reference/resolver.html#resolver-versions
[INFO] [stderr]     Checking peeking_take_while v1.0.0
[INFO] [stderr]     Checking parse v0.1.0 (/opt/rustwide/workdir/ccore/parse)
[INFO] [stderr]  Documenting parse v0.1.0 (/opt/rustwide/workdir/ccore/parse)
[INFO] [stdout] error[E0554]: `#![feature]` may not be used on the stable release channel
[INFO] [stdout]  --> ccore/parse/src/lib.rs:1:1
[INFO] [stdout]   |
[INFO] [stdout] 1 | #![feature(if_let_guard)]
[INFO] [stdout]   | ^^^^^^^^^^^^^^^^^^^^^^^^^
[INFO] [stdout] 
[INFO] [stdout] 
[INFO] [stdout] error[E0554]: `#![feature]` may not be used on the stable release channel
[INFO] [stdout]  --> ccore/parse/src/lib.rs:1:1
[INFO] [stdout]   |
[INFO] [stdout] 1 | #![feature(if_let_guard)]
[INFO] [stdout]   | ^^^^^^^^^^^^^^^^^^^^^^^^^
[INFO] [stdout] 
[INFO] [stdout] 
[INFO] [stdout] warning: unused imports: `ParseStream`, `Result`
[INFO] [stdout]  --> ccore/parse/src/declarations.rs:1:27
[INFO] [stdout]   |
[INFO] [stdout] 1 | use crate::parse::{Parse, ParseStream, Result};
[INFO] [stdout]   |                           ^^^^^^^^^^^  ^^^^^^
[INFO] [stdout]   |
[INFO] [stdout]   = note: `#[warn(unused_imports)]` on by default
[INFO] [stdout] 
[INFO] [stdout] 
[INFO] [stdout] warning: unused import: `crate::Punctuated`
[INFO] [stdout]  --> ccore/parse/src/declarations.rs:2:5
[INFO] [stdout]   |
[INFO] [stdout] 2 | use crate::Punctuated;
[INFO] [stdout]   |     ^^^^^^^^^^^^^^^^^
[INFO] [stdout] 
[INFO] [stdout] 
[INFO] [stdout] warning: unused imports: `token`, `tokens::match_tokens`
[INFO] [stdout]  --> ccore/parse/src/declarations.rs:3:13
[INFO] [stdout]   |
[INFO] [stdout] 3 | use crate::{token, tokens::match_tokens};
[INFO] [stdout]   |             ^^^^^  ^^^^^^^^^^^^^^^^^^^^
[INFO] [stdout] 
[INFO] [stdout] 
[INFO] [stdout] error[E0046]: not all trait items implemented, missing: `parse`
[INFO] [stdout]   --> ccore/parse/src/declarations.rs:7:1
[INFO] [stdout]    |
[INFO] [stdout] 7  | impl Parse for Pointer {}
[INFO] [stdout]    | ^^^^^^^^^^^^^^^^^^^^^^ missing `parse` in implementation
[INFO] [stdout]    |
[INFO] [stdout]   ::: ccore/parse/src/parse.rs:59:5
[INFO] [stdout]    |
[INFO] [stdout] 59 |     fn parse(parse: ParseStream) -> Result<Self>;
[INFO] [stdout]    |     --------------------------------------------- `parse` from trait
[INFO] [stdout] 
[INFO] [stdout] 
[INFO] [stdout] error[E0046]: not all trait items implemented, missing: `parse`
[INFO] [stdout]   --> ccore/parse/src/declarations.rs:11:1
[INFO] [stdout]    |
[INFO] [stdout] 11 | impl Parse for Array {}
[INFO] [stdout]    | ^^^^^^^^^^^^^^^^^^^^ missing `parse` in implementation
[INFO] [stdout]    |
[INFO] [stdout]   ::: ccore/parse/src/parse.rs:59:5
[INFO] [stdout]    |
[INFO] [stdout] 59 |     fn parse(parse: ParseStream) -> Result<Self>;
[INFO] [stdout]    |     --------------------------------------------- `parse` from trait
[INFO] [stdout] 
[INFO] [stdout] 
[INFO] [stdout] error[E0046]: not all trait items implemented, missing: `parse`
[INFO] [stdout]   --> ccore/parse/src/declarations.rs:15:1
[INFO] [stdout]    |
[INFO] [stdout] 15 | impl Parse for Function {}
[INFO] [stdout]    | ^^^^^^^^^^^^^^^^^^^^^^^ missing `parse` in implementation
[INFO] [stdout]    |
[INFO] [stdout]   ::: ccore/parse/src/parse.rs:59:5
[INFO] [stdout]    |
[INFO] [stdout] 59 |     fn parse(parse: ParseStream) -> Result<Self>;
[INFO] [stdout]    |     --------------------------------------------- `parse` from trait
[INFO] [stdout] 
[INFO] [stdout] 
[INFO] [stdout] error[E0046]: not all trait items implemented, missing: `parse`
[INFO] [stdout]   --> ccore/parse/src/declarations.rs:19:1
[INFO] [stdout]    |
[INFO] [stdout] 19 | impl Parse for Declarator {}
[INFO] [stdout]    | ^^^^^^^^^^^^^^^^^^^^^^^^^ missing `parse` in implementation
[INFO] [stdout]    |
[INFO] [stdout]   ::: ccore/parse/src/parse.rs:59:5
[INFO] [stdout]    |
[INFO] [stdout] 59 |     fn parse(parse: ParseStream) -> Result<Self>;
[INFO] [stdout]    |     --------------------------------------------- `parse` from trait
[INFO] [stdout] 
[INFO] [stdout] 
[INFO] [stdout] error[E0046]: not all trait items implemented, missing: `parse`
[INFO] [stdout]   --> ccore/parse/src/declarations.rs:7:1
[INFO] [stdout]    |
[INFO] [stdout] 7  | impl Parse for Pointer {}
[INFO] [stdout]    | ^^^^^^^^^^^^^^^^^^^^^^ missing `parse` in implementation
[INFO] [stdout]    |
[INFO] [stdout]   ::: ccore/parse/src/parse.rs:59:5
[INFO] [stdout]    |
[INFO] [stdout] 59 |     fn parse(parse: ParseStream) -> Result<Self>;
[INFO] [stdout]    |     --------------------------------------------- `parse` from trait
[INFO] [stdout] 
[INFO] [stdout] 
[INFO] [stdout] error[E0046]: not all trait items implemented, missing: `parse`
[INFO] [stdout]   --> ccore/parse/src/declarations.rs:11:1
[INFO] [stdout]    |
[INFO] [stdout] 11 | impl Parse for Array {}
[INFO] [stdout]    | ^^^^^^^^^^^^^^^^^^^^ missing `parse` in implementation
[INFO] [stdout]    |
[INFO] [stdout]   ::: ccore/parse/src/parse.rs:59:5
[INFO] [stdout]    |
[INFO] [stdout] 59 |     fn parse(parse: ParseStream) -> Result<Self>;
[INFO] [stdout]    |     --------------------------------------------- `parse` from trait
[INFO] [stdout] 
[INFO] [stdout] 
[INFO] [stdout] error[E0046]: not all trait items implemented, missing: `parse`
[INFO] [stdout]   --> ccore/parse/src/declarations.rs:15:1
[INFO] [stdout]    |
[INFO] [stdout] 15 | impl Parse for Function {}
[INFO] [stdout]    | ^^^^^^^^^^^^^^^^^^^^^^^ missing `parse` in implementation
[INFO] [stdout]    |
[INFO] [stdout]   ::: ccore/parse/src/parse.rs:59:5
[INFO] [stdout]    |
[INFO] [stdout] 59 |     fn parse(parse: ParseStream) -> Result<Self>;
[INFO] [stdout]    |     --------------------------------------------- `parse` from trait
[INFO] [stdout] 
[INFO] [stdout] 
[INFO] [stdout] error[E0046]: not all trait items implemented, missing: `parse`
[INFO] [stdout]   --> ccore/parse/src/declarations.rs:19:1
[INFO] [stdout]    |
[INFO] [stdout] 19 | impl Parse for Declarator {}
[INFO] [stdout]    | ^^^^^^^^^^^^^^^^^^^^^^^^^ missing `parse` in implementation
[INFO] [stdout]    |
[INFO] [stdout]   ::: ccore/parse/src/parse.rs:59:5
[INFO] [stdout]    |
[INFO] [stdout] 59 |     fn parse(parse: ParseStream) -> Result<Self>;
[INFO] [stdout]    |     --------------------------------------------- `parse` from trait
[INFO] [stdout] 
[INFO] [stdout] 
[INFO] [stdout] error: aborting due to 5 previous errors
[INFO] [stdout] 
[INFO] [stdout] 
[INFO] [stdout] Some errors have detailed explanations: E0046, E0554.
[INFO] [stdout] 
[INFO] [stdout] For more information about an error, try `rustc --explain E0046`.
[INFO] [stdout] 
[INFO] [stderr] error: could not document `parse`
[INFO] [stderr] 
[INFO] [stderr] Caused by:
[INFO] [stderr]   process didn't exit successfully: `/opt/rustwide/rustup-home/toolchains/1.75.0-x86_64-unknown-linux-gnu/bin/rustdoc --edition=2021 --crate-type lib --crate-name parse ccore/parse/src/lib.rs -o /opt/rustwide/target/doc --error-format=json --json=diagnostic-rendered-ansi,artifacts,future-incompat --document-private-items -C metadata=879746519c591525 -L dependency=/opt/rustwide/target/debug/deps --extern peeking_take_while=/opt/rustwide/target/debug/deps/libpeeking_take_while-0d2a82f21b9367fd.rmeta --cap-lints=warn --crate-version 0.1.0` (exit status: 1)
[INFO] [stderr] warning: build failed, waiting for other jobs to finish...
[INFO] [stdout] error: aborting due to 5 previous errors; 3 warnings emitted
[INFO] [stdout] 
[INFO] [stdout] 
[INFO] [stdout] Some errors have detailed explanations: E0046, E0554.
[INFO] [stdout] 
[INFO] [stdout] For more information about an error, try `rustc --explain E0046`.
[INFO] [stdout] 
[INFO] [stderr] error: could not compile `parse` (lib) due to 6 previous errors; 3 warnings emitted
[INFO] running `Command { std: "docker" "inspect" "f5910a98673914ffb48dbfd3fcbf55b420a1009b4c0ae0eefa924d8c44132507", kill_on_drop: false }`
[INFO] running `Command { std: "docker" "rm" "-f" "f5910a98673914ffb48dbfd3fcbf55b420a1009b4c0ae0eefa924d8c44132507", kill_on_drop: false }`
[INFO] [stdout] f5910a98673914ffb48dbfd3fcbf55b420a1009b4c0ae0eefa924d8c44132507
[INFO] documenting Kim-Dewelski/cc against beta-2023-12-22 for beta-1.76-rustdoc-1
[INFO] running `Command { std: "git" "clone" "/workspace/cache/git-repos/https%3A%2F%2Fgithub.com%2FKim-Dewelski%2Fcc" "/workspace/builds/worker-2-tc2/source", kill_on_drop: false }`
[INFO] [stderr] Cloning into '/workspace/builds/worker-2-tc2/source'...
[INFO] [stderr] done.
[INFO] validating manifest of git repo https://github.com/Kim-Dewelski/cc on toolchain beta-2023-12-22
[INFO] running `Command { std: CARGO_HOME="/workspace/cargo-home" RUSTUP_HOME="/workspace/rustup-home" "/workspace/cargo-home/bin/cargo" "+beta-2023-12-22" "metadata" "--manifest-path" "Cargo.toml" "--no-deps", kill_on_drop: false }`
[INFO] started tweaking git repo https://github.com/Kim-Dewelski/cc
[INFO] finished tweaking git repo https://github.com/Kim-Dewelski/cc
[INFO] tweaked toml for git repo https://github.com/Kim-Dewelski/cc written to /workspace/builds/worker-2-tc2/source/Cargo.toml
[INFO] crate git repo https://github.com/Kim-Dewelski/cc already has a lockfile, it will not be regenerated
[INFO] running `Command { std: CARGO_HOME="/workspace/cargo-home" RUSTUP_HOME="/workspace/rustup-home" "/workspace/cargo-home/bin/cargo" "+beta-2023-12-22" "fetch" "--manifest-path" "Cargo.toml", kill_on_drop: false }`
[INFO] [stderr] warning: virtual workspace defaulting to `resolver = "1"` despite one or more workspace members being on edition 2021 which implies `resolver = "2"`
[INFO] [stderr] note: to keep the current resolver, specify `workspace.resolver = "1"` in the workspace root's manifest
[INFO] [stderr] note: to use the edition 2021 resolver, specify `workspace.resolver = "2"` in the workspace root's manifest
[INFO] [stderr] note: for more details see https://doc.rust-lang.org/cargo/reference/resolver.html#resolver-versions
[INFO] running `Command { std: "docker" "create" "-v" "/var/lib/crater-agent-workspace/builds/worker-2-tc2/target:/opt/rustwide/target:rw,Z" "-v" "/var/lib/crater-agent-workspace/builds/worker-2-tc2/source:/opt/rustwide/workdir:ro,Z" "-v" "/var/lib/crater-agent-workspace/cargo-home:/opt/rustwide/cargo-home:ro,Z" "-v" "/var/lib/crater-agent-workspace/rustup-home:/opt/rustwide/rustup-home:ro,Z" "-e" "SOURCE_DIR=/opt/rustwide/workdir" "-e" "CARGO_TARGET_DIR=/opt/rustwide/target" "-e" "CARGO_HOME=/opt/rustwide/cargo-home" "-e" "RUSTUP_HOME=/opt/rustwide/rustup-home" "-w" "/opt/rustwide/workdir" "-m" "1610612736" "--user" "0:0" "--network" "none" "ghcr.io/rust-lang/crates-build-env/linux@sha256:2788e3201cd34a07e3172128adcd8b3090168a8e3bcc40d7c032b9dda1df7d1c" "/opt/rustwide/cargo-home/bin/cargo" "+beta-2023-12-22" "metadata" "--no-deps" "--format-version=1", kill_on_drop: false }`
[INFO] [stdout] 26011c1dd9e09976c72f99eeb1913664abe3618e7809c55577816f8b6726ce4a
[INFO] running `Command { std: "docker" "start" "-a" "26011c1dd9e09976c72f99eeb1913664abe3618e7809c55577816f8b6726ce4a", kill_on_drop: false }`
[INFO] running `Command { std: "docker" "inspect" "26011c1dd9e09976c72f99eeb1913664abe3618e7809c55577816f8b6726ce4a", kill_on_drop: false }`
[INFO] running `Command { std: "docker" "rm" "-f" "26011c1dd9e09976c72f99eeb1913664abe3618e7809c55577816f8b6726ce4a", kill_on_drop: false }`
[INFO] [stdout] 26011c1dd9e09976c72f99eeb1913664abe3618e7809c55577816f8b6726ce4a
[INFO] running `Command { std: "docker" "create" "-v" "/var/lib/crater-agent-workspace/builds/worker-2-tc2/target:/opt/rustwide/target:rw,Z" "-v" "/var/lib/crater-agent-workspace/builds/worker-2-tc2/source:/opt/rustwide/workdir:ro,Z" "-v" "/var/lib/crater-agent-workspace/cargo-home:/opt/rustwide/cargo-home:ro,Z" "-v" "/var/lib/crater-agent-workspace/rustup-home:/opt/rustwide/rustup-home:ro,Z" "-e" "SOURCE_DIR=/opt/rustwide/workdir" "-e" "CARGO_TARGET_DIR=/opt/rustwide/target" "-e" "CARGO_INCREMENTAL=0" "-e" "RUST_BACKTRACE=full" "-e" "RUSTFLAGS=--cap-lints=warn" "-e" "RUSTDOCFLAGS=--cap-lints=warn" "-e" "CARGO_HOME=/opt/rustwide/cargo-home" "-e" "RUSTUP_HOME=/opt/rustwide/rustup-home" "-w" "/opt/rustwide/workdir" "-m" "1610612736" "--user" "0:0" "--network" "none" "ghcr.io/rust-lang/crates-build-env/linux@sha256:2788e3201cd34a07e3172128adcd8b3090168a8e3bcc40d7c032b9dda1df7d1c" "/opt/rustwide/cargo-home/bin/cargo" "+beta-2023-12-22" "doc" "--frozen" "--no-deps" "--document-private-items" "--message-format=json", kill_on_drop: false }`
[INFO] [stdout] 3e5bc57ceb0436e3880810332862b99c63b675df3ed2bd258cc4db21e38f24fa
[INFO] running `Command { std: "docker" "start" "-a" "3e5bc57ceb0436e3880810332862b99c63b675df3ed2bd258cc4db21e38f24fa", kill_on_drop: false }`
[INFO] [stderr] warning: virtual workspace defaulting to `resolver = "1"` despite one or more workspace members being on edition 2021 which implies `resolver = "2"`
[INFO] [stderr] note: to keep the current resolver, specify `workspace.resolver = "1"` in the workspace root's manifest
[INFO] [stderr] note: to use the edition 2021 resolver, specify `workspace.resolver = "2"` in the workspace root's manifest
[INFO] [stderr] note: for more details see https://doc.rust-lang.org/cargo/reference/resolver.html#resolver-versions
[INFO] [stderr]     Checking peeking_take_while v1.0.0
[INFO] [stderr]     Checking parse v0.1.0 (/opt/rustwide/workdir/ccore/parse)
[INFO] [stderr]  Documenting parse v0.1.0 (/opt/rustwide/workdir/ccore/parse)
[INFO] [stdout] error[E0554]: `#![feature]` may not be used on the beta release channel
[INFO] [stdout]  --> ccore/parse/src/lib.rs:1:1
[INFO] [stdout]   |
[INFO] [stdout] 1 | #![feature(if_let_guard)]
[INFO] [stdout]   | ^^^^^^^^^^^^^^^^^^^^^^^^^
[INFO] [stdout] 
[INFO] [stdout] 
[INFO] [stdout] warning: unused imports: `ParseStream`, `Result`
[INFO] [stdout]  --> ccore/parse/src/declarations.rs:1:27
[INFO] [stdout]   |
[INFO] [stdout] 1 | use crate::parse::{Parse, ParseStream, Result};
[INFO] [stdout]   |                           ^^^^^^^^^^^  ^^^^^^
[INFO] [stdout]   |
[INFO] [stdout]   = note: `#[warn(unused_imports)]` on by default
[INFO] [stdout] 
[INFO] [stdout] 
[INFO] [stdout] warning: unused import: `crate::Punctuated`
[INFO] [stdout]  --> ccore/parse/src/declarations.rs:2:5
[INFO] [stdout]   |
[INFO] [stdout] 2 | use crate::Punctuated;
[INFO] [stdout]   |     ^^^^^^^^^^^^^^^^^
[INFO] [stdout] 
[INFO] [stdout] 
[INFO] [stdout] warning: unused imports: `token`, `tokens::match_tokens`
[INFO] [stdout]  --> ccore/parse/src/declarations.rs:3:13
[INFO] [stdout]   |
[INFO] [stdout] 3 | use crate::{token, tokens::match_tokens};
[INFO] [stdout]   |             ^^^^^  ^^^^^^^^^^^^^^^^^^^^
[INFO] [stdout] 
[INFO] [stdout] 
[INFO] [stdout] error[E0554]: `#![feature]` may not be used on the beta release channel
[INFO] [stdout]  --> ccore/parse/src/lib.rs:1:1
[INFO] [stdout]   |
[INFO] [stdout] 1 | #![feature(if_let_guard)]
[INFO] [stdout]   | ^^^^^^^^^^^^^^^^^^^^^^^^^
[INFO] [stdout] 
[INFO] [stdout] 
[INFO] [stdout] error[E0046]: not all trait items implemented, missing: `parse`
[INFO] [stdout]   --> ccore/parse/src/declarations.rs:7:1
[INFO] [stdout]    |
[INFO] [stdout] 7  | impl Parse for Pointer {}
[INFO] [stdout]    | ^^^^^^^^^^^^^^^^^^^^^^ missing `parse` in implementation
[INFO] [stdout]    |
[INFO] [stdout]   ::: ccore/parse/src/parse.rs:59:5
[INFO] [stdout]    |
[INFO] [stdout] 59 |     fn parse(parse: ParseStream) -> Result<Self>;
[INFO] [stdout]    |     --------------------------------------------- `parse` from trait
[INFO] [stdout] 
[INFO] [stdout] 
[INFO] [stdout] error[E0046]: not all trait items implemented, missing: `parse`
[INFO] [stdout]   --> ccore/parse/src/declarations.rs:7:1
[INFO] [stdout]    |
[INFO] [stdout] 7  | impl Parse for Pointer {}
[INFO] [stdout]    | ^^^^^^^^^^^^^^^^^^^^^^ missing `parse` in implementation
[INFO] [stdout]    |
[INFO] [stdout]   ::: ccore/parse/src/parse.rs:59:5
[INFO] [stdout]    |
[INFO] [stdout] 59 |     fn parse(parse: ParseStream) -> Result<Self>;
[INFO] [stdout]    |     --------------------------------------------- `parse` from trait
[INFO] [stdout] 
[INFO] [stdout] 
[INFO] [stdout] error[E0046]: not all trait items implemented, missing: `parse`
[INFO] [stdout]   --> ccore/parse/src/declarations.rs:11:1
[INFO] [stdout]    |
[INFO] [stdout] 11 | impl Parse for Array {}
[INFO] [stdout]    | ^^^^^^^^^^^^^^^^^^^^ missing `parse` in implementation
[INFO] [stdout]    |
[INFO] [stdout]   ::: ccore/parse/src/parse.rs:59:5
[INFO] [stdout]    |
[INFO] [stdout] 59 |     fn parse(parse: ParseStream) -> Result<Self>;
[INFO] [stdout]    |     --------------------------------------------- `parse` from trait
[INFO] [stdout] 
[INFO] [stdout] 
[INFO] [stdout] error[E0046]: not all trait items implemented, missing: `parse`
[INFO] [stdout]   --> ccore/parse/src/declarations.rs:11:1
[INFO] [stdout]    |
[INFO] [stdout] 11 | impl Parse for Array {}
[INFO] [stdout]    | ^^^^^^^^^^^^^^^^^^^^ missing `parse` in implementation
[INFO] [stdout]    |
[INFO] [stdout]   ::: ccore/parse/src/parse.rs:59:5
[INFO] [stdout]    |
[INFO] [stdout] 59 |     fn parse(parse: ParseStream) -> Result<Self>;
[INFO] [stdout]    |     --------------------------------------------- `parse` from trait
[INFO] [stdout] 
[INFO] [stdout] 
[INFO] [stdout] error[E0046]: not all trait items implemented, missing: `parse`
[INFO] [stdout]   --> ccore/parse/src/declarations.rs:15:1
[INFO] [stdout]    |
[INFO] [stdout] 15 | impl Parse for Function {}
[INFO] [stdout]    | ^^^^^^^^^^^^^^^^^^^^^^^ missing `parse` in implementation
[INFO] [stdout]    |
[INFO] [stdout]   ::: ccore/parse/src/parse.rs:59:5
[INFO] [stdout]    |
[INFO] [stdout] 59 |     fn parse(parse: ParseStream) -> Result<Self>;
[INFO] [stdout]    |     --------------------------------------------- `parse` from trait
[INFO] [stdout] 
[INFO] [stdout] 
[INFO] [stdout] error[E0046]: not all trait items implemented, missing: `parse`
[INFO] [stdout]   --> ccore/parse/src/declarations.rs:19:1
[INFO] [stdout]    |
[INFO] [stdout] 19 | impl Parse for Declarator {}
[INFO] [stdout]    | ^^^^^^^^^^^^^^^^^^^^^^^^^ missing `parse` in implementation
[INFO] [stdout]    |
[INFO] [stdout]   ::: ccore/parse/src/parse.rs:59:5
[INFO] [stdout]    |
[INFO] [stdout] 59 |     fn parse(parse: ParseStream) -> Result<Self>;
[INFO] [stdout]    |     --------------------------------------------- `parse` from trait
[INFO] [stdout] 
[INFO] [stdout] 
[INFO] [stdout] error[E0046]: not all trait items implemented, missing: `parse`
[INFO] [stdout]   --> ccore/parse/src/declarations.rs:15:1
[INFO] [stdout]    |
[INFO] [stdout] 15 | impl Parse for Function {}
[INFO] [stdout]    | ^^^^^^^^^^^^^^^^^^^^^^^ missing `parse` in implementation
[INFO] [stdout]    |
[INFO] [stdout]   ::: ccore/parse/src/parse.rs:59:5
[INFO] [stdout]    |
[INFO] [stdout] 59 |     fn parse(parse: ParseStream) -> Result<Self>;
[INFO] [stdout]    |     --------------------------------------------- `parse` from trait
[INFO] [stdout] 
[INFO] [stdout] 
[INFO] [stdout] error[E0046]: not all trait items implemented, missing: `parse`
[INFO] [stdout]   --> ccore/parse/src/declarations.rs:19:1
[INFO] [stdout]    |
[INFO] [stdout] 19 | impl Parse for Declarator {}
[INFO] [stdout]    | ^^^^^^^^^^^^^^^^^^^^^^^^^ missing `parse` in implementation
[INFO] [stdout]    |
[INFO] [stdout]   ::: ccore/parse/src/parse.rs:59:5
[INFO] [stdout]    |
[INFO] [stdout] 59 |     fn parse(parse: ParseStream) -> Result<Self>;
[INFO] [stdout]    |     --------------------------------------------- `parse` from trait
[INFO] [stdout] 
[INFO] [stdout] 
[INFO] [stdout] error: aborting due to 5 previous errors
[INFO] [stdout] 
[INFO] [stdout] 
[INFO] [stdout] Some errors have detailed explanations: E0046, E0554.
[INFO] [stdout] 
[INFO] [stdout] For more information about an error, try `rustc --explain E0046`.
[INFO] [stdout] 
[INFO] [stderr] error: could not document `parse`
[INFO] [stderr] 
[INFO] [stderr] Caused by:
[INFO] [stderr]   process didn't exit successfully: `/opt/rustwide/rustup-home/toolchains/beta-2023-12-22-x86_64-unknown-linux-gnu/bin/rustdoc --edition=2021 --crate-type lib --crate-name parse ccore/parse/src/lib.rs -o /opt/rustwide/target/doc --error-format=json --json=diagnostic-rendered-ansi,artifacts,future-incompat --document-private-items -C metadata=4b3a3d453ac0b562 -L dependency=/opt/rustwide/target/debug/deps --extern peeking_take_while=/opt/rustwide/target/debug/deps/libpeeking_take_while-637cc5f540014bd3.rmeta --cap-lints=warn --crate-version 0.1.0` (exit status: 1)
[INFO] [stderr] warning: build failed, waiting for other jobs to finish...
[INFO] [stdout] error: aborting due to 5 previous errors; 3 warnings emitted
[INFO] [stdout] 
[INFO] [stdout] 
[INFO] [stdout] Some errors have detailed explanations: E0046, E0554.
[INFO] [stdout] 
[INFO] [stdout] For more information about an error, try `rustc --explain E0046`.
[INFO] [stdout] 
[INFO] [stderr] error: could not compile `parse` (lib) due to 6 previous errors; 3 warnings emitted
[INFO] running `Command { std: "docker" "inspect" "3e5bc57ceb0436e3880810332862b99c63b675df3ed2bd258cc4db21e38f24fa", kill_on_drop: false }`
[INFO] running `Command { std: "docker" "rm" "-f" "3e5bc57ceb0436e3880810332862b99c63b675df3ed2bd258cc4db21e38f24fa", kill_on_drop: false }`
[INFO] [stdout] 3e5bc57ceb0436e3880810332862b99c63b675df3ed2bd258cc4db21e38f24fa
