[INFO] cloning repository https://github.com/Kiefferflo/Beacon
[INFO] running `Command { std: "git" "-c" "credential.helper=" "-c" "credential.helper=/workspace/cargo-home/bin/git-credential-null" "clone" "--bare" "https://github.com/Kiefferflo/Beacon" "/workspace/cache/git-repos/https%3A%2F%2Fgithub.com%2FKiefferflo%2FBeacon", kill_on_drop: false }`
[INFO] [stderr] Cloning into bare repository '/workspace/cache/git-repos/https%3A%2F%2Fgithub.com%2FKiefferflo%2FBeacon'...
[INFO] running `Command { std: "git" "rev-parse" "HEAD", kill_on_drop: false }`
[INFO] [stdout] f2f7729fc49f1e11f9545cb5617f098eb95af6e0
[INFO] documenting Kiefferflo/Beacon against 1.75.0 for beta-1.76-rustdoc-1
[INFO] running `Command { std: "git" "clone" "/workspace/cache/git-repos/https%3A%2F%2Fgithub.com%2FKiefferflo%2FBeacon" "/workspace/builds/worker-6-tc1/source", kill_on_drop: false }`
[INFO] [stderr] Cloning into '/workspace/builds/worker-6-tc1/source'...
[INFO] [stderr] done.
[INFO] validating manifest of git repo https://github.com/Kiefferflo/Beacon on toolchain 1.75.0
[INFO] running `Command { std: CARGO_HOME="/workspace/cargo-home" RUSTUP_HOME="/workspace/rustup-home" "/workspace/cargo-home/bin/cargo" "+1.75.0" "metadata" "--manifest-path" "Cargo.toml" "--no-deps", kill_on_drop: false }`
[INFO] started tweaking git repo https://github.com/Kiefferflo/Beacon
[INFO] finished tweaking git repo https://github.com/Kiefferflo/Beacon
[INFO] tweaked toml for git repo https://github.com/Kiefferflo/Beacon written to /workspace/builds/worker-6-tc1/source/Cargo.toml
[INFO] crate git repo https://github.com/Kiefferflo/Beacon already has a lockfile, it will not be regenerated
[INFO] running `Command { std: CARGO_HOME="/workspace/cargo-home" RUSTUP_HOME="/workspace/rustup-home" "/workspace/cargo-home/bin/cargo" "+1.75.0" "fetch" "--manifest-path" "Cargo.toml", kill_on_drop: false }`
[INFO] [stderr] warning: virtual workspace defaulting to `resolver = "1"` despite one or more workspace members being on edition 2021 which implies `resolver = "2"`
[INFO] [stderr] note: to keep the current resolver, specify `workspace.resolver = "1"` in the workspace root's manifest
[INFO] [stderr] note: to use the edition 2021 resolver, specify `workspace.resolver = "2"` in the workspace root's manifest
[INFO] [stderr] note: for more details see https://doc.rust-lang.org/cargo/reference/resolver.html#resolver-versions
[INFO] [stderr]  Downloading crates ...
[INFO] [stderr]   Downloaded http-body v1.0.0-rc1
[INFO] [stderr]   Downloaded cxxbridge-macro v1.0.83
[INFO] [stderr]   Downloaded cxxbridge-flags v1.0.83
[INFO] [stderr]   Downloaded cxx-build v1.0.83
[INFO] [stderr]   Downloaded cxx v1.0.83
[INFO] [stderr]   Downloaded hyper v1.0.0-rc.1
[INFO] running `Command { std: "docker" "create" "-v" "/var/lib/crater-agent-workspace/builds/worker-6-tc1/target:/opt/rustwide/target:rw,Z" "-v" "/var/lib/crater-agent-workspace/builds/worker-6-tc1/source:/opt/rustwide/workdir:ro,Z" "-v" "/var/lib/crater-agent-workspace/cargo-home:/opt/rustwide/cargo-home:ro,Z" "-v" "/var/lib/crater-agent-workspace/rustup-home:/opt/rustwide/rustup-home:ro,Z" "-e" "SOURCE_DIR=/opt/rustwide/workdir" "-e" "CARGO_TARGET_DIR=/opt/rustwide/target" "-e" "CARGO_HOME=/opt/rustwide/cargo-home" "-e" "RUSTUP_HOME=/opt/rustwide/rustup-home" "-w" "/opt/rustwide/workdir" "-m" "1610612736" "--user" "0:0" "--network" "none" "ghcr.io/rust-lang/crates-build-env/linux@sha256:2788e3201cd34a07e3172128adcd8b3090168a8e3bcc40d7c032b9dda1df7d1c" "/opt/rustwide/cargo-home/bin/cargo" "+1.75.0" "metadata" "--no-deps" "--format-version=1", kill_on_drop: false }`
[INFO] [stdout] e11235ef3603b6d182275d1c604c19863570e0c14fba73e1e68b9edc396d2133
[INFO] running `Command { std: "docker" "start" "-a" "e11235ef3603b6d182275d1c604c19863570e0c14fba73e1e68b9edc396d2133", kill_on_drop: false }`
[INFO] running `Command { std: "docker" "inspect" "e11235ef3603b6d182275d1c604c19863570e0c14fba73e1e68b9edc396d2133", kill_on_drop: false }`
[INFO] running `Command { std: "docker" "rm" "-f" "e11235ef3603b6d182275d1c604c19863570e0c14fba73e1e68b9edc396d2133", kill_on_drop: false }`
[INFO] [stdout] e11235ef3603b6d182275d1c604c19863570e0c14fba73e1e68b9edc396d2133
[INFO] running `Command { std: "docker" "create" "-v" "/var/lib/crater-agent-workspace/builds/worker-6-tc1/target:/opt/rustwide/target:rw,Z" "-v" "/var/lib/crater-agent-workspace/builds/worker-6-tc1/source:/opt/rustwide/workdir:ro,Z" "-v" "/var/lib/crater-agent-workspace/cargo-home:/opt/rustwide/cargo-home:ro,Z" "-v" "/var/lib/crater-agent-workspace/rustup-home:/opt/rustwide/rustup-home:ro,Z" "-e" "SOURCE_DIR=/opt/rustwide/workdir" "-e" "CARGO_TARGET_DIR=/opt/rustwide/target" "-e" "CARGO_INCREMENTAL=0" "-e" "RUST_BACKTRACE=full" "-e" "RUSTFLAGS=--cap-lints=warn" "-e" "RUSTDOCFLAGS=--cap-lints=warn" "-e" "CARGO_HOME=/opt/rustwide/cargo-home" "-e" "RUSTUP_HOME=/opt/rustwide/rustup-home" "-w" "/opt/rustwide/workdir" "-m" "1610612736" "--user" "0:0" "--network" "none" "ghcr.io/rust-lang/crates-build-env/linux@sha256:2788e3201cd34a07e3172128adcd8b3090168a8e3bcc40d7c032b9dda1df7d1c" "/opt/rustwide/cargo-home/bin/cargo" "+1.75.0" "doc" "--frozen" "--no-deps" "--document-private-items" "--message-format=json", kill_on_drop: false }`
[INFO] [stdout] 5640a11892026b760f0cce2b8e43ae121050ca5feb61f5db26bf56360e3a7ef3
[INFO] running `Command { std: "docker" "start" "-a" "5640a11892026b760f0cce2b8e43ae121050ca5feb61f5db26bf56360e3a7ef3", kill_on_drop: false }`
[INFO] [stderr] warning: virtual workspace defaulting to `resolver = "1"` despite one or more workspace members being on edition 2021 which implies `resolver = "2"`
[INFO] [stderr] note: to keep the current resolver, specify `workspace.resolver = "1"` in the workspace root's manifest
[INFO] [stderr] note: to use the edition 2021 resolver, specify `workspace.resolver = "2"` in the workspace root's manifest
[INFO] [stderr] note: for more details see https://doc.rust-lang.org/cargo/reference/resolver.html#resolver-versions
[INFO] [stderr]    Compiling libc v0.2.137
[INFO] [stderr]    Compiling proc-macro2 v1.0.47
[INFO] [stderr]    Compiling quote v1.0.21
[INFO] [stderr]    Compiling log v0.4.17
[INFO] [stderr]    Compiling unicode-ident v1.0.5
[INFO] [stderr]     Checking bytes v1.3.0
[INFO] [stderr]    Compiling syn v1.0.105
[INFO] [stderr]    Compiling memchr v2.5.0
[INFO] [stderr]     Checking itoa v1.0.4
[INFO] [stderr]    Compiling typenum v1.15.0
[INFO] [stderr]    Compiling generic-array v0.14.6
[INFO] [stderr]    Compiling futures-core v0.3.25
[INFO] [stderr]     Checking pin-project-lite v0.2.9
[INFO] [stderr]    Compiling tokio v1.22.0
[INFO] [stderr]    Compiling unicase v2.6.0
[INFO] [stderr]    Compiling slab v0.4.7
[INFO] [stderr]     Checking futures-sink v0.3.25
[INFO] [stderr]    Compiling httparse v1.8.0
[INFO] [stderr]    Compiling futures-task v0.3.25
[INFO] [stderr]     Checking once_cell v1.16.0
[INFO] [stderr]     Checking tinyvec_macros v0.1.0
[INFO] [stderr]    Compiling serde_derive v1.0.149
[INFO] [stderr]    Compiling futures-util v0.3.25
[INFO] [stderr]     Checking tinyvec v1.6.0
[INFO] [stderr]     Checking tracing-core v0.1.30
[INFO] [stderr]     Checking percent-encoding v2.2.0
[INFO] [stderr]     Checking cpufeatures v0.2.5
[INFO] [stderr]    Compiling serde v1.0.149
[INFO] [stderr]     Checking http v0.2.8
[INFO] [stderr]    Compiling indexmap v1.9.2
[INFO] [stderr]     Checking form_urlencoded v1.1.0
[INFO] [stderr]    Compiling futures-channel v0.3.25
[INFO] [stderr]     Checking unicode-bidi v0.3.8
[INFO] [stderr]    Compiling thiserror v1.0.37
[INFO] [stderr]     Checking base64 v0.13.1
[INFO] [stderr]    Compiling mime_guess v2.0.4
[INFO] [stderr]     Checking mime v0.3.16
[INFO] [stderr]     Checking httpdate v1.0.2
[INFO] [stderr]     Checking tracing v0.1.37
[INFO] [stderr]     Checking hashbrown v0.12.3
[INFO] [stderr]     Checking try-lock v0.2.3
[INFO] [stderr]     Checking remove_dir_all v0.5.3
[INFO] [stderr]     Checking want v0.3.0
[INFO] [stderr]     Checking utf-8 v0.7.6
[INFO] [stderr]     Checking ryu v1.0.11
[INFO] [stderr]     Checking byteorder v1.4.3
[INFO] [stderr]     Checking fastrand v1.8.0
[INFO] [stderr]     Checking safemem v0.3.3
[INFO] [stderr]    Compiling serde_json v1.0.89
[INFO] [stderr]     Checking twoway v0.1.8
[INFO] [stderr]    Compiling anyhow v1.0.66
[INFO] [stderr]     Checking tower-service v0.3.2
[INFO] [stderr]     Checking buf_redux v0.8.4
[INFO] [stderr]     Checking quick-error v1.2.3
[INFO] [stderr]     Checking mio v0.8.5
[INFO] [stderr]     Checking socket2 v0.4.7
[INFO] [stderr]     Checking getrandom v0.2.8
[INFO] [stderr]     Checking tempfile v3.3.0
[INFO] [stderr]     Checking rustls-pemfile v0.2.1
[INFO] [stderr]    Compiling num-traits v0.2.15
[INFO] [stderr]     Checking unicode-normalization v0.1.22
[INFO] [stderr]     Checking http-body v0.4.5
[INFO] [stderr]     Checking headers-core v0.2.0
[INFO] [stderr]     Checking rand_core v0.6.4
[INFO] [stderr]     Checking scoped-tls v1.0.1
[INFO] [stderr]    Compiling num-integer v0.1.45
[INFO] [stderr]     Checking http-body v1.0.0-rc1
[INFO] [stderr]     Checking time v0.1.45
[INFO] [stderr]     Checking iana-time-zone v0.1.53
[INFO] [stderr]     Checking rand_chacha v0.3.1
[INFO] [stderr]     Checking rand v0.8.5
[INFO] [stderr]     Checking idna v0.3.0
[INFO] [stderr]     Checking crypto-common v0.1.6
[INFO] [stderr]     Checking block-buffer v0.10.3
[INFO] [stderr]     Checking url v2.3.1
[INFO] [stderr]     Checking digest v0.10.6
[INFO] [stderr]     Checking multipart v0.18.0
[INFO] [stderr]     Checking sha-1 v0.10.1
[INFO] [stderr]     Checking sha1 v0.10.5
[INFO] [stderr]     Checking headers v0.3.8
[INFO] [stderr]     Checking chrono v0.4.23
[INFO] [stderr]     Checking tokio-util v0.7.4
[INFO] [stderr]     Checking tokio-stream v0.1.11
[INFO] [stderr]     Checking hyper v1.0.0-rc.1
[INFO] [stderr]    Compiling thiserror-impl v1.0.37
[INFO] [stderr]    Compiling pin-project-internal v1.0.12
[INFO] [stderr]     Checking h2 v0.3.15
[INFO] [stderr]     Checking tungstenite v0.17.3
[INFO] [stderr]     Checking pin-project v1.0.12
[INFO] [stderr]     Checking tokio-tungstenite v0.17.2
[INFO] [stderr]     Checking hyper v0.14.23
[INFO] [stderr]     Checking serde_urlencoded v0.7.1
[INFO] [stderr]     Checking uuid v1.2.2
[INFO] [stderr]     Checking warp v0.3.3
[INFO] [stderr]     Checking beacon-controller v0.1.0 (/opt/rustwide/workdir/beacon-controller)
[INFO] [stderr]  Documenting beacon-controller v0.1.0 (/opt/rustwide/workdir/beacon-controller)
[INFO] [stdout] error[E0432]: unresolved import `crate::controllers::ControllerError`
[INFO] [stdout]  --> beacon-controller/src/controllers.rs:2:25
[INFO] [stdout]   |
[INFO] [stdout] 2 | use crate::controllers::ControllerError::RepositoryError;
[INFO] [stdout]   |                         ^^^^^^^^^^^^^^^ could not find `ControllerError` in `controllers`
[INFO] [stdout] 
[INFO] [stdout] 
[INFO] [stdout] error[E0432]: unresolved import `crate::kv`
[INFO] [stdout]  --> beacon-controller/src/repository.rs:8:12
[INFO] [stdout]   |
[INFO] [stdout] 8 | use crate::kv::KVStore;
[INFO] [stdout]   |            ^^ could not find `kv` in the crate root
[INFO] [stdout] 
[INFO] [stdout] 
[INFO] [stdout] error[E0432]: unresolved import `crate::repository::RepositoryError`
[INFO] [stdout]   --> beacon-controller/src/repository.rs:11:24
[INFO] [stdout]    |
[INFO] [stdout] 11 | use crate::repository::RepositoryError::{BeaconNotFound, InsertionError, LockError};
[INFO] [stdout]    |                        ^^^^^^^^^^^^^^^ could not find `RepositoryError` in `repository`
[INFO] [stdout] 
[INFO] [stdout] 
[INFO] [stdout] error[E0432]: unresolved import `crate::controllers::ControllerError`
[INFO] [stdout]  --> beacon-controller/src/controllers.rs:2:25
[INFO] [stdout]   |
[INFO] [stdout] 2 | use crate::controllers::ControllerError::RepositoryError;
[INFO] [stdout]   |                         ^^^^^^^^^^^^^^^ could not find `ControllerError` in `controllers`
[INFO] [stdout] 
[INFO] [stdout] 
[INFO] [stdout] error[E0432]: unresolved import `crate::kv`
[INFO] [stdout]  --> beacon-controller/src/repository.rs:8:12
[INFO] [stdout]   |
[INFO] [stdout] 8 | use crate::kv::KVStore;
[INFO] [stdout]   |            ^^ could not find `kv` in the crate root
[INFO] [stdout] 
[INFO] [stdout] 
[INFO] [stdout] error[E0432]: unresolved import `crate::repository::RepositoryError`
[INFO] [stdout]   --> beacon-controller/src/repository.rs:11:24
[INFO] [stdout]    |
[INFO] [stdout] 11 | use crate::repository::RepositoryError::{BeaconNotFound, InsertionError, LockError};
[INFO] [stdout]    |                        ^^^^^^^^^^^^^^^ could not find `RepositoryError` in `repository`
[INFO] [stdout] 
[INFO] [stdout] 
[INFO] [stdout] error: cannot find derive macro `Deserialize` in this scope
[INFO] [stdout]   --> beacon-controller/src/models.rs:41:27
[INFO] [stdout]    |
[INFO] [stdout] 41 |     #[derive(Clone, Copy, Deserialize, Serialize)]
[INFO] [stdout]    |                           ^^^^^^^^^^^
[INFO] [stdout]    |
[INFO] [stdout] help: consider importing this derive macro
[INFO] [stdout]    |
[INFO] [stdout] 36 +     use serde::Deserialize;
[INFO] [stdout]    |
[INFO] [stdout] 
[INFO] [stdout] 
[INFO] [stdout] error: cannot find derive macro `Deserialize` in this scope
[INFO] [stdout]   --> beacon-controller/src/models.rs:41:27
[INFO] [stdout]    |
[INFO] [stdout] 41 |     #[derive(Clone, Copy, Deserialize, Serialize)]
[INFO] [stdout]    |                           ^^^^^^^^^^^
[INFO] [stdout]    |
[INFO] [stdout] help: consider importing this derive macro
[INFO] [stdout]    |
[INFO] [stdout] 36 +     use serde::Deserialize;
[INFO] [stdout]    |
[INFO] [stdout] 
[INFO] [stdout] 
[INFO] [stdout] error: cannot find derive macro `Serialize` in this scope
[INFO] [stdout]   --> beacon-controller/src/models.rs:41:40
[INFO] [stdout]    |
[INFO] [stdout] 41 |     #[derive(Clone, Copy, Deserialize, Serialize)]
[INFO] [stdout]    |                                        ^^^^^^^^^
[INFO] [stdout]    |
[INFO] [stdout] help: consider importing this derive macro
[INFO] [stdout]    |
[INFO] [stdout] 36 +     use serde::Serialize;
[INFO] [stdout]    |
[INFO] [stdout] 
[INFO] [stdout] 
[INFO] [stdout] error: cannot find derive macro `Serialize` in this scope
[INFO] [stdout]   --> beacon-controller/src/models.rs:41:40
[INFO] [stdout]    |
[INFO] [stdout] 41 |     #[derive(Clone, Copy, Deserialize, Serialize)]
[INFO] [stdout]    |                                        ^^^^^^^^^
[INFO] [stdout]    |
[INFO] [stdout] help: consider importing this derive macro
[INFO] [stdout]    |
[INFO] [stdout] 36 +     use serde::Serialize;
[INFO] [stdout]    |
[INFO] [stdout] 
[INFO] [stdout] 
[INFO] [stdout] error: cannot find derive macro `Deserialize` in this scope
[INFO] [stdout]   --> beacon-controller/src/models.rs:48:27
[INFO] [stdout]    |
[INFO] [stdout] 48 |     #[derive(Clone, Copy, Deserialize, Serialize)]
[INFO] [stdout]    |                           ^^^^^^^^^^^
[INFO] [stdout]    |
[INFO] [stdout] help: consider importing this derive macro
[INFO] [stdout]    |
[INFO] [stdout] 36 +     use serde::Deserialize;
[INFO] [stdout]    |
[INFO] [stdout] 
[INFO] [stdout] 
[INFO] [stdout] error: cannot find derive macro `Deserialize` in this scope
[INFO] [stdout]   --> beacon-controller/src/models.rs:48:27
[INFO] [stdout]    |
[INFO] [stdout] 48 |     #[derive(Clone, Copy, Deserialize, Serialize)]
[INFO] [stdout]    |                           ^^^^^^^^^^^
[INFO] [stdout]    |
[INFO] [stdout] help: consider importing this derive macro
[INFO] [stdout]    |
[INFO] [stdout] 36 +     use serde::Deserialize;
[INFO] [stdout]    |
[INFO] [stdout] 
[INFO] [stdout] 
[INFO] [stdout] error: cannot find derive macro `Serialize` in this scope
[INFO] [stdout]   --> beacon-controller/src/models.rs:48:40
[INFO] [stdout]    |
[INFO] [stdout] 48 |     #[derive(Clone, Copy, Deserialize, Serialize)]
[INFO] [stdout]    |                                        ^^^^^^^^^
[INFO] [stdout]    |
[INFO] [stdout] help: consider importing this derive macro
[INFO] [stdout]    |
[INFO] [stdout] 36 +     use serde::Serialize;
[INFO] [stdout]    |
[INFO] [stdout] 
[INFO] [stdout] 
[INFO] [stdout] error: cannot find derive macro `Serialize` in this scope
[INFO] [stdout]   --> beacon-controller/src/models.rs:48:40
[INFO] [stdout]    |
[INFO] [stdout] 48 |     #[derive(Clone, Copy, Deserialize, Serialize)]
[INFO] [stdout]    |                                        ^^^^^^^^^
[INFO] [stdout]    |
[INFO] [stdout] help: consider importing this derive macro
[INFO] [stdout]    |
[INFO] [stdout] 36 +     use serde::Serialize;
[INFO] [stdout]    |
[INFO] [stdout] 
[INFO] [stdout] 
[INFO] [stdout] error: cannot find derive macro `Deserialize` in this scope
[INFO] [stdout]   --> beacon-controller/src/models.rs:54:20
[INFO] [stdout]    |
[INFO] [stdout] 54 |     #[derive(Copy, Deserialize, Serialize)]
[INFO] [stdout]    |                    ^^^^^^^^^^^
[INFO] [stdout]    |
[INFO] [stdout] help: consider importing this derive macro
[INFO] [stdout]    |
[INFO] [stdout] 36 +     use serde::Deserialize;
[INFO] [stdout]    |
[INFO] [stdout] 
[INFO] [stdout] 
[INFO] [stdout] error: cannot find derive macro `Serialize` in this scope
[INFO] [stdout]   --> beacon-controller/src/models.rs:54:33
[INFO] [stdout]    |
[INFO] [stdout] 54 |     #[derive(Copy, Deserialize, Serialize)]
[INFO] [stdout]    |                                 ^^^^^^^^^
[INFO] [stdout]    |
[INFO] [stdout] help: consider importing this derive macro
[INFO] [stdout]    |
[INFO] [stdout] 36 +     use serde::Serialize;
[INFO] [stdout]    |
[INFO] [stdout] 
[INFO] [stdout] 
[INFO] [stdout] error: cannot find derive macro `Deserialize` in this scope
[INFO] [stdout]   --> beacon-controller/src/models.rs:54:20
[INFO] [stdout]    |
[INFO] [stdout] 54 |     #[derive(Copy, Deserialize, Serialize)]
[INFO] [stdout]    |                    ^^^^^^^^^^^
[INFO] [stdout]    |
[INFO] [stdout] help: consider importing this derive macro
[INFO] [stdout]    |
[INFO] [stdout] 36 +     use serde::Deserialize;
[INFO] [stdout]    |
[INFO] [stdout] 
[INFO] [stdout] 
[INFO] [stdout] error: cannot find derive macro `Serialize` in this scope
[INFO] [stdout]   --> beacon-controller/src/models.rs:54:33
[INFO] [stdout]    |
[INFO] [stdout] 54 |     #[derive(Copy, Deserialize, Serialize)]
[INFO] [stdout]    |                                 ^^^^^^^^^
[INFO] [stdout]    |
[INFO] [stdout] help: consider importing this derive macro
[INFO] [stdout]    |
[INFO] [stdout] 36 +     use serde::Serialize;
[INFO] [stdout]    |
[INFO] [stdout] 
[INFO] [stdout] 
[INFO] [stdout] warning: unused import: `crate::repository`
[INFO] [stdout]  --> beacon-controller/src/controllers.rs:6:5
[INFO] [stdout]   |
[INFO] [stdout] 6 | use crate::repository;
[INFO] [stdout]   |     ^^^^^^^^^^^^^^^^^
[INFO] [stdout]   |
[INFO] [stdout]   = note: `#[warn(unused_imports)]` on by default
[INFO] [stdout] 
[INFO] [stdout] 
[INFO] [stdout] warning: unused imports: `BeaconRole`, `Beacon`
[INFO] [stdout]   --> beacon-controller/src/models.rs:39:33
[INFO] [stdout]    |
[INFO] [stdout] 39 |     use crate::models::beacon::{Beacon, BeaconRole};
[INFO] [stdout]    |                                 ^^^^^^  ^^^^^^^^^^
[INFO] [stdout] 
[INFO] [stdout] 
[INFO] [stdout] warning: unused import: `std::collections::VecDeque`
[INFO] [stdout]  --> beacon-controller/src/repository.rs:1:5
[INFO] [stdout]   |
[INFO] [stdout] 1 | use std::collections::VecDeque;
[INFO] [stdout]   |     ^^^^^^^^^^^^^^^^^^^^^^^^^^
[INFO] [stdout] 
[INFO] [stdout] 
[INFO] [stdout] warning: unused import: `std::error::Error`
[INFO] [stdout]  --> beacon-controller/src/repository.rs:2:5
[INFO] [stdout]   |
[INFO] [stdout] 2 | use std::error::Error;
[INFO] [stdout]   |     ^^^^^^^^^^^^^^^^^
[INFO] [stdout] 
[INFO] [stdout] 
[INFO] [stdout] warning: unused import: `std::fs::File`
[INFO] [stdout]  --> beacon-controller/src/repository.rs:3:5
[INFO] [stdout]   |
[INFO] [stdout] 3 | use std::fs::File;
[INFO] [stdout]   |     ^^^^^^^^^^^^^
[INFO] [stdout] 
[INFO] [stdout] 
[INFO] [stdout] warning: unused imports: `BufReader`, `Read`
[INFO] [stdout]  --> beacon-controller/src/repository.rs:4:15
[INFO] [stdout]   |
[INFO] [stdout] 4 | use std::io::{BufReader, Read};
[INFO] [stdout]   |               ^^^^^^^^^  ^^^^
[INFO] [stdout] 
[INFO] [stdout] 
[INFO] [stdout] warning: unused imports: `Arc`, `LockResult`, `MutexGuard`, `Mutex`, `PoisonError`
[INFO] [stdout]  --> beacon-controller/src/repository.rs:5:17
[INFO] [stdout]   |
[INFO] [stdout] 5 | use std::sync::{Arc, LockResult, Mutex, MutexGuard, PoisonError};
[INFO] [stdout]   |                 ^^^  ^^^^^^^^^^  ^^^^^  ^^^^^^^^^^  ^^^^^^^^^^^
[INFO] [stdout] 
[INFO] [stdout] 
[INFO] [stdout] warning: unused import: `BeaconCommand`
[INFO] [stdout]  --> beacon-controller/src/repository.rs:9:44
[INFO] [stdout]   |
[INFO] [stdout] 9 | use crate::models::actions::{BeaconAction, BeaconCommand, BeaconCommandStatus};
[INFO] [stdout]   |                                            ^^^^^^^^^^^^^
[INFO] [stdout] 
[INFO] [stdout] 
[INFO] [stdout] error[E0204]: the trait `Copy` cannot be implemented for this type
[INFO] [stdout]   --> beacon-controller/src/models.rs:54:14
[INFO] [stdout]    |
[INFO] [stdout] 54 |     #[derive(Copy, Deserialize, Serialize)]
[INFO] [stdout]    |              ^^^^
[INFO] [stdout] ...
[INFO] [stdout] 57 |         LoadExecutable { executable: Vec<u8> },
[INFO] [stdout]    |                          ------------------- this field does not implement `Copy`
[INFO] [stdout]    |
[INFO] [stdout]    = note: this error originates in the derive macro `Copy` (in Nightly builds, run with -Z macro-backtrace for more info)
[INFO] [stdout] 
[INFO] [stdout] 
[INFO] [stdout] error: aborting due to 9 previous errors
[INFO] [stdout] 
[INFO] [stdout] 
[INFO] [stdout] For more information about this error, try `rustc --explain E0432`.
[INFO] [stdout] 
[INFO] [stdout] error: aborting due to 10 previous errors; 8 warnings emitted
[INFO] [stdout] 
[INFO] [stdout] 
[INFO] [stdout] Some errors have detailed explanations: E0204, E0432.
[INFO] [stdout] 
[INFO] [stdout] For more information about an error, try `rustc --explain E0204`.
[INFO] [stdout] 
[INFO] [stderr] error: could not document `beacon-controller`
[INFO] [stderr] 
[INFO] [stderr] Caused by:
[INFO] [stderr]   process didn't exit successfully: `/opt/rustwide/rustup-home/toolchains/1.75.0-x86_64-unknown-linux-gnu/bin/rustdoc --edition=2021 --crate-type lib --crate-name beacon_controller beacon-controller/src/lib.rs -o /opt/rustwide/target/doc --error-format=json --json=diagnostic-rendered-ansi,artifacts,future-incompat --document-private-items -C metadata=7fefec1f0e4717dd -L dependency=/opt/rustwide/target/debug/deps --extern anyhow=/opt/rustwide/target/debug/deps/libanyhow-527cac6c1448f5b4.rmeta --extern serde=/opt/rustwide/target/debug/deps/libserde-20d9fb21e527f5c3.rmeta --extern serde_json=/opt/rustwide/target/debug/deps/libserde_json-f2e3da9529fa6e49.rmeta --extern uuid=/opt/rustwide/target/debug/deps/libuuid-8ef7beb2927d9f2b.rmeta --extern warp=/opt/rustwide/target/debug/deps/libwarp-7e5b23573fb4870c.rmeta --cap-lints=warn --crate-version 0.1.0` (exit status: 1)
[INFO] [stderr] warning: build failed, waiting for other jobs to finish...
[INFO] [stderr] error: could not compile `beacon-controller` (lib) due to 11 previous errors; 8 warnings emitted
[INFO] running `Command { std: "docker" "inspect" "5640a11892026b760f0cce2b8e43ae121050ca5feb61f5db26bf56360e3a7ef3", kill_on_drop: false }`
[INFO] running `Command { std: "docker" "rm" "-f" "5640a11892026b760f0cce2b8e43ae121050ca5feb61f5db26bf56360e3a7ef3", kill_on_drop: false }`
[INFO] [stdout] 5640a11892026b760f0cce2b8e43ae121050ca5feb61f5db26bf56360e3a7ef3
[INFO] documenting Kiefferflo/Beacon against beta-2023-12-22 for beta-1.76-rustdoc-1
[INFO] running `Command { std: "git" "clone" "/workspace/cache/git-repos/https%3A%2F%2Fgithub.com%2FKiefferflo%2FBeacon" "/workspace/builds/worker-6-tc2/source", kill_on_drop: false }`
[INFO] [stderr] Cloning into '/workspace/builds/worker-6-tc2/source'...
[INFO] [stderr] done.
[INFO] validating manifest of git repo https://github.com/Kiefferflo/Beacon on toolchain beta-2023-12-22
[INFO] running `Command { std: CARGO_HOME="/workspace/cargo-home" RUSTUP_HOME="/workspace/rustup-home" "/workspace/cargo-home/bin/cargo" "+beta-2023-12-22" "metadata" "--manifest-path" "Cargo.toml" "--no-deps", kill_on_drop: false }`
[INFO] started tweaking git repo https://github.com/Kiefferflo/Beacon
[INFO] finished tweaking git repo https://github.com/Kiefferflo/Beacon
[INFO] tweaked toml for git repo https://github.com/Kiefferflo/Beacon written to /workspace/builds/worker-6-tc2/source/Cargo.toml
[INFO] crate git repo https://github.com/Kiefferflo/Beacon already has a lockfile, it will not be regenerated
[INFO] running `Command { std: CARGO_HOME="/workspace/cargo-home" RUSTUP_HOME="/workspace/rustup-home" "/workspace/cargo-home/bin/cargo" "+beta-2023-12-22" "fetch" "--manifest-path" "Cargo.toml", kill_on_drop: false }`
[INFO] [stderr] warning: virtual workspace defaulting to `resolver = "1"` despite one or more workspace members being on edition 2021 which implies `resolver = "2"`
[INFO] [stderr] note: to keep the current resolver, specify `workspace.resolver = "1"` in the workspace root's manifest
[INFO] [stderr] note: to use the edition 2021 resolver, specify `workspace.resolver = "2"` in the workspace root's manifest
[INFO] [stderr] note: for more details see https://doc.rust-lang.org/cargo/reference/resolver.html#resolver-versions
[INFO] running `Command { std: "docker" "create" "-v" "/var/lib/crater-agent-workspace/builds/worker-6-tc2/target:/opt/rustwide/target:rw,Z" "-v" "/var/lib/crater-agent-workspace/builds/worker-6-tc2/source:/opt/rustwide/workdir:ro,Z" "-v" "/var/lib/crater-agent-workspace/cargo-home:/opt/rustwide/cargo-home:ro,Z" "-v" "/var/lib/crater-agent-workspace/rustup-home:/opt/rustwide/rustup-home:ro,Z" "-e" "SOURCE_DIR=/opt/rustwide/workdir" "-e" "CARGO_TARGET_DIR=/opt/rustwide/target" "-e" "CARGO_HOME=/opt/rustwide/cargo-home" "-e" "RUSTUP_HOME=/opt/rustwide/rustup-home" "-w" "/opt/rustwide/workdir" "-m" "1610612736" "--user" "0:0" "--network" "none" "ghcr.io/rust-lang/crates-build-env/linux@sha256:2788e3201cd34a07e3172128adcd8b3090168a8e3bcc40d7c032b9dda1df7d1c" "/opt/rustwide/cargo-home/bin/cargo" "+beta-2023-12-22" "metadata" "--no-deps" "--format-version=1", kill_on_drop: false }`
[INFO] [stdout] 08d46421a3352eb624be0332b8357a408841f44c46e2b770639380f349630102
[INFO] running `Command { std: "docker" "start" "-a" "08d46421a3352eb624be0332b8357a408841f44c46e2b770639380f349630102", kill_on_drop: false }`
[INFO] running `Command { std: "docker" "inspect" "08d46421a3352eb624be0332b8357a408841f44c46e2b770639380f349630102", kill_on_drop: false }`
[INFO] running `Command { std: "docker" "rm" "-f" "08d46421a3352eb624be0332b8357a408841f44c46e2b770639380f349630102", kill_on_drop: false }`
[INFO] [stdout] 08d46421a3352eb624be0332b8357a408841f44c46e2b770639380f349630102
[INFO] running `Command { std: "docker" "create" "-v" "/var/lib/crater-agent-workspace/builds/worker-6-tc2/target:/opt/rustwide/target:rw,Z" "-v" "/var/lib/crater-agent-workspace/builds/worker-6-tc2/source:/opt/rustwide/workdir:ro,Z" "-v" "/var/lib/crater-agent-workspace/cargo-home:/opt/rustwide/cargo-home:ro,Z" "-v" "/var/lib/crater-agent-workspace/rustup-home:/opt/rustwide/rustup-home:ro,Z" "-e" "SOURCE_DIR=/opt/rustwide/workdir" "-e" "CARGO_TARGET_DIR=/opt/rustwide/target" "-e" "CARGO_INCREMENTAL=0" "-e" "RUST_BACKTRACE=full" "-e" "RUSTFLAGS=--cap-lints=warn" "-e" "RUSTDOCFLAGS=--cap-lints=warn" "-e" "CARGO_HOME=/opt/rustwide/cargo-home" "-e" "RUSTUP_HOME=/opt/rustwide/rustup-home" "-w" "/opt/rustwide/workdir" "-m" "1610612736" "--user" "0:0" "--network" "none" "ghcr.io/rust-lang/crates-build-env/linux@sha256:2788e3201cd34a07e3172128adcd8b3090168a8e3bcc40d7c032b9dda1df7d1c" "/opt/rustwide/cargo-home/bin/cargo" "+beta-2023-12-22" "doc" "--frozen" "--no-deps" "--document-private-items" "--message-format=json", kill_on_drop: false }`
[INFO] [stdout] e512c477a1a91493c53ce99aef4f7ae1196fa904c651b7d608632a37c791971c
[INFO] running `Command { std: "docker" "start" "-a" "e512c477a1a91493c53ce99aef4f7ae1196fa904c651b7d608632a37c791971c", kill_on_drop: false }`
[INFO] [stderr] warning: virtual workspace defaulting to `resolver = "1"` despite one or more workspace members being on edition 2021 which implies `resolver = "2"`
[INFO] [stderr] note: to keep the current resolver, specify `workspace.resolver = "1"` in the workspace root's manifest
[INFO] [stderr] note: to use the edition 2021 resolver, specify `workspace.resolver = "2"` in the workspace root's manifest
[INFO] [stderr] note: for more details see https://doc.rust-lang.org/cargo/reference/resolver.html#resolver-versions
[INFO] [stderr]    Compiling libc v0.2.137
[INFO] [stderr]    Compiling proc-macro2 v1.0.47
[INFO] [stderr]    Compiling quote v1.0.21
[INFO] [stderr]    Compiling log v0.4.17
[INFO] [stderr]    Compiling unicode-ident v1.0.5
[INFO] [stderr]    Compiling syn v1.0.105
[INFO] [stderr]     Checking bytes v1.3.0
[INFO] [stderr]    Compiling memchr v2.5.0
[INFO] [stderr]     Checking itoa v1.0.4
[INFO] [stderr]    Compiling typenum v1.15.0
[INFO] [stderr]    Compiling futures-core v0.3.25
[INFO] [stderr]     Checking pin-project-lite v0.2.9
[INFO] [stderr]    Compiling generic-array v0.14.6
[INFO] [stderr]    Compiling tokio v1.22.0
[INFO] [stderr]    Compiling unicase v2.6.0
[INFO] [stderr]    Compiling slab v0.4.7
[INFO] [stderr]    Compiling futures-task v0.3.25
[INFO] [stderr]     Checking futures-sink v0.3.25
[INFO] [stderr]    Compiling httparse v1.8.0
[INFO] [stderr]    Compiling serde_derive v1.0.149
[INFO] [stderr]     Checking tinyvec_macros v0.1.0
[INFO] [stderr]     Checking once_cell v1.16.0
[INFO] [stderr]    Compiling futures-util v0.3.25
[INFO] [stderr]     Checking percent-encoding v2.2.0
[INFO] [stderr]     Checking tinyvec v1.6.0
[INFO] [stderr]     Checking cpufeatures v0.2.5
[INFO] [stderr]    Compiling serde v1.0.149
[INFO] [stderr]    Compiling indexmap v1.9.2
[INFO] [stderr]     Checking http v0.2.8
[INFO] [stderr]     Checking form_urlencoded v1.1.0
[INFO] [stderr]    Compiling thiserror v1.0.37
[INFO] [stderr]     Checking tracing-core v0.1.30
[INFO] [stderr]     Checking unicode-bidi v0.3.8
[INFO] [stderr]     Checking base64 v0.13.1
[INFO] [stderr]    Compiling futures-channel v0.3.25
[INFO] [stderr]    Compiling mime_guess v2.0.4
[INFO] [stderr]     Checking try-lock v0.2.3
[INFO] [stderr]     Checking httpdate v1.0.2
[INFO] [stderr]     Checking hashbrown v0.12.3
[INFO] [stderr]     Checking mime v0.3.16
[INFO] [stderr]     Checking want v0.3.0
[INFO] [stderr]     Checking ryu v1.0.11
[INFO] [stderr]     Checking fastrand v1.8.0
[INFO] [stderr]     Checking utf-8 v0.7.6
[INFO] [stderr]     Checking tracing v0.1.37
[INFO] [stderr]     Checking safemem v0.3.3
[INFO] [stderr]     Checking remove_dir_all v0.5.3
[INFO] [stderr]     Checking byteorder v1.4.3
[INFO] [stderr]    Compiling serde_json v1.0.89
[INFO] [stderr]     Checking buf_redux v0.8.4
[INFO] [stderr]     Checking twoway v0.1.8
[INFO] [stderr]    Compiling anyhow v1.0.66
[INFO] [stderr]     Checking tower-service v0.3.2
[INFO] [stderr]     Checking quick-error v1.2.3
[INFO] [stderr]     Checking rustls-pemfile v0.2.1
[INFO] [stderr]    Compiling num-traits v0.2.15
[INFO] [stderr]     Checking socket2 v0.4.7
[INFO] [stderr]     Checking mio v0.8.5
[INFO] [stderr]     Checking getrandom v0.2.8
[INFO] [stderr]     Checking tempfile v3.3.0
[INFO] [stderr]     Checking scoped-tls v1.0.1
[INFO] [stderr]     Checking headers-core v0.2.0
[INFO] [stderr]     Checking unicode-normalization v0.1.22
[INFO] [stderr]     Checking http-body v0.4.5
[INFO] [stderr]     Checking rand_core v0.6.4
[INFO] [stderr]    Compiling num-integer v0.1.45
[INFO] [stderr]     Checking http-body v1.0.0-rc1
[INFO] [stderr]     Checking time v0.1.45
[INFO] [stderr]     Checking iana-time-zone v0.1.53
[INFO] [stderr]     Checking rand_chacha v0.3.1
[INFO] [stderr]     Checking rand v0.8.5
[INFO] [stderr]     Checking idna v0.3.0
[INFO] [stderr]     Checking crypto-common v0.1.6
[INFO] [stderr]     Checking block-buffer v0.10.3
[INFO] [stderr]     Checking digest v0.10.6
[INFO] [stderr]     Checking url v2.3.1
[INFO] [stderr]     Checking sha-1 v0.10.1
[INFO] [stderr]     Checking sha1 v0.10.5
[INFO] [stderr]     Checking multipart v0.18.0
[INFO] [stderr]     Checking headers v0.3.8
[INFO] [stderr]     Checking chrono v0.4.23
[INFO] [stderr]     Checking tokio-util v0.7.4
[INFO] [stderr]     Checking tokio-stream v0.1.11
[INFO] [stderr]     Checking hyper v1.0.0-rc.1
[INFO] [stderr]    Compiling thiserror-impl v1.0.37
[INFO] [stderr]    Compiling pin-project-internal v1.0.12
[INFO] [stderr]     Checking h2 v0.3.15
[INFO] [stderr]     Checking pin-project v1.0.12
[INFO] [stderr]     Checking tungstenite v0.17.3
[INFO] [stderr]     Checking tokio-tungstenite v0.17.2
[INFO] [stderr]     Checking hyper v0.14.23
[INFO] [stderr]     Checking serde_urlencoded v0.7.1
[INFO] [stderr]     Checking uuid v1.2.2
[INFO] [stderr]     Checking warp v0.3.3
[INFO] [stderr]     Checking beacon-controller v0.1.0 (/opt/rustwide/workdir/beacon-controller)
[INFO] [stderr]  Documenting beacon-controller v0.1.0 (/opt/rustwide/workdir/beacon-controller)
[INFO] [stdout] error[E0432]: unresolved import `crate::controllers::ControllerError`
[INFO] [stdout]  --> beacon-controller/src/controllers.rs:2:25
[INFO] [stdout]   |
[INFO] [stdout] 2 | use crate::controllers::ControllerError::RepositoryError;
[INFO] [stdout]   |                         ^^^^^^^^^^^^^^^ could not find `ControllerError` in `controllers`
[INFO] [stdout] 
[INFO] [stdout] 
[INFO] [stdout] error[E0432]: unresolved import `crate::kv`
[INFO] [stdout]  --> beacon-controller/src/repository.rs:8:12
[INFO] [stdout]   |
[INFO] [stdout] 8 | use crate::kv::KVStore;
[INFO] [stdout]   |            ^^ could not find `kv` in the crate root
[INFO] [stdout] 
[INFO] [stdout] 
[INFO] [stdout] error[E0432]: unresolved import `crate::repository::RepositoryError`
[INFO] [stdout]   --> beacon-controller/src/repository.rs:11:24
[INFO] [stdout]    |
[INFO] [stdout] 11 | use crate::repository::RepositoryError::{BeaconNotFound, InsertionError, LockError};
[INFO] [stdout]    |                        ^^^^^^^^^^^^^^^ could not find `RepositoryError` in `repository`
[INFO] [stdout] 
[INFO] [stdout] 
[INFO] [stdout] error[E0432]: unresolved import `crate::controllers::ControllerError`
[INFO] [stdout]  --> beacon-controller/src/controllers.rs:2:25
[INFO] [stdout]   |
[INFO] [stdout] 2 | use crate::controllers::ControllerError::RepositoryError;
[INFO] [stdout]   |                         ^^^^^^^^^^^^^^^ could not find `ControllerError` in `controllers`
[INFO] [stdout] 
[INFO] [stdout] 
[INFO] [stdout] error[E0432]: unresolved import `crate::kv`
[INFO] [stdout]  --> beacon-controller/src/repository.rs:8:12
[INFO] [stdout]   |
[INFO] [stdout] 8 | use crate::kv::KVStore;
[INFO] [stdout]   |            ^^ could not find `kv` in the crate root
[INFO] [stdout] 
[INFO] [stdout] 
[INFO] [stdout] error[E0432]: unresolved import `crate::repository::RepositoryError`
[INFO] [stdout]   --> beacon-controller/src/repository.rs:11:24
[INFO] [stdout]    |
[INFO] [stdout] 11 | use crate::repository::RepositoryError::{BeaconNotFound, InsertionError, LockError};
[INFO] [stdout]    |                        ^^^^^^^^^^^^^^^ could not find `RepositoryError` in `repository`
[INFO] [stdout] 
[INFO] [stdout] 
[INFO] [stdout] error: cannot find derive macro `Deserialize` in this scope
[INFO] [stdout]   --> beacon-controller/src/models.rs:41:27
[INFO] [stdout]    |
[INFO] [stdout] 41 |     #[derive(Clone, Copy, Deserialize, Serialize)]
[INFO] [stdout]    |                           ^^^^^^^^^^^
[INFO] [stdout]    |
[INFO] [stdout] help: consider importing this derive macro
[INFO] [stdout]    |
[INFO] [stdout] 36 +     use serde::Deserialize;
[INFO] [stdout]    |
[INFO] [stdout] 
[INFO] [stdout] 
[INFO] [stdout] error: cannot find derive macro `Serialize` in this scope
[INFO] [stdout]   --> beacon-controller/src/models.rs:41:40
[INFO] [stdout]    |
[INFO] [stdout] 41 |     #[derive(Clone, Copy, Deserialize, Serialize)]
[INFO] [stdout]    |                                        ^^^^^^^^^
[INFO] [stdout]    |
[INFO] [stdout] help: consider importing this derive macro
[INFO] [stdout]    |
[INFO] [stdout] 36 +     use serde::Serialize;
[INFO] [stdout]    |
[INFO] [stdout] 
[INFO] [stdout] 
[INFO] [stdout] error: cannot find derive macro `Deserialize` in this scope
[INFO] [stdout]   --> beacon-controller/src/models.rs:41:27
[INFO] [stdout]    |
[INFO] [stdout] 41 |     #[derive(Clone, Copy, Deserialize, Serialize)]
[INFO] [stdout]    |                           ^^^^^^^^^^^
[INFO] [stdout]    |
[INFO] [stdout] help: consider importing this derive macro
[INFO] [stdout]    |
[INFO] [stdout] 36 +     use serde::Deserialize;
[INFO] [stdout]    |
[INFO] [stdout] 
[INFO] [stdout] 
[INFO] [stdout] error: cannot find derive macro `Serialize` in this scope
[INFO] [stdout]   --> beacon-controller/src/models.rs:41:40
[INFO] [stdout]    |
[INFO] [stdout] 41 |     #[derive(Clone, Copy, Deserialize, Serialize)]
[INFO] [stdout]    |                                        ^^^^^^^^^
[INFO] [stdout]    |
[INFO] [stdout] help: consider importing this derive macro
[INFO] [stdout]    |
[INFO] [stdout] 36 +     use serde::Serialize;
[INFO] [stdout]    |
[INFO] [stdout] 
[INFO] [stdout] 
[INFO] [stdout] error: cannot find derive macro `Deserialize` in this scope
[INFO] [stdout]   --> beacon-controller/src/models.rs:48:27
[INFO] [stdout]    |
[INFO] [stdout] 48 |     #[derive(Clone, Copy, Deserialize, Serialize)]
[INFO] [stdout]    |                           ^^^^^^^^^^^
[INFO] [stdout]    |
[INFO] [stdout] help: consider importing this derive macro
[INFO] [stdout]    |
[INFO] [stdout] 36 +     use serde::Deserialize;
[INFO] [stdout]    |
[INFO] [stdout] 
[INFO] [stdout] 
[INFO] [stdout] error: cannot find derive macro `Serialize` in this scope
[INFO] [stdout]   --> beacon-controller/src/models.rs:48:40
[INFO] [stdout]    |
[INFO] [stdout] 48 |     #[derive(Clone, Copy, Deserialize, Serialize)]
[INFO] [stdout]    |                                        ^^^^^^^^^
[INFO] [stdout]    |
[INFO] [stdout] help: consider importing this derive macro
[INFO] [stdout]    |
[INFO] [stdout] 36 +     use serde::Serialize;
[INFO] [stdout]    |
[INFO] [stdout] 
[INFO] [stdout] 
[INFO] [stdout] error: cannot find derive macro `Deserialize` in this scope
[INFO] [stdout]   --> beacon-controller/src/models.rs:48:27
[INFO] [stdout]    |
[INFO] [stdout] 48 |     #[derive(Clone, Copy, Deserialize, Serialize)]
[INFO] [stdout]    |                           ^^^^^^^^^^^
[INFO] [stdout]    |
[INFO] [stdout] help: consider importing this derive macro
[INFO] [stdout]    |
[INFO] [stdout] 36 +     use serde::Deserialize;
[INFO] [stdout]    |
[INFO] [stdout] 
[INFO] [stdout] 
[INFO] [stdout] error: cannot find derive macro `Serialize` in this scope
[INFO] [stdout]   --> beacon-controller/src/models.rs:48:40
[INFO] [stdout]    |
[INFO] [stdout] 48 |     #[derive(Clone, Copy, Deserialize, Serialize)]
[INFO] [stdout]    |                                        ^^^^^^^^^
[INFO] [stdout]    |
[INFO] [stdout] help: consider importing this derive macro
[INFO] [stdout]    |
[INFO] [stdout] 36 +     use serde::Serialize;
[INFO] [stdout]    |
[INFO] [stdout] 
[INFO] [stdout] 
[INFO] [stdout] error: cannot find derive macro `Deserialize` in this scope
[INFO] [stdout]   --> beacon-controller/src/models.rs:54:20
[INFO] [stdout]    |
[INFO] [stdout] 54 |     #[derive(Copy, Deserialize, Serialize)]
[INFO] [stdout]    |                    ^^^^^^^^^^^
[INFO] [stdout]    |
[INFO] [stdout] help: consider importing this derive macro
[INFO] [stdout]    |
[INFO] [stdout] 36 +     use serde::Deserialize;
[INFO] [stdout]    |
[INFO] [stdout] 
[INFO] [stdout] 
[INFO] [stdout] error: cannot find derive macro `Serialize` in this scope
[INFO] [stdout]   --> beacon-controller/src/models.rs:54:33
[INFO] [stdout]    |
[INFO] [stdout] 54 |     #[derive(Copy, Deserialize, Serialize)]
[INFO] [stdout]    |                                 ^^^^^^^^^
[INFO] [stdout]    |
[INFO] [stdout] help: consider importing this derive macro
[INFO] [stdout]    |
[INFO] [stdout] 36 +     use serde::Serialize;
[INFO] [stdout]    |
[INFO] [stdout] 
[INFO] [stdout] 
[INFO] [stdout] error: cannot find derive macro `Deserialize` in this scope
[INFO] [stdout]   --> beacon-controller/src/models.rs:54:20
[INFO] [stdout]    |
[INFO] [stdout] 54 |     #[derive(Copy, Deserialize, Serialize)]
[INFO] [stdout]    |                    ^^^^^^^^^^^
[INFO] [stdout]    |
[INFO] [stdout] help: consider importing this derive macro
[INFO] [stdout]    |
[INFO] [stdout] 36 +     use serde::Deserialize;
[INFO] [stdout]    |
[INFO] [stdout] 
[INFO] [stdout] 
[INFO] [stdout] error: cannot find derive macro `Serialize` in this scope
[INFO] [stdout]   --> beacon-controller/src/models.rs:54:33
[INFO] [stdout]    |
[INFO] [stdout] 54 |     #[derive(Copy, Deserialize, Serialize)]
[INFO] [stdout]    |                                 ^^^^^^^^^
[INFO] [stdout]    |
[INFO] [stdout] help: consider importing this derive macro
[INFO] [stdout]    |
[INFO] [stdout] 36 +     use serde::Serialize;
[INFO] [stdout]    |
[INFO] [stdout] 
[INFO] [stdout] 
[INFO] [stdout] warning: unused import: `crate::repository`
[INFO] [stdout]  --> beacon-controller/src/controllers.rs:6:5
[INFO] [stdout]   |
[INFO] [stdout] 6 | use crate::repository;
[INFO] [stdout]   |     ^^^^^^^^^^^^^^^^^
[INFO] [stdout]   |
[INFO] [stdout]   = note: `#[warn(unused_imports)]` on by default
[INFO] [stdout] 
[INFO] [stdout] 
[INFO] [stdout] warning: unused imports: `BeaconRole`, `Beacon`
[INFO] [stdout]   --> beacon-controller/src/models.rs:39:33
[INFO] [stdout]    |
[INFO] [stdout] 39 |     use crate::models::beacon::{Beacon, BeaconRole};
[INFO] [stdout]    |                                 ^^^^^^  ^^^^^^^^^^
[INFO] [stdout] 
[INFO] [stdout] 
[INFO] [stdout] warning: unused import: `std::collections::VecDeque`
[INFO] [stdout]  --> beacon-controller/src/repository.rs:1:5
[INFO] [stdout]   |
[INFO] [stdout] 1 | use std::collections::VecDeque;
[INFO] [stdout]   |     ^^^^^^^^^^^^^^^^^^^^^^^^^^
[INFO] [stdout] 
[INFO] [stdout] 
[INFO] [stdout] warning: unused import: `std::error::Error`
[INFO] [stdout]  --> beacon-controller/src/repository.rs:2:5
[INFO] [stdout]   |
[INFO] [stdout] 2 | use std::error::Error;
[INFO] [stdout]   |     ^^^^^^^^^^^^^^^^^
[INFO] [stdout] 
[INFO] [stdout] 
[INFO] [stdout] warning: unused import: `std::fs::File`
[INFO] [stdout]  --> beacon-controller/src/repository.rs:3:5
[INFO] [stdout]   |
[INFO] [stdout] 3 | use std::fs::File;
[INFO] [stdout]   |     ^^^^^^^^^^^^^
[INFO] [stdout] 
[INFO] [stdout] 
[INFO] [stdout] warning: unused imports: `BufReader`, `Read`
[INFO] [stdout]  --> beacon-controller/src/repository.rs:4:15
[INFO] [stdout]   |
[INFO] [stdout] 4 | use std::io::{BufReader, Read};
[INFO] [stdout]   |               ^^^^^^^^^  ^^^^
[INFO] [stdout] 
[INFO] [stdout] 
[INFO] [stdout] warning: unused imports: `Arc`, `LockResult`, `MutexGuard`, `Mutex`, `PoisonError`
[INFO] [stdout]  --> beacon-controller/src/repository.rs:5:17
[INFO] [stdout]   |
[INFO] [stdout] 5 | use std::sync::{Arc, LockResult, Mutex, MutexGuard, PoisonError};
[INFO] [stdout]   |                 ^^^  ^^^^^^^^^^  ^^^^^  ^^^^^^^^^^  ^^^^^^^^^^^
[INFO] [stdout] 
[INFO] [stdout] 
[INFO] [stdout] warning: unused import: `BeaconCommand`
[INFO] [stdout]  --> beacon-controller/src/repository.rs:9:44
[INFO] [stdout]   |
[INFO] [stdout] 9 | use crate::models::actions::{BeaconAction, BeaconCommand, BeaconCommandStatus};
[INFO] [stdout]   |                                            ^^^^^^^^^^^^^
[INFO] [stdout] 
[INFO] [stdout] 
[INFO] [stdout] error[E0204]: the trait `Copy` cannot be implemented for this type
[INFO] [stdout]   --> beacon-controller/src/models.rs:54:14
[INFO] [stdout]    |
[INFO] [stdout] 54 |     #[derive(Copy, Deserialize, Serialize)]
[INFO] [stdout]    |              ^^^^
[INFO] [stdout] ...
[INFO] [stdout] 57 |         LoadExecutable { executable: Vec<u8> },
[INFO] [stdout]    |                          ------------------- this field does not implement `Copy`
[INFO] [stdout]    |
[INFO] [stdout]    = note: this error originates in the derive macro `Copy` (in Nightly builds, run with -Z macro-backtrace for more info)
[INFO] [stdout] 
[INFO] [stdout] 
[INFO] [stdout] error: aborting due to 9 previous errors
[INFO] [stdout] 
[INFO] [stdout] 
[INFO] [stdout] For more information about this error, try `rustc --explain E0432`.
[INFO] [stdout] 
[INFO] [stdout] error: aborting due to 10 previous errors; 8 warnings emitted
[INFO] [stdout] 
[INFO] [stdout] 
[INFO] [stdout] Some errors have detailed explanations: E0204, E0432.
[INFO] [stdout] 
[INFO] [stdout] For more information about an error, try `rustc --explain E0204`.
[INFO] [stdout] 
[INFO] [stderr] error: could not document `beacon-controller`
[INFO] [stderr] 
[INFO] [stderr] Caused by:
[INFO] [stderr]   process didn't exit successfully: `/opt/rustwide/rustup-home/toolchains/beta-2023-12-22-x86_64-unknown-linux-gnu/bin/rustdoc --edition=2021 --crate-type lib --crate-name beacon_controller beacon-controller/src/lib.rs -o /opt/rustwide/target/doc --error-format=json --json=diagnostic-rendered-ansi,artifacts,future-incompat --document-private-items -C metadata=ab55cd01f507e074 -L dependency=/opt/rustwide/target/debug/deps --extern anyhow=/opt/rustwide/target/debug/deps/libanyhow-a8641a8df827babb.rmeta --extern serde=/opt/rustwide/target/debug/deps/libserde-998c4a9c232414d2.rmeta --extern serde_json=/opt/rustwide/target/debug/deps/libserde_json-cc5d8cbd3e6e07b8.rmeta --extern uuid=/opt/rustwide/target/debug/deps/libuuid-61ee0597b3b714a6.rmeta --extern warp=/opt/rustwide/target/debug/deps/libwarp-a631a1a91453c725.rmeta --cap-lints=warn --crate-version 0.1.0` (exit status: 1)
[INFO] [stderr] warning: build failed, waiting for other jobs to finish...
[INFO] [stderr] error: could not compile `beacon-controller` (lib) due to 11 previous errors; 8 warnings emitted
[INFO] running `Command { std: "docker" "inspect" "e512c477a1a91493c53ce99aef4f7ae1196fa904c651b7d608632a37c791971c", kill_on_drop: false }`
[INFO] running `Command { std: "docker" "rm" "-f" "e512c477a1a91493c53ce99aef4f7ae1196fa904c651b7d608632a37c791971c", kill_on_drop: false }`
[INFO] [stdout] e512c477a1a91493c53ce99aef4f7ae1196fa904c651b7d608632a37c791971c
