[INFO] cloning repository https://github.com/KerrMetric/virtue
[INFO] running `Command { std: "git" "-c" "credential.helper=" "-c" "credential.helper=/workspace/cargo-home/bin/git-credential-null" "clone" "--bare" "https://github.com/KerrMetric/virtue" "/workspace/cache/git-repos/https%3A%2F%2Fgithub.com%2FKerrMetric%2Fvirtue", kill_on_drop: false }`
[INFO] [stderr] Cloning into bare repository '/workspace/cache/git-repos/https%3A%2F%2Fgithub.com%2FKerrMetric%2Fvirtue'...
[INFO] running `Command { std: "git" "rev-parse" "HEAD", kill_on_drop: false }`
[INFO] [stdout] ace5e07cabfea2cf22f43e6e7c984e77ac9a8443
[INFO] documenting KerrMetric/virtue against 1.75.0 for beta-1.76-rustdoc-1
[INFO] running `Command { std: "git" "clone" "/workspace/cache/git-repos/https%3A%2F%2Fgithub.com%2FKerrMetric%2Fvirtue" "/workspace/builds/worker-6-tc1/source", kill_on_drop: false }`
[INFO] [stderr] Cloning into '/workspace/builds/worker-6-tc1/source'...
[INFO] [stderr] done.
[INFO] validating manifest of git repo https://github.com/KerrMetric/virtue on toolchain 1.75.0
[INFO] running `Command { std: CARGO_HOME="/workspace/cargo-home" RUSTUP_HOME="/workspace/rustup-home" "/workspace/cargo-home/bin/cargo" "+1.75.0" "metadata" "--manifest-path" "Cargo.toml" "--no-deps", kill_on_drop: false }`
[INFO] removed /workspace/builds/worker-6-tc1/source/.cargo/config
[INFO] started tweaking git repo https://github.com/KerrMetric/virtue
[INFO] finished tweaking git repo https://github.com/KerrMetric/virtue
[INFO] tweaked toml for git repo https://github.com/KerrMetric/virtue written to /workspace/builds/worker-6-tc1/source/Cargo.toml
[INFO] crate git repo https://github.com/KerrMetric/virtue already has a lockfile, it will not be regenerated
[INFO] running `Command { std: CARGO_HOME="/workspace/cargo-home" RUSTUP_HOME="/workspace/rustup-home" "/workspace/cargo-home/bin/cargo" "+1.75.0" "fetch" "--manifest-path" "Cargo.toml", kill_on_drop: false }`
[INFO] [stderr]     Updating git repository `https://github.com/paritytech/ink`
[INFO] [stderr] warning: skipping duplicate package `erc20` found at `/workspace/cargo-home/git/checkouts/ink-1add513eda8f5a89/e5d0326/examples/core/erc20`
[INFO] [stderr] warning: skipping duplicate package `erc20` found at `/workspace/cargo-home/git/checkouts/ink-1add513eda8f5a89/e5d0326/examples/model/erc20`
[INFO] [stderr]     Updating git repository `https://github.com/type-metadata/type-metadata.git`
[INFO] [stderr]  Downloading crates ...
[INFO] [stderr]   Downloaded parity-scale-codec-derive v1.0.3
[INFO] [stderr]   Downloaded byte-slice-cast v0.3.2
[INFO] [stderr]   Downloaded parity-scale-codec v1.0.6
[INFO] [stderr]   Downloaded bitvec v0.14.0
[INFO] running `Command { std: "docker" "create" "-v" "/var/lib/crater-agent-workspace/builds/worker-6-tc1/target:/opt/rustwide/target:rw,Z" "-v" "/var/lib/crater-agent-workspace/builds/worker-6-tc1/source:/opt/rustwide/workdir:ro,Z" "-v" "/var/lib/crater-agent-workspace/cargo-home:/opt/rustwide/cargo-home:ro,Z" "-v" "/var/lib/crater-agent-workspace/rustup-home:/opt/rustwide/rustup-home:ro,Z" "-e" "SOURCE_DIR=/opt/rustwide/workdir" "-e" "CARGO_TARGET_DIR=/opt/rustwide/target" "-e" "CARGO_HOME=/opt/rustwide/cargo-home" "-e" "RUSTUP_HOME=/opt/rustwide/rustup-home" "-w" "/opt/rustwide/workdir" "-m" "1610612736" "--user" "0:0" "--network" "none" "ghcr.io/rust-lang/crates-build-env/linux@sha256:2788e3201cd34a07e3172128adcd8b3090168a8e3bcc40d7c032b9dda1df7d1c" "/opt/rustwide/cargo-home/bin/cargo" "+1.75.0" "metadata" "--no-deps" "--format-version=1", kill_on_drop: false }`
[INFO] [stdout] 9949ab939569c5b419383e2e6ee8c35be3b0f8cc6dfa6d9497242701ef617b45
[INFO] running `Command { std: "docker" "start" "-a" "9949ab939569c5b419383e2e6ee8c35be3b0f8cc6dfa6d9497242701ef617b45", kill_on_drop: false }`
[INFO] running `Command { std: "docker" "inspect" "9949ab939569c5b419383e2e6ee8c35be3b0f8cc6dfa6d9497242701ef617b45", kill_on_drop: false }`
[INFO] running `Command { std: "docker" "rm" "-f" "9949ab939569c5b419383e2e6ee8c35be3b0f8cc6dfa6d9497242701ef617b45", kill_on_drop: false }`
[INFO] [stdout] 9949ab939569c5b419383e2e6ee8c35be3b0f8cc6dfa6d9497242701ef617b45
[INFO] running `Command { std: "docker" "create" "-v" "/var/lib/crater-agent-workspace/builds/worker-6-tc1/target:/opt/rustwide/target:rw,Z" "-v" "/var/lib/crater-agent-workspace/builds/worker-6-tc1/source:/opt/rustwide/workdir:ro,Z" "-v" "/var/lib/crater-agent-workspace/cargo-home:/opt/rustwide/cargo-home:ro,Z" "-v" "/var/lib/crater-agent-workspace/rustup-home:/opt/rustwide/rustup-home:ro,Z" "-e" "SOURCE_DIR=/opt/rustwide/workdir" "-e" "CARGO_TARGET_DIR=/opt/rustwide/target" "-e" "CARGO_INCREMENTAL=0" "-e" "RUST_BACKTRACE=full" "-e" "RUSTFLAGS=--cap-lints=warn" "-e" "RUSTDOCFLAGS=--cap-lints=warn" "-e" "CARGO_HOME=/opt/rustwide/cargo-home" "-e" "RUSTUP_HOME=/opt/rustwide/rustup-home" "-w" "/opt/rustwide/workdir" "-m" "1610612736" "--user" "0:0" "--network" "none" "ghcr.io/rust-lang/crates-build-env/linux@sha256:2788e3201cd34a07e3172128adcd8b3090168a8e3bcc40d7c032b9dda1df7d1c" "/opt/rustwide/cargo-home/bin/cargo" "+1.75.0" "doc" "--frozen" "--no-deps" "--document-private-items" "--message-format=json", kill_on_drop: false }`
[INFO] [stdout] 8678c6748643fb7cf43ca3bbd86b22e35115243cbb24e0dbb939d523d6edc35e
[INFO] running `Command { std: "docker" "start" "-a" "8678c6748643fb7cf43ca3bbd86b22e35115243cbb24e0dbb939d523d6edc35e", kill_on_drop: false }`
[INFO] [stderr] warning: skipping duplicate package `erc20` found at `/opt/rustwide/cargo-home/git/checkouts/ink-1add513eda8f5a89/e5d0326/examples/core/erc20`
[INFO] [stderr] warning: skipping duplicate package `erc20` found at `/opt/rustwide/cargo-home/git/checkouts/ink-1add513eda8f5a89/e5d0326/examples/model/erc20`
[INFO] [stderr]    Compiling proc-macro2 v1.0.5
[INFO] [stderr]    Compiling unicode-xid v0.2.0
[INFO] [stderr]    Compiling syn v1.0.5
[INFO] [stderr]    Compiling serde v1.0.101
[INFO] [stderr]    Compiling proc-macro2 v0.4.30
[INFO] [stderr]    Compiling unicode-xid v0.1.0
[INFO] [stderr]    Compiling syn v0.15.44
[INFO] [stderr]    Compiling memchr v2.2.1
[INFO] [stderr]    Compiling libc v0.2.62
[INFO] [stderr]    Compiling regex-syntax v0.6.12
[INFO] [stderr]    Compiling wee_alloc v0.4.5
[INFO] [stderr]    Compiling arrayvec v0.4.11
[INFO] [stderr]    Compiling nodrop v0.1.13
[INFO] [stderr]    Compiling cfg-if v0.1.10
[INFO] [stderr]    Compiling crunchy v0.2.2
[INFO] [stderr]    Compiling thread_local v0.3.6
[INFO] [stderr]    Compiling memory_units v0.4.0
[INFO] [stderr]    Compiling tiny-keccak v1.5.0
[INFO] [stderr]    Compiling bitvec v0.14.0
[INFO] [stderr]    Compiling byte-slice-cast v0.3.2
[INFO] [stderr]    Compiling ryu v1.0.0
[INFO] [stderr]    Compiling ink_utils v0.1.0 (https://github.com/paritytech/ink#e5d03264)
[INFO] [stderr]    Compiling smallvec v0.6.10
[INFO] [stdout] error[E0557]: feature has been removed
[INFO] [stdout]   --> /opt/rustwide/cargo-home/registry/src/index.crates.io-6f17d22bba15001f/smallvec-0.6.10/lib.rs:33:40
[INFO] [stdout]    |
[INFO] [stdout] 33 | #![cfg_attr(feature = "union", feature(untagged_unions))]
[INFO] [stdout]    |                                        ^^^^^^^^^^^^^^^ feature has been removed
[INFO] [stdout]    |
[INFO] [stdout]    = note: unions with `Copy` and `ManuallyDrop` fields are stable; there is no intent to stabilize more
[INFO] [stdout] 
[INFO] [stdout] 
[INFO] [stderr]    Compiling unicode-segmentation v1.3.0
[INFO] [stdout] error[E0557]: feature has been removed
[INFO] [stdout]   --> /opt/rustwide/cargo-home/registry/src/index.crates.io-6f17d22bba15001f/smallvec-0.6.10/lib.rs:33:40
[INFO] [stdout]    |
[INFO] [stdout] 33 | #![cfg_attr(feature = "union", feature(untagged_unions))]
[INFO] [stdout]    |                                        ^^^^^^^^^^^^^^^ feature has been removed
[INFO] [stdout]    |
[INFO] [stdout]    = note: unions with `Copy` and `ManuallyDrop` fields are stable; there is no intent to stabilize more
[INFO] [stdout] 
[INFO] [stdout] 
[INFO] [stderr]    Compiling either v1.5.3
[INFO] [stdout] error: aborting due to previous error
[INFO] [stdout] 
[INFO] [stdout] 
[INFO] [stdout] For more information about this error, try `rustc --explain E0557`.
[INFO] [stdout] 
[INFO] [stderr] error: could not compile `smallvec` (lib) due to 2 previous errors
[INFO] [stderr] warning: build failed, waiting for other jobs to finish...
[INFO] [stdout] error: aborting due to previous error
[INFO] [stdout] 
[INFO] [stdout] 
[INFO] [stdout] For more information about this error, try `rustc --explain E0557`.
[INFO] [stdout] 
[INFO] [stderr] error: could not compile `smallvec` (lib) due to 2 previous errors
[INFO] running `Command { std: "docker" "inspect" "8678c6748643fb7cf43ca3bbd86b22e35115243cbb24e0dbb939d523d6edc35e", kill_on_drop: false }`
[INFO] running `Command { std: "docker" "rm" "-f" "8678c6748643fb7cf43ca3bbd86b22e35115243cbb24e0dbb939d523d6edc35e", kill_on_drop: false }`
[INFO] [stdout] 8678c6748643fb7cf43ca3bbd86b22e35115243cbb24e0dbb939d523d6edc35e
[INFO] documenting KerrMetric/virtue against beta-2023-12-22 for beta-1.76-rustdoc-1
[INFO] running `Command { std: "git" "clone" "/workspace/cache/git-repos/https%3A%2F%2Fgithub.com%2FKerrMetric%2Fvirtue" "/workspace/builds/worker-6-tc2/source", kill_on_drop: false }`
[INFO] [stderr] Cloning into '/workspace/builds/worker-6-tc2/source'...
[INFO] [stderr] done.
[INFO] validating manifest of git repo https://github.com/KerrMetric/virtue on toolchain beta-2023-12-22
[INFO] running `Command { std: CARGO_HOME="/workspace/cargo-home" RUSTUP_HOME="/workspace/rustup-home" "/workspace/cargo-home/bin/cargo" "+beta-2023-12-22" "metadata" "--manifest-path" "Cargo.toml" "--no-deps", kill_on_drop: false }`
[INFO] removed /workspace/builds/worker-6-tc2/source/.cargo/config
[INFO] started tweaking git repo https://github.com/KerrMetric/virtue
[INFO] finished tweaking git repo https://github.com/KerrMetric/virtue
[INFO] tweaked toml for git repo https://github.com/KerrMetric/virtue written to /workspace/builds/worker-6-tc2/source/Cargo.toml
[INFO] crate git repo https://github.com/KerrMetric/virtue already has a lockfile, it will not be regenerated
[INFO] running `Command { std: CARGO_HOME="/workspace/cargo-home" RUSTUP_HOME="/workspace/rustup-home" "/workspace/cargo-home/bin/cargo" "+beta-2023-12-22" "fetch" "--manifest-path" "Cargo.toml", kill_on_drop: false }`
[INFO] [stderr] warning: skipping duplicate package `erc20` found at `/workspace/cargo-home/git/checkouts/ink-1add513eda8f5a89/e5d0326/examples/core/erc20`
[INFO] [stderr] warning: skipping duplicate package `erc20` found at `/workspace/cargo-home/git/checkouts/ink-1add513eda8f5a89/e5d0326/examples/model/erc20`
[INFO] running `Command { std: "docker" "create" "-v" "/var/lib/crater-agent-workspace/builds/worker-6-tc2/target:/opt/rustwide/target:rw,Z" "-v" "/var/lib/crater-agent-workspace/builds/worker-6-tc2/source:/opt/rustwide/workdir:ro,Z" "-v" "/var/lib/crater-agent-workspace/cargo-home:/opt/rustwide/cargo-home:ro,Z" "-v" "/var/lib/crater-agent-workspace/rustup-home:/opt/rustwide/rustup-home:ro,Z" "-e" "SOURCE_DIR=/opt/rustwide/workdir" "-e" "CARGO_TARGET_DIR=/opt/rustwide/target" "-e" "CARGO_HOME=/opt/rustwide/cargo-home" "-e" "RUSTUP_HOME=/opt/rustwide/rustup-home" "-w" "/opt/rustwide/workdir" "-m" "1610612736" "--user" "0:0" "--network" "none" "ghcr.io/rust-lang/crates-build-env/linux@sha256:2788e3201cd34a07e3172128adcd8b3090168a8e3bcc40d7c032b9dda1df7d1c" "/opt/rustwide/cargo-home/bin/cargo" "+beta-2023-12-22" "metadata" "--no-deps" "--format-version=1", kill_on_drop: false }`
[INFO] [stdout] b43f78f9675ef15c9e87686d9e832fec883de8deb6441708d49c745ecc423079
[INFO] running `Command { std: "docker" "start" "-a" "b43f78f9675ef15c9e87686d9e832fec883de8deb6441708d49c745ecc423079", kill_on_drop: false }`
[INFO] running `Command { std: "docker" "inspect" "b43f78f9675ef15c9e87686d9e832fec883de8deb6441708d49c745ecc423079", kill_on_drop: false }`
[INFO] running `Command { std: "docker" "rm" "-f" "b43f78f9675ef15c9e87686d9e832fec883de8deb6441708d49c745ecc423079", kill_on_drop: false }`
[INFO] [stdout] b43f78f9675ef15c9e87686d9e832fec883de8deb6441708d49c745ecc423079
[INFO] running `Command { std: "docker" "create" "-v" "/var/lib/crater-agent-workspace/builds/worker-6-tc2/target:/opt/rustwide/target:rw,Z" "-v" "/var/lib/crater-agent-workspace/builds/worker-6-tc2/source:/opt/rustwide/workdir:ro,Z" "-v" "/var/lib/crater-agent-workspace/cargo-home:/opt/rustwide/cargo-home:ro,Z" "-v" "/var/lib/crater-agent-workspace/rustup-home:/opt/rustwide/rustup-home:ro,Z" "-e" "SOURCE_DIR=/opt/rustwide/workdir" "-e" "CARGO_TARGET_DIR=/opt/rustwide/target" "-e" "CARGO_INCREMENTAL=0" "-e" "RUST_BACKTRACE=full" "-e" "RUSTFLAGS=--cap-lints=warn" "-e" "RUSTDOCFLAGS=--cap-lints=warn" "-e" "CARGO_HOME=/opt/rustwide/cargo-home" "-e" "RUSTUP_HOME=/opt/rustwide/rustup-home" "-w" "/opt/rustwide/workdir" "-m" "1610612736" "--user" "0:0" "--network" "none" "ghcr.io/rust-lang/crates-build-env/linux@sha256:2788e3201cd34a07e3172128adcd8b3090168a8e3bcc40d7c032b9dda1df7d1c" "/opt/rustwide/cargo-home/bin/cargo" "+beta-2023-12-22" "doc" "--frozen" "--no-deps" "--document-private-items" "--message-format=json", kill_on_drop: false }`
[INFO] [stdout] f788fae3a172440e87b49622516b6291a844ab623ddc021b16814febc41c2534
[INFO] running `Command { std: "docker" "start" "-a" "f788fae3a172440e87b49622516b6291a844ab623ddc021b16814febc41c2534", kill_on_drop: false }`
[INFO] [stderr] warning: skipping duplicate package `erc20` found at `/opt/rustwide/cargo-home/git/checkouts/ink-1add513eda8f5a89/e5d0326/examples/core/erc20`
[INFO] [stderr] warning: skipping duplicate package `erc20` found at `/opt/rustwide/cargo-home/git/checkouts/ink-1add513eda8f5a89/e5d0326/examples/model/erc20`
[INFO] [stderr]    Compiling proc-macro2 v1.0.5
[INFO] [stderr]    Compiling unicode-xid v0.2.0
[INFO] [stderr]    Compiling syn v1.0.5
[INFO] [stderr]    Compiling serde v1.0.101
[INFO] [stderr]    Compiling proc-macro2 v0.4.30
[INFO] [stderr]    Compiling unicode-xid v0.1.0
[INFO] [stderr]    Compiling syn v0.15.44
[INFO] [stderr]    Compiling memchr v2.2.1
[INFO] [stderr]    Compiling libc v0.2.62
[INFO] [stderr]    Compiling crunchy v0.2.2
[INFO] [stderr]    Compiling regex-syntax v0.6.12
[INFO] [stderr]    Compiling arrayvec v0.4.11
[INFO] [stderr]    Compiling wee_alloc v0.4.5
[INFO] [stderr]    Compiling memory_units v0.4.0
[INFO] [stderr]    Compiling nodrop v0.1.13
[INFO] [stderr]    Compiling thread_local v0.3.6
[INFO] [stderr]    Compiling cfg-if v0.1.10
[INFO] [stderr]    Compiling tiny-keccak v1.5.0
[INFO] [stderr]    Compiling byte-slice-cast v0.3.2
[INFO] [stderr]    Compiling ryu v1.0.0
[INFO] [stderr]    Compiling bitvec v0.14.0
[INFO] [stderr]    Compiling ink_utils v0.1.0 (https://github.com/paritytech/ink#e5d03264)
[INFO] [stderr]    Compiling smallvec v0.6.10
[INFO] [stdout] error[E0557]: feature has been removed
[INFO] [stdout]   --> /opt/rustwide/cargo-home/registry/src/index.crates.io-6f17d22bba15001f/smallvec-0.6.10/lib.rs:33:40
[INFO] [stdout]    |
[INFO] [stdout] 33 | #![cfg_attr(feature = "union", feature(untagged_unions))]
[INFO] [stdout]    |                                        ^^^^^^^^^^^^^^^ feature has been removed
[INFO] [stdout]    |
[INFO] [stdout]    = note: unions with `Copy` and `ManuallyDrop` fields are stable; there is no intent to stabilize more
[INFO] [stdout] 
[INFO] [stdout] 
[INFO] [stderr]    Compiling unicode-segmentation v1.3.0
[INFO] [stdout] error[E0557]: feature has been removed
[INFO] [stdout]   --> /opt/rustwide/cargo-home/registry/src/index.crates.io-6f17d22bba15001f/smallvec-0.6.10/lib.rs:33:40
[INFO] [stdout]    |
[INFO] [stdout] 33 | #![cfg_attr(feature = "union", feature(untagged_unions))]
[INFO] [stdout]    |                                        ^^^^^^^^^^^^^^^ feature has been removed
[INFO] [stdout]    |
[INFO] [stdout]    = note: unions with `Copy` and `ManuallyDrop` fields are stable; there is no intent to stabilize more
[INFO] [stdout] 
[INFO] [stdout] 
[INFO] [stdout] error: aborting due to 1 previous error
[INFO] [stdout] 
[INFO] [stdout] 
[INFO] [stdout] For more information about this error, try `rustc --explain E0557`.
[INFO] [stdout] 
[INFO] [stderr] error: could not compile `smallvec` (lib) due to 2 previous errors
[INFO] [stderr] warning: build failed, waiting for other jobs to finish...
[INFO] [stdout] error: aborting due to 1 previous error
[INFO] [stdout] 
[INFO] [stdout] 
[INFO] [stdout] For more information about this error, try `rustc --explain E0557`.
[INFO] [stdout] 
[INFO] [stderr] error: could not compile `smallvec` (lib) due to 2 previous errors
[INFO] running `Command { std: "docker" "inspect" "f788fae3a172440e87b49622516b6291a844ab623ddc021b16814febc41c2534", kill_on_drop: false }`
[INFO] running `Command { std: "docker" "rm" "-f" "f788fae3a172440e87b49622516b6291a844ab623ddc021b16814febc41c2534", kill_on_drop: false }`
[INFO] [stdout] f788fae3a172440e87b49622516b6291a844ab623ddc021b16814febc41c2534
