[INFO] cloning repository https://github.com/Keggii/flashcards
[INFO] running `Command { std: "git" "-c" "credential.helper=" "-c" "credential.helper=/workspace/cargo-home/bin/git-credential-null" "clone" "--bare" "https://github.com/Keggii/flashcards" "/workspace/cache/git-repos/https%3A%2F%2Fgithub.com%2FKeggii%2Fflashcards", kill_on_drop: false }`
[INFO] [stderr] Cloning into bare repository '/workspace/cache/git-repos/https%3A%2F%2Fgithub.com%2FKeggii%2Fflashcards'...
[INFO] running `Command { std: "git" "rev-parse" "HEAD", kill_on_drop: false }`
[INFO] [stdout] 887587bc559b36b25c943f9450ee0853f856e8a2
[INFO] documenting Keggii/flashcards against 1.75.0 for beta-1.76-rustdoc-1
[INFO] running `Command { std: "git" "clone" "/workspace/cache/git-repos/https%3A%2F%2Fgithub.com%2FKeggii%2Fflashcards" "/workspace/builds/worker-2-tc1/source", kill_on_drop: false }`
[INFO] [stderr] Cloning into '/workspace/builds/worker-2-tc1/source'...
[INFO] [stderr] done.
[INFO] validating manifest of git repo https://github.com/Keggii/flashcards on toolchain 1.75.0
[INFO] running `Command { std: CARGO_HOME="/workspace/cargo-home" RUSTUP_HOME="/workspace/rustup-home" "/workspace/cargo-home/bin/cargo" "+1.75.0" "metadata" "--manifest-path" "Cargo.toml" "--no-deps", kill_on_drop: false }`
[INFO] removed /workspace/builds/worker-2-tc1/source/rust-toolchain.toml
[INFO] started tweaking git repo https://github.com/Keggii/flashcards
[INFO] finished tweaking git repo https://github.com/Keggii/flashcards
[INFO] tweaked toml for git repo https://github.com/Keggii/flashcards written to /workspace/builds/worker-2-tc1/source/Cargo.toml
[INFO] crate git repo https://github.com/Keggii/flashcards already has a lockfile, it will not be regenerated
[INFO] running `Command { std: CARGO_HOME="/workspace/cargo-home" RUSTUP_HOME="/workspace/rustup-home" "/workspace/cargo-home/bin/cargo" "+1.75.0" "fetch" "--manifest-path" "Cargo.toml", kill_on_drop: false }`
[INFO] [stderr]     Blocking waiting for file lock on package cache
[ERROR] error running command: no output for 300 seconds
[ERROR] this task or one of its parent failed!
[ERROR] no output for 300 seconds
[ERROR] note: run with `RUST_BACKTRACE=1` to display a backtrace.
[INFO] documenting Keggii/flashcards against beta-2023-12-22 for beta-1.76-rustdoc-1
[INFO] running `Command { std: "git" "clone" "/workspace/cache/git-repos/https%3A%2F%2Fgithub.com%2FKeggii%2Fflashcards" "/workspace/builds/worker-2-tc2/source", kill_on_drop: false }`
[INFO] [stderr] Cloning into '/workspace/builds/worker-2-tc2/source'...
[INFO] [stderr] done.
[INFO] validating manifest of git repo https://github.com/Keggii/flashcards on toolchain beta-2023-12-22
[INFO] running `Command { std: CARGO_HOME="/workspace/cargo-home" RUSTUP_HOME="/workspace/rustup-home" "/workspace/cargo-home/bin/cargo" "+beta-2023-12-22" "metadata" "--manifest-path" "Cargo.toml" "--no-deps", kill_on_drop: false }`
[INFO] removed /workspace/builds/worker-2-tc2/source/rust-toolchain.toml
[INFO] started tweaking git repo https://github.com/Keggii/flashcards
[INFO] finished tweaking git repo https://github.com/Keggii/flashcards
[INFO] tweaked toml for git repo https://github.com/Keggii/flashcards written to /workspace/builds/worker-2-tc2/source/Cargo.toml
[INFO] crate git repo https://github.com/Keggii/flashcards already has a lockfile, it will not be regenerated
[INFO] running `Command { std: CARGO_HOME="/workspace/cargo-home" RUSTUP_HOME="/workspace/rustup-home" "/workspace/cargo-home/bin/cargo" "+beta-2023-12-22" "fetch" "--manifest-path" "Cargo.toml", kill_on_drop: false }`
[INFO] [stderr]     Blocking waiting for file lock on package cache
[INFO] [stderr]     Blocking waiting for file lock on package cache
[ERROR] error running command: no output for 300 seconds
[INFO] documenting Keggii/flashcards against beta-2023-12-22 for beta-1.76-rustdoc-1
[INFO] running `Command { std: "git" "clone" "/workspace/cache/git-repos/https%3A%2F%2Fgithub.com%2FKeggii%2Fflashcards" "/workspace/builds/worker-2-tc2/source", kill_on_drop: false }`
[INFO] [stderr] Cloning into '/workspace/builds/worker-2-tc2/source'...
[INFO] [stderr] done.
[INFO] validating manifest of git repo https://github.com/Keggii/flashcards on toolchain beta-2023-12-22
[INFO] running `Command { std: CARGO_HOME="/workspace/cargo-home" RUSTUP_HOME="/workspace/rustup-home" "/workspace/cargo-home/bin/cargo" "+beta-2023-12-22" "metadata" "--manifest-path" "Cargo.toml" "--no-deps", kill_on_drop: false }`
[INFO] removed /workspace/builds/worker-2-tc2/source/rust-toolchain.toml
[INFO] started tweaking git repo https://github.com/Keggii/flashcards
[INFO] finished tweaking git repo https://github.com/Keggii/flashcards
[INFO] tweaked toml for git repo https://github.com/Keggii/flashcards written to /workspace/builds/worker-2-tc2/source/Cargo.toml
[INFO] crate git repo https://github.com/Keggii/flashcards already has a lockfile, it will not be regenerated
[INFO] running `Command { std: CARGO_HOME="/workspace/cargo-home" RUSTUP_HOME="/workspace/rustup-home" "/workspace/cargo-home/bin/cargo" "+beta-2023-12-22" "fetch" "--manifest-path" "Cargo.toml", kill_on_drop: false }`
[INFO] [stderr]     Blocking waiting for file lock on package cache
[INFO] [stderr]     Blocking waiting for file lock on package cache
[ERROR] error running command: no output for 300 seconds
[INFO] documenting Keggii/flashcards against beta-2023-12-22 for beta-1.76-rustdoc-1
[INFO] running `Command { std: "git" "clone" "/workspace/cache/git-repos/https%3A%2F%2Fgithub.com%2FKeggii%2Fflashcards" "/workspace/builds/worker-2-tc2/source", kill_on_drop: false }`
[INFO] [stderr] Cloning into '/workspace/builds/worker-2-tc2/source'...
[INFO] [stderr] done.
[INFO] validating manifest of git repo https://github.com/Keggii/flashcards on toolchain beta-2023-12-22
[INFO] running `Command { std: CARGO_HOME="/workspace/cargo-home" RUSTUP_HOME="/workspace/rustup-home" "/workspace/cargo-home/bin/cargo" "+beta-2023-12-22" "metadata" "--manifest-path" "Cargo.toml" "--no-deps", kill_on_drop: false }`
[INFO] removed /workspace/builds/worker-2-tc2/source/rust-toolchain.toml
[INFO] started tweaking git repo https://github.com/Keggii/flashcards
[INFO] finished tweaking git repo https://github.com/Keggii/flashcards
[INFO] tweaked toml for git repo https://github.com/Keggii/flashcards written to /workspace/builds/worker-2-tc2/source/Cargo.toml
[INFO] crate git repo https://github.com/Keggii/flashcards already has a lockfile, it will not be regenerated
[INFO] running `Command { std: CARGO_HOME="/workspace/cargo-home" RUSTUP_HOME="/workspace/rustup-home" "/workspace/cargo-home/bin/cargo" "+beta-2023-12-22" "fetch" "--manifest-path" "Cargo.toml", kill_on_drop: false }`
[INFO] [stderr]     Blocking waiting for file lock on package cache
[INFO] [stderr]     Blocking waiting for file lock on package cache
[ERROR] error running command: no output for 300 seconds
[INFO] documenting Keggii/flashcards against beta-2023-12-22 for beta-1.76-rustdoc-1
[INFO] running `Command { std: "git" "clone" "/workspace/cache/git-repos/https%3A%2F%2Fgithub.com%2FKeggii%2Fflashcards" "/workspace/builds/worker-2-tc2/source", kill_on_drop: false }`
[INFO] [stderr] Cloning into '/workspace/builds/worker-2-tc2/source'...
[INFO] [stderr] done.
[INFO] validating manifest of git repo https://github.com/Keggii/flashcards on toolchain beta-2023-12-22
[INFO] running `Command { std: CARGO_HOME="/workspace/cargo-home" RUSTUP_HOME="/workspace/rustup-home" "/workspace/cargo-home/bin/cargo" "+beta-2023-12-22" "metadata" "--manifest-path" "Cargo.toml" "--no-deps", kill_on_drop: false }`
[INFO] removed /workspace/builds/worker-2-tc2/source/rust-toolchain.toml
[INFO] started tweaking git repo https://github.com/Keggii/flashcards
[INFO] finished tweaking git repo https://github.com/Keggii/flashcards
[INFO] tweaked toml for git repo https://github.com/Keggii/flashcards written to /workspace/builds/worker-2-tc2/source/Cargo.toml
[INFO] crate git repo https://github.com/Keggii/flashcards already has a lockfile, it will not be regenerated
[INFO] running `Command { std: CARGO_HOME="/workspace/cargo-home" RUSTUP_HOME="/workspace/rustup-home" "/workspace/cargo-home/bin/cargo" "+beta-2023-12-22" "fetch" "--manifest-path" "Cargo.toml", kill_on_drop: false }`
[INFO] [stderr]     Blocking waiting for file lock on package cache
[INFO] [stderr]     Blocking waiting for file lock on package cache
[ERROR] error running command: no output for 300 seconds
[INFO] documenting Keggii/flashcards against beta-2023-12-22 for beta-1.76-rustdoc-1
[INFO] running `Command { std: "git" "clone" "/workspace/cache/git-repos/https%3A%2F%2Fgithub.com%2FKeggii%2Fflashcards" "/workspace/builds/worker-2-tc2/source", kill_on_drop: false }`
[INFO] [stderr] Cloning into '/workspace/builds/worker-2-tc2/source'...
[INFO] [stderr] done.
[INFO] validating manifest of git repo https://github.com/Keggii/flashcards on toolchain beta-2023-12-22
[INFO] running `Command { std: CARGO_HOME="/workspace/cargo-home" RUSTUP_HOME="/workspace/rustup-home" "/workspace/cargo-home/bin/cargo" "+beta-2023-12-22" "metadata" "--manifest-path" "Cargo.toml" "--no-deps", kill_on_drop: false }`
[INFO] removed /workspace/builds/worker-2-tc2/source/rust-toolchain.toml
[INFO] started tweaking git repo https://github.com/Keggii/flashcards
[INFO] finished tweaking git repo https://github.com/Keggii/flashcards
[INFO] tweaked toml for git repo https://github.com/Keggii/flashcards written to /workspace/builds/worker-2-tc2/source/Cargo.toml
[INFO] crate git repo https://github.com/Keggii/flashcards already has a lockfile, it will not be regenerated
[INFO] running `Command { std: CARGO_HOME="/workspace/cargo-home" RUSTUP_HOME="/workspace/rustup-home" "/workspace/cargo-home/bin/cargo" "+beta-2023-12-22" "fetch" "--manifest-path" "Cargo.toml", kill_on_drop: false }`
[INFO] [stderr]     Blocking waiting for file lock on package cache
[INFO] [stderr]     Blocking waiting for file lock on package cache
[INFO] [stderr]  Downloading crates ...
[INFO] [stderr]   Downloaded derive-where v1.2.3
[INFO] running `Command { std: "docker" "create" "-v" "/var/lib/crater-agent-workspace/builds/worker-2-tc2/target:/opt/rustwide/target:rw,Z" "-v" "/var/lib/crater-agent-workspace/builds/worker-2-tc2/source:/opt/rustwide/workdir:ro,Z" "-v" "/var/lib/crater-agent-workspace/cargo-home:/opt/rustwide/cargo-home:ro,Z" "-v" "/var/lib/crater-agent-workspace/rustup-home:/opt/rustwide/rustup-home:ro,Z" "-e" "SOURCE_DIR=/opt/rustwide/workdir" "-e" "CARGO_TARGET_DIR=/opt/rustwide/target" "-e" "CARGO_HOME=/opt/rustwide/cargo-home" "-e" "RUSTUP_HOME=/opt/rustwide/rustup-home" "-w" "/opt/rustwide/workdir" "-m" "1610612736" "--user" "0:0" "--network" "none" "ghcr.io/rust-lang/crates-build-env/linux@sha256:2788e3201cd34a07e3172128adcd8b3090168a8e3bcc40d7c032b9dda1df7d1c" "/opt/rustwide/cargo-home/bin/cargo" "+beta-2023-12-22" "metadata" "--no-deps" "--format-version=1", kill_on_drop: false }`
[INFO] [stdout] ac821c75a69832e0eb3ca97e83de51e6f3c7c757236e2f80b89d66a970cc2e90
[INFO] running `Command { std: "docker" "start" "-a" "ac821c75a69832e0eb3ca97e83de51e6f3c7c757236e2f80b89d66a970cc2e90", kill_on_drop: false }`
[INFO] running `Command { std: "docker" "inspect" "ac821c75a69832e0eb3ca97e83de51e6f3c7c757236e2f80b89d66a970cc2e90", kill_on_drop: false }`
[INFO] running `Command { std: "docker" "rm" "-f" "ac821c75a69832e0eb3ca97e83de51e6f3c7c757236e2f80b89d66a970cc2e90", kill_on_drop: false }`
[INFO] [stdout] ac821c75a69832e0eb3ca97e83de51e6f3c7c757236e2f80b89d66a970cc2e90
[INFO] running `Command { std: "docker" "create" "-v" "/var/lib/crater-agent-workspace/builds/worker-2-tc2/target:/opt/rustwide/target:rw,Z" "-v" "/var/lib/crater-agent-workspace/builds/worker-2-tc2/source:/opt/rustwide/workdir:ro,Z" "-v" "/var/lib/crater-agent-workspace/cargo-home:/opt/rustwide/cargo-home:ro,Z" "-v" "/var/lib/crater-agent-workspace/rustup-home:/opt/rustwide/rustup-home:ro,Z" "-e" "SOURCE_DIR=/opt/rustwide/workdir" "-e" "CARGO_TARGET_DIR=/opt/rustwide/target" "-e" "CARGO_INCREMENTAL=0" "-e" "RUST_BACKTRACE=full" "-e" "RUSTFLAGS=--cap-lints=warn" "-e" "RUSTDOCFLAGS=--cap-lints=warn" "-e" "CARGO_HOME=/opt/rustwide/cargo-home" "-e" "RUSTUP_HOME=/opt/rustwide/rustup-home" "-w" "/opt/rustwide/workdir" "-m" "1610612736" "--user" "0:0" "--network" "none" "ghcr.io/rust-lang/crates-build-env/linux@sha256:2788e3201cd34a07e3172128adcd8b3090168a8e3bcc40d7c032b9dda1df7d1c" "/opt/rustwide/cargo-home/bin/cargo" "+beta-2023-12-22" "doc" "--frozen" "--no-deps" "--document-private-items" "--message-format=json", kill_on_drop: false }`
[INFO] [stdout] ee3491256f2548825064b802509fba3bcaa3d624299a84be81c472ae4c69f3fe
[INFO] running `Command { std: "docker" "start" "-a" "ee3491256f2548825064b802509fba3bcaa3d624299a84be81c472ae4c69f3fe", kill_on_drop: false }`
[INFO] [stderr]    Compiling proc-macro2 v1.0.66
[INFO] [stderr]    Compiling unicode-ident v1.0.11
[INFO] [stderr]     Checking cfg-if v1.0.0
[INFO] [stderr]    Compiling libc v0.2.147
[INFO] [stderr]    Compiling once_cell v1.18.0
[INFO] [stderr]    Compiling serde v1.0.188
[INFO] [stderr]    Compiling thiserror v1.0.47
[INFO] [stderr]     Checking memchr v2.6.2
[INFO] [stderr]    Compiling syn v1.0.109
[INFO] [stderr]    Compiling wasm-bindgen-shared v0.2.87
[INFO] [stderr]    Compiling futures-core v0.3.28
[INFO] [stderr]     Checking itoa v1.0.9
[INFO] [stderr]    Compiling ahash v0.7.6
[INFO] [stderr]     Checking pin-project-lite v0.2.13
[INFO] [stderr]    Compiling bumpalo v3.13.0
[INFO] [stderr]    Compiling log v0.4.20
[INFO] [stderr]     Checking futures-sink v0.3.28
[INFO] [stderr]    Compiling futures-channel v0.3.28
[INFO] [stderr]    Compiling slab v0.4.9
[INFO] [stderr]    Compiling wasm-bindgen v0.2.87
[INFO] [stderr]    Compiling futures-task v0.3.28
[INFO] [stderr]     Checking ryu v1.0.15
[INFO] [stderr]    Compiling futures-util v0.3.28
[INFO] [stderr]     Checking pin-utils v0.1.0
[INFO] [stderr]    Compiling serde_json v1.0.105
[INFO] [stderr]    Compiling quote v1.0.33
[INFO] [stderr]     Checking futures-io v0.3.28
[INFO] [stderr]     Checking getrandom v0.2.10
[INFO] [stderr]     Checking bytes v1.4.0
[INFO] [stderr]    Compiling syn v2.0.29
[INFO] [stderr]     Checking tracing-core v0.1.31
[INFO] [stderr]    Compiling ahash v0.8.3
[INFO] [stderr]    Compiling unicode-xid v0.2.4
[INFO] [stderr]     Checking hashbrown v0.12.3
[INFO] [stderr]    Compiling proc-macro-error-attr v1.0.4
[INFO] [stderr]    Compiling const_format_proc_macros v0.2.31
[INFO] [stderr]     Checking mio v0.8.8
[INFO] [stderr]     Checking socket2 v0.5.3
[INFO] [stderr]    Compiling indexmap v1.9.3
[INFO] [stderr]     Checking tinyvec_macros v0.1.1
[INFO] [stderr]     Checking fnv v1.0.7
[INFO] [stderr]     Checking percent-encoding v2.3.0
[INFO] [stderr]    Compiling smallvec v1.11.0
[INFO] [stderr]     Checking tinyvec v1.6.0
[INFO] [stderr]     Checking http v0.2.9
[INFO] [stderr]     Checking tokio v1.32.0
[INFO] [stderr]    Compiling num-traits v0.2.16
[INFO] [stderr]    Compiling httparse v1.8.0
[INFO] [stderr]    Compiling ucd-trie v0.1.6
[INFO] [stderr]     Checking allocator-api2 v0.2.16
[INFO] [stderr]     Checking unicode-normalization v0.1.22
[INFO] [stderr]    Compiling const_format v0.2.31
[INFO] [stderr]     Checking hashbrown v0.14.0
[INFO] [stderr]     Checking form_urlencoded v1.2.0
[INFO] [stderr]    Compiling proc-macro2-diagnostics v0.10.1
[INFO] [stderr]    Compiling num-integer v0.1.45
[INFO] [stderr]    Compiling lock_api v0.4.10
[INFO] [stderr]     Checking unicode-bidi v0.3.13
[INFO] [stderr]    Compiling parking_lot_core v0.9.8
[INFO] [stderr]    Compiling xxhash-rust v0.8.6
[INFO] [stderr]     Checking try-lock v0.2.4
[INFO] [stderr]     Checking want v0.3.1
[INFO] [stderr]     Checking idna v0.4.0
[INFO] [stderr]     Checking http-body v0.4.5
[INFO] [stderr]     Checking socket2 v0.4.9
[INFO] [stderr]    Compiling num-bigint v0.4.4
[INFO] [stderr]    Compiling slotmap v1.0.6
[INFO] [stderr]    Compiling proc-macro-error v1.0.4
[INFO] [stderr]     Checking ciborium-io v0.2.1
[INFO] [stderr]     Checking tower-service v0.3.2
[INFO] [stderr]     Checking half v1.8.2
[INFO] [stderr]     Checking httpdate v1.0.3
[INFO] [stderr]    Compiling scopeguard v1.2.0
[INFO] [stderr]    Compiling anyhow v1.0.75
[INFO] [stderr]    Compiling camino v1.1.6
[INFO] [stderr]     Checking base64 v0.21.3
[INFO] [stderr]    Compiling yansi v1.0.0-rc.1
[INFO] [stderr]     Checking ciborium-ll v0.2.1
[INFO] [stderr]     Checking url v2.4.1
[INFO] [stderr]    Compiling proc-macro-utils v0.8.0
[INFO] [stderr]     Checking encoding_rs v0.8.33
[INFO] [stderr]     Checking equivalent v1.0.1
[INFO] [stderr]    Compiling collection_literals v1.0.1
[INFO] [stderr]    Compiling interpolator v0.5.0
[INFO] [stderr]     Checking mime v0.3.17
[INFO] [stderr]    Compiling prettyplease v0.2.12
[INFO] [stderr]     Checking dlv-list v0.3.0
[INFO] [stderr]    Compiling wasm-bindgen-backend v0.2.87
[INFO] [stderr]    Compiling same-file v1.0.6
[INFO] [stderr]     Checking ipnet v2.8.0
[INFO] [stderr]    Compiling async-trait v0.1.73
[INFO] [stderr]    Compiling indexmap v2.0.0
[INFO] [stderr]    Compiling walkdir v2.3.3
[INFO] [stderr]     Checking ordered-multimap v0.4.3
[INFO] [stderr]    Compiling parking_lot v0.12.1
[INFO] [stderr]    Compiling wasm-bindgen-macro-support v0.2.87
[INFO] [stderr]     Checking aho-corasick v1.0.5
[INFO] [stderr]     Checking base64 v0.13.1
[INFO] [stderr]     Checking self_cell v1.0.1
[INFO] [stderr]    Compiling paste v1.0.14
[INFO] [stderr]    Compiling either v1.9.0
[INFO] [stderr]    Compiling unicode-segmentation v1.10.1
[INFO] [stderr]     Checking rustc-hash v1.1.0
[INFO] [stderr]     Checking linked-hash-map v0.5.6
[INFO] [stderr]    Compiling utf8-width v0.1.6
[INFO] [stderr]     Checking regex-syntax v0.7.5
[INFO] [stderr]     Checking minimal-lexical v0.2.1
[INFO] [stderr]    Compiling html-escape v0.2.13
[INFO] [stderr]     Checking yaml-rust v0.4.5
[INFO] [stderr]    Compiling convert_case v0.6.0
[INFO] [stderr]     Checking nom v7.1.3
[INFO] [stderr]    Compiling itertools v0.10.5
[INFO] [stderr]    Compiling uuid v1.4.1
[INFO] [stderr]     Checking rust-ini v0.18.0
[INFO] [stderr]    Compiling serde_derive v1.0.188
[INFO] [stderr]    Compiling thiserror-impl v1.0.47
[INFO] [stderr]    Compiling tracing-attributes v0.1.26
[INFO] [stderr]    Compiling wasm-bindgen-macro v0.2.87
[INFO] [stderr]    Compiling futures-macro v0.3.28
[INFO] [stderr]    Compiling derive-where v1.2.3
[INFO] [stderr]    Compiling syn_derive v0.1.6
[INFO] [stderr]     Checking regex-automata v0.3.7
[INFO] [stderr]    Compiling pest v2.7.3
[INFO] [stderr]     Checking js-sys v0.3.64
[INFO] [stderr]    Compiling rstml v0.11.2
[INFO] [stderr]     Checking tracing v0.1.37
[INFO] [stderr]     Checking tokio-util v0.7.8
[INFO] [stderr]    Compiling pest_meta v2.7.3
[INFO] [stderr]    Compiling quote-use v0.7.1
[INFO] [stderr]    Compiling enum-ordinalize v3.1.13
[INFO] [stderr]    Compiling pest_generator v2.7.3
[INFO] [stderr]    Compiling attribute-derive-macro v0.6.1
[INFO] [stderr]     Checking web-sys v0.3.64
[INFO] [stderr]     Checking wasm-bindgen-futures v0.4.37
[INFO] [stderr]     Checking pathdiff v0.2.1
[INFO] [stderr]    Compiling educe v0.4.22
[INFO] [stderr]     Checking regex v1.9.4
[INFO] [stderr]    Compiling pest_derive v2.7.3
[INFO] [stderr]     Checking h2 v0.3.21
[INFO] [stderr]     Checking futures-executor v0.3.28
[INFO] [stderr]     Checking futures v0.3.28
[INFO] [stderr]    Compiling attribute-derive v0.6.1
[INFO] [stderr]    Compiling async-recursion v1.0.4
[INFO] [stderr]    Compiling typed-builder v0.14.0
[INFO] [stderr]     Checking drain_filter_polyfill v0.1.3
[INFO] [stderr]     Checking pad-adapter v0.1.1
[INFO] [stderr]    Compiling pkg-config v0.3.27
[INFO] [stderr]    Compiling vcpkg v0.2.15
[INFO] [stderr]     Checking inventory v0.3.12
[INFO] [stderr]    Compiling pin-project-internal v1.1.3
[INFO] [stderr]     Checking hyper v0.14.27
[INFO] [stderr]    Compiling server_fn_macro v0.4.10
[INFO] [stderr]    Compiling leptos_hot_reload v0.4.10
[INFO] [stdout] error[E0554]: `#![feature]` may not be used on the beta release channel
[INFO] [stdout]  --> /opt/rustwide/cargo-home/registry/src/index.crates.io-6f17d22bba15001f/server_fn_macro-0.4.10/src/lib.rs:1:42
[INFO] [stdout]   |
[INFO] [stdout] 1 | #![cfg_attr(feature = "nightly", feature(proc_macro_span))]
[INFO] [stdout]   |                                          ^^^^^^^^^^^^^^^
[INFO] [stdout] 
[INFO] [stdout] 
[INFO] [stdout] error: aborting due to 1 previous error
[INFO] [stdout] 
[INFO] [stdout] 
[INFO] [stdout] For more information about this error, try `rustc --explain E0554`.
[INFO] [stdout] 
[INFO] [stderr] error: could not compile `server_fn_macro` (lib) due to 2 previous errors
[INFO] [stderr] warning: build failed, waiting for other jobs to finish...
[INFO] running `Command { std: "docker" "inspect" "ee3491256f2548825064b802509fba3bcaa3d624299a84be81c472ae4c69f3fe", kill_on_drop: false }`
[INFO] running `Command { std: "docker" "rm" "-f" "ee3491256f2548825064b802509fba3bcaa3d624299a84be81c472ae4c69f3fe", kill_on_drop: false }`
[INFO] [stdout] ee3491256f2548825064b802509fba3bcaa3d624299a84be81c472ae4c69f3fe
