[INFO] cloning repository https://github.com/KarelPeeters/Kyanite
[INFO] running `Command { std: "git" "-c" "credential.helper=" "-c" "credential.helper=/workspace/cargo-home/bin/git-credential-null" "clone" "--bare" "https://github.com/KarelPeeters/Kyanite" "/workspace/cache/git-repos/https%3A%2F%2Fgithub.com%2FKarelPeeters%2FKyanite", kill_on_drop: false }`
[INFO] [stderr] Cloning into bare repository '/workspace/cache/git-repos/https%3A%2F%2Fgithub.com%2FKarelPeeters%2FKyanite'...
[INFO] running `Command { std: "git" "rev-parse" "HEAD", kill_on_drop: false }`
[INFO] [stdout] 88dfe80c9dc54b50ac9672aa538ec4633de62d79
[INFO] documenting KarelPeeters/Kyanite against 1.75.0 for beta-1.76-rustdoc-1
[INFO] running `Command { std: "git" "clone" "/workspace/cache/git-repos/https%3A%2F%2Fgithub.com%2FKarelPeeters%2FKyanite" "/workspace/builds/worker-1-tc1/source", kill_on_drop: false }`
[INFO] [stderr] Cloning into '/workspace/builds/worker-1-tc1/source'...
[INFO] [stderr] done.
[INFO] validating manifest of git repo https://github.com/KarelPeeters/Kyanite on toolchain 1.75.0
[INFO] running `Command { std: CARGO_HOME="/workspace/cargo-home" RUSTUP_HOME="/workspace/rustup-home" "/workspace/cargo-home/bin/cargo" "+1.75.0" "metadata" "--manifest-path" "Cargo.toml" "--no-deps", kill_on_drop: false }`
[INFO] started tweaking git repo https://github.com/KarelPeeters/Kyanite
[INFO] finished tweaking git repo https://github.com/KarelPeeters/Kyanite
[INFO] tweaked toml for git repo https://github.com/KarelPeeters/Kyanite written to /workspace/builds/worker-1-tc1/source/Cargo.toml
[INFO] running `Command { std: CARGO_HOME="/workspace/cargo-home" RUSTUP_HOME="/workspace/rustup-home" "/workspace/cargo-home/bin/cargo" "+1.75.0" "generate-lockfile" "--manifest-path" "Cargo.toml", kill_on_drop: false }`
[INFO] [stderr]     Updating crates.io index
[INFO] running `Command { std: CARGO_HOME="/workspace/cargo-home" RUSTUP_HOME="/workspace/rustup-home" "/workspace/cargo-home/bin/cargo" "+1.75.0" "fetch" "--manifest-path" "Cargo.toml", kill_on_drop: false }`
[INFO] [stderr]  Downloading crates ...
[INFO] [stderr]   Downloaded unwrap-match v0.1.0
[INFO] [stderr]   Downloaded internal-iterator v0.2.3
[INFO] running `Command { std: "docker" "create" "-v" "/var/lib/crater-agent-workspace/builds/worker-1-tc1/target:/opt/rustwide/target:rw,Z" "-v" "/var/lib/crater-agent-workspace/builds/worker-1-tc1/source:/opt/rustwide/workdir:ro,Z" "-v" "/var/lib/crater-agent-workspace/cargo-home:/opt/rustwide/cargo-home:ro,Z" "-v" "/var/lib/crater-agent-workspace/rustup-home:/opt/rustwide/rustup-home:ro,Z" "-e" "SOURCE_DIR=/opt/rustwide/workdir" "-e" "CARGO_TARGET_DIR=/opt/rustwide/target" "-e" "CARGO_HOME=/opt/rustwide/cargo-home" "-e" "RUSTUP_HOME=/opt/rustwide/rustup-home" "-w" "/opt/rustwide/workdir" "-m" "1610612736" "--user" "0:0" "--network" "none" "ghcr.io/rust-lang/crates-build-env/linux@sha256:2788e3201cd34a07e3172128adcd8b3090168a8e3bcc40d7c032b9dda1df7d1c" "/opt/rustwide/cargo-home/bin/cargo" "+1.75.0" "metadata" "--no-deps" "--format-version=1", kill_on_drop: false }`
[INFO] [stdout] 59ec3e20d17934f9bcfc1155bfda3baf94880c2e48dffa7ab4f9eed8489f0034
[INFO] running `Command { std: "docker" "start" "-a" "59ec3e20d17934f9bcfc1155bfda3baf94880c2e48dffa7ab4f9eed8489f0034", kill_on_drop: false }`
[INFO] running `Command { std: "docker" "inspect" "59ec3e20d17934f9bcfc1155bfda3baf94880c2e48dffa7ab4f9eed8489f0034", kill_on_drop: false }`
[INFO] running `Command { std: "docker" "rm" "-f" "59ec3e20d17934f9bcfc1155bfda3baf94880c2e48dffa7ab4f9eed8489f0034", kill_on_drop: false }`
[INFO] [stdout] 59ec3e20d17934f9bcfc1155bfda3baf94880c2e48dffa7ab4f9eed8489f0034
[INFO] running `Command { std: "docker" "create" "-v" "/var/lib/crater-agent-workspace/builds/worker-1-tc1/target:/opt/rustwide/target:rw,Z" "-v" "/var/lib/crater-agent-workspace/builds/worker-1-tc1/source:/opt/rustwide/workdir:ro,Z" "-v" "/var/lib/crater-agent-workspace/cargo-home:/opt/rustwide/cargo-home:ro,Z" "-v" "/var/lib/crater-agent-workspace/rustup-home:/opt/rustwide/rustup-home:ro,Z" "-e" "SOURCE_DIR=/opt/rustwide/workdir" "-e" "CARGO_TARGET_DIR=/opt/rustwide/target" "-e" "CARGO_INCREMENTAL=0" "-e" "RUST_BACKTRACE=full" "-e" "RUSTFLAGS=--cap-lints=warn" "-e" "RUSTDOCFLAGS=--cap-lints=warn" "-e" "CARGO_HOME=/opt/rustwide/cargo-home" "-e" "RUSTUP_HOME=/opt/rustwide/rustup-home" "-w" "/opt/rustwide/workdir" "-m" "1610612736" "--user" "0:0" "--network" "none" "ghcr.io/rust-lang/crates-build-env/linux@sha256:2788e3201cd34a07e3172128adcd8b3090168a8e3bcc40d7c032b9dda1df7d1c" "/opt/rustwide/cargo-home/bin/cargo" "+1.75.0" "doc" "--frozen" "--no-deps" "--document-private-items" "--message-format=json", kill_on_drop: false }`
[INFO] [stdout] 34915e30dc68f2b9592cb5dc4b3bb3ced648aa9ba544a5079374bfdfbd8e43de
[INFO] running `Command { std: "docker" "start" "-a" "34915e30dc68f2b9592cb5dc4b3bb3ced648aa9ba544a5079374bfdfbd8e43de", kill_on_drop: false }`
[INFO] [stderr]    Compiling proc-macro2 v1.0.76
[INFO] [stderr]    Compiling unicode-ident v1.0.12
[INFO] [stderr]    Compiling libc v0.2.151
[INFO] [stderr]    Compiling either v1.9.0
[INFO] [stderr]    Compiling glob v0.3.1
[INFO] [stderr]    Compiling prettyplease v0.2.16
[INFO] [stderr]    Compiling num-traits v0.2.17
[INFO] [stderr]    Compiling rustix v0.38.28
[INFO] [stderr]    Compiling anyhow v1.0.79
[INFO] [stderr]    Compiling cfg-if v1.0.0
[INFO] [stderr]    Compiling memchr v2.7.1
[INFO] [stderr]    Compiling regex-syntax v0.8.2
[INFO] [stderr]    Compiling minimal-lexical v0.2.1
[INFO] [stderr]    Compiling clang-sys v1.7.0
[INFO] [stderr]    Compiling linux-raw-sys v0.4.12
[INFO] [stderr]    Compiling bitflags v2.4.1
[INFO] [stderr]    Compiling quote v1.0.35
[INFO] [stderr]    Compiling nom v7.1.3
[INFO] [stderr]    Compiling syn v2.0.48
[INFO] [stderr]    Compiling libloading v0.8.1
[INFO] [stderr]     Checking itertools v0.11.0
[INFO] [stderr]    Compiling num-integer v0.1.45
[INFO] [stderr]    Compiling bindgen v0.68.1
[INFO] [stderr]    Compiling home v0.5.9
[INFO] [stderr]     Checking simd-adler32 v0.3.7
[INFO] [stderr]    Compiling regex-automata v0.4.3
[INFO] [stderr]    Compiling cexpr v0.6.0
[INFO] [stderr]    Compiling lazycell v1.3.0
[INFO] [stderr]    Compiling shlex v1.2.0
[INFO] [stderr]    Compiling which v4.4.2
[INFO] [stderr]    Compiling rustc-hash v1.1.0
[INFO] [stderr]     Checking bytemuck v1.14.0
[INFO] [stderr]     Checking hashbrown v0.14.3
[INFO] [stderr]    Compiling peeking_take_while v0.1.2
[INFO] [stderr]    Compiling lazy_static v1.4.0
[INFO] [stderr]     Checking equivalent v1.0.1
[INFO] [stderr]     Checking bytes v1.5.0
[INFO] [stderr]    Compiling log v0.4.20
[INFO] [stderr]     Checking miniz_oxide v0.7.1
[INFO] [stderr]     Checking getrandom v0.2.11
[INFO] [stderr]    Compiling matrixmultiply v0.3.8
[INFO] [stderr]    Compiling num-rational v0.4.1
[INFO] [stderr]     Checking indexmap v2.1.0
[INFO] [stderr]     Checking rand_core v0.6.4
[INFO] [stderr]     Checking fdeflate v0.3.3
[INFO] [stderr]     Checking flate2 v1.0.28
[INFO] [stderr]    Compiling palette v0.7.3
[INFO] [stderr]     Checking utf8parse v0.2.1
[INFO] [stderr]     Checking rawpointer v0.2.1
[INFO] [stderr]     Checking anstyle-parse v0.2.3
[INFO] [stderr]     Checking png v0.17.10
[INFO] [stderr]    Compiling regex v1.10.2
[INFO] [stderr]     Checking rand_chacha v0.3.1
[INFO] [stderr]     Checking approx v0.3.2
[INFO] [stderr]     Checking num-complex v0.4.4
[INFO] [stderr]     Checking anstyle v1.0.4
[INFO] [stderr]     Checking fast-srgb8 v1.0.0
[INFO] [stderr]     Checking anstyle-query v1.0.2
[INFO] [stderr]     Checking byteorder v1.5.0
[INFO] [stderr]     Checking colorchoice v1.0.0
[INFO] [stderr]     Checking color_quant v1.1.0
[INFO] [stderr]     Checking anstream v0.6.5
[INFO] [stderr]     Checking ndarray v0.15.6
[INFO] [stderr]     Checking image v0.24.7
[INFO] [stderr]     Checking decorum v0.3.1
[INFO] [stderr]     Checking rand v0.8.5
[INFO] [stderr]     Checking clap_lex v0.6.0
[INFO] [stderr]     Checking strsim v0.10.0
[INFO] [stderr]    Compiling heck v0.4.1
[INFO] [stderr]     Checking unwrap-match v0.1.0
[INFO] [stderr]     Checking clap_builder v4.4.12
[INFO] [stderr]     Checking fastrand v2.0.1
[INFO] [stderr]     Checking internal-iterator v0.2.3
[INFO] [stderr]    Compiling prost-derive v0.12.3
[INFO] [stderr]    Compiling palette_derive v0.7.3
[INFO] [stderr]    Compiling clap_derive v4.4.7
[INFO] [stderr]     Checking fixedbitset v0.4.2
[INFO] [stderr]     Checking petgraph v0.6.4
[INFO] [stderr]     Checking tempfile v3.9.0
[INFO] [stderr]     Checking once_cell v1.19.0
[INFO] [stderr]     Checking multimap v0.8.3
[INFO] [stderr]     Checking prost v0.12.3
[INFO] [stderr]     Checking clap v4.4.13
[INFO] [stderr]     Checking prost-types v0.12.3
[INFO] [stderr]    Compiling kn-cuda-sys v0.5.0 (/opt/rustwide/workdir/kn-cuda-sys)
[INFO] [stderr]     Checking prost-build v0.12.3
[INFO] [stderr]  Documenting proto-to-rust v0.1.0 (/opt/rustwide/workdir/proto-to-rust)
[INFO] [stderr]     Checking kn-graph v0.5.0 (/opt/rustwide/workdir/kn-graph)
[INFO] [stderr]  Documenting kn-graph v0.5.0 (/opt/rustwide/workdir/kn-graph)
[INFO] [stderr] error: failed to run custom build command for `kn-cuda-sys v0.5.0 (/opt/rustwide/workdir/kn-cuda-sys)`
[INFO] [stderr] note: To improve backtraces for build dependencies, set the CARGO_PROFILE_DEV_BUILD_OVERRIDE_DEBUG=true environment variable to enable debug information generation.
[INFO] [stderr] 
[INFO] [stderr] Caused by:
[INFO] [stderr]   process didn't exit successfully: `/opt/rustwide/target/debug/build/kn-cuda-sys-4d27822c14b67070/build-script-build` (exit status: 101)
[INFO] [stderr]   --- stdout
[INFO] [stderr]   cargo:rustc-link-lib=dylib=cuda
[INFO] [stderr]   cargo:rustc-link-lib=dylib=cudart
[INFO] [stderr]   cargo:rustc-link-lib=dylib=cudnn
[INFO] [stderr]   cargo:rustc-link-lib=dylib=cublas
[INFO] [stderr]   cargo:rustc-link-lib=dylib=cublas
[INFO] [stderr]   cargo:rustc-link-lib=dylib=cublasLt
[INFO] [stderr]   cargo:rustc-link-lib=dylib=nvrtc
[INFO] [stderr]   rerun-if-env-changed=DOCS_RS
[INFO] [stderr]   cargo:rustc-link-search=native=/usr/local/cuda/lib64
[INFO] [stderr]   cargo:rerun-if-changed=/usr/local/cuda/include/
[INFO] [stderr]   cargo:rerun-if-changed=/usr/local/cuda/include/nvtx3
[INFO] [stderr]   cargo:rerun-if-changed=wrapper.h
[INFO] [stderr] 
[INFO] [stderr]   --- stderr
[INFO] [stderr]   wrapper.h:1:10: fatal error: 'cuda.h' file not found
[INFO] [stderr]   thread 'main' panicked at kn-cuda-sys/build.rs:143:10:
[INFO] [stderr]   Unable to generate bindings: ClangDiagnostic("wrapper.h:1:10: fatal error: 'cuda.h' file not found\n")
[INFO] [stderr]   stack backtrace:
[INFO] [stderr]      0:     0x560d8812c32c - std::backtrace_rs::backtrace::libunwind::trace::ha637c64ce894333a
[INFO] [stderr]                                  at /rustc/82e1608dfa6e0b5569232559e3d385fea5a93112/library/std/src/../../backtrace/src/backtrace/libunwind.rs:104:5
[INFO] [stderr]      1:     0x560d8812c32c - std::backtrace_rs::backtrace::trace_unsynchronized::h47f62dea28e0c88d
[INFO] [stderr]                                  at /rustc/82e1608dfa6e0b5569232559e3d385fea5a93112/library/std/src/../../backtrace/src/backtrace/mod.rs:66:5
[INFO] [stderr]      2:     0x560d8812c32c - std::sys_common::backtrace::_print_fmt::h9eef0abe20ede486
[INFO] [stderr]                                  at /rustc/82e1608dfa6e0b5569232559e3d385fea5a93112/library/std/src/sys_common/backtrace.rs:67:5
[INFO] [stderr]      3:     0x560d8812c32c - <std::sys_common::backtrace::_print::DisplayBacktrace as core::fmt::Display>::fmt::hed7f999df88cc644
[INFO] [stderr]                                  at /rustc/82e1608dfa6e0b5569232559e3d385fea5a93112/library/std/src/sys_common/backtrace.rs:44:22
[INFO] [stderr]      4:     0x560d88156ae0 - core::fmt::rt::Argument::fmt::h1539a9308b8d058d
[INFO] [stderr]                                  at /rustc/82e1608dfa6e0b5569232559e3d385fea5a93112/library/core/src/fmt/rt.rs:142:9
[INFO] [stderr]      5:     0x560d88156ae0 - core::fmt::write::h3a39390d8560d9c9
[INFO] [stderr]                                  at /rustc/82e1608dfa6e0b5569232559e3d385fea5a93112/library/core/src/fmt/mod.rs:1120:17
[INFO] [stderr]      6:     0x560d881298ff - std::io::Write::write_fmt::h5fc9997dfe05f882
[INFO] [stderr]                                  at /rustc/82e1608dfa6e0b5569232559e3d385fea5a93112/library/std/src/io/mod.rs:1762:15
[INFO] [stderr]      7:     0x560d8812c114 - std::sys_common::backtrace::_print::h894006fb5c6f3d45
[INFO] [stderr]                                  at /rustc/82e1608dfa6e0b5569232559e3d385fea5a93112/library/std/src/sys_common/backtrace.rs:47:5
[INFO] [stderr]      8:     0x560d8812c114 - std::sys_common::backtrace::print::h23a2d212c6fff936
[INFO] [stderr]                                  at /rustc/82e1608dfa6e0b5569232559e3d385fea5a93112/library/std/src/sys_common/backtrace.rs:34:9
[INFO] [stderr]      9:     0x560d8812d717 - std::panicking::default_hook::{{closure}}::h8a1d2ee00185001a
[INFO] [stderr]     10:     0x560d8812d47f - std::panicking::default_hook::h6038f2eba384e475
[INFO] [stderr]                                  at /rustc/82e1608dfa6e0b5569232559e3d385fea5a93112/library/std/src/panicking.rs:292:9
[INFO] [stderr]     11:     0x560d8812db98 - std::panicking::rust_panic_with_hook::h2b5517d590cab22e
[INFO] [stderr]                                  at /rustc/82e1608dfa6e0b5569232559e3d385fea5a93112/library/std/src/panicking.rs:779:13
[INFO] [stderr]     12:     0x560d8812da7e - std::panicking::begin_panic_handler::{{closure}}::h233112c06e0ef43e
[INFO] [stderr]                                  at /rustc/82e1608dfa6e0b5569232559e3d385fea5a93112/library/std/src/panicking.rs:657:13
[INFO] [stderr]     13:     0x560d8812c7f6 - std::sys_common::backtrace::__rust_end_short_backtrace::h6e893f24d7ebbff8
[INFO] [stderr]                                  at /rustc/82e1608dfa6e0b5569232559e3d385fea5a93112/library/std/src/sys_common/backtrace.rs:170:18
[INFO] [stderr]     14:     0x560d8812d7e2 - rust_begin_unwind
[INFO] [stderr]                                  at /rustc/82e1608dfa6e0b5569232559e3d385fea5a93112/library/std/src/panicking.rs:645:5
[INFO] [stderr]     15:     0x560d87b774f5 - core::panicking::panic_fmt::hbf0e066aabfa482c
[INFO] [stderr]                                  at /rustc/82e1608dfa6e0b5569232559e3d385fea5a93112/library/core/src/panicking.rs:72:14
[INFO] [stderr]     16:     0x560d87b77ac3 - core::result::unwrap_failed::hddb4fea594200c52
[INFO] [stderr]                                  at /rustc/82e1608dfa6e0b5569232559e3d385fea5a93112/library/core/src/result.rs:1653:5
[INFO] [stderr]     17:     0x560d87b79072 - core::result::Result<T,E>::expect::he3a7799c2bb3fcdb
[INFO] [stderr]     18:     0x560d87b7b8f5 - build_script_build::main::h833ae44ad22591c0
[INFO] [stderr]     19:     0x560d87b78833 - core::ops::function::FnOnce::call_once::h1265330bad7a473e
[INFO] [stderr]     20:     0x560d87b77e96 - std::sys_common::backtrace::__rust_begin_short_backtrace::hc717853694694bc1
[INFO] [stderr]     21:     0x560d87b78589 - std::rt::lang_start::{{closure}}::hffc725433e087b8e
[INFO] [stderr]     22:     0x560d881250b7 - core::ops::function::impls::<impl core::ops::function::FnOnce<A> for &F>::call_once::hd95060ecd5e1ca24
[INFO] [stderr]                                  at /rustc/82e1608dfa6e0b5569232559e3d385fea5a93112/library/core/src/ops/function.rs:284:13
[INFO] [stderr]     23:     0x560d881250b7 - std::panicking::try::do_call::h6e8cf51db32a6e4b
[INFO] [stderr]                                  at /rustc/82e1608dfa6e0b5569232559e3d385fea5a93112/library/std/src/panicking.rs:552:40
[INFO] [stderr]     24:     0x560d881250b7 - std::panicking::try::h3a52eefe24fe3c29
[INFO] [stderr]                                  at /rustc/82e1608dfa6e0b5569232559e3d385fea5a93112/library/std/src/panicking.rs:516:19
[INFO] [stderr]     25:     0x560d881250b7 - std::panic::catch_unwind::h24c28c23c02c3841
[INFO] [stderr]                                  at /rustc/82e1608dfa6e0b5569232559e3d385fea5a93112/library/std/src/panic.rs:142:14
[INFO] [stderr]     26:     0x560d881250b7 - std::rt::lang_start_internal::{{closure}}::h705d3c9cbc06ef47
[INFO] [stderr]                                  at /rustc/82e1608dfa6e0b5569232559e3d385fea5a93112/library/std/src/rt.rs:148:48
[INFO] [stderr]     27:     0x560d881250b7 - std::panicking::try::do_call::ha21f52ba13158470
[INFO] [stderr]                                  at /rustc/82e1608dfa6e0b5569232559e3d385fea5a93112/library/std/src/panicking.rs:552:40
[INFO] [stderr]     28:     0x560d881250b7 - std::panicking::try::h5581346bf6aeb1f8
[INFO] [stderr]                                  at /rustc/82e1608dfa6e0b5569232559e3d385fea5a93112/library/std/src/panicking.rs:516:19
[INFO] [stderr]     29:     0x560d881250b7 - std::panic::catch_unwind::h7919645a6b72e25b
[INFO] [stderr]                                  at /rustc/82e1608dfa6e0b5569232559e3d385fea5a93112/library/std/src/panic.rs:142:14
[INFO] [stderr]     30:     0x560d881250b7 - std::rt::lang_start_internal::h12de51168669836e
[INFO] [stderr]                                  at /rustc/82e1608dfa6e0b5569232559e3d385fea5a93112/library/std/src/rt.rs:148:20
[INFO] [stderr]     31:     0x560d87b78567 - std::rt::lang_start::hb7e4e42d2260116b
[INFO] [stderr]     32:     0x560d87b7bd45 - main
[INFO] [stderr]     33:     0x7f629da15d90 - <unknown>
[INFO] [stderr]     34:     0x7f629da15e40 - __libc_start_main
[INFO] [stderr]     35:     0x560d87b77dc5 - _start
[INFO] [stderr]     36:                0x0 - <unknown>
[INFO] [stderr] warning: build failed, waiting for other jobs to finish...
[INFO] running `Command { std: "docker" "inspect" "34915e30dc68f2b9592cb5dc4b3bb3ced648aa9ba544a5079374bfdfbd8e43de", kill_on_drop: false }`
[INFO] running `Command { std: "docker" "rm" "-f" "34915e30dc68f2b9592cb5dc4b3bb3ced648aa9ba544a5079374bfdfbd8e43de", kill_on_drop: false }`
[INFO] [stdout] 34915e30dc68f2b9592cb5dc4b3bb3ced648aa9ba544a5079374bfdfbd8e43de
[INFO] documenting KarelPeeters/Kyanite against beta-2023-12-22 for beta-1.76-rustdoc-1
[INFO] running `Command { std: "git" "clone" "/workspace/cache/git-repos/https%3A%2F%2Fgithub.com%2FKarelPeeters%2FKyanite" "/workspace/builds/worker-1-tc2/source", kill_on_drop: false }`
[INFO] [stderr] Cloning into '/workspace/builds/worker-1-tc2/source'...
[INFO] [stderr] done.
[INFO] validating manifest of git repo https://github.com/KarelPeeters/Kyanite on toolchain beta-2023-12-22
[INFO] running `Command { std: CARGO_HOME="/workspace/cargo-home" RUSTUP_HOME="/workspace/rustup-home" "/workspace/cargo-home/bin/cargo" "+beta-2023-12-22" "metadata" "--manifest-path" "Cargo.toml" "--no-deps", kill_on_drop: false }`
[INFO] started tweaking git repo https://github.com/KarelPeeters/Kyanite
[INFO] finished tweaking git repo https://github.com/KarelPeeters/Kyanite
[INFO] tweaked toml for git repo https://github.com/KarelPeeters/Kyanite written to /workspace/builds/worker-1-tc2/source/Cargo.toml
[INFO] running `Command { std: CARGO_HOME="/workspace/cargo-home" RUSTUP_HOME="/workspace/rustup-home" "/workspace/cargo-home/bin/cargo" "+beta-2023-12-22" "generate-lockfile" "--manifest-path" "Cargo.toml", kill_on_drop: false }`
[INFO] [stderr]     Updating crates.io index
[INFO] running `Command { std: CARGO_HOME="/workspace/cargo-home" RUSTUP_HOME="/workspace/rustup-home" "/workspace/cargo-home/bin/cargo" "+beta-2023-12-22" "fetch" "--manifest-path" "Cargo.toml", kill_on_drop: false }`
[INFO] running `Command { std: "docker" "create" "-v" "/var/lib/crater-agent-workspace/builds/worker-1-tc2/target:/opt/rustwide/target:rw,Z" "-v" "/var/lib/crater-agent-workspace/builds/worker-1-tc2/source:/opt/rustwide/workdir:ro,Z" "-v" "/var/lib/crater-agent-workspace/cargo-home:/opt/rustwide/cargo-home:ro,Z" "-v" "/var/lib/crater-agent-workspace/rustup-home:/opt/rustwide/rustup-home:ro,Z" "-e" "SOURCE_DIR=/opt/rustwide/workdir" "-e" "CARGO_TARGET_DIR=/opt/rustwide/target" "-e" "CARGO_HOME=/opt/rustwide/cargo-home" "-e" "RUSTUP_HOME=/opt/rustwide/rustup-home" "-w" "/opt/rustwide/workdir" "-m" "1610612736" "--user" "0:0" "--network" "none" "ghcr.io/rust-lang/crates-build-env/linux@sha256:2788e3201cd34a07e3172128adcd8b3090168a8e3bcc40d7c032b9dda1df7d1c" "/opt/rustwide/cargo-home/bin/cargo" "+beta-2023-12-22" "metadata" "--no-deps" "--format-version=1", kill_on_drop: false }`
[INFO] [stdout] 80d41cc6ca02d44ae09f6bf6f53251fd6de1bef5b2cb296d9cc6c8957106f91d
[INFO] running `Command { std: "docker" "start" "-a" "80d41cc6ca02d44ae09f6bf6f53251fd6de1bef5b2cb296d9cc6c8957106f91d", kill_on_drop: false }`
[INFO] running `Command { std: "docker" "inspect" "80d41cc6ca02d44ae09f6bf6f53251fd6de1bef5b2cb296d9cc6c8957106f91d", kill_on_drop: false }`
[INFO] running `Command { std: "docker" "rm" "-f" "80d41cc6ca02d44ae09f6bf6f53251fd6de1bef5b2cb296d9cc6c8957106f91d", kill_on_drop: false }`
[INFO] [stdout] 80d41cc6ca02d44ae09f6bf6f53251fd6de1bef5b2cb296d9cc6c8957106f91d
[INFO] running `Command { std: "docker" "create" "-v" "/var/lib/crater-agent-workspace/builds/worker-1-tc2/target:/opt/rustwide/target:rw,Z" "-v" "/var/lib/crater-agent-workspace/builds/worker-1-tc2/source:/opt/rustwide/workdir:ro,Z" "-v" "/var/lib/crater-agent-workspace/cargo-home:/opt/rustwide/cargo-home:ro,Z" "-v" "/var/lib/crater-agent-workspace/rustup-home:/opt/rustwide/rustup-home:ro,Z" "-e" "SOURCE_DIR=/opt/rustwide/workdir" "-e" "CARGO_TARGET_DIR=/opt/rustwide/target" "-e" "CARGO_INCREMENTAL=0" "-e" "RUST_BACKTRACE=full" "-e" "RUSTFLAGS=--cap-lints=warn" "-e" "RUSTDOCFLAGS=--cap-lints=warn" "-e" "CARGO_HOME=/opt/rustwide/cargo-home" "-e" "RUSTUP_HOME=/opt/rustwide/rustup-home" "-w" "/opt/rustwide/workdir" "-m" "1610612736" "--user" "0:0" "--network" "none" "ghcr.io/rust-lang/crates-build-env/linux@sha256:2788e3201cd34a07e3172128adcd8b3090168a8e3bcc40d7c032b9dda1df7d1c" "/opt/rustwide/cargo-home/bin/cargo" "+beta-2023-12-22" "doc" "--frozen" "--no-deps" "--document-private-items" "--message-format=json", kill_on_drop: false }`
[INFO] [stdout] ccfecdc10831790ef994d1c746e75357c623f09cba766fb6774ab04eeb70dd95
[INFO] running `Command { std: "docker" "start" "-a" "ccfecdc10831790ef994d1c746e75357c623f09cba766fb6774ab04eeb70dd95", kill_on_drop: false }`
[INFO] [stderr]    Compiling proc-macro2 v1.0.76
[INFO] [stderr]    Compiling unicode-ident v1.0.12
[INFO] [stderr]    Compiling libc v0.2.151
[INFO] [stderr]    Compiling either v1.9.0
[INFO] [stderr]    Compiling glob v0.3.1
[INFO] [stderr]    Compiling rustix v0.38.28
[INFO] [stderr]    Compiling num-traits v0.2.17
[INFO] [stderr]    Compiling prettyplease v0.2.16
[INFO] [stderr]    Compiling anyhow v1.0.79
[INFO] [stderr]    Compiling memchr v2.7.1
[INFO] [stderr]    Compiling minimal-lexical v0.2.1
[INFO] [stderr]    Compiling linux-raw-sys v0.4.12
[INFO] [stderr]    Compiling clang-sys v1.7.0
[INFO] [stderr]    Compiling regex-syntax v0.8.2
[INFO] [stderr]    Compiling cfg-if v1.0.0
[INFO] [stderr]    Compiling bitflags v2.4.1
[INFO] [stderr]    Compiling libloading v0.8.1
[INFO] [stderr]    Compiling quote v1.0.35
[INFO] [stderr]    Compiling syn v2.0.48
[INFO] [stderr]    Compiling nom v7.1.3
[INFO] [stderr]     Checking itertools v0.11.0
[INFO] [stderr]    Compiling num-integer v0.1.45
[INFO] [stderr]    Compiling bindgen v0.68.1
[INFO] [stderr]    Compiling home v0.5.9
[INFO] [stderr]     Checking simd-adler32 v0.3.7
[INFO] [stderr]     Checking hashbrown v0.14.3
[INFO] [stderr]    Compiling regex-automata v0.4.3
[INFO] [stderr]    Compiling log v0.4.20
[INFO] [stderr]    Compiling which v4.4.2
[INFO] [stderr]    Compiling cexpr v0.6.0
[INFO] [stderr]    Compiling shlex v1.2.0
[INFO] [stderr]     Checking bytes v1.5.0
[INFO] [stderr]    Compiling rustc-hash v1.1.0
[INFO] [stderr]    Compiling lazycell v1.3.0
[INFO] [stderr]     Checking bytemuck v1.14.0
[INFO] [stderr]    Compiling lazy_static v1.4.0
[INFO] [stderr]    Compiling peeking_take_while v0.1.2
[INFO] [stderr]     Checking equivalent v1.0.1
[INFO] [stderr]     Checking indexmap v2.1.0
[INFO] [stderr]     Checking miniz_oxide v0.7.1
[INFO] [stderr]     Checking getrandom v0.2.11
[INFO] [stderr]    Compiling num-rational v0.4.1
[INFO] [stderr]    Compiling matrixmultiply v0.3.8
[INFO] [stderr]     Checking flate2 v1.0.28
[INFO] [stderr]     Checking rand_core v0.6.4
[INFO] [stderr]     Checking fdeflate v0.3.3
[INFO] [stderr]    Compiling palette v0.7.3
[INFO] [stderr]     Checking utf8parse v0.2.1
[INFO] [stderr]    Compiling regex v1.10.2
[INFO] [stderr]     Checking rawpointer v0.2.1
[INFO] [stderr]     Checking png v0.17.10
[INFO] [stderr]     Checking anstyle-parse v0.2.3
[INFO] [stderr]     Checking rand_chacha v0.3.1
[INFO] [stderr]     Checking num-complex v0.4.4
[INFO] [stderr]     Checking approx v0.3.2
[INFO] [stderr]     Checking colorchoice v1.0.0
[INFO] [stderr]     Checking anstyle-query v1.0.2
[INFO] [stderr]     Checking anstyle v1.0.4
[INFO] [stderr]     Checking fast-srgb8 v1.0.0
[INFO] [stderr]     Checking byteorder v1.5.0
[INFO] [stderr]     Checking color_quant v1.1.0
[INFO] [stderr]     Checking anstream v0.6.5
[INFO] [stderr]     Checking ndarray v0.15.6
[INFO] [stderr]     Checking image v0.24.7
[INFO] [stderr]     Checking decorum v0.3.1
[INFO] [stderr]     Checking rand v0.8.5
[INFO] [stderr]     Checking clap_lex v0.6.0
[INFO] [stderr]    Compiling heck v0.4.1
[INFO] [stderr]     Checking unwrap-match v0.1.0
[INFO] [stderr]     Checking strsim v0.10.0
[INFO] [stderr]     Checking clap_builder v4.4.12
[INFO] [stderr]    Compiling prost-derive v0.12.3
[INFO] [stderr]    Compiling palette_derive v0.7.3
[INFO] [stderr]    Compiling clap_derive v4.4.7
[INFO] [stderr]     Checking fixedbitset v0.4.2
[INFO] [stderr]     Checking internal-iterator v0.2.3
[INFO] [stderr]     Checking fastrand v2.0.1
[INFO] [stderr]     Checking petgraph v0.6.4
[INFO] [stderr]     Checking tempfile v3.9.0
[INFO] [stderr]     Checking once_cell v1.19.0
[INFO] [stderr]     Checking multimap v0.8.3
[INFO] [stderr]     Checking prost v0.12.3
[INFO] [stderr]     Checking clap v4.4.13
[INFO] [stderr]     Checking prost-types v0.12.3
[INFO] [stderr]    Compiling kn-cuda-sys v0.5.0 (/opt/rustwide/workdir/kn-cuda-sys)
[INFO] [stderr]     Checking prost-build v0.12.3
[INFO] [stderr]  Documenting proto-to-rust v0.1.0 (/opt/rustwide/workdir/proto-to-rust)
[INFO] [stderr] error: failed to run custom build command for `kn-cuda-sys v0.5.0 (/opt/rustwide/workdir/kn-cuda-sys)`
[INFO] [stderr] note: To improve backtraces for build dependencies, set the CARGO_PROFILE_DEV_BUILD_OVERRIDE_DEBUG=true environment variable to enable debug information generation.
[INFO] [stderr] 
[INFO] [stderr] Caused by:
[INFO] [stderr]   process didn't exit successfully: `/opt/rustwide/target/debug/build/kn-cuda-sys-81016bb290220fd6/build-script-build` (exit status: 101)
[INFO] [stderr]   --- stdout
[INFO] [stderr]   cargo:rustc-link-lib=dylib=cuda
[INFO] [stderr]   cargo:rustc-link-lib=dylib=cudart
[INFO] [stderr]   cargo:rustc-link-lib=dylib=cudnn
[INFO] [stderr]   cargo:rustc-link-lib=dylib=cublas
[INFO] [stderr]   cargo:rustc-link-lib=dylib=cublas
[INFO] [stderr]   cargo:rustc-link-lib=dylib=cublasLt
[INFO] [stderr]   cargo:rustc-link-lib=dylib=nvrtc
[INFO] [stderr]   rerun-if-env-changed=DOCS_RS
[INFO] [stderr]   cargo:rustc-link-search=native=/usr/local/cuda/lib64
[INFO] [stderr]   cargo:rerun-if-changed=/usr/local/cuda/include/
[INFO] [stderr]   cargo:rerun-if-changed=/usr/local/cuda/include/nvtx3
[INFO] [stderr]   cargo:rerun-if-changed=wrapper.h
[INFO] [stderr] 
[INFO] [stderr]   --- stderr
[INFO] [stderr]   wrapper.h:1:10: fatal error: 'cuda.h' file not found
[INFO] [stderr]   thread 'main' panicked at kn-cuda-sys/build.rs:143:10:
[INFO] [stderr]   Unable to generate bindings: ClangDiagnostic("wrapper.h:1:10: fatal error: 'cuda.h' file not found\n")
[INFO] [stderr]   stack backtrace:
[INFO] [stderr]      0:     0x5625941f51a6 - std::backtrace_rs::backtrace::libunwind::trace::h261606ad26a499c1
[INFO] [stderr]                                  at /rustc/0e09125c6c3c2fd70d7de961bcf0e51575235fad/library/std/src/../../backtrace/src/backtrace/libunwind.rs:104:5
[INFO] [stderr]      1:     0x5625941f51a6 - std::backtrace_rs::backtrace::trace_unsynchronized::hd183f0625477fb28
[INFO] [stderr]                                  at /rustc/0e09125c6c3c2fd70d7de961bcf0e51575235fad/library/std/src/../../backtrace/src/backtrace/mod.rs:66:5
[INFO] [stderr]      2:     0x5625941f51a6 - std::sys_common::backtrace::_print_fmt::hd7f8fef21b4eda67
[INFO] [stderr]                                  at /rustc/0e09125c6c3c2fd70d7de961bcf0e51575235fad/library/std/src/sys_common/backtrace.rs:68:5
[INFO] [stderr]      3:     0x5625941f51a6 - <std::sys_common::backtrace::_print::DisplayBacktrace as core::fmt::Display>::fmt::h623d9b51f2f453f1
[INFO] [stderr]                                  at /rustc/0e09125c6c3c2fd70d7de961bcf0e51575235fad/library/std/src/sys_common/backtrace.rs:44:22
[INFO] [stderr]      4:     0x56259421ec70 - core::fmt::rt::Argument::fmt::h9f417ac76a86f368
[INFO] [stderr]                                  at /rustc/0e09125c6c3c2fd70d7de961bcf0e51575235fad/library/core/src/fmt/rt.rs:142:9
[INFO] [stderr]      5:     0x56259421ec70 - core::fmt::write::hc9b6faf4ac2aeff7
[INFO] [stderr]                                  at /rustc/0e09125c6c3c2fd70d7de961bcf0e51575235fad/library/core/src/fmt/mod.rs:1120:17
[INFO] [stderr]      6:     0x5625941f291f - std::io::Write::write_fmt::hfead1eee52c2e65e
[INFO] [stderr]                                  at /rustc/0e09125c6c3c2fd70d7de961bcf0e51575235fad/library/std/src/io/mod.rs:1810:15
[INFO] [stderr]      7:     0x5625941f4f84 - std::sys_common::backtrace::_print::hd5d66399c7df88a2
[INFO] [stderr]                                  at /rustc/0e09125c6c3c2fd70d7de961bcf0e51575235fad/library/std/src/sys_common/backtrace.rs:47:5
[INFO] [stderr]      8:     0x5625941f4f84 - std::sys_common::backtrace::print::he81ed2da642d37e5
[INFO] [stderr]                                  at /rustc/0e09125c6c3c2fd70d7de961bcf0e51575235fad/library/std/src/sys_common/backtrace.rs:34:9
[INFO] [stderr]      9:     0x5625941f6657 - std::panicking::default_hook::{{closure}}::h85773f4fa117163d
[INFO] [stderr]     10:     0x5625941f63b9 - std::panicking::default_hook::h6a1694a91d09b278
[INFO] [stderr]                                  at /rustc/0e09125c6c3c2fd70d7de961bcf0e51575235fad/library/std/src/panicking.rs:292:9
[INFO] [stderr]     11:     0x5625941f6ae8 - std::panicking::rust_panic_with_hook::h0a7ad96e90f7145b
[INFO] [stderr]                                  at /rustc/0e09125c6c3c2fd70d7de961bcf0e51575235fad/library/std/src/panicking.rs:779:13
[INFO] [stderr]     12:     0x5625941f69c2 - std::panicking::begin_panic_handler::{{closure}}::h7919090525c6485e
[INFO] [stderr]                                  at /rustc/0e09125c6c3c2fd70d7de961bcf0e51575235fad/library/std/src/panicking.rs:657:13
[INFO] [stderr]     13:     0x5625941f56a6 - std::sys_common::backtrace::__rust_end_short_backtrace::hf3289479464f7dfe
[INFO] [stderr]                                  at /rustc/0e09125c6c3c2fd70d7de961bcf0e51575235fad/library/std/src/sys_common/backtrace.rs:171:18
[INFO] [stderr]     14:     0x5625941f6720 - rust_begin_unwind
[INFO] [stderr]                                  at /rustc/0e09125c6c3c2fd70d7de961bcf0e51575235fad/library/std/src/panicking.rs:645:5
[INFO] [stderr]     15:     0x562593c294f5 - core::panicking::panic_fmt::hcc9f77c5c132af55
[INFO] [stderr]                                  at /rustc/0e09125c6c3c2fd70d7de961bcf0e51575235fad/library/core/src/panicking.rs:72:14
[INFO] [stderr]     16:     0x562593c29ad3 - core::result::unwrap_failed::hbe14f498be1452f9
[INFO] [stderr]                                  at /rustc/0e09125c6c3c2fd70d7de961bcf0e51575235fad/library/core/src/result.rs:1649:5
[INFO] [stderr]     17:     0x562593c2b080 - core::result::Result<T,E>::expect::h82ca38e795a22676
[INFO] [stderr]     18:     0x562593c2da15 - build_script_build::main::h41042e739ca05e7c
[INFO] [stderr]     19:     0x562593c2a863 - core::ops::function::FnOnce::call_once::hb89d2b9f912738da
[INFO] [stderr]     20:     0x562593c29ea6 - std::sys_common::backtrace::__rust_begin_short_backtrace::hebed697b99884ee7
[INFO] [stderr]     21:     0x562593c2a589 - std::rt::lang_start::{{closure}}::h4147cd3360a24a9e
[INFO] [stderr]     22:     0x5625941ede31 - core::ops::function::impls::<impl core::ops::function::FnOnce<A> for &F>::call_once::h4eb4c5e1620f29b0
[INFO] [stderr]                                  at /rustc/0e09125c6c3c2fd70d7de961bcf0e51575235fad/library/core/src/ops/function.rs:284:13
[INFO] [stderr]     23:     0x5625941ede31 - std::panicking::try::do_call::h73fd26535faffcdf
[INFO] [stderr]                                  at /rustc/0e09125c6c3c2fd70d7de961bcf0e51575235fad/library/std/src/panicking.rs:552:40
[INFO] [stderr]     24:     0x5625941ede31 - std::panicking::try::h77ff1d98f0fb9f39
[INFO] [stderr]                                  at /rustc/0e09125c6c3c2fd70d7de961bcf0e51575235fad/library/std/src/panicking.rs:516:19
[INFO] [stderr]     25:     0x5625941ede31 - std::panic::catch_unwind::hab3caf2448b95e37
[INFO] [stderr]                                  at /rustc/0e09125c6c3c2fd70d7de961bcf0e51575235fad/library/std/src/panic.rs:142:14
[INFO] [stderr]     26:     0x5625941ede31 - std::rt::lang_start_internal::{{closure}}::h8086711f9c783f78
[INFO] [stderr]                                  at /rustc/0e09125c6c3c2fd70d7de961bcf0e51575235fad/library/std/src/rt.rs:148:48
[INFO] [stderr]     27:     0x5625941ede31 - std::panicking::try::do_call::hf920d4dc291cd6ca
[INFO] [stderr]                                  at /rustc/0e09125c6c3c2fd70d7de961bcf0e51575235fad/library/std/src/panicking.rs:552:40
[INFO] [stderr]     28:     0x5625941ede31 - std::panicking::try::h2b806ccc0a85db74
[INFO] [stderr]                                  at /rustc/0e09125c6c3c2fd70d7de961bcf0e51575235fad/library/std/src/panicking.rs:516:19
[INFO] [stderr]     29:     0x5625941ede31 - std::panic::catch_unwind::h038489539c507df2
[INFO] [stderr]                                  at /rustc/0e09125c6c3c2fd70d7de961bcf0e51575235fad/library/std/src/panic.rs:142:14
[INFO] [stderr]     30:     0x5625941ede31 - std::rt::lang_start_internal::h28503b88912e8a5c
[INFO] [stderr]                                  at /rustc/0e09125c6c3c2fd70d7de961bcf0e51575235fad/library/std/src/rt.rs:148:20
[INFO] [stderr]     31:     0x562593c2a567 - std::rt::lang_start::h5d7ae168ba0598fd
[INFO] [stderr]     32:     0x562593c2de55 - main
[INFO] [stderr]     33:     0x7fa727fa1d90 - <unknown>
[INFO] [stderr]     34:     0x7fa727fa1e40 - __libc_start_main
[INFO] [stderr]     35:     0x562593c29dd5 - _start
[INFO] [stderr]     36:                0x0 - <unknown>
[INFO] [stderr] warning: build failed, waiting for other jobs to finish...
[INFO] running `Command { std: "docker" "inspect" "ccfecdc10831790ef994d1c746e75357c623f09cba766fb6774ab04eeb70dd95", kill_on_drop: false }`
[INFO] running `Command { std: "docker" "rm" "-f" "ccfecdc10831790ef994d1c746e75357c623f09cba766fb6774ab04eeb70dd95", kill_on_drop: false }`
[INFO] [stdout] ccfecdc10831790ef994d1c746e75357c623f09cba766fb6774ab04eeb70dd95
