[INFO] cloning repository https://github.com/Justis-Lamanna/glazed-dx
[INFO] running `Command { std: "git" "-c" "credential.helper=" "-c" "credential.helper=/workspace/cargo-home/bin/git-credential-null" "clone" "--bare" "https://github.com/Justis-Lamanna/glazed-dx" "/workspace/cache/git-repos/https%3A%2F%2Fgithub.com%2FJustis-Lamanna%2Fglazed-dx", kill_on_drop: false }`
[INFO] [stderr] Cloning into bare repository '/workspace/cache/git-repos/https%3A%2F%2Fgithub.com%2FJustis-Lamanna%2Fglazed-dx'...
[INFO] running `Command { std: "git" "rev-parse" "HEAD", kill_on_drop: false }`
[INFO] [stdout] 6f22135fae0242efb58b6489c2d1fcd0aeb008a5
[INFO] documenting Justis-Lamanna/glazed-dx against 1.75.0 for beta-1.76-rustdoc-1
[INFO] running `Command { std: "git" "clone" "/workspace/cache/git-repos/https%3A%2F%2Fgithub.com%2FJustis-Lamanna%2Fglazed-dx" "/workspace/builds/worker-0-tc1/source", kill_on_drop: false }`
[INFO] [stderr] Cloning into '/workspace/builds/worker-0-tc1/source'...
[INFO] [stderr] done.
[INFO] validating manifest of git repo https://github.com/Justis-Lamanna/glazed-dx on toolchain 1.75.0
[INFO] running `Command { std: CARGO_HOME="/workspace/cargo-home" RUSTUP_HOME="/workspace/rustup-home" "/workspace/cargo-home/bin/cargo" "+1.75.0" "metadata" "--manifest-path" "Cargo.toml" "--no-deps", kill_on_drop: false }`
[INFO] removed /workspace/builds/worker-0-tc1/source/rust-toolchain.toml
[INFO] started tweaking git repo https://github.com/Justis-Lamanna/glazed-dx
[INFO] finished tweaking git repo https://github.com/Justis-Lamanna/glazed-dx
[INFO] tweaked toml for git repo https://github.com/Justis-Lamanna/glazed-dx written to /workspace/builds/worker-0-tc1/source/Cargo.toml
[INFO] running `Command { std: CARGO_HOME="/workspace/cargo-home" RUSTUP_HOME="/workspace/rustup-home" "/workspace/cargo-home/bin/cargo" "+1.75.0" "generate-lockfile" "--manifest-path" "Cargo.toml", kill_on_drop: false }`
[INFO] [stderr]     Updating crates.io index
[INFO] running `Command { std: CARGO_HOME="/workspace/cargo-home" RUSTUP_HOME="/workspace/rustup-home" "/workspace/cargo-home/bin/cargo" "+1.75.0" "fetch" "--manifest-path" "Cargo.toml", kill_on_drop: false }`
[INFO] [stderr]  Downloading crates ...
[INFO] [stderr]   Downloaded petitset v0.2.1
[INFO] [stderr]   Downloaded unic-langid-macros v0.9.4
[INFO] [stderr]   Downloaded leafwing_input_manager_macros v0.3.0
[INFO] [stderr]   Downloaded leafwing-input-manager v0.3.0
[INFO] [stderr]   Downloaded unic-langid-macros-impl v0.9.4
[INFO] [stderr]   Downloaded tinystr v0.7.5
[INFO] [stderr]   Downloaded unic-langid v0.9.4
[INFO] [stderr]   Downloaded self_cell v0.10.3
[INFO] [stderr]   Downloaded intl_pluralrules v7.0.2
[INFO] [stderr]   Downloaded fluent-bundle v0.15.2
[INFO] [stderr]   Downloaded kira v0.5.3
[INFO] [stderr]   Downloaded bevy_kira_audio v0.9.0
[INFO] [stderr]   Downloaded fluent-syntax v0.11.0
[INFO] [stderr]   Downloaded iyes_loopless v0.5.1
[INFO] [stderr]   Downloaded unic-langid-impl v0.9.4
[INFO] [stderr]   Downloaded fluent v0.16.0
[INFO] [stderr]   Downloaded basedrop v0.1.2
[INFO] [stderr]   Downloaded resource v0.4.0
[INFO] [stderr]   Downloaded iyes_progress v0.3.0
[INFO] [stderr]   Downloaded bevy-sequential-actions v0.2.0
[INFO] [stderr]   Downloaded bevy_tweening v0.4.0
[INFO] running `Command { std: "docker" "create" "-v" "/var/lib/crater-agent-workspace/builds/worker-0-tc1/target:/opt/rustwide/target:rw,Z" "-v" "/var/lib/crater-agent-workspace/builds/worker-0-tc1/source:/opt/rustwide/workdir:ro,Z" "-v" "/var/lib/crater-agent-workspace/cargo-home:/opt/rustwide/cargo-home:ro,Z" "-v" "/var/lib/crater-agent-workspace/rustup-home:/opt/rustwide/rustup-home:ro,Z" "-e" "SOURCE_DIR=/opt/rustwide/workdir" "-e" "CARGO_TARGET_DIR=/opt/rustwide/target" "-e" "CARGO_HOME=/opt/rustwide/cargo-home" "-e" "RUSTUP_HOME=/opt/rustwide/rustup-home" "-w" "/opt/rustwide/workdir" "-m" "1610612736" "--user" "0:0" "--network" "none" "ghcr.io/rust-lang/crates-build-env/linux@sha256:2788e3201cd34a07e3172128adcd8b3090168a8e3bcc40d7c032b9dda1df7d1c" "/opt/rustwide/cargo-home/bin/cargo" "+1.75.0" "metadata" "--no-deps" "--format-version=1", kill_on_drop: false }`
[INFO] [stdout] 708b26743fd5f73e07d40c5723a09bb890ef6714232acf3feb23f471d76e1b56
[INFO] running `Command { std: "docker" "start" "-a" "708b26743fd5f73e07d40c5723a09bb890ef6714232acf3feb23f471d76e1b56", kill_on_drop: false }`
[INFO] running `Command { std: "docker" "inspect" "708b26743fd5f73e07d40c5723a09bb890ef6714232acf3feb23f471d76e1b56", kill_on_drop: false }`
[INFO] running `Command { std: "docker" "rm" "-f" "708b26743fd5f73e07d40c5723a09bb890ef6714232acf3feb23f471d76e1b56", kill_on_drop: false }`
[INFO] [stdout] 708b26743fd5f73e07d40c5723a09bb890ef6714232acf3feb23f471d76e1b56
[INFO] running `Command { std: "docker" "create" "-v" "/var/lib/crater-agent-workspace/builds/worker-0-tc1/target:/opt/rustwide/target:rw,Z" "-v" "/var/lib/crater-agent-workspace/builds/worker-0-tc1/source:/opt/rustwide/workdir:ro,Z" "-v" "/var/lib/crater-agent-workspace/cargo-home:/opt/rustwide/cargo-home:ro,Z" "-v" "/var/lib/crater-agent-workspace/rustup-home:/opt/rustwide/rustup-home:ro,Z" "-e" "SOURCE_DIR=/opt/rustwide/workdir" "-e" "CARGO_TARGET_DIR=/opt/rustwide/target" "-e" "CARGO_INCREMENTAL=0" "-e" "RUST_BACKTRACE=full" "-e" "RUSTFLAGS=--cap-lints=warn" "-e" "RUSTDOCFLAGS=--cap-lints=warn" "-e" "CARGO_HOME=/opt/rustwide/cargo-home" "-e" "RUSTUP_HOME=/opt/rustwide/rustup-home" "-w" "/opt/rustwide/workdir" "-m" "1610612736" "--user" "0:0" "--network" "none" "ghcr.io/rust-lang/crates-build-env/linux@sha256:2788e3201cd34a07e3172128adcd8b3090168a8e3bcc40d7c032b9dda1df7d1c" "/opt/rustwide/cargo-home/bin/cargo" "+1.75.0" "doc" "--frozen" "--no-deps" "--document-private-items" "--message-format=json", kill_on_drop: false }`
[INFO] [stdout] bcfdc30f2e36386149ae74330e47f46e19c5c830fd7f6ce9aa7ff02a77597577
[INFO] running `Command { std: "docker" "start" "-a" "bcfdc30f2e36386149ae74330e47f46e19c5c830fd7f6ce9aa7ff02a77597577", kill_on_drop: false }`
[INFO] [stderr]    Compiling proc-macro2 v1.0.76
[INFO] [stderr]    Compiling unicode-ident v1.0.12
[INFO] [stderr]    Compiling autocfg v1.1.0
[INFO] [stderr]    Compiling libc v0.2.151
[INFO] [stderr]    Compiling serde v1.0.195
[INFO] [stderr]     Checking once_cell v1.19.0
[INFO] [stderr]    Compiling version_check v0.9.4
[INFO] [stderr]    Compiling syn v1.0.109
[INFO] [stderr]    Compiling thiserror v1.0.56
[INFO] [stderr]    Compiling indexmap v1.9.3
[INFO] [stderr]     Checking pin-project-lite v0.2.13
[INFO] [stderr]    Compiling hashbrown v0.12.3
[INFO] [stderr]    Compiling lock_api v0.4.11
[INFO] [stderr]     Checking instant v0.1.12
[INFO] [stderr]    Compiling parking_lot_core v0.8.6
[INFO] [stderr]     Checking byteorder v1.5.0
[INFO] [stderr]    Compiling crossbeam-utils v0.8.18
[INFO] [stderr]     Checking scopeguard v1.2.0
[INFO] [stderr]     Checking tracing-core v0.1.32
[INFO] [stderr]    Compiling quote v1.0.35
[INFO] [stderr]    Compiling syn v2.0.48
[INFO] [stderr]    Compiling ahash v0.7.7
[INFO] [stderr]     Checking memchr v2.7.1
[INFO] [stderr]     Checking concurrent-queue v2.4.0
[INFO] [stderr]     Checking parking v2.2.0
[INFO] [stderr]     Checking futures-core v0.3.30
[INFO] [stderr]    Compiling cfg-if v1.0.0
[INFO] [stderr]     Checking fixedbitset v0.4.2
[INFO] [stderr]     Checking event-listener v4.0.3
[INFO] [stderr]    Compiling slab v0.4.9
[INFO] [stderr]     Checking log v0.4.20
[INFO] [stderr]     Checking getrandom v0.2.11
[INFO] [stderr]     Checking mint v0.5.9
[INFO] [stderr]     Checking event-listener-strategy v0.4.0
[INFO] [stderr]     Checking fxhash v0.2.1
[INFO] [stderr]    Compiling num-traits v0.2.17
[INFO] [stderr]     Checking async-lock v3.2.0
[INFO] [stderr]     Checking futures-lite v2.2.0
[INFO] [stderr]     Checking fastrand v1.9.0
[INFO] [stderr]     Checking downcast-rs v1.2.0
[INFO] [stderr]     Checking fastrand v2.0.1
[INFO] [stderr]     Checking async-task v4.7.0
[INFO] [stderr]     Checking waker-fn v1.1.1
[INFO] [stderr]     Checking event-listener v2.5.3
[INFO] [stderr]     Checking futures-io v0.3.30
[INFO] [stderr]     Checking futures-lite v1.13.0
[INFO] [stderr]     Checking async-channel v1.9.0
[INFO] [stderr]     Checking num_cpus v1.16.0
[INFO] [stderr]     Checking async-executor v1.8.0
[INFO] [stderr]    Compiling ahash v0.8.7
[INFO] [stderr]     Checking rand_core v0.6.4
[INFO] [stderr]    Compiling pkg-config v0.3.28
[INFO] [stderr]     Checking zerocopy v0.7.32
[INFO] [stderr]    Compiling toml v0.5.11
[INFO] [stderr]    Compiling uuid v0.8.2
[INFO] [stderr]     Checking bevy_tasks v0.7.0
[INFO] [stderr]     Checking aho-corasick v1.1.2
[INFO] [stderr]     Checking rustc-hash v1.1.0
[INFO] [stderr]     Checking allocator-api2 v0.2.16
[INFO] [stderr]     Checking regex-syntax v0.8.2
[INFO] [stderr]     Checking regex-syntax v0.6.29
[INFO] [stderr]     Checking ppv-lite86 v0.2.17
[INFO] [stderr]     Checking hashbrown v0.14.3
[INFO] [stderr]     Checking cty v0.2.2
[INFO] [stderr]     Checking overload v0.1.1
[INFO] [stderr]     Checking rand_chacha v0.3.1
[INFO] [stderr]     Checking nu-ansi-term v0.46.0
[INFO] [stderr]     Checking rand v0.8.5
[INFO] [stderr]     Checking raw-window-handle v0.4.3
[INFO] [stderr]     Checking sharded-slab v0.1.7
[INFO] [stderr]     Checking tracing-log v0.2.0
[INFO] [stderr]     Checking thread_local v1.1.7
[INFO] [stderr]     Checking equivalent v1.0.1
[INFO] [stderr]     Checking tracing-log v0.1.4
[INFO] [stderr]     Checking indexmap v2.1.0
[INFO] [stderr]     Checking inotify-sys v0.1.5
[INFO] [stderr]    Compiling num-integer v0.1.45
[INFO] [stderr]     Checking libloading v0.7.4
[INFO] [stderr]     Checking termcolor v1.4.0
[INFO] [stderr]     Checking same-file v1.0.6
[INFO] [stderr]    Compiling anyhow v1.0.79
[INFO] [stderr]     Checking regex-automata v0.1.10
[INFO] [stderr]    Compiling khronos-egl v4.1.0
[INFO] [stderr]    Compiling ash v0.34.0+1.2.203
[INFO] [stderr]     Checking regex-automata v0.4.3
[INFO] [stderr]     Checking unicode-xid v0.2.4
[INFO] [stderr]     Checking bit-vec v0.6.3
[INFO] [stderr]     Checking bitflags v2.4.1
[INFO] [stderr]     Checking unicode-width v0.1.11
[INFO] [stderr]     Checking pp-rs v0.2.1
[INFO] [stderr]     Checking gpu-descriptor-types v0.1.2
[INFO] [stderr]     Checking bit-set v0.5.3
[INFO] [stderr]     Checking codespan-reporting v0.11.1
[INFO] [stderr]     Checking petgraph v0.6.4
[INFO] [stderr]     Checking walkdir v2.4.0
[INFO] [stderr]     Checking inotify v0.9.6
[INFO] [stderr]     Checking spirv v0.2.0+1.5.4
[INFO] [stderr]     Checking mio v0.7.14
[INFO] [stderr]     Checking matchers v0.1.0
[INFO] [stderr]     Checking filetime v0.2.23
[INFO] [stderr]     Checking crossbeam-channel v0.5.10
[INFO] [stderr]     Checking gpu-alloc-types v0.2.0
[INFO] [stderr]     Checking hexf-parse v0.2.1
[INFO] [stderr]     Checking adler32 v1.2.0
[INFO] [stderr]    Compiling cfg_aliases v0.1.1
[INFO] [stderr]    Compiling crc32fast v1.3.2
[INFO] [stderr]     Checking gpu-alloc v0.5.4
[INFO] [stderr]    Compiling wgpu-core v0.12.2
[INFO] [stderr]     Checking notify v5.0.0-pre.11
[INFO] [stderr]     Checking gpu-descriptor v0.2.4
[INFO] [stderr]     Checking wgpu-types v0.12.0
[INFO] [stderr]    Compiling num-rational v0.3.2
[INFO] [stderr]    Compiling num-iter v0.1.43
[INFO] [stderr]    Compiling serde_derive v1.0.195
[INFO] [stderr]    Compiling thiserror-impl v1.0.56
[INFO] [stderr]    Compiling bytemuck_derive v1.5.0
[INFO] [stderr]    Compiling tracing-attributes v0.1.27
[INFO] [stderr]     Checking inplace_it v0.3.5
[INFO] [stderr]     Checking regex v1.10.2
[INFO] [stderr]     Checking renderdoc-sys v0.7.1
[INFO] [stderr]     Checking profiling v1.0.13
[INFO] [stderr]     Checking glow v0.11.2
[INFO] [stderr]     Checking arrayvec v0.7.4
[INFO] [stderr]     Checking miniz_oxide v0.3.7
[INFO] [stderr]     Checking deflate v0.8.6
[INFO] [stderr]     Checking copyless v0.1.5
[INFO] [stderr]     Checking png v0.16.8
[INFO] [stderr]     Checking bytemuck v1.14.0
[INFO] [stderr]    Compiling memoffset v0.6.5
[INFO] [stderr]     Checking glam v0.21.3
[INFO] [stderr]     Checking color_quant v1.1.0
[INFO] [stderr]     Checking scoped_threadpool v0.1.9
[INFO] [stderr]    Compiling displaydoc v0.2.4
[INFO] [stderr]     Checking image v0.23.14
[INFO] [stderr]     Checking hex v0.4.3
[INFO] [stderr]     Checking tracing v0.1.40
[INFO] [stderr]     Checking ryu v1.0.16
[INFO] [stderr]     Checking nix v0.23.2
[INFO] [stderr]     Checking naga v0.8.5
[INFO] [stderr]     Checking ttf-parser v0.20.0
[INFO] [stderr]    Compiling proc-macro-hack v0.5.20+deprecated
[INFO] [stderr]    Compiling tinystr v0.7.5
[INFO] [stderr]    Compiling libudev-sys v0.1.4
[INFO] [stderr]     Checking approx v0.5.1
[INFO] [stderr]     Checking hexasphere v7.2.1
[INFO] [stderr]     Checking euclid v0.22.9
[INFO] [stderr]    Compiling serde_json v1.0.111
[INFO] [stderr]     Checking svg_fmt v0.4.1
[INFO] [stderr]     Checking ab_glyph_rasterizer v0.1.8
[INFO] [stderr]    Compiling libm v0.1.4
[INFO] [stderr]     Checking guillotiere v0.6.2
[INFO] [stderr]    Compiling unic-langid-impl v0.9.4
[INFO] [stderr]     Checking owned_ttf_parser v0.20.0
[INFO] [stderr]     Checking ab_glyph v0.2.23
[INFO] [stderr]    Compiling x11-dl v2.21.0
[INFO] [stderr]    Compiling cargo-manifest v0.2.9
[INFO] [stderr]     Checking itoa v1.0.10
[INFO] [stderr]     Checking xi-unicode v0.3.0
[INFO] [stderr]     Checking rectangle-pack v0.4.2
[INFO] [stderr]    Compiling inflections v1.1.1
[INFO] [stderr]     Checking glyph_brush_layout v0.2.3
[INFO] [stderr]    Compiling unic-langid-macros-impl v0.9.4
[INFO] [stderr]    Compiling gltf-derive v1.4.0
[INFO] [stderr]     Checking vec_map v0.8.2
[INFO] [stderr]     Checking percent-encoding v2.3.1
[INFO] [stderr]    Compiling winit v0.26.1
[INFO] [stderr]     Checking base64 v0.13.1
[INFO] [stderr]    Compiling bevy_macro_utils v0.7.0
[INFO] [stderr]     Checking unic-langid-macros v0.9.4
[INFO] [stderr]     Checking stretch v0.3.2
[INFO] [stderr]    Compiling alsa-sys v0.3.1
[INFO] [stderr]     Checking mio v0.8.10
[INFO] [stderr]     Checking unic-langid v0.9.4
[INFO] [stderr]    Compiling unicode-segmentation v1.10.1
[INFO] [stderr]     Checking linked-hash-map v0.5.6
[INFO] [stderr]    Compiling cpal v0.13.5
[INFO] [stderr]    Compiling toml_datetime v0.6.5
[INFO] [stderr]     Checking tinyvec_macros v0.1.1
[INFO] [stderr]    Compiling winnow v0.5.33
[INFO] [stderr]    Compiling heck v0.3.3
[INFO] [stderr]     Checking tinyvec v1.6.0
[INFO] [stderr]     Checking alsa v0.6.0
[INFO] [stderr]     Checking yaml-rust v0.4.5
[INFO] [stderr]     Checking smallvec v1.11.2
[INFO] [stderr]     Checking glam v0.20.5
[INFO] [stderr]     Checking hashbrown v0.11.2
[INFO] [stderr]     Checking parking_lot v0.11.2
[INFO] [stderr]     Checking erased-serde v0.3.31
[INFO] [stderr]     Checking tracing-subscriber v0.3.18
[INFO] [stderr]     Checking wgpu-hal v0.12.5
[INFO] [stderr]     Checking gilrs-core v0.3.2
[INFO] [stderr]     Checking ron v0.7.1
[INFO] [stderr]     Checking gilrs v0.8.2
[INFO] [stderr]    Compiling toml_edit v0.19.15
[INFO] [stderr]     Checking type-map v0.4.0
[INFO] [stderr]     Checking ogg v0.8.0
[INFO] [stderr]     Checking cache-padded v1.3.0
[INFO] [stderr]     Checking gltf-json v1.4.0
[INFO] [stderr]     Checking iana-time-zone v0.1.59
[INFO] [stderr]    Compiling bevy_derive v0.7.0
[INFO] [stderr]    Compiling bevy_reflect_derive v0.7.0
[INFO] [stderr]    Compiling bevy_ecs_macros v0.7.0
[INFO] [stdout] error[E0432]: unresolved import `syn::ItemFn`
[INFO] [stdout]    --> /opt/rustwide/cargo-home/registry/src/index.crates.io-6f17d22bba15001f/bevy_derive-0.7.0/src/bevy_main.rs:3:30
[INFO] [stdout]     |
[INFO] [stdout] 3   | use syn::{parse_macro_input, ItemFn};
[INFO] [stdout]     |                              ^^^^^^ no `ItemFn` in the root
[INFO] [stdout]     |
[INFO] [stdout] note: found an item that was configured out
[INFO] [stdout]    --> /opt/rustwide/cargo-home/registry/src/index.crates.io-6f17d22bba15001f/syn-1.0.109/src/lib.rs:365:32
[INFO] [stdout]     |
[INFO] [stdout] 365 |     ItemEnum, ItemExternCrate, ItemFn, ItemForeignMod, ItemImpl, ItemMacro, ItemMacro2, ItemMod,
[INFO] [stdout]     |                                ^^^^^^
[INFO] [stdout]     = note: the item is gated behind the `full` feature
[INFO] [stdout] 
[INFO] [stdout] 
[INFO] [stdout] error: aborting due to previous error
[INFO] [stdout] 
[INFO] [stdout] 
[INFO] [stdout] For more information about this error, try `rustc --explain E0432`.
[INFO] [stdout] 
[INFO] [stderr] error: could not compile `bevy_derive` (lib) due to 2 previous errors
[INFO] [stderr] warning: build failed, waiting for other jobs to finish...
[INFO] [stdout] error[E0432]: unresolved import `syn::ItemTrait`
[INFO] [stdout]    --> /opt/rustwide/cargo-home/registry/src/index.crates.io-6f17d22bba15001f/bevy_reflect_derive-0.7.0/src/reflect_trait.rs:5:62
[INFO] [stdout]     |
[INFO] [stdout] 5   | use syn::{parse::Parse, parse_macro_input, Attribute, Ident, ItemTrait, Token};
[INFO] [stdout]     |                                                              ^^^^^^^^^ no `ItemTrait` in the root
[INFO] [stdout]     |
[INFO] [stdout] note: found an item that was configured out
[INFO] [stdout]    --> /opt/rustwide/cargo-home/registry/src/index.crates.io-6f17d22bba15001f/syn-1.0.109/src/lib.rs:366:29
[INFO] [stdout]     |
[INFO] [stdout] 366 |     ItemStatic, ItemStruct, ItemTrait, ItemTraitAlias, ItemType, ItemUnion, ItemUse, Receiver,
[INFO] [stdout]     |                             ^^^^^^^^^
[INFO] [stdout]     = note: the item is gated behind the `full` feature
[INFO] [stdout] 
[INFO] [stdout] 
[INFO] [stdout] error: aborting due to previous error
[INFO] [stdout] 
[INFO] [stdout] 
[INFO] [stdout] For more information about this error, try `rustc --explain E0432`.
[INFO] [stdout] 
[INFO] [stderr] error: could not compile `bevy_reflect_derive` (lib) due to 2 previous errors
[INFO] running `Command { std: "docker" "inspect" "bcfdc30f2e36386149ae74330e47f46e19c5c830fd7f6ce9aa7ff02a77597577", kill_on_drop: false }`
[INFO] running `Command { std: "docker" "rm" "-f" "bcfdc30f2e36386149ae74330e47f46e19c5c830fd7f6ce9aa7ff02a77597577", kill_on_drop: false }`
[INFO] [stdout] bcfdc30f2e36386149ae74330e47f46e19c5c830fd7f6ce9aa7ff02a77597577
[INFO] documenting Justis-Lamanna/glazed-dx against beta-2023-12-22 for beta-1.76-rustdoc-1
[INFO] running `Command { std: "git" "clone" "/workspace/cache/git-repos/https%3A%2F%2Fgithub.com%2FJustis-Lamanna%2Fglazed-dx" "/workspace/builds/worker-0-tc2/source", kill_on_drop: false }`
[INFO] [stderr] Cloning into '/workspace/builds/worker-0-tc2/source'...
[INFO] [stderr] done.
[INFO] validating manifest of git repo https://github.com/Justis-Lamanna/glazed-dx on toolchain beta-2023-12-22
[INFO] running `Command { std: CARGO_HOME="/workspace/cargo-home" RUSTUP_HOME="/workspace/rustup-home" "/workspace/cargo-home/bin/cargo" "+beta-2023-12-22" "metadata" "--manifest-path" "Cargo.toml" "--no-deps", kill_on_drop: false }`
[INFO] removed /workspace/builds/worker-0-tc2/source/rust-toolchain.toml
[INFO] started tweaking git repo https://github.com/Justis-Lamanna/glazed-dx
[INFO] finished tweaking git repo https://github.com/Justis-Lamanna/glazed-dx
[INFO] tweaked toml for git repo https://github.com/Justis-Lamanna/glazed-dx written to /workspace/builds/worker-0-tc2/source/Cargo.toml
[INFO] running `Command { std: CARGO_HOME="/workspace/cargo-home" RUSTUP_HOME="/workspace/rustup-home" "/workspace/cargo-home/bin/cargo" "+beta-2023-12-22" "generate-lockfile" "--manifest-path" "Cargo.toml", kill_on_drop: false }`
[INFO] [stderr]     Updating crates.io index
[INFO] running `Command { std: CARGO_HOME="/workspace/cargo-home" RUSTUP_HOME="/workspace/rustup-home" "/workspace/cargo-home/bin/cargo" "+beta-2023-12-22" "fetch" "--manifest-path" "Cargo.toml", kill_on_drop: false }`
[INFO] running `Command { std: "docker" "create" "-v" "/var/lib/crater-agent-workspace/builds/worker-0-tc2/target:/opt/rustwide/target:rw,Z" "-v" "/var/lib/crater-agent-workspace/builds/worker-0-tc2/source:/opt/rustwide/workdir:ro,Z" "-v" "/var/lib/crater-agent-workspace/cargo-home:/opt/rustwide/cargo-home:ro,Z" "-v" "/var/lib/crater-agent-workspace/rustup-home:/opt/rustwide/rustup-home:ro,Z" "-e" "SOURCE_DIR=/opt/rustwide/workdir" "-e" "CARGO_TARGET_DIR=/opt/rustwide/target" "-e" "CARGO_HOME=/opt/rustwide/cargo-home" "-e" "RUSTUP_HOME=/opt/rustwide/rustup-home" "-w" "/opt/rustwide/workdir" "-m" "1610612736" "--user" "0:0" "--network" "none" "ghcr.io/rust-lang/crates-build-env/linux@sha256:2788e3201cd34a07e3172128adcd8b3090168a8e3bcc40d7c032b9dda1df7d1c" "/opt/rustwide/cargo-home/bin/cargo" "+beta-2023-12-22" "metadata" "--no-deps" "--format-version=1", kill_on_drop: false }`
[INFO] [stdout] 8b3edbfceb36a28e55b67e089937a76cfe3ab09da944f33b48f62366106c2087
[INFO] running `Command { std: "docker" "start" "-a" "8b3edbfceb36a28e55b67e089937a76cfe3ab09da944f33b48f62366106c2087", kill_on_drop: false }`
[INFO] running `Command { std: "docker" "inspect" "8b3edbfceb36a28e55b67e089937a76cfe3ab09da944f33b48f62366106c2087", kill_on_drop: false }`
[INFO] running `Command { std: "docker" "rm" "-f" "8b3edbfceb36a28e55b67e089937a76cfe3ab09da944f33b48f62366106c2087", kill_on_drop: false }`
[INFO] [stdout] 8b3edbfceb36a28e55b67e089937a76cfe3ab09da944f33b48f62366106c2087
[INFO] running `Command { std: "docker" "create" "-v" "/var/lib/crater-agent-workspace/builds/worker-0-tc2/target:/opt/rustwide/target:rw,Z" "-v" "/var/lib/crater-agent-workspace/builds/worker-0-tc2/source:/opt/rustwide/workdir:ro,Z" "-v" "/var/lib/crater-agent-workspace/cargo-home:/opt/rustwide/cargo-home:ro,Z" "-v" "/var/lib/crater-agent-workspace/rustup-home:/opt/rustwide/rustup-home:ro,Z" "-e" "SOURCE_DIR=/opt/rustwide/workdir" "-e" "CARGO_TARGET_DIR=/opt/rustwide/target" "-e" "CARGO_INCREMENTAL=0" "-e" "RUST_BACKTRACE=full" "-e" "RUSTFLAGS=--cap-lints=warn" "-e" "RUSTDOCFLAGS=--cap-lints=warn" "-e" "CARGO_HOME=/opt/rustwide/cargo-home" "-e" "RUSTUP_HOME=/opt/rustwide/rustup-home" "-w" "/opt/rustwide/workdir" "-m" "1610612736" "--user" "0:0" "--network" "none" "ghcr.io/rust-lang/crates-build-env/linux@sha256:2788e3201cd34a07e3172128adcd8b3090168a8e3bcc40d7c032b9dda1df7d1c" "/opt/rustwide/cargo-home/bin/cargo" "+beta-2023-12-22" "doc" "--frozen" "--no-deps" "--document-private-items" "--message-format=json", kill_on_drop: false }`
[INFO] [stdout] e9842e8bb8e3c5f9a405a3b867c8290225b95565e1ff1535449c3fc469a00496
[INFO] running `Command { std: "docker" "start" "-a" "e9842e8bb8e3c5f9a405a3b867c8290225b95565e1ff1535449c3fc469a00496", kill_on_drop: false }`
[INFO] [stderr]    Compiling proc-macro2 v1.0.76
[INFO] [stderr]    Compiling unicode-ident v1.0.12
[INFO] [stderr]    Compiling autocfg v1.1.0
[INFO] [stderr]    Compiling libc v0.2.151
[INFO] [stderr]    Compiling serde v1.0.195
[INFO] [stderr]     Checking once_cell v1.19.0
[INFO] [stderr]    Compiling version_check v0.9.4
[INFO] [stderr]    Compiling syn v1.0.109
[INFO] [stderr]    Compiling thiserror v1.0.56
[INFO] [stderr]    Compiling indexmap v1.9.3
[INFO] [stderr]    Compiling hashbrown v0.12.3
[INFO] [stderr]     Checking pin-project-lite v0.2.13
[INFO] [stderr]    Compiling lock_api v0.4.11
[INFO] [stderr]     Checking instant v0.1.12
[INFO] [stderr]     Checking byteorder v1.5.0
[INFO] [stderr]    Compiling crossbeam-utils v0.8.18
[INFO] [stderr]    Compiling parking_lot_core v0.8.6
[INFO] [stderr]     Checking scopeguard v1.2.0
[INFO] [stderr]     Checking tracing-core v0.1.32
[INFO] [stderr]    Compiling quote v1.0.35
[INFO] [stderr]    Compiling syn v2.0.48
[INFO] [stderr]     Checking concurrent-queue v2.4.0
[INFO] [stderr]    Compiling ahash v0.7.7
[INFO] [stderr]     Checking memchr v2.7.1
[INFO] [stderr]     Checking parking v2.2.0
[INFO] [stderr]     Checking futures-core v0.3.30
[INFO] [stderr]    Compiling cfg-if v1.0.0
[INFO] [stderr]     Checking fixedbitset v0.4.2
[INFO] [stderr]     Checking event-listener v4.0.3
[INFO] [stderr]     Checking getrandom v0.2.11
[INFO] [stderr]    Compiling slab v0.4.9
[INFO] [stderr]     Checking log v0.4.20
[INFO] [stderr]     Checking mint v0.5.9
[INFO] [stderr]     Checking event-listener-strategy v0.4.0
[INFO] [stderr]     Checking fxhash v0.2.1
[INFO] [stderr]    Compiling num-traits v0.2.17
[INFO] [stderr]     Checking async-lock v3.2.0
[INFO] [stderr]     Checking futures-lite v2.2.0
[INFO] [stderr]     Checking futures-io v0.3.30
[INFO] [stderr]     Checking async-task v4.7.0
[INFO] [stderr]     Checking waker-fn v1.1.1
[INFO] [stderr]     Checking fastrand v2.0.1
[INFO] [stderr]     Checking downcast-rs v1.2.0
[INFO] [stderr]     Checking event-listener v2.5.3
[INFO] [stderr]     Checking fastrand v1.9.0
[INFO] [stderr]     Checking num_cpus v1.16.0
[INFO] [stderr]     Checking async-executor v1.8.0
[INFO] [stderr]     Checking async-channel v1.9.0
[INFO] [stderr]    Compiling ahash v0.8.7
[INFO] [stderr]     Checking futures-lite v1.13.0
[INFO] [stderr]     Checking rand_core v0.6.4
[INFO] [stderr]    Compiling pkg-config v0.3.28
[INFO] [stderr]     Checking zerocopy v0.7.32
[INFO] [stderr]    Compiling toml v0.5.11
[INFO] [stderr]    Compiling uuid v0.8.2
[INFO] [stderr]     Checking bevy_tasks v0.7.0
[INFO] [stderr]     Checking aho-corasick v1.1.2
[INFO] [stderr]     Checking rustc-hash v1.1.0
[INFO] [stderr]     Checking regex-syntax v0.6.29
[INFO] [stderr]     Checking ppv-lite86 v0.2.17
[INFO] [stderr]     Checking regex-syntax v0.8.2
[INFO] [stderr]     Checking allocator-api2 v0.2.16
[INFO] [stderr]     Checking rand_chacha v0.3.1
[INFO] [stderr]     Checking hashbrown v0.14.3
[INFO] [stderr]     Checking cty v0.2.2
[INFO] [stderr]     Checking overload v0.1.1
[INFO] [stderr]     Checking raw-window-handle v0.4.3
[INFO] [stderr]     Checking nu-ansi-term v0.46.0
[INFO] [stderr]     Checking rand v0.8.5
[INFO] [stderr]     Checking sharded-slab v0.1.7
[INFO] [stderr]     Checking tracing-log v0.2.0
[INFO] [stderr]     Checking thread_local v1.1.7
[INFO] [stderr]     Checking equivalent v1.0.1
[INFO] [stderr]     Checking indexmap v2.1.0
[INFO] [stderr]     Checking tracing-log v0.1.4
[INFO] [stderr]     Checking inotify-sys v0.1.5
[INFO] [stderr]     Checking regex-automata v0.4.3
[INFO] [stderr]    Compiling num-integer v0.1.45
[INFO] [stderr]     Checking libloading v0.7.4
[INFO] [stderr]    Compiling ash v0.34.0+1.2.203
[INFO] [stderr]     Checking bit-vec v0.6.3
[INFO] [stderr]     Checking regex-automata v0.1.10
[INFO] [stderr]     Checking termcolor v1.4.0
[INFO] [stderr]    Compiling anyhow v1.0.79
[INFO] [stderr]     Checking unicode-xid v0.2.4
[INFO] [stderr]     Checking same-file v1.0.6
[INFO] [stderr]    Compiling khronos-egl v4.1.0
[INFO] [stderr]     Checking bitflags v2.4.1
[INFO] [stderr]     Checking unicode-width v0.1.11
[INFO] [stderr]     Checking walkdir v2.4.0
[INFO] [stderr]     Checking codespan-reporting v0.11.1
[INFO] [stderr]     Checking gpu-descriptor-types v0.1.2
[INFO] [stderr]     Checking pp-rs v0.2.1
[INFO] [stderr]     Checking petgraph v0.6.4
[INFO] [stderr]     Checking bit-set v0.5.3
[INFO] [stderr]     Checking inotify v0.9.6
[INFO] [stderr]     Checking matchers v0.1.0
[INFO] [stderr]     Checking spirv v0.2.0+1.5.4
[INFO] [stderr]     Checking mio v0.7.14
[INFO] [stderr]     Checking filetime v0.2.23
[INFO] [stderr]     Checking crossbeam-channel v0.5.10
[INFO] [stderr]     Checking gpu-alloc-types v0.2.0
[INFO] [stderr]     Checking adler32 v1.2.0
[INFO] [stderr]    Compiling crc32fast v1.3.2
[INFO] [stderr]    Compiling cfg_aliases v0.1.1
[INFO] [stderr]     Checking hexf-parse v0.2.1
[INFO] [stderr]    Compiling wgpu-core v0.12.2
[INFO] [stderr]     Checking gpu-alloc v0.5.4
[INFO] [stderr]     Checking notify v5.0.0-pre.11
[INFO] [stderr]     Checking gpu-descriptor v0.2.4
[INFO] [stderr]     Checking wgpu-types v0.12.0
[INFO] [stderr]    Compiling serde_derive v1.0.195
[INFO] [stderr]    Compiling thiserror-impl v1.0.56
[INFO] [stderr]    Compiling bytemuck_derive v1.5.0
[INFO] [stderr]    Compiling tracing-attributes v0.1.27
[INFO] [stderr]     Checking regex v1.10.2
[INFO] [stderr]    Compiling num-iter v0.1.43
[INFO] [stderr]    Compiling num-rational v0.3.2
[INFO] [stderr]     Checking renderdoc-sys v0.7.1
[INFO] [stderr]     Checking glow v0.11.2
[INFO] [stderr]     Checking arrayvec v0.7.4
[INFO] [stderr]     Checking profiling v1.0.13
[INFO] [stderr]     Checking inplace_it v0.3.5
[INFO] [stderr]     Checking miniz_oxide v0.3.7
[INFO] [stderr]     Checking deflate v0.8.6
[INFO] [stderr]     Checking bytemuck v1.14.0
[INFO] [stderr]     Checking copyless v0.1.5
[INFO] [stderr]     Checking png v0.16.8
[INFO] [stderr]    Compiling memoffset v0.6.5
[INFO] [stderr]     Checking naga v0.8.5
[INFO] [stderr]     Checking color_quant v1.1.0
[INFO] [stderr]     Checking glam v0.21.3
[INFO] [stderr]     Checking scoped_threadpool v0.1.9
[INFO] [stderr]    Compiling displaydoc v0.2.4
[INFO] [stderr]     Checking image v0.23.14
[INFO] [stderr]     Checking hex v0.4.3
[INFO] [stderr]     Checking tracing v0.1.40
[INFO] [stderr]     Checking ryu v1.0.16
[INFO] [stderr]     Checking nix v0.23.2
[INFO] [stderr]     Checking ttf-parser v0.20.0
[INFO] [stderr]    Compiling proc-macro-hack v0.5.20+deprecated
[INFO] [stderr]    Compiling tinystr v0.7.5
[INFO] [stderr]    Compiling libudev-sys v0.1.4
[INFO] [stderr]     Checking euclid v0.22.9
[INFO] [stderr]     Checking hexasphere v7.2.1
[INFO] [stderr]     Checking approx v0.5.1
[INFO] [stderr]     Checking ab_glyph_rasterizer v0.1.8
[INFO] [stderr]    Compiling serde_json v1.0.111
[INFO] [stderr]    Compiling libm v0.1.4
[INFO] [stderr]     Checking svg_fmt v0.4.1
[INFO] [stderr]     Checking owned_ttf_parser v0.20.0
[INFO] [stderr]     Checking guillotiere v0.6.2
[INFO] [stderr]     Checking ab_glyph v0.2.23
[INFO] [stderr]    Compiling unic-langid-impl v0.9.4
[INFO] [stderr]    Compiling x11-dl v2.21.0
[INFO] [stderr]     Checking itoa v1.0.10
[INFO] [stderr]    Compiling inflections v1.1.1
[INFO] [stderr]    Compiling cargo-manifest v0.2.9
[INFO] [stderr]     Checking rectangle-pack v0.4.2
[INFO] [stderr]     Checking xi-unicode v0.3.0
[INFO] [stderr]    Compiling gltf-derive v1.4.0
[INFO] [stderr]     Checking glyph_brush_layout v0.2.3
[INFO] [stderr]    Compiling unic-langid-macros-impl v0.9.4
[INFO] [stderr]     Checking base64 v0.13.1
[INFO] [stderr]     Checking percent-encoding v2.3.1
[INFO] [stderr]    Compiling winit v0.26.1
[INFO] [stderr]     Checking vec_map v0.8.2
[INFO] [stderr]    Compiling bevy_macro_utils v0.7.0
[INFO] [stderr]     Checking stretch v0.3.2
[INFO] [stderr]     Checking unic-langid-macros v0.9.4
[INFO] [stderr]    Compiling alsa-sys v0.3.1
[INFO] [stderr]     Checking mio v0.8.10
[INFO] [stderr]     Checking unic-langid v0.9.4
[INFO] [stderr]     Checking linked-hash-map v0.5.6
[INFO] [stderr]    Compiling winnow v0.5.33
[INFO] [stderr]    Compiling unicode-segmentation v1.10.1
[INFO] [stderr]    Compiling cpal v0.13.5
[INFO] [stderr]     Checking tinyvec_macros v0.1.1
[INFO] [stderr]    Compiling toml_datetime v0.6.5
[INFO] [stderr]     Checking tinyvec v1.6.0
[INFO] [stderr]    Compiling heck v0.3.3
[INFO] [stderr]     Checking smallvec v1.11.2
[INFO] [stderr]     Checking hashbrown v0.11.2
[INFO] [stderr]     Checking parking_lot v0.11.2
[INFO] [stderr]     Checking glam v0.20.5
[INFO] [stderr]     Checking erased-serde v0.3.31
[INFO] [stderr]     Checking tracing-subscriber v0.3.18
[INFO] [stderr]     Checking wgpu-hal v0.12.5
[INFO] [stderr]     Checking gilrs-core v0.3.2
[INFO] [stderr]     Checking ron v0.7.1
[INFO] [stderr]     Checking gilrs v0.8.2
[INFO] [stderr]    Compiling toml_edit v0.19.15
[INFO] [stderr]     Checking gltf-json v1.4.0
[INFO] [stderr]     Checking alsa v0.6.0
[INFO] [stderr]     Checking yaml-rust v0.4.5
[INFO] [stderr]    Compiling bevy_derive v0.7.0
[INFO] [stdout] error[E0432]: unresolved import `syn::ItemFn`
[INFO] [stdout]    --> /opt/rustwide/cargo-home/registry/src/index.crates.io-6f17d22bba15001f/bevy_derive-0.7.0/src/bevy_main.rs:3:30
[INFO] [stdout]     |
[INFO] [stdout] 3   | use syn::{parse_macro_input, ItemFn};
[INFO] [stdout]     |                              ^^^^^^ no `ItemFn` in the root
[INFO] [stdout]     |
[INFO] [stdout] note: found an item that was configured out
[INFO] [stdout]    --> /opt/rustwide/cargo-home/registry/src/index.crates.io-6f17d22bba15001f/syn-1.0.109/src/lib.rs:365:32
[INFO] [stdout]     |
[INFO] [stdout] 365 |     ItemEnum, ItemExternCrate, ItemFn, ItemForeignMod, ItemImpl, ItemMacro, ItemMacro2, ItemMod,
[INFO] [stdout]     |                                ^^^^^^
[INFO] [stdout]     = note: the item is gated behind the `full` feature
[INFO] [stdout] 
[INFO] [stdout] 
[INFO] [stdout] error: aborting due to 1 previous error
[INFO] [stdout] 
[INFO] [stdout] 
[INFO] [stdout] For more information about this error, try `rustc --explain E0432`.
[INFO] [stdout] 
[INFO] [stderr] error: could not compile `bevy_derive` (lib) due to 2 previous errors
[INFO] [stderr] warning: build failed, waiting for other jobs to finish...
[INFO] running `Command { std: "docker" "inspect" "e9842e8bb8e3c5f9a405a3b867c8290225b95565e1ff1535449c3fc469a00496", kill_on_drop: false }`
[INFO] running `Command { std: "docker" "rm" "-f" "e9842e8bb8e3c5f9a405a3b867c8290225b95565e1ff1535449c3fc469a00496", kill_on_drop: false }`
[INFO] [stdout] e9842e8bb8e3c5f9a405a3b867c8290225b95565e1ff1535449c3fc469a00496
