[INFO] cloning repository https://github.com/JuniFruit/tracker
[INFO] running `Command { std: "git" "-c" "credential.helper=" "-c" "credential.helper=/workspace/cargo-home/bin/git-credential-null" "clone" "--bare" "https://github.com/JuniFruit/tracker" "/workspace/cache/git-repos/https%3A%2F%2Fgithub.com%2FJuniFruit%2Ftracker", kill_on_drop: false }`
[INFO] [stderr] Cloning into bare repository '/workspace/cache/git-repos/https%3A%2F%2Fgithub.com%2FJuniFruit%2Ftracker'...
[INFO] running `Command { std: "git" "rev-parse" "HEAD", kill_on_drop: false }`
[INFO] [stdout] 390ec5ab7c572e2c500b28831a093a04af2e023f
[INFO] documenting JuniFruit/tracker against 1.75.0 for beta-1.76-rustdoc-1
[INFO] running `Command { std: "git" "clone" "/workspace/cache/git-repos/https%3A%2F%2Fgithub.com%2FJuniFruit%2Ftracker" "/workspace/builds/worker-7-tc1/source", kill_on_drop: false }`
[INFO] [stderr] Cloning into '/workspace/builds/worker-7-tc1/source'...
[INFO] [stderr] done.
[INFO] validating manifest of git repo https://github.com/JuniFruit/tracker on toolchain 1.75.0
[INFO] running `Command { std: CARGO_HOME="/workspace/cargo-home" RUSTUP_HOME="/workspace/rustup-home" "/workspace/cargo-home/bin/cargo" "+1.75.0" "metadata" "--manifest-path" "Cargo.toml" "--no-deps", kill_on_drop: false }`
[INFO] started tweaking git repo https://github.com/JuniFruit/tracker
[INFO] finished tweaking git repo https://github.com/JuniFruit/tracker
[INFO] tweaked toml for git repo https://github.com/JuniFruit/tracker written to /workspace/builds/worker-7-tc1/source/Cargo.toml
[INFO] crate git repo https://github.com/JuniFruit/tracker already has a lockfile, it will not be regenerated
[INFO] running `Command { std: CARGO_HOME="/workspace/cargo-home" RUSTUP_HOME="/workspace/rustup-home" "/workspace/cargo-home/bin/cargo" "+1.75.0" "fetch" "--manifest-path" "Cargo.toml", kill_on_drop: false }`
[INFO] [stderr] warning: virtual workspace defaulting to `resolver = "1"` despite one or more workspace members being on edition 2021 which implies `resolver = "2"`
[INFO] [stderr] note: to keep the current resolver, specify `workspace.resolver = "1"` in the workspace root's manifest
[INFO] [stderr] note: to use the edition 2021 resolver, specify `workspace.resolver = "2"` in the workspace root's manifest
[INFO] [stderr] note: for more details see https://doc.rust-lang.org/cargo/reference/resolver.html#resolver-versions
[INFO] [stderr]  Downloading crates ...
[INFO] [stderr]   Downloaded serde_derive v1.0.167
[INFO] [stderr]   Downloaded egui_extras v0.22.0
[INFO] [stderr]   Downloaded serde_repr v0.1.14
[INFO] [stderr]   Downloaded imagesize v0.10.1
[INFO] [stderr]   Downloaded roxmltree v0.15.1
[INFO] [stderr]   Downloaded resvg v0.28.0
[INFO] [stderr]   Downloaded usvg v0.28.0
[INFO] running `Command { std: "docker" "create" "-v" "/var/lib/crater-agent-workspace/builds/worker-7-tc1/target:/opt/rustwide/target:rw,Z" "-v" "/var/lib/crater-agent-workspace/builds/worker-7-tc1/source:/opt/rustwide/workdir:ro,Z" "-v" "/var/lib/crater-agent-workspace/cargo-home:/opt/rustwide/cargo-home:ro,Z" "-v" "/var/lib/crater-agent-workspace/rustup-home:/opt/rustwide/rustup-home:ro,Z" "-e" "SOURCE_DIR=/opt/rustwide/workdir" "-e" "CARGO_TARGET_DIR=/opt/rustwide/target" "-e" "CARGO_HOME=/opt/rustwide/cargo-home" "-e" "RUSTUP_HOME=/opt/rustwide/rustup-home" "-w" "/opt/rustwide/workdir" "-m" "1610612736" "--user" "0:0" "--network" "none" "ghcr.io/rust-lang/crates-build-env/linux@sha256:2788e3201cd34a07e3172128adcd8b3090168a8e3bcc40d7c032b9dda1df7d1c" "/opt/rustwide/cargo-home/bin/cargo" "+1.75.0" "metadata" "--no-deps" "--format-version=1", kill_on_drop: false }`
[INFO] [stdout] 049ceb7ea92783f4178700d2c0369e32fa36cec754264ea427431ffd250597ea
[INFO] running `Command { std: "docker" "start" "-a" "049ceb7ea92783f4178700d2c0369e32fa36cec754264ea427431ffd250597ea", kill_on_drop: false }`
[INFO] running `Command { std: "docker" "inspect" "049ceb7ea92783f4178700d2c0369e32fa36cec754264ea427431ffd250597ea", kill_on_drop: false }`
[INFO] running `Command { std: "docker" "rm" "-f" "049ceb7ea92783f4178700d2c0369e32fa36cec754264ea427431ffd250597ea", kill_on_drop: false }`
[INFO] [stdout] 049ceb7ea92783f4178700d2c0369e32fa36cec754264ea427431ffd250597ea
[INFO] running `Command { std: "docker" "create" "-v" "/var/lib/crater-agent-workspace/builds/worker-7-tc1/target:/opt/rustwide/target:rw,Z" "-v" "/var/lib/crater-agent-workspace/builds/worker-7-tc1/source:/opt/rustwide/workdir:ro,Z" "-v" "/var/lib/crater-agent-workspace/cargo-home:/opt/rustwide/cargo-home:ro,Z" "-v" "/var/lib/crater-agent-workspace/rustup-home:/opt/rustwide/rustup-home:ro,Z" "-e" "SOURCE_DIR=/opt/rustwide/workdir" "-e" "CARGO_TARGET_DIR=/opt/rustwide/target" "-e" "CARGO_INCREMENTAL=0" "-e" "RUST_BACKTRACE=full" "-e" "RUSTFLAGS=--cap-lints=warn" "-e" "RUSTDOCFLAGS=--cap-lints=warn" "-e" "CARGO_HOME=/opt/rustwide/cargo-home" "-e" "RUSTUP_HOME=/opt/rustwide/rustup-home" "-w" "/opt/rustwide/workdir" "-m" "1610612736" "--user" "0:0" "--network" "none" "ghcr.io/rust-lang/crates-build-env/linux@sha256:2788e3201cd34a07e3172128adcd8b3090168a8e3bcc40d7c032b9dda1df7d1c" "/opt/rustwide/cargo-home/bin/cargo" "+1.75.0" "doc" "--frozen" "--no-deps" "--document-private-items" "--message-format=json", kill_on_drop: false }`
[INFO] [stdout] 22e1f926a1555524c33437a5252929a5e4fd4076cb51100565a42f4502d1bfa0
[INFO] running `Command { std: "docker" "start" "-a" "22e1f926a1555524c33437a5252929a5e4fd4076cb51100565a42f4502d1bfa0", kill_on_drop: false }`
[INFO] [stderr] warning: virtual workspace defaulting to `resolver = "1"` despite one or more workspace members being on edition 2021 which implies `resolver = "2"`
[INFO] [stderr] note: to keep the current resolver, specify `workspace.resolver = "1"` in the workspace root's manifest
[INFO] [stderr] note: to use the edition 2021 resolver, specify `workspace.resolver = "2"` in the workspace root's manifest
[INFO] [stderr] note: for more details see https://doc.rust-lang.org/cargo/reference/resolver.html#resolver-versions
[INFO] [stderr]    Compiling proc-macro2 v1.0.63
[INFO] [stderr]    Compiling autocfg v1.1.0
[INFO] [stderr]    Compiling quote v1.0.29
[INFO] [stderr]    Compiling unicode-ident v1.0.10
[INFO] [stderr]    Compiling libc v0.2.147
[INFO] [stderr]     Checking bitflags v1.3.2
[INFO] [stderr]    Compiling version_check v0.9.4
[INFO] [stderr]     Checking log v0.4.19
[INFO] [stderr]    Compiling memchr v2.5.0
[INFO] [stderr]    Compiling xml-rs v0.8.15
[INFO] [stderr]     Checking once_cell v1.18.0
[INFO] [stderr]    Compiling pkg-config v0.3.27
[INFO] [stderr]    Compiling memoffset v0.6.5
[INFO] [stderr]     Checking smallvec v1.11.0
[INFO] [stderr]    Compiling futures-core v0.3.28
[INFO] [stderr]     Checking libloading v0.8.0
[INFO] [stderr]     Checking dlib v0.5.2
[INFO] [stderr]    Compiling serde v1.0.167
[INFO] [stderr]    Compiling crc32fast v1.3.2
[INFO] [stderr]     Checking simd-adler32 v0.3.5
[INFO] [stderr]    Compiling syn v1.0.109
[INFO] [stderr]     Checking pin-project-lite v0.2.10
[INFO] [stderr]    Compiling syn v2.0.23
[INFO] [stderr]    Compiling wayland-scanner v0.29.5
[INFO] [stderr]    Compiling wayland-sys v0.29.5
[INFO] [stderr]    Compiling crossbeam-utils v0.8.16
[INFO] [stderr]     Checking adler v1.0.2
[INFO] [stderr]     Checking miniz_oxide v0.7.1
[INFO] [stderr]    Compiling equivalent v1.0.0
[INFO] [stderr]     Checking nix v0.24.3
[INFO] [stderr]     Checking event-listener v2.5.3
[INFO] [stderr]    Compiling typenum v1.16.0
[INFO] [stderr]    Compiling hashbrown v0.14.0
[INFO] [stderr]     Checking flate2 v1.0.26
[INFO] [stderr]    Compiling generic-array v0.14.7
[INFO] [stderr]    Compiling thiserror v1.0.43
[INFO] [stderr]    Compiling indexmap v2.0.0
[INFO] [stderr]    Compiling winnow v0.4.8
[INFO] [stderr]    Compiling cfg_aliases v0.1.1
[INFO] [stderr]    Compiling toml_datetime v0.6.3
[INFO] [stderr]     Checking float-cmp v0.9.0
[INFO] [stderr]     Checking futures-io v0.3.28
[INFO] [stderr]    Compiling wayland-client v0.29.5
[INFO] [stderr]     Checking ttf-parser v0.19.1
[INFO] [stderr]     Checking strict-num v0.1.1
[INFO] [stderr]     Checking concurrent-queue v2.2.0
[INFO] [stderr]     Checking fdeflate v0.3.0
[INFO] [stderr]    Compiling slotmap v1.0.6
[INFO] [stderr]    Compiling slab v0.4.8
[INFO] [stderr]     Checking ab_glyph_rasterizer v0.1.8
[INFO] [stderr]     Checking arrayvec v0.7.4
[INFO] [stderr]     Checking waker-fn v1.1.0
[INFO] [stderr]     Checking minimal-lexical v0.2.1
[INFO] [stderr]     Checking parking v2.1.0
[INFO] [stderr]     Checking wayland-commons v0.29.5
[INFO] [stderr]    Compiling toml_edit v0.19.12
[INFO] [stderr]     Checking owned_ttf_parser v0.19.0
[INFO] [stderr]     Checking scoped-tls v1.0.1
[INFO] [stderr]     Checking fastrand v1.9.0
[INFO] [stderr]     Checking ab_glyph v0.2.21
[INFO] [stderr]     Checking nom v7.1.3
[INFO] [stderr]     Checking futures-lite v1.13.0
[INFO] [stderr]     Checking png v0.17.9
[INFO] [stderr]    Compiling wayland-protocols v0.29.5
[INFO] [stderr]    Compiling zvariant_utils v1.0.1
[INFO] [stderr]     Checking async-lock v2.7.0
[INFO] [stderr]    Compiling lock_api v0.4.10
[INFO] [stderr]    Compiling memoffset v0.7.1
[INFO] [stderr]    Compiling parking_lot_core v0.9.8
[INFO] [stderr]    Compiling proc-macro-crate v1.3.1
[INFO] [stderr]     Checking arrayref v0.3.7
[INFO] [stderr]    Compiling io-lifetimes v1.0.11
[INFO] [stderr]     Checking static_assertions v1.1.0
[INFO] [stderr]    Compiling gl_generator v0.14.0
[INFO] [stderr]    Compiling aho-corasick v1.0.2
[INFO] [stderr]     Checking xcursor v0.3.4
[INFO] [stderr]     Checking getrandom v0.2.10
[INFO] [stderr]     Checking nix v0.25.1
[INFO] [stderr]    Compiling x11-dl v2.21.0
[INFO] [stderr]    Compiling smithay-client-toolkit v0.16.0
[INFO] [stderr]    Compiling polling v2.8.0
[INFO] [stderr]    Compiling rustix v0.37.23
[INFO] [stderr]     Checking vec_map v0.8.2
[INFO] [stderr]     Checking byteorder v1.4.3
[INFO] [stderr]     Checking async-task v4.4.0
[INFO] [stderr]    Compiling regex-syntax v0.7.3
[INFO] [stderr]    Compiling futures-task v0.3.28
[INFO] [stderr]    Compiling bytemuck_derive v1.4.1
[INFO] [stderr]    Compiling serde_derive v1.0.167
[INFO] [stderr]    Compiling thiserror-impl v1.0.43
[INFO] [stderr]    Compiling enumflags2_derive v0.7.7
[INFO] [stderr]    Compiling zvariant_derive v3.15.0
[INFO] [stderr]     Checking bytemuck v1.13.1
[INFO] [stderr]     Checking rand_core v0.6.4
[INFO] [stderr]     Checking wayland-cursor v0.29.5
[INFO] [stderr]     Checking tiny-skia-path v0.8.4
[INFO] [stderr]     Checking crypto-common v0.1.6
[INFO] [stderr]     Checking block-buffer v0.10.4
[INFO] [stderr]    Compiling regex-automata v0.3.0
[INFO] [stderr]     Checking async-channel v1.8.0
[INFO] [stderr]     Checking memmap2 v0.5.10
[INFO] [stderr]     Checking tiny-skia v0.8.4
[INFO] [stderr]    Compiling ahash v0.8.3
[INFO] [stderr]    Compiling async-fs v1.6.0
[INFO] [stderr]     Checking calloop v0.10.6
[INFO] [stderr]    Compiling async-io v1.13.0
[INFO] [stderr]    Compiling futures-util v0.3.28
[INFO] [stderr]     Checking percent-encoding v2.3.0
[INFO] [stderr]     Checking ppv-lite86 v0.2.17
[INFO] [stderr]    Compiling async-trait v0.1.71
[INFO] [stderr]     Checking atomic-waker v1.1.1
[INFO] [stderr]     Checking linux-raw-sys v0.3.8
[INFO] [stderr]     Checking accesskit v0.11.0
[INFO] [stderr]     Checking rand_chacha v0.3.1
[INFO] [stderr]     Checking blocking v1.3.1
[INFO] [stderr]     Checking digest v0.10.7
[INFO] [stderr]     Checking parking_lot v0.12.1
[INFO] [stderr]     Checking nix v0.26.2
[INFO] [stderr]    Compiling tracing-attributes v0.1.26
[INFO] [stderr]     Checking socket2 v0.4.9
[INFO] [stderr]    Compiling regex v1.9.0
[INFO] [stderr]     Checking tracing-core v0.1.31
[INFO] [stderr]     Checking futures-sink v0.3.28
[INFO] [stderr]     Checking cpufeatures v0.2.9
[INFO] [stderr]     Checking pin-utils v0.1.0
[INFO] [stderr]     Checking tinyvec_macros v0.1.1
[INFO] [stderr]     Checking tinyvec v1.6.0
[INFO] [stderr]     Checking sha1 v0.10.5
[INFO] [stderr]     Checking xdg-home v1.0.0
[INFO] [stderr]     Checking tracing v0.1.37
[INFO] [stderr]    Compiling zbus_macros v3.14.1
[INFO] [stderr]     Checking rand v0.8.5
[INFO] [stderr]     Checking emath v0.22.0
[INFO] [stderr]     Checking ecolor v0.22.0
[INFO] [stderr]    Compiling derivative v2.2.0
[INFO] [stderr]     Checking async-executor v1.5.1
[INFO] [stderr]    Compiling serde_repr v0.1.14
[INFO] [stderr]    Compiling async-recursion v1.0.4
[INFO] [stderr]    Compiling winit v0.28.6
[INFO] [stderr]     Checking async-broadcast v0.5.1
[INFO] [stderr]     Checking ordered-stream v0.2.0
[INFO] [stderr]    Compiling num-traits v0.2.15
[INFO] [stderr]     Checking raw-window-handle v0.5.2
[INFO] [stderr]     Checking hex v0.4.3
[INFO] [stderr]     Checking nohash-hasher v0.2.0
[INFO] [stderr]     Checking epaint v0.22.0
[INFO] [stderr]     Checking unicode-normalization v0.1.22
[INFO] [stderr]     Checking enumflags2 v0.7.7
[INFO] [stderr]     Checking zvariant v3.15.0
[INFO] [stderr]    Compiling atspi-macros v0.2.0
[INFO] [stderr]    Compiling glutin_glx_sys v0.4.0
[INFO] [stderr]    Compiling glutin_egl_sys v0.5.0
[INFO] [stderr]     Checking mio v0.8.8
[INFO] [stderr]    Compiling wayland-sys v0.30.1
[INFO] [stderr]    Compiling num-integer v0.1.45
[INFO] [stderr]     Checking instant v0.1.12
[INFO] [stderr]     Checking unicode-bidi v0.3.13
[INFO] [stderr]     Checking egui v0.22.0
[INFO] [stderr]     Checking idna v0.4.0
[INFO] [stderr]     Checking zbus_names v2.6.0
[INFO] [stderr]     Checking accesskit_consumer v0.15.0
[INFO] [stderr]     Checking form_urlencoded v1.2.0
[INFO] [stderr]     Checking x11rb-protocol v0.10.0
[INFO] [stderr]    Compiling glutin v0.30.9
[INFO] [stderr]     Checking gethostname v0.2.3
[INFO] [stderr]    Compiling num-rational v0.4.1
[INFO] [stderr]    Compiling winapi v0.3.9
[INFO] [stderr]     Checking siphasher v0.3.10
[INFO] [stderr]     Checking xmlparser v0.13.5
[INFO] [stderr]    Compiling serde_json v1.0.100
[INFO] [stderr]     Checking roxmltree v0.15.1
[INFO] [stderr]     Checking svgtypes v0.8.2
[INFO] [stderr]     Checking url v2.4.0
[INFO] [stderr]     Checking kurbo v0.8.3
[INFO] [stderr]    Compiling glutin-winit v0.3.0
[INFO] [stderr]     Checking simplecss v0.2.1
[INFO] [stderr]     Checking libloading v0.7.4
[INFO] [stderr]     Checking imagesize v0.10.1
[INFO] [stderr]     Checking home v0.5.5
[INFO] [stderr]     Checking base64 v0.13.1
[INFO] [stderr]     Checking itoa v1.0.8
[INFO] [stderr]     Checking rctree v0.5.0
[INFO] [stderr]     Checking ryu v1.0.14
[INFO] [stderr]     Checking data-url v0.2.0
[INFO] [stderr]     Checking webbrowser v0.8.10
[INFO] [stderr]     Checking usvg v0.28.0
[INFO] [stderr]     Checking rgb v0.8.36
[INFO] [stderr]     Checking color_quant v1.1.0
[INFO] [stderr]     Checking zbus v3.14.1
[INFO] [stderr]     Checking pico-args v0.5.0
[INFO] [stderr]     Checking glow v0.12.2
[INFO] [stderr]     Checking image v0.24.6
[INFO] [stderr]     Checking tracker_core v0.1.0 (/opt/rustwide/workdir/tracker_core)
[INFO] [stderr]  Documenting tracker_core v0.1.0 (/opt/rustwide/workdir/tracker_core)
[INFO] [stdout] error[E0433]: failed to resolve: could not find `shared` in `winapi`
[INFO] [stdout]  --> tracker_core/src/win_funcs/process.rs:8:13
[INFO] [stdout]   |
[INFO] [stdout] 8 | use winapi::shared::minwindef::{DWORD, FILETIME, HMODULE};
[INFO] [stdout]   |             ^^^^^^ could not find `shared` in `winapi`
[INFO] [stdout] 
[INFO] [stdout] 
[INFO] [stdout] error[E0433]: failed to resolve: could not find `shared` in `winapi`
[INFO] [stdout]  --> tracker_core/src/win_funcs/process.rs:9:13
[INFO] [stdout]   |
[INFO] [stdout] 9 | use winapi::shared::ntdef::FALSE;
[INFO] [stdout]   |             ^^^^^^ could not find `shared` in `winapi`
[INFO] [stdout] 
[INFO] [stdout] 
[INFO] [stdout] error[E0433]: failed to resolve: could not find `um` in `winapi`
[INFO] [stdout]   --> tracker_core/src/win_funcs/process.rs:10:13
[INFO] [stdout]    |
[INFO] [stdout] 10 | use winapi::um::minwinbase::STILL_ACTIVE;
[INFO] [stdout]    |             ^^ could not find `um` in `winapi`
[INFO] [stdout] 
[INFO] [stdout] 
[INFO] [stdout] error[E0432]: unresolved import `winapi::ctypes`
[INFO] [stdout]  --> tracker_core/src/win_funcs/process.rs:7:13
[INFO] [stdout]   |
[INFO] [stdout] 7 | use winapi::ctypes::c_void;
[INFO] [stdout]   |             ^^^^^^ could not find `ctypes` in `winapi`
[INFO] [stdout] 
[INFO] [stdout] 
[INFO] [stdout] error[E0433]: failed to resolve: could not find `um` in `winapi`
[INFO] [stdout]   --> tracker_core/src/win_funcs/process.rs:11:13
[INFO] [stdout]    |
[INFO] [stdout] 11 | use winapi::um::winnt::{self, MEMORY_BASIC_INFORMATION};
[INFO] [stdout]    |             ^^ could not find `um` in `winapi`
[INFO] [stdout] 
[INFO] [stdout] 
[INFO] [stdout] error[E0433]: failed to resolve: could not find `um` in `winapi`
[INFO] [stdout]  --> tracker_core/src/win_funcs/user.rs:2:13
[INFO] [stdout]   |
[INFO] [stdout] 2 | use winapi::um::winbase::GetUserNameW;
[INFO] [stdout]   |             ^^ could not find `um` in `winapi`
[INFO] [stdout] 
[INFO] [stdout] 
[INFO] [stdout] error[E0433]: failed to resolve: could not find `shared` in `winapi`
[INFO] [stdout]  --> tracker_core/src/win_funcs/mod.rs:8:13
[INFO] [stdout]   |
[INFO] [stdout] 8 | use winapi::shared::minwindef::DWORD;
[INFO] [stdout]   |             ^^^^^^ could not find `shared` in `winapi`
[INFO] [stdout] 
[INFO] [stdout] 
[INFO] [stdout] error[E0433]: failed to resolve: could not find `shared` in `winapi`
[INFO] [stdout]  --> tracker_core/src/win_funcs/mod.rs:9:13
[INFO] [stdout]   |
[INFO] [stdout] 9 | use winapi::shared::ntdef::FALSE;
[INFO] [stdout]   |             ^^^^^^ could not find `shared` in `winapi`
[INFO] [stdout] 
[INFO] [stdout] 
[INFO] [stdout] error[E0433]: failed to resolve: could not find `um` in `winapi`
[INFO] [stdout]   --> tracker_core/src/win_funcs/mod.rs:10:13
[INFO] [stdout]    |
[INFO] [stdout] 10 | use winapi::um::wincon::GetConsoleWindow;
[INFO] [stdout]    |             ^^ could not find `um` in `winapi`
[INFO] [stdout] 
[INFO] [stdout] 
[INFO] [stdout] error[E0433]: failed to resolve: could not find `um` in `winapi`
[INFO] [stdout]   --> tracker_core/src/win_funcs/mod.rs:11:13
[INFO] [stdout]    |
[INFO] [stdout] 11 | use winapi::um::winuser::{ShowWindow, SW_HIDE};
[INFO] [stdout]    |             ^^ could not find `um` in `winapi`
[INFO] [stdout] 
[INFO] [stdout] 
[INFO] [stdout] error[E0432]: unresolved import `winapi::um`
[INFO] [stdout]   --> tracker_core/src/win_funcs/process.rs:11:13
[INFO] [stdout]    |
[INFO] [stdout] 11 | use winapi::um::winnt::{self, MEMORY_BASIC_INFORMATION};
[INFO] [stdout]    |             ^^ could not find `um` in `winapi`
[INFO] [stdout] 
[INFO] [stdout] 
[INFO] [stdout] error[E0433]: failed to resolve: could not find `shared` in `winapi`
[INFO] [stdout]  --> tracker_core/src/win_funcs/process.rs:8:13
[INFO] [stdout]   |
[INFO] [stdout] 8 | use winapi::shared::minwindef::{DWORD, FILETIME, HMODULE};
[INFO] [stdout]   |             ^^^^^^ could not find `shared` in `winapi`
[INFO] [stdout] 
[INFO] [stdout] 
[INFO] [stdout] error[E0433]: failed to resolve: could not find `shared` in `winapi`
[INFO] [stdout]  --> tracker_core/src/win_funcs/process.rs:9:13
[INFO] [stdout]   |
[INFO] [stdout] 9 | use winapi::shared::ntdef::FALSE;
[INFO] [stdout]   |             ^^^^^^ could not find `shared` in `winapi`
[INFO] [stdout] 
[INFO] [stdout] 
[INFO] [stdout] error[E0433]: failed to resolve: could not find `um` in `winapi`
[INFO] [stdout]   --> tracker_core/src/win_funcs/process.rs:10:13
[INFO] [stdout]    |
[INFO] [stdout] 10 | use winapi::um::minwinbase::STILL_ACTIVE;
[INFO] [stdout]    |             ^^ could not find `um` in `winapi`
[INFO] [stdout] 
[INFO] [stdout] 
[INFO] [stdout] error[E0432]: unresolved import `winapi::ctypes`
[INFO] [stdout]  --> tracker_core/src/win_funcs/process.rs:7:13
[INFO] [stdout]   |
[INFO] [stdout] 7 | use winapi::ctypes::c_void;
[INFO] [stdout]   |             ^^^^^^ could not find `ctypes` in `winapi`
[INFO] [stdout] 
[INFO] [stdout] 
[INFO] [stdout] error[E0433]: failed to resolve: could not find `um` in `winapi`
[INFO] [stdout]   --> tracker_core/src/win_funcs/process.rs:11:13
[INFO] [stdout]    |
[INFO] [stdout] 11 | use winapi::um::winnt::{self, MEMORY_BASIC_INFORMATION};
[INFO] [stdout]    |             ^^ could not find `um` in `winapi`
[INFO] [stdout] 
[INFO] [stdout] 
[INFO] [stdout] error[E0433]: failed to resolve: could not find `um` in `winapi`
[INFO] [stdout]  --> tracker_core/src/win_funcs/user.rs:2:13
[INFO] [stdout]   |
[INFO] [stdout] 2 | use winapi::um::winbase::GetUserNameW;
[INFO] [stdout]   |             ^^ could not find `um` in `winapi`
[INFO] [stdout] 
[INFO] [stdout] 
[INFO] [stdout] error[E0433]: failed to resolve: could not find `shared` in `winapi`
[INFO] [stdout]  --> tracker_core/src/win_funcs/mod.rs:8:13
[INFO] [stdout]   |
[INFO] [stdout] 8 | use winapi::shared::minwindef::DWORD;
[INFO] [stdout]   |             ^^^^^^ could not find `shared` in `winapi`
[INFO] [stdout] 
[INFO] [stdout] 
[INFO] [stdout] error[E0433]: failed to resolve: could not find `shared` in `winapi`
[INFO] [stdout]  --> tracker_core/src/win_funcs/mod.rs:9:13
[INFO] [stdout]   |
[INFO] [stdout] 9 | use winapi::shared::ntdef::FALSE;
[INFO] [stdout]   |             ^^^^^^ could not find `shared` in `winapi`
[INFO] [stdout] 
[INFO] [stdout] 
[INFO] [stdout] error[E0433]: failed to resolve: could not find `um` in `winapi`
[INFO] [stdout]   --> tracker_core/src/win_funcs/mod.rs:10:13
[INFO] [stdout]    |
[INFO] [stdout] 10 | use winapi::um::wincon::GetConsoleWindow;
[INFO] [stdout]    |             ^^ could not find `um` in `winapi`
[INFO] [stdout] 
[INFO] [stdout] 
[INFO] [stdout] error[E0433]: failed to resolve: could not find `um` in `winapi`
[INFO] [stdout]   --> tracker_core/src/win_funcs/mod.rs:11:13
[INFO] [stdout]    |
[INFO] [stdout] 11 | use winapi::um::winuser::{ShowWindow, SW_HIDE};
[INFO] [stdout]    |             ^^ could not find `um` in `winapi`
[INFO] [stdout] 
[INFO] [stdout] 
[INFO] [stdout] error[E0432]: unresolved import `winapi::um`
[INFO] [stdout]   --> tracker_core/src/win_funcs/process.rs:11:13
[INFO] [stdout]    |
[INFO] [stdout] 11 | use winapi::um::winnt::{self, MEMORY_BASIC_INFORMATION};
[INFO] [stdout]    |             ^^ could not find `um` in `winapi`
[INFO] [stdout] 
[INFO] [stdout] 
[INFO] [stdout] error[E0433]: failed to resolve: could not find `um` in `winapi`
[INFO] [stdout]   --> tracker_core/src/win_funcs/process.rs:34:34
[INFO] [stdout]    |
[INFO] [stdout] 34 |             NonNull::new(winapi::um::processthreadsapi::OpenProcess(
[INFO] [stdout]    |                                  ^^ could not find `um` in `winapi`
[INFO] [stdout] 
[INFO] [stdout] 
[INFO] [stdout] error[E0433]: failed to resolve: could not find `um` in `winapi`
[INFO] [stdout]   --> tracker_core/src/win_funcs/process.rs:55:21
[INFO] [stdout]    |
[INFO] [stdout] 55 |             winapi::um::psapi::EnumProcessModules(
[INFO] [stdout]    |                     ^^ could not find `um` in `winapi`
[INFO] [stdout] 
[INFO] [stdout] 
[INFO] [stdout] error[E0433]: failed to resolve: could not find `um` in `winapi`
[INFO] [stdout]   --> tracker_core/src/win_funcs/process.rs:70:21
[INFO] [stdout]    |
[INFO] [stdout] 70 |             winapi::um::psapi::GetModuleBaseNameA(
[INFO] [stdout]    |                     ^^ could not find `um` in `winapi`
[INFO] [stdout] 
[INFO] [stdout] 
[INFO] [stdout] error[E0433]: failed to resolve: could not find `um` in `winapi`
[INFO] [stdout]   --> tracker_core/src/win_funcs/process.rs:94:21
[INFO] [stdout]    |
[INFO] [stdout] 94 |             winapi::um::processthreadsapi::GetProcessTimes(
[INFO] [stdout]    |                     ^^ could not find `um` in `winapi`
[INFO] [stdout] 
[INFO] [stdout] 
[INFO] [stdout] error[E0433]: failed to resolve: could not find `um` in `winapi`
[INFO] [stdout]    --> tracker_core/src/win_funcs/process.rs:124:21
[INFO] [stdout]     |
[INFO] [stdout] 124 |             winapi::um::processthreadsapi::GetExitCodeProcess(self.handle.as_ptr(), &mut exit_code)
[INFO] [stdout]     |                     ^^ could not find `um` in `winapi`
[INFO] [stdout] 
[INFO] [stdout] 
[INFO] [stdout] error[E0433]: failed to resolve: could not find `um` in `winapi`
[INFO] [stdout]    --> tracker_core/src/win_funcs/process.rs:152:21
[INFO] [stdout]     |
[INFO] [stdout] 152 |             winapi::um::memoryapi::ReadProcessMemory(
[INFO] [stdout]     |                     ^^ could not find `um` in `winapi`
[INFO] [stdout] 
[INFO] [stdout] 
[INFO] [stdout] error[E0433]: failed to resolve: could not find `um` in `winapi`
[INFO] [stdout]    --> tracker_core/src/win_funcs/process.rs:181:21
[INFO] [stdout]     |
[INFO] [stdout] 181 |             winapi::um::memoryapi::WriteProcessMemory(
[INFO] [stdout]     |                     ^^ could not find `um` in `winapi`
[INFO] [stdout] 
[INFO] [stdout] 
[INFO] [stdout] error[E0433]: failed to resolve: could not find `um` in `winapi`
[INFO] [stdout]    --> tracker_core/src/win_funcs/process.rs:234:25
[INFO] [stdout]     |
[INFO] [stdout] 234 |                 winapi::um::memoryapi::VirtualQueryEx(
[INFO] [stdout]     |                         ^^ could not find `um` in `winapi`
[INFO] [stdout] 
[INFO] [stdout] 
[INFO] [stdout] error[E0433]: failed to resolve: could not find `um` in `winapi`
[INFO] [stdout]    --> tracker_core/src/win_funcs/process.rs:254:26
[INFO] [stdout]     |
[INFO] [stdout] 254 |         unsafe { winapi::um::handleapi::CloseHandle(self.handle.as_mut()) };
[INFO] [stdout]     |                          ^^ could not find `um` in `winapi`
[INFO] [stdout] 
[INFO] [stdout] 
[INFO] [stdout] error[E0433]: failed to resolve: could not find `um` in `winapi`
[INFO] [stdout]   --> tracker_core/src/win_funcs/mod.rs:32:17
[INFO] [stdout]    |
[INFO] [stdout] 32 |         winapi::um::psapi::EnumProcesses(
[INFO] [stdout]    |                 ^^ could not find `um` in `winapi`
[INFO] [stdout] 
[INFO] [stdout] 
[INFO] [stdout] warning: unused import: `borrow::Borrow`
[INFO] [stdout]  --> tracker_core/src/store/apps_store.rs:2:5
[INFO] [stdout]   |
[INFO] [stdout] 2 |     borrow::Borrow,
[INFO] [stdout]   |     ^^^^^^^^^^^^^^
[INFO] [stdout]   |
[INFO] [stdout]   = note: `#[warn(unused_imports)]` on by default
[INFO] [stdout] 
[INFO] [stdout] 
[INFO] [stdout] error[E0433]: failed to resolve: could not resolve path `winnt::PAGE_EXECUTE_READWRITE`
[INFO] [stdout]   --> tracker_core/src/win_funcs/process.rs:13:21
[INFO] [stdout]    |
[INFO] [stdout] 13 | const MASK: DWORD = winnt::PAGE_EXECUTE_READWRITE
[INFO] [stdout]    |                     ^^^^^^^^^^^^^^^^^^^^^^^^^^^^^ could not resolve path `winnt::PAGE_EXECUTE_READWRITE`
[INFO] [stdout]    |
[INFO] [stdout]    = note: this error was originally ignored because you are running `rustdoc`
[INFO] [stdout]    = note: try running again with `rustc` or `cargo check` and you may get a more detailed error
[INFO] [stdout] 
[INFO] [stdout] 
[INFO] [stdout] error[E0433]: failed to resolve: could not resolve path `winnt::PAGE_EXECUTE_WRITECOPY`
[INFO] [stdout]   --> tracker_core/src/win_funcs/process.rs:14:7
[INFO] [stdout]    |
[INFO] [stdout] 14 |     | winnt::PAGE_EXECUTE_WRITECOPY
[INFO] [stdout]    |       ^^^^^^^^^^^^^^^^^^^^^^^^^^^^^ could not resolve path `winnt::PAGE_EXECUTE_WRITECOPY`
[INFO] [stdout]    |
[INFO] [stdout]    = note: this error was originally ignored because you are running `rustdoc`
[INFO] [stdout]    = note: try running again with `rustc` or `cargo check` and you may get a more detailed error
[INFO] [stdout] 
[INFO] [stdout] 
[INFO] [stdout] error[E0433]: failed to resolve: could not resolve path `winnt::PAGE_READWRITE`
[INFO] [stdout]   --> tracker_core/src/win_funcs/process.rs:15:7
[INFO] [stdout]    |
[INFO] [stdout] 15 |     | winnt::PAGE_READWRITE
[INFO] [stdout]    |       ^^^^^^^^^^^^^^^^^^^^^ could not resolve path `winnt::PAGE_READWRITE`
[INFO] [stdout]    |
[INFO] [stdout]    = note: this error was originally ignored because you are running `rustdoc`
[INFO] [stdout]    = note: try running again with `rustc` or `cargo check` and you may get a more detailed error
[INFO] [stdout] 
[INFO] [stdout] 
[INFO] [stdout] error[E0433]: failed to resolve: could not resolve path `winnt::PAGE_WRITECOPY`
[INFO] [stdout]   --> tracker_core/src/win_funcs/process.rs:16:7
[INFO] [stdout]    |
[INFO] [stdout] 16 |     | winnt::PAGE_WRITECOPY;
[INFO] [stdout]    |       ^^^^^^^^^^^^^^^^^^^^^ could not resolve path `winnt::PAGE_WRITECOPY`
[INFO] [stdout]    |
[INFO] [stdout]    = note: this error was originally ignored because you are running `rustdoc`
[INFO] [stdout]    = note: try running again with `rustc` or `cargo check` and you may get a more detailed error
[INFO] [stdout] 
[INFO] [stdout] 
[INFO] [stdout] error[E0433]: failed to resolve: could not resolve path `winnt::PROCESS_QUERY_INFORMATION`
[INFO] [stdout]   --> tracker_core/src/win_funcs/process.rs:18:36
[INFO] [stdout]    |
[INFO] [stdout] 18 | const OPEN_PROCESS_RIGHTS: DWORD = winnt::PROCESS_QUERY_INFORMATION
[INFO] [stdout]    |                                    ^^^^^^^^^^^^^^^^^^^^^^^^^^^^^^^^ could not resolve path `winnt::PROCESS_QUERY_INFORMATION`
[INFO] [stdout]    |
[INFO] [stdout]    = note: this error was originally ignored because you are running `rustdoc`
[INFO] [stdout]    = note: try running again with `rustc` or `cargo check` and you may get a more detailed error
[INFO] [stdout] 
[INFO] [stdout] 
[INFO] [stdout] error[E0433]: failed to resolve: could not resolve path `winnt::PROCESS_QUERY_LIMITED_INFORMATION`
[INFO] [stdout]   --> tracker_core/src/win_funcs/process.rs:19:7
[INFO] [stdout]    |
[INFO] [stdout] 19 |     | winnt::PROCESS_QUERY_LIMITED_INFORMATION
[INFO] [stdout]    |       ^^^^^^^^^^^^^^^^^^^^^^^^^^^^^^^^^^^^^^^^ could not resolve path `winnt::PROCESS_QUERY_LIMITED_INFORMATION`
[INFO] [stdout]    |
[INFO] [stdout]    = note: this error was originally ignored because you are running `rustdoc`
[INFO] [stdout]    = note: try running again with `rustc` or `cargo check` and you may get a more detailed error
[INFO] [stdout] 
[INFO] [stdout] 
[INFO] [stdout] error[E0433]: failed to resolve: could not resolve path `winnt::PROCESS_VM_READ`
[INFO] [stdout]   --> tracker_core/src/win_funcs/process.rs:20:7
[INFO] [stdout]    |
[INFO] [stdout] 20 |     | winnt::PROCESS_VM_READ
[INFO] [stdout]    |       ^^^^^^^^^^^^^^^^^^^^^^ could not resolve path `winnt::PROCESS_VM_READ`
[INFO] [stdout]    |
[INFO] [stdout]    = note: this error was originally ignored because you are running `rustdoc`
[INFO] [stdout]    = note: try running again with `rustc` or `cargo check` and you may get a more detailed error
[INFO] [stdout] 
[INFO] [stdout] 
[INFO] [stdout] error[E0433]: failed to resolve: could not resolve path `winnt::PROCESS_VM_WRITE`
[INFO] [stdout]   --> tracker_core/src/win_funcs/process.rs:21:7
[INFO] [stdout]    |
[INFO] [stdout] 21 |     | winnt::PROCESS_VM_WRITE
[INFO] [stdout]    |       ^^^^^^^^^^^^^^^^^^^^^^^ could not resolve path `winnt::PROCESS_VM_WRITE`
[INFO] [stdout]    |
[INFO] [stdout]    = note: this error was originally ignored because you are running `rustdoc`
[INFO] [stdout]    = note: try running again with `rustc` or `cargo check` and you may get a more detailed error
[INFO] [stdout] 
[INFO] [stdout] 
[INFO] [stdout] error[E0433]: failed to resolve: could not resolve path `winnt::PROCESS_VM_OPERATION`
[INFO] [stdout]   --> tracker_core/src/win_funcs/process.rs:22:7
[INFO] [stdout]    |
[INFO] [stdout] 22 |     | winnt::PROCESS_VM_OPERATION;
[INFO] [stdout]    |       ^^^^^^^^^^^^^^^^^^^^^^^^^^^ could not resolve path `winnt::PROCESS_VM_OPERATION`
[INFO] [stdout]    |
[INFO] [stdout]    = note: this error was originally ignored because you are running `rustdoc`
[INFO] [stdout]    = note: try running again with `rustc` or `cargo check` and you may get a more detailed error
[INFO] [stdout] 
[INFO] [stdout] 
[INFO] [stdout] error: aborting due to 21 previous errors; 1 warning emitted
[INFO] [stdout] 
[INFO] [stdout] 
[INFO] [stdout] Some errors have detailed explanations: E0432, E0433.
[INFO] [stdout] 
[INFO] [stdout] For more information about an error, try `rustc --explain E0432`.
[INFO] [stdout] 
[INFO] [stdout] error: aborting due to 20 previous errors
[INFO] [stdout] 
[INFO] [stdout] 
[INFO] [stdout] Some errors have detailed explanations: E0432, E0433.
[INFO] [stdout] 
[INFO] [stdout] For more information about an error, try `rustc --explain E0432`.
[INFO] [stdout] 
[INFO] [stderr] error: could not compile `tracker_core` (lib) due to 22 previous errors; 1 warning emitted
[INFO] [stderr] warning: build failed, waiting for other jobs to finish...
[INFO] [stderr] error: could not document `tracker_core`
[INFO] [stderr] 
[INFO] [stderr] Caused by:
[INFO] [stderr]   process didn't exit successfully: `/opt/rustwide/rustup-home/toolchains/1.75.0-x86_64-unknown-linux-gnu/bin/rustdoc --edition=2021 --crate-type lib --crate-name tracker_core tracker_core/src/lib.rs -o /opt/rustwide/target/doc --error-format=json --json=diagnostic-rendered-ansi,artifacts,future-incompat --document-private-items -C metadata=0521680a957e9ec5 -L dependency=/opt/rustwide/target/debug/deps --extern lazy_static=/opt/rustwide/target/debug/deps/liblazy_static-e7445b4e8703c20b.rmeta --extern serde=/opt/rustwide/target/debug/deps/libserde-a2ace09fc79a1523.rmeta --extern serde_derive=/opt/rustwide/target/debug/deps/libserde_derive-cf49e9e5cce541ee.so --extern serde_json=/opt/rustwide/target/debug/deps/libserde_json-aa7995781fdc0d60.rmeta --extern winapi=/opt/rustwide/target/debug/deps/libwinapi-1d2f63ce5b5b99fe.rmeta --cap-lints=warn --crate-version 0.1.0` (exit status: 1)
[INFO] running `Command { std: "docker" "inspect" "22e1f926a1555524c33437a5252929a5e4fd4076cb51100565a42f4502d1bfa0", kill_on_drop: false }`
[INFO] running `Command { std: "docker" "rm" "-f" "22e1f926a1555524c33437a5252929a5e4fd4076cb51100565a42f4502d1bfa0", kill_on_drop: false }`
[INFO] [stdout] 22e1f926a1555524c33437a5252929a5e4fd4076cb51100565a42f4502d1bfa0
[INFO] documenting JuniFruit/tracker against beta-2023-12-22 for beta-1.76-rustdoc-1
[INFO] running `Command { std: "git" "clone" "/workspace/cache/git-repos/https%3A%2F%2Fgithub.com%2FJuniFruit%2Ftracker" "/workspace/builds/worker-7-tc2/source", kill_on_drop: false }`
[INFO] [stderr] Cloning into '/workspace/builds/worker-7-tc2/source'...
[INFO] [stderr] done.
[INFO] validating manifest of git repo https://github.com/JuniFruit/tracker on toolchain beta-2023-12-22
[INFO] running `Command { std: CARGO_HOME="/workspace/cargo-home" RUSTUP_HOME="/workspace/rustup-home" "/workspace/cargo-home/bin/cargo" "+beta-2023-12-22" "metadata" "--manifest-path" "Cargo.toml" "--no-deps", kill_on_drop: false }`
[INFO] started tweaking git repo https://github.com/JuniFruit/tracker
[INFO] finished tweaking git repo https://github.com/JuniFruit/tracker
[INFO] tweaked toml for git repo https://github.com/JuniFruit/tracker written to /workspace/builds/worker-7-tc2/source/Cargo.toml
[INFO] crate git repo https://github.com/JuniFruit/tracker already has a lockfile, it will not be regenerated
[INFO] running `Command { std: CARGO_HOME="/workspace/cargo-home" RUSTUP_HOME="/workspace/rustup-home" "/workspace/cargo-home/bin/cargo" "+beta-2023-12-22" "fetch" "--manifest-path" "Cargo.toml", kill_on_drop: false }`
[INFO] [stderr] warning: virtual workspace defaulting to `resolver = "1"` despite one or more workspace members being on edition 2021 which implies `resolver = "2"`
[INFO] [stderr] note: to keep the current resolver, specify `workspace.resolver = "1"` in the workspace root's manifest
[INFO] [stderr] note: to use the edition 2021 resolver, specify `workspace.resolver = "2"` in the workspace root's manifest
[INFO] [stderr] note: for more details see https://doc.rust-lang.org/cargo/reference/resolver.html#resolver-versions
[INFO] running `Command { std: "docker" "create" "-v" "/var/lib/crater-agent-workspace/builds/worker-7-tc2/target:/opt/rustwide/target:rw,Z" "-v" "/var/lib/crater-agent-workspace/builds/worker-7-tc2/source:/opt/rustwide/workdir:ro,Z" "-v" "/var/lib/crater-agent-workspace/cargo-home:/opt/rustwide/cargo-home:ro,Z" "-v" "/var/lib/crater-agent-workspace/rustup-home:/opt/rustwide/rustup-home:ro,Z" "-e" "SOURCE_DIR=/opt/rustwide/workdir" "-e" "CARGO_TARGET_DIR=/opt/rustwide/target" "-e" "CARGO_HOME=/opt/rustwide/cargo-home" "-e" "RUSTUP_HOME=/opt/rustwide/rustup-home" "-w" "/opt/rustwide/workdir" "-m" "1610612736" "--user" "0:0" "--network" "none" "ghcr.io/rust-lang/crates-build-env/linux@sha256:2788e3201cd34a07e3172128adcd8b3090168a8e3bcc40d7c032b9dda1df7d1c" "/opt/rustwide/cargo-home/bin/cargo" "+beta-2023-12-22" "metadata" "--no-deps" "--format-version=1", kill_on_drop: false }`
[INFO] [stdout] f275a34a4ae92af7eec63079ba89d0988e20fded3c26e9d829824b78ae7b5ad7
[INFO] running `Command { std: "docker" "start" "-a" "f275a34a4ae92af7eec63079ba89d0988e20fded3c26e9d829824b78ae7b5ad7", kill_on_drop: false }`
[INFO] running `Command { std: "docker" "inspect" "f275a34a4ae92af7eec63079ba89d0988e20fded3c26e9d829824b78ae7b5ad7", kill_on_drop: false }`
[INFO] running `Command { std: "docker" "rm" "-f" "f275a34a4ae92af7eec63079ba89d0988e20fded3c26e9d829824b78ae7b5ad7", kill_on_drop: false }`
[INFO] [stdout] f275a34a4ae92af7eec63079ba89d0988e20fded3c26e9d829824b78ae7b5ad7
[INFO] running `Command { std: "docker" "create" "-v" "/var/lib/crater-agent-workspace/builds/worker-7-tc2/target:/opt/rustwide/target:rw,Z" "-v" "/var/lib/crater-agent-workspace/builds/worker-7-tc2/source:/opt/rustwide/workdir:ro,Z" "-v" "/var/lib/crater-agent-workspace/cargo-home:/opt/rustwide/cargo-home:ro,Z" "-v" "/var/lib/crater-agent-workspace/rustup-home:/opt/rustwide/rustup-home:ro,Z" "-e" "SOURCE_DIR=/opt/rustwide/workdir" "-e" "CARGO_TARGET_DIR=/opt/rustwide/target" "-e" "CARGO_INCREMENTAL=0" "-e" "RUST_BACKTRACE=full" "-e" "RUSTFLAGS=--cap-lints=warn" "-e" "RUSTDOCFLAGS=--cap-lints=warn" "-e" "CARGO_HOME=/opt/rustwide/cargo-home" "-e" "RUSTUP_HOME=/opt/rustwide/rustup-home" "-w" "/opt/rustwide/workdir" "-m" "1610612736" "--user" "0:0" "--network" "none" "ghcr.io/rust-lang/crates-build-env/linux@sha256:2788e3201cd34a07e3172128adcd8b3090168a8e3bcc40d7c032b9dda1df7d1c" "/opt/rustwide/cargo-home/bin/cargo" "+beta-2023-12-22" "doc" "--frozen" "--no-deps" "--document-private-items" "--message-format=json", kill_on_drop: false }`
[INFO] [stdout] 20eeb5a3f71121c21fd89c014423adb7bcd8f1185d8b47ddece666e55862148e
[INFO] running `Command { std: "docker" "start" "-a" "20eeb5a3f71121c21fd89c014423adb7bcd8f1185d8b47ddece666e55862148e", kill_on_drop: false }`
[INFO] [stderr] warning: virtual workspace defaulting to `resolver = "1"` despite one or more workspace members being on edition 2021 which implies `resolver = "2"`
[INFO] [stderr] note: to keep the current resolver, specify `workspace.resolver = "1"` in the workspace root's manifest
[INFO] [stderr] note: to use the edition 2021 resolver, specify `workspace.resolver = "2"` in the workspace root's manifest
[INFO] [stderr] note: for more details see https://doc.rust-lang.org/cargo/reference/resolver.html#resolver-versions
[INFO] [stderr]    Compiling proc-macro2 v1.0.63
[INFO] [stderr]    Compiling unicode-ident v1.0.10
[INFO] [stderr]    Compiling autocfg v1.1.0
[INFO] [stderr]    Compiling quote v1.0.29
[INFO] [stderr]    Compiling libc v0.2.147
[INFO] [stderr]     Checking bitflags v1.3.2
[INFO] [stderr]    Compiling version_check v0.9.4
[INFO] [stderr]     Checking log v0.4.19
[INFO] [stderr]    Compiling memchr v2.5.0
[INFO] [stderr]    Compiling xml-rs v0.8.15
[INFO] [stderr]    Compiling pkg-config v0.3.27
[INFO] [stderr]     Checking once_cell v1.18.0
[INFO] [stderr]     Checking smallvec v1.11.0
[INFO] [stderr]    Compiling memoffset v0.6.5
[INFO] [stderr]    Compiling futures-core v0.3.28
[INFO] [stderr]     Checking libloading v0.8.0
[INFO] [stderr]     Checking dlib v0.5.2
[INFO] [stderr]    Compiling serde v1.0.167
[INFO] [stderr]    Compiling syn v1.0.109
[INFO] [stderr]    Compiling crc32fast v1.3.2
[INFO] [stderr]     Checking simd-adler32 v0.3.5
[INFO] [stderr]    Compiling syn v2.0.23
[INFO] [stderr]    Compiling wayland-scanner v0.29.5
[INFO] [stderr]    Compiling wayland-sys v0.29.5
[INFO] [stderr]     Checking adler v1.0.2
[INFO] [stderr]     Checking pin-project-lite v0.2.10
[INFO] [stderr]    Compiling crossbeam-utils v0.8.16
[INFO] [stderr]     Checking miniz_oxide v0.7.1
[INFO] [stderr]     Checking event-listener v2.5.3
[INFO] [stderr]    Compiling typenum v1.16.0
[INFO] [stderr]    Compiling equivalent v1.0.0
[INFO] [stderr]    Compiling hashbrown v0.14.0
[INFO] [stderr]     Checking flate2 v1.0.26
[INFO] [stderr]    Compiling generic-array v0.14.7
[INFO] [stderr]     Checking float-cmp v0.9.0
[INFO] [stderr]    Compiling thiserror v1.0.43
[INFO] [stderr]     Checking nix v0.24.3
[INFO] [stderr]    Compiling indexmap v2.0.0
[INFO] [stderr]    Compiling cfg_aliases v0.1.1
[INFO] [stderr]    Compiling winnow v0.4.8
[INFO] [stderr]    Compiling toml_datetime v0.6.3
[INFO] [stderr]     Checking futures-io v0.3.28
[INFO] [stderr]    Compiling wayland-client v0.29.5
[INFO] [stderr]     Checking ttf-parser v0.19.1
[INFO] [stderr]     Checking strict-num v0.1.1
[INFO] [stderr]     Checking concurrent-queue v2.2.0
[INFO] [stderr]     Checking fdeflate v0.3.0
[INFO] [stderr]    Compiling slab v0.4.8
[INFO] [stderr]    Compiling slotmap v1.0.6
[INFO] [stderr]    Compiling toml_edit v0.19.12
[INFO] [stderr]     Checking parking v2.1.0
[INFO] [stderr]     Checking ab_glyph_rasterizer v0.1.8
[INFO] [stderr]     Checking fastrand v1.9.0
[INFO] [stderr]     Checking minimal-lexical v0.2.1
[INFO] [stderr]     Checking arrayvec v0.7.4
[INFO] [stderr]     Checking waker-fn v1.1.0
[INFO] [stderr]     Checking scoped-tls v1.0.1
[INFO] [stderr]     Checking futures-lite v1.13.0
[INFO] [stderr]     Checking nom v7.1.3
[INFO] [stderr]     Checking owned_ttf_parser v0.19.0
[INFO] [stderr]     Checking ab_glyph v0.2.21
[INFO] [stderr]     Checking png v0.17.9
[INFO] [stderr]    Compiling wayland-protocols v0.29.5
[INFO] [stderr]     Checking wayland-commons v0.29.5
[INFO] [stderr]    Compiling proc-macro-crate v1.3.1
[INFO] [stderr]    Compiling zvariant_utils v1.0.1
[INFO] [stderr]     Checking async-lock v2.7.0
[INFO] [stderr]    Compiling memoffset v0.7.1
[INFO] [stderr]    Compiling lock_api v0.4.10
[INFO] [stderr]    Compiling io-lifetimes v1.0.11
[INFO] [stderr]     Checking arrayref v0.3.7
[INFO] [stderr]     Checking static_assertions v1.1.0
[INFO] [stderr]    Compiling parking_lot_core v0.9.8
[INFO] [stderr]    Compiling aho-corasick v1.0.2
[INFO] [stderr]    Compiling gl_generator v0.14.0
[INFO] [stderr]     Checking xcursor v0.3.4
[INFO] [stderr]     Checking getrandom v0.2.10
[INFO] [stderr]     Checking nix v0.25.1
[INFO] [stderr]    Compiling x11-dl v2.21.0
[INFO] [stderr]    Compiling smithay-client-toolkit v0.16.0
[INFO] [stderr]    Compiling polling v2.8.0
[INFO] [stderr]    Compiling futures-task v0.3.28
[INFO] [stderr]    Compiling regex-syntax v0.7.3
[INFO] [stderr]    Compiling bytemuck_derive v1.4.1
[INFO] [stderr]    Compiling serde_derive v1.0.167
[INFO] [stderr]    Compiling thiserror-impl v1.0.43
[INFO] [stderr]    Compiling enumflags2_derive v0.7.7
[INFO] [stderr]     Checking byteorder v1.4.3
[INFO] [stderr]     Checking async-task v4.4.0
[INFO] [stderr]    Compiling rustix v0.37.23
[INFO] [stderr]     Checking vec_map v0.8.2
[INFO] [stderr]    Compiling zvariant_derive v3.15.0
[INFO] [stderr]     Checking bytemuck v1.13.1
[INFO] [stderr]     Checking tiny-skia-path v0.8.4
[INFO] [stderr]     Checking rand_core v0.6.4
[INFO] [stderr]     Checking wayland-cursor v0.29.5
[INFO] [stderr]    Compiling regex-automata v0.3.0
[INFO] [stderr]     Checking calloop v0.10.6
[INFO] [stderr]     Checking block-buffer v0.10.4
[INFO] [stderr]     Checking crypto-common v0.1.6
[INFO] [stderr]     Checking async-channel v1.8.0
[INFO] [stderr]     Checking tiny-skia v0.8.4
[INFO] [stderr]     Checking memmap2 v0.5.10
[INFO] [stderr]    Compiling async-io v1.13.0
[INFO] [stderr]    Compiling async-fs v1.6.0
[INFO] [stderr]    Compiling ahash v0.8.3
[INFO] [stderr]     Checking percent-encoding v2.3.0
[INFO] [stderr]     Checking atomic-waker v1.1.1
[INFO] [stderr]     Checking linux-raw-sys v0.3.8
[INFO] [stderr]    Compiling futures-util v0.3.28
[INFO] [stderr]     Checking accesskit v0.11.0
[INFO] [stderr]    Compiling async-trait v0.1.71
[INFO] [stderr]     Checking ppv-lite86 v0.2.17
[INFO] [stderr]     Checking blocking v1.3.1
[INFO] [stderr]     Checking digest v0.10.7
[INFO] [stderr]     Checking parking_lot v0.12.1
[INFO] [stderr]     Checking nix v0.26.2
[INFO] [stderr]     Checking rand_chacha v0.3.1
[INFO] [stderr]    Compiling tracing-attributes v0.1.26
[INFO] [stderr]     Checking socket2 v0.4.9
[INFO] [stderr]    Compiling regex v1.9.0
[INFO] [stderr]     Checking tracing-core v0.1.31
[INFO] [stderr]     Checking pin-utils v0.1.0
[INFO] [stderr]     Checking tinyvec_macros v0.1.1
[INFO] [stderr]     Checking cpufeatures v0.2.9
[INFO] [stderr]     Checking futures-sink v0.3.28
[INFO] [stderr]     Checking sha1 v0.10.5
[INFO] [stderr]     Checking tinyvec v1.6.0
[INFO] [stderr]     Checking xdg-home v1.0.0
[INFO] [stderr]     Checking rand v0.8.5
[INFO] [stderr]     Checking tracing v0.1.37
[INFO] [stderr]    Compiling zbus_macros v3.14.1
[INFO] [stderr]     Checking emath v0.22.0
[INFO] [stderr]     Checking ecolor v0.22.0
[INFO] [stderr]    Compiling derivative v2.2.0
[INFO] [stderr]     Checking async-executor v1.5.1
[INFO] [stderr]    Compiling async-recursion v1.0.4
[INFO] [stderr]    Compiling serde_repr v0.1.14
[INFO] [stderr]    Compiling winit v0.28.6
[INFO] [stderr]     Checking enumflags2 v0.7.7
[INFO] [stderr]     Checking async-broadcast v0.5.1
[INFO] [stderr]     Checking ordered-stream v0.2.0
[INFO] [stderr]     Checking zvariant v3.15.0
[INFO] [stderr]    Compiling num-traits v0.2.15
[INFO] [stderr]     Checking raw-window-handle v0.5.2
[INFO] [stderr]     Checking nohash-hasher v0.2.0
[INFO] [stderr]     Checking hex v0.4.3
[INFO] [stderr]     Checking epaint v0.22.0
[INFO] [stderr]     Checking unicode-normalization v0.1.22
[INFO] [stderr]    Compiling atspi-macros v0.2.0
[INFO] [stderr]    Compiling glutin_glx_sys v0.4.0
[INFO] [stderr]    Compiling glutin_egl_sys v0.5.0
[INFO] [stderr]     Checking mio v0.8.8
[INFO] [stderr]    Compiling wayland-sys v0.30.1
[INFO] [stderr]    Compiling num-integer v0.1.45
[INFO] [stderr]     Checking zbus_names v2.6.0
[INFO] [stderr]     Checking instant v0.1.12
[INFO] [stderr]     Checking unicode-bidi v0.3.13
[INFO] [stderr]     Checking egui v0.22.0
[INFO] [stderr]     Checking idna v0.4.0
[INFO] [stderr]     Checking accesskit_consumer v0.15.0
[INFO] [stderr]     Checking form_urlencoded v1.2.0
[INFO] [stderr]     Checking x11rb-protocol v0.10.0
[INFO] [stderr]    Compiling glutin v0.30.9
[INFO] [stderr]     Checking gethostname v0.2.3
[INFO] [stderr]    Compiling num-rational v0.4.1
[INFO] [stderr]    Compiling serde_json v1.0.100
[INFO] [stderr]     Checking siphasher v0.3.10
[INFO] [stderr]     Checking xmlparser v0.13.5
[INFO] [stderr]    Compiling winapi v0.3.9
[INFO] [stderr]     Checking svgtypes v0.8.2
[INFO] [stderr]     Checking roxmltree v0.15.1
[INFO] [stderr]     Checking url v2.4.0
[INFO] [stderr]     Checking kurbo v0.8.3
[INFO] [stderr]    Compiling glutin-winit v0.3.0
[INFO] [stderr]     Checking simplecss v0.2.1
[INFO] [stderr]     Checking libloading v0.7.4
[INFO] [stderr]     Checking ryu v1.0.14
[INFO] [stderr]     Checking base64 v0.13.1
[INFO] [stderr]     Checking data-url v0.2.0
[INFO] [stderr]     Checking imagesize v0.10.1
[INFO] [stderr]     Checking home v0.5.5
[INFO] [stderr]     Checking itoa v1.0.8
[INFO] [stderr]     Checking rctree v0.5.0
[INFO] [stderr]     Checking webbrowser v0.8.10
[INFO] [stderr]     Checking usvg v0.28.0
[INFO] [stderr]     Checking rgb v0.8.36
[INFO] [stderr]     Checking glow v0.12.2
[INFO] [stderr]     Checking zbus v3.14.1
[INFO] [stderr]     Checking pico-args v0.5.0
[INFO] [stderr]     Checking color_quant v1.1.0
[INFO] [stderr]     Checking image v0.24.6
[INFO] [stderr]     Checking tracker_core v0.1.0 (/opt/rustwide/workdir/tracker_core)
[INFO] [stderr]  Documenting tracker_core v0.1.0 (/opt/rustwide/workdir/tracker_core)
[INFO] [stdout] error[E0433]: failed to resolve: could not find `shared` in `winapi`
[INFO] [stdout]  --> tracker_core/src/win_funcs/process.rs:8:13
[INFO] [stdout]   |
[INFO] [stdout] 8 | use winapi::shared::minwindef::{DWORD, FILETIME, HMODULE};
[INFO] [stdout]   |             ^^^^^^ could not find `shared` in `winapi`
[INFO] [stdout] 
[INFO] [stdout] 
[INFO] [stdout] error[E0433]: failed to resolve: could not find `shared` in `winapi`
[INFO] [stdout]  --> tracker_core/src/win_funcs/process.rs:9:13
[INFO] [stdout]   |
[INFO] [stdout] 9 | use winapi::shared::ntdef::FALSE;
[INFO] [stdout]   |             ^^^^^^ could not find `shared` in `winapi`
[INFO] [stdout] 
[INFO] [stdout] 
[INFO] [stdout] error[E0433]: failed to resolve: could not find `um` in `winapi`
[INFO] [stdout]   --> tracker_core/src/win_funcs/process.rs:10:13
[INFO] [stdout]    |
[INFO] [stdout] 10 | use winapi::um::minwinbase::STILL_ACTIVE;
[INFO] [stdout]    |             ^^ could not find `um` in `winapi`
[INFO] [stdout] 
[INFO] [stdout] 
[INFO] [stdout] error[E0432]: unresolved import `winapi::ctypes`
[INFO] [stdout]  --> tracker_core/src/win_funcs/process.rs:7:13
[INFO] [stdout]   |
[INFO] [stdout] 7 | use winapi::ctypes::c_void;
[INFO] [stdout]   |             ^^^^^^ could not find `ctypes` in `winapi`
[INFO] [stdout] 
[INFO] [stdout] 
[INFO] [stdout] error[E0433]: failed to resolve: could not find `um` in `winapi`
[INFO] [stdout]   --> tracker_core/src/win_funcs/process.rs:11:13
[INFO] [stdout]    |
[INFO] [stdout] 11 | use winapi::um::winnt::{self, MEMORY_BASIC_INFORMATION};
[INFO] [stdout]    |             ^^ could not find `um` in `winapi`
[INFO] [stdout] 
[INFO] [stdout] 
[INFO] [stdout] error[E0433]: failed to resolve: could not find `um` in `winapi`
[INFO] [stdout]  --> tracker_core/src/win_funcs/user.rs:2:13
[INFO] [stdout]   |
[INFO] [stdout] 2 | use winapi::um::winbase::GetUserNameW;
[INFO] [stdout]   |             ^^ could not find `um` in `winapi`
[INFO] [stdout] 
[INFO] [stdout] 
[INFO] [stdout] error[E0433]: failed to resolve: could not find `shared` in `winapi`
[INFO] [stdout]  --> tracker_core/src/win_funcs/mod.rs:8:13
[INFO] [stdout]   |
[INFO] [stdout] 8 | use winapi::shared::minwindef::DWORD;
[INFO] [stdout]   |             ^^^^^^ could not find `shared` in `winapi`
[INFO] [stdout] 
[INFO] [stdout] 
[INFO] [stdout] error[E0433]: failed to resolve: could not find `shared` in `winapi`
[INFO] [stdout]  --> tracker_core/src/win_funcs/mod.rs:9:13
[INFO] [stdout]   |
[INFO] [stdout] 9 | use winapi::shared::ntdef::FALSE;
[INFO] [stdout]   |             ^^^^^^ could not find `shared` in `winapi`
[INFO] [stdout] 
[INFO] [stdout] 
[INFO] [stdout] error[E0433]: failed to resolve: could not find `um` in `winapi`
[INFO] [stdout]   --> tracker_core/src/win_funcs/mod.rs:10:13
[INFO] [stdout]    |
[INFO] [stdout] 10 | use winapi::um::wincon::GetConsoleWindow;
[INFO] [stdout]    |             ^^ could not find `um` in `winapi`
[INFO] [stdout] 
[INFO] [stdout] 
[INFO] [stdout] error[E0433]: failed to resolve: could not find `um` in `winapi`
[INFO] [stdout]   --> tracker_core/src/win_funcs/mod.rs:11:13
[INFO] [stdout]    |
[INFO] [stdout] 11 | use winapi::um::winuser::{ShowWindow, SW_HIDE};
[INFO] [stdout]    |             ^^ could not find `um` in `winapi`
[INFO] [stdout] 
[INFO] [stdout] 
[INFO] [stdout] error[E0432]: unresolved import `winapi::um`
[INFO] [stdout]   --> tracker_core/src/win_funcs/process.rs:11:13
[INFO] [stdout]    |
[INFO] [stdout] 11 | use winapi::um::winnt::{self, MEMORY_BASIC_INFORMATION};
[INFO] [stdout]    |             ^^ could not find `um` in `winapi`
[INFO] [stdout] 
[INFO] [stdout] 
[INFO] [stdout] error[E0433]: failed to resolve: could not find `shared` in `winapi`
[INFO] [stdout]  --> tracker_core/src/win_funcs/process.rs:8:13
[INFO] [stdout]   |
[INFO] [stdout] 8 | use winapi::shared::minwindef::{DWORD, FILETIME, HMODULE};
[INFO] [stdout]   |             ^^^^^^ could not find `shared` in `winapi`
[INFO] [stdout] 
[INFO] [stdout] 
[INFO] [stdout] error[E0433]: failed to resolve: could not find `shared` in `winapi`
[INFO] [stdout]  --> tracker_core/src/win_funcs/process.rs:9:13
[INFO] [stdout]   |
[INFO] [stdout] 9 | use winapi::shared::ntdef::FALSE;
[INFO] [stdout]   |             ^^^^^^ could not find `shared` in `winapi`
[INFO] [stdout] 
[INFO] [stdout] 
[INFO] [stdout] error[E0433]: failed to resolve: could not find `um` in `winapi`
[INFO] [stdout]   --> tracker_core/src/win_funcs/process.rs:10:13
[INFO] [stdout]    |
[INFO] [stdout] 10 | use winapi::um::minwinbase::STILL_ACTIVE;
[INFO] [stdout]    |             ^^ could not find `um` in `winapi`
[INFO] [stdout] 
[INFO] [stdout] 
[INFO] [stdout] error[E0432]: unresolved import `winapi::ctypes`
[INFO] [stdout]  --> tracker_core/src/win_funcs/process.rs:7:13
[INFO] [stdout]   |
[INFO] [stdout] 7 | use winapi::ctypes::c_void;
[INFO] [stdout]   |             ^^^^^^ could not find `ctypes` in `winapi`
[INFO] [stdout] 
[INFO] [stdout] 
[INFO] [stdout] error[E0433]: failed to resolve: could not find `um` in `winapi`
[INFO] [stdout]   --> tracker_core/src/win_funcs/process.rs:11:13
[INFO] [stdout]    |
[INFO] [stdout] 11 | use winapi::um::winnt::{self, MEMORY_BASIC_INFORMATION};
[INFO] [stdout]    |             ^^ could not find `um` in `winapi`
[INFO] [stdout] 
[INFO] [stdout] 
[INFO] [stdout] error[E0433]: failed to resolve: could not find `um` in `winapi`
[INFO] [stdout]  --> tracker_core/src/win_funcs/user.rs:2:13
[INFO] [stdout]   |
[INFO] [stdout] 2 | use winapi::um::winbase::GetUserNameW;
[INFO] [stdout]   |             ^^ could not find `um` in `winapi`
[INFO] [stdout] 
[INFO] [stdout] 
[INFO] [stdout] error[E0433]: failed to resolve: could not find `shared` in `winapi`
[INFO] [stdout]  --> tracker_core/src/win_funcs/mod.rs:8:13
[INFO] [stdout]   |
[INFO] [stdout] 8 | use winapi::shared::minwindef::DWORD;
[INFO] [stdout]   |             ^^^^^^ could not find `shared` in `winapi`
[INFO] [stdout] 
[INFO] [stdout] 
[INFO] [stdout] error[E0433]: failed to resolve: could not find `shared` in `winapi`
[INFO] [stdout]  --> tracker_core/src/win_funcs/mod.rs:9:13
[INFO] [stdout]   |
[INFO] [stdout] 9 | use winapi::shared::ntdef::FALSE;
[INFO] [stdout]   |             ^^^^^^ could not find `shared` in `winapi`
[INFO] [stdout] 
[INFO] [stdout] 
[INFO] [stdout] error[E0433]: failed to resolve: could not find `um` in `winapi`
[INFO] [stdout]   --> tracker_core/src/win_funcs/mod.rs:10:13
[INFO] [stdout]    |
[INFO] [stdout] 10 | use winapi::um::wincon::GetConsoleWindow;
[INFO] [stdout]    |             ^^ could not find `um` in `winapi`
[INFO] [stdout] 
[INFO] [stdout] 
[INFO] [stdout] error[E0433]: failed to resolve: could not find `um` in `winapi`
[INFO] [stdout]   --> tracker_core/src/win_funcs/mod.rs:11:13
[INFO] [stdout]    |
[INFO] [stdout] 11 | use winapi::um::winuser::{ShowWindow, SW_HIDE};
[INFO] [stdout]    |             ^^ could not find `um` in `winapi`
[INFO] [stdout] 
[INFO] [stdout] 
[INFO] [stdout] error[E0432]: unresolved import `winapi::um`
[INFO] [stdout]   --> tracker_core/src/win_funcs/process.rs:11:13
[INFO] [stdout]    |
[INFO] [stdout] 11 | use winapi::um::winnt::{self, MEMORY_BASIC_INFORMATION};
[INFO] [stdout]    |             ^^ could not find `um` in `winapi`
[INFO] [stdout] 
[INFO] [stdout] 
[INFO] [stdout] error[E0433]: failed to resolve: could not find `um` in `winapi`
[INFO] [stdout]   --> tracker_core/src/win_funcs/process.rs:34:34
[INFO] [stdout]    |
[INFO] [stdout] 34 |             NonNull::new(winapi::um::processthreadsapi::OpenProcess(
[INFO] [stdout]    |                                  ^^ could not find `um` in `winapi`
[INFO] [stdout] 
[INFO] [stdout] 
[INFO] [stdout] error[E0433]: failed to resolve: could not find `um` in `winapi`
[INFO] [stdout]   --> tracker_core/src/win_funcs/process.rs:55:21
[INFO] [stdout]    |
[INFO] [stdout] 55 |             winapi::um::psapi::EnumProcessModules(
[INFO] [stdout]    |                     ^^ could not find `um` in `winapi`
[INFO] [stdout] 
[INFO] [stdout] 
[INFO] [stdout] error[E0433]: failed to resolve: could not find `um` in `winapi`
[INFO] [stdout]   --> tracker_core/src/win_funcs/process.rs:70:21
[INFO] [stdout]    |
[INFO] [stdout] 70 |             winapi::um::psapi::GetModuleBaseNameA(
[INFO] [stdout]    |                     ^^ could not find `um` in `winapi`
[INFO] [stdout] 
[INFO] [stdout] 
[INFO] [stdout] error[E0433]: failed to resolve: could not find `um` in `winapi`
[INFO] [stdout]   --> tracker_core/src/win_funcs/process.rs:94:21
[INFO] [stdout]    |
[INFO] [stdout] 94 |             winapi::um::processthreadsapi::GetProcessTimes(
[INFO] [stdout]    |                     ^^ could not find `um` in `winapi`
[INFO] [stdout] 
[INFO] [stdout] 
[INFO] [stdout] error[E0433]: failed to resolve: could not find `um` in `winapi`
[INFO] [stdout]    --> tracker_core/src/win_funcs/process.rs:124:21
[INFO] [stdout]     |
[INFO] [stdout] 124 |             winapi::um::processthreadsapi::GetExitCodeProcess(self.handle.as_ptr(), &mut exit_code)
[INFO] [stdout]     |                     ^^ could not find `um` in `winapi`
[INFO] [stdout] 
[INFO] [stdout] 
[INFO] [stdout] error[E0433]: failed to resolve: could not find `um` in `winapi`
[INFO] [stdout]    --> tracker_core/src/win_funcs/process.rs:152:21
[INFO] [stdout]     |
[INFO] [stdout] 152 |             winapi::um::memoryapi::ReadProcessMemory(
[INFO] [stdout]     |                     ^^ could not find `um` in `winapi`
[INFO] [stdout] 
[INFO] [stdout] 
[INFO] [stderr]     Checking resvg v0.28.0
[INFO] [stdout] error[E0433]: failed to resolve: could not find `um` in `winapi`
[INFO] [stdout]    --> tracker_core/src/win_funcs/process.rs:181:21
[INFO] [stdout]     |
[INFO] [stdout] 181 |             winapi::um::memoryapi::WriteProcessMemory(
[INFO] [stdout]     |                     ^^ could not find `um` in `winapi`
[INFO] [stdout] 
[INFO] [stdout] 
[INFO] [stdout] error[E0433]: failed to resolve: could not find `um` in `winapi`
[INFO] [stdout]    --> tracker_core/src/win_funcs/process.rs:234:25
[INFO] [stdout]     |
[INFO] [stdout] 234 |                 winapi::um::memoryapi::VirtualQueryEx(
[INFO] [stdout]     |                         ^^ could not find `um` in `winapi`
[INFO] [stdout] 
[INFO] [stdout] 
[INFO] [stdout] error[E0433]: failed to resolve: could not find `um` in `winapi`
[INFO] [stdout]    --> tracker_core/src/win_funcs/process.rs:254:26
[INFO] [stdout]     |
[INFO] [stdout] 254 |         unsafe { winapi::um::handleapi::CloseHandle(self.handle.as_mut()) };
[INFO] [stdout]     |                          ^^ could not find `um` in `winapi`
[INFO] [stdout] 
[INFO] [stdout] 
[INFO] [stdout] error[E0433]: failed to resolve: could not resolve path `winnt::PAGE_EXECUTE_READWRITE`
[INFO] [stdout]   --> tracker_core/src/win_funcs/process.rs:13:21
[INFO] [stdout]    |
[INFO] [stdout] 13 | const MASK: DWORD = winnt::PAGE_EXECUTE_READWRITE
[INFO] [stdout]    |                     ^^^^^^^^^^^^^^^^^^^^^^^^^^^^^ could not resolve path `winnt::PAGE_EXECUTE_READWRITE`
[INFO] [stdout]    |
[INFO] [stdout]    = note: this error was originally ignored because you are running `rustdoc`
[INFO] [stdout]    = note: try running again with `rustc` or `cargo check` and you may get a more detailed error
[INFO] [stdout] 
[INFO] [stdout] 
[INFO] [stdout] error[E0433]: failed to resolve: could not find `um` in `winapi`
[INFO] [stdout]   --> tracker_core/src/win_funcs/mod.rs:32:17
[INFO] [stdout]    |
[INFO] [stdout] 32 |         winapi::um::psapi::EnumProcesses(
[INFO] [stdout]    |                 ^^ could not find `um` in `winapi`
[INFO] [stdout] 
[INFO] [stdout] 
[INFO] [stdout] warning: unused import: `borrow::Borrow`
[INFO] [stdout]  --> tracker_core/src/store/apps_store.rs:2:5
[INFO] [stdout]   |
[INFO] [stdout] 2 |     borrow::Borrow,
[INFO] [stdout]   |     ^^^^^^^^^^^^^^
[INFO] [stdout]   |
[INFO] [stdout]   = note: `#[warn(unused_imports)]` on by default
[INFO] [stdout] 
[INFO] [stdout] 
[INFO] [stdout] error[E0433]: failed to resolve: could not resolve path `winnt::PAGE_EXECUTE_WRITECOPY`
[INFO] [stdout]   --> tracker_core/src/win_funcs/process.rs:14:7
[INFO] [stdout]    |
[INFO] [stdout] 14 |     | winnt::PAGE_EXECUTE_WRITECOPY
[INFO] [stdout]    |       ^^^^^^^^^^^^^^^^^^^^^^^^^^^^^ could not resolve path `winnt::PAGE_EXECUTE_WRITECOPY`
[INFO] [stdout]    |
[INFO] [stdout]    = note: this error was originally ignored because you are running `rustdoc`
[INFO] [stdout]    = note: try running again with `rustc` or `cargo check` and you may get a more detailed error
[INFO] [stdout] 
[INFO] [stdout] 
[INFO] [stdout] error[E0433]: failed to resolve: could not resolve path `winnt::PAGE_READWRITE`
[INFO] [stdout]   --> tracker_core/src/win_funcs/process.rs:15:7
[INFO] [stdout]    |
[INFO] [stdout] 15 |     | winnt::PAGE_READWRITE
[INFO] [stdout]    |       ^^^^^^^^^^^^^^^^^^^^^ could not resolve path `winnt::PAGE_READWRITE`
[INFO] [stdout]    |
[INFO] [stdout]    = note: this error was originally ignored because you are running `rustdoc`
[INFO] [stdout]    = note: try running again with `rustc` or `cargo check` and you may get a more detailed error
[INFO] [stdout] 
[INFO] [stdout] 
[INFO] [stdout] error[E0433]: failed to resolve: could not resolve path `winnt::PAGE_WRITECOPY`
[INFO] [stdout]   --> tracker_core/src/win_funcs/process.rs:16:7
[INFO] [stdout]    |
[INFO] [stdout] 16 |     | winnt::PAGE_WRITECOPY;
[INFO] [stdout]    |       ^^^^^^^^^^^^^^^^^^^^^ could not resolve path `winnt::PAGE_WRITECOPY`
[INFO] [stdout]    |
[INFO] [stdout]    = note: this error was originally ignored because you are running `rustdoc`
[INFO] [stdout]    = note: try running again with `rustc` or `cargo check` and you may get a more detailed error
[INFO] [stdout] 
[INFO] [stdout] 
[INFO] [stdout] error[E0433]: failed to resolve: could not resolve path `winnt::PROCESS_QUERY_INFORMATION`
[INFO] [stdout]   --> tracker_core/src/win_funcs/process.rs:18:36
[INFO] [stdout]    |
[INFO] [stdout] 18 | const OPEN_PROCESS_RIGHTS: DWORD = winnt::PROCESS_QUERY_INFORMATION
[INFO] [stdout]    |                                    ^^^^^^^^^^^^^^^^^^^^^^^^^^^^^^^^ could not resolve path `winnt::PROCESS_QUERY_INFORMATION`
[INFO] [stdout]    |
[INFO] [stdout]    = note: this error was originally ignored because you are running `rustdoc`
[INFO] [stdout]    = note: try running again with `rustc` or `cargo check` and you may get a more detailed error
[INFO] [stdout] 
[INFO] [stdout] 
[INFO] [stdout] error[E0433]: failed to resolve: could not resolve path `winnt::PROCESS_QUERY_LIMITED_INFORMATION`
[INFO] [stdout]   --> tracker_core/src/win_funcs/process.rs:19:7
[INFO] [stdout]    |
[INFO] [stdout] 19 |     | winnt::PROCESS_QUERY_LIMITED_INFORMATION
[INFO] [stdout]    |       ^^^^^^^^^^^^^^^^^^^^^^^^^^^^^^^^^^^^^^^^ could not resolve path `winnt::PROCESS_QUERY_LIMITED_INFORMATION`
[INFO] [stdout]    |
[INFO] [stdout]    = note: this error was originally ignored because you are running `rustdoc`
[INFO] [stdout]    = note: try running again with `rustc` or `cargo check` and you may get a more detailed error
[INFO] [stdout] 
[INFO] [stdout] 
[INFO] [stdout] error[E0433]: failed to resolve: could not resolve path `winnt::PROCESS_VM_READ`
[INFO] [stdout]   --> tracker_core/src/win_funcs/process.rs:20:7
[INFO] [stdout]    |
[INFO] [stdout] 20 |     | winnt::PROCESS_VM_READ
[INFO] [stdout]    |       ^^^^^^^^^^^^^^^^^^^^^^ could not resolve path `winnt::PROCESS_VM_READ`
[INFO] [stdout]    |
[INFO] [stdout]    = note: this error was originally ignored because you are running `rustdoc`
[INFO] [stdout]    = note: try running again with `rustc` or `cargo check` and you may get a more detailed error
[INFO] [stdout] 
[INFO] [stdout] 
[INFO] [stdout] error[E0433]: failed to resolve: could not resolve path `winnt::PROCESS_VM_WRITE`
[INFO] [stdout]   --> tracker_core/src/win_funcs/process.rs:21:7
[INFO] [stdout]    |
[INFO] [stdout] 21 |     | winnt::PROCESS_VM_WRITE
[INFO] [stdout]    |       ^^^^^^^^^^^^^^^^^^^^^^^ could not resolve path `winnt::PROCESS_VM_WRITE`
[INFO] [stdout]    |
[INFO] [stdout]    = note: this error was originally ignored because you are running `rustdoc`
[INFO] [stdout]    = note: try running again with `rustc` or `cargo check` and you may get a more detailed error
[INFO] [stdout] 
[INFO] [stdout] 
[INFO] [stdout] error[E0433]: failed to resolve: could not resolve path `winnt::PROCESS_VM_OPERATION`
[INFO] [stdout]   --> tracker_core/src/win_funcs/process.rs:22:7
[INFO] [stdout]    |
[INFO] [stdout] 22 |     | winnt::PROCESS_VM_OPERATION;
[INFO] [stdout]    |       ^^^^^^^^^^^^^^^^^^^^^^^^^^^ could not resolve path `winnt::PROCESS_VM_OPERATION`
[INFO] [stdout]    |
[INFO] [stdout]    = note: this error was originally ignored because you are running `rustdoc`
[INFO] [stdout]    = note: try running again with `rustc` or `cargo check` and you may get a more detailed error
[INFO] [stdout] 
[INFO] [stdout] 
[INFO] [stdout] error: aborting due to 20 previous errors
[INFO] [stdout] 
[INFO] [stdout] 
[INFO] [stdout] Some errors have detailed explanations: E0432, E0433.
[INFO] [stdout] 
[INFO] [stdout] For more information about an error, try `rustc --explain E0432`.
[INFO] [stdout] 
[INFO] [stderr] error: could not document `tracker_core`
[INFO] [stderr] 
[INFO] [stderr] Caused by:
[INFO] [stderr]   process didn't exit successfully: `/opt/rustwide/rustup-home/toolchains/beta-2023-12-22-x86_64-unknown-linux-gnu/bin/rustdoc --edition=2021 --crate-type lib --crate-name tracker_core tracker_core/src/lib.rs -o /opt/rustwide/target/doc --error-format=json --json=diagnostic-rendered-ansi,artifacts,future-incompat --document-private-items -C metadata=1c8b9050d0e60f15 -L dependency=/opt/rustwide/target/debug/deps --extern lazy_static=/opt/rustwide/target/debug/deps/liblazy_static-cc91e7c9c894213a.rmeta --extern serde=/opt/rustwide/target/debug/deps/libserde-63d1bbb3fd6829e7.rmeta --extern serde_derive=/opt/rustwide/target/debug/deps/libserde_derive-32471c992fd99a6c.so --extern serde_json=/opt/rustwide/target/debug/deps/libserde_json-a50bb9616475773c.rmeta --extern winapi=/opt/rustwide/target/debug/deps/libwinapi-2cfb2f02d649b472.rmeta --cap-lints=warn --crate-version 0.1.0` (exit status: 1)
[INFO] [stderr] warning: build failed, waiting for other jobs to finish...
[INFO] [stdout] error: aborting due to 21 previous errors; 1 warning emitted
[INFO] [stdout] 
[INFO] [stdout] 
[INFO] [stdout] Some errors have detailed explanations: E0432, E0433.
[INFO] [stdout] 
[INFO] [stderr] error: could not compile `tracker_core` (lib) due to 22 previous errors; 1 warning emitted
[INFO] [stdout] For more information about an error, try `rustc --explain E0432`.
[INFO] [stdout] 
[INFO] running `Command { std: "docker" "inspect" "20eeb5a3f71121c21fd89c014423adb7bcd8f1185d8b47ddece666e55862148e", kill_on_drop: false }`
[INFO] running `Command { std: "docker" "rm" "-f" "20eeb5a3f71121c21fd89c014423adb7bcd8f1185d8b47ddece666e55862148e", kill_on_drop: false }`
[INFO] [stdout] 20eeb5a3f71121c21fd89c014423adb7bcd8f1185d8b47ddece666e55862148e
