[INFO] cloning repository https://github.com/JunSuzukiJapan/line-botty
[INFO] running `Command { std: "git" "-c" "credential.helper=" "-c" "credential.helper=/workspace/cargo-home/bin/git-credential-null" "clone" "--bare" "https://github.com/JunSuzukiJapan/line-botty" "/workspace/cache/git-repos/https%3A%2F%2Fgithub.com%2FJunSuzukiJapan%2Fline-botty", kill_on_drop: false }`
[INFO] [stderr] Cloning into bare repository '/workspace/cache/git-repos/https%3A%2F%2Fgithub.com%2FJunSuzukiJapan%2Fline-botty'...
[INFO] running `Command { std: "git" "rev-parse" "HEAD", kill_on_drop: false }`
[INFO] [stdout] 5d82d986ec8a27f213b00152ed53136a47206eff
[INFO] documenting JunSuzukiJapan/line-botty against 1.75.0 for beta-1.76-rustdoc-1
[INFO] running `Command { std: "git" "clone" "/workspace/cache/git-repos/https%3A%2F%2Fgithub.com%2FJunSuzukiJapan%2Fline-botty" "/workspace/builds/worker-2-tc1/source", kill_on_drop: false }`
[INFO] [stderr] Cloning into '/workspace/builds/worker-2-tc1/source'...
[INFO] [stderr] done.
[INFO] validating manifest of git repo https://github.com/JunSuzukiJapan/line-botty on toolchain 1.75.0
[INFO] running `Command { std: CARGO_HOME="/workspace/cargo-home" RUSTUP_HOME="/workspace/rustup-home" "/workspace/cargo-home/bin/cargo" "+1.75.0" "metadata" "--manifest-path" "Cargo.toml" "--no-deps", kill_on_drop: false }`
[INFO] started tweaking git repo https://github.com/JunSuzukiJapan/line-botty
[INFO] finished tweaking git repo https://github.com/JunSuzukiJapan/line-botty
[INFO] tweaked toml for git repo https://github.com/JunSuzukiJapan/line-botty written to /workspace/builds/worker-2-tc1/source/Cargo.toml
[INFO] crate git repo https://github.com/JunSuzukiJapan/line-botty already has a lockfile, it will not be regenerated
[INFO] running `Command { std: CARGO_HOME="/workspace/cargo-home" RUSTUP_HOME="/workspace/rustup-home" "/workspace/cargo-home/bin/cargo" "+1.75.0" "fetch" "--manifest-path" "Cargo.toml", kill_on_drop: false }`
[INFO] [stderr]     Updating crates.io index
[INFO] [stderr]     Updating git repository `https://github.com/srijs/rust-copperline`
[INFO] [stderr]  Downloading crates ...
[INFO] [stderr]   Downloaded git2 v0.6.3
[INFO] [stderr]   Downloaded cmake v0.1.20
[INFO] [stderr]   Downloaded gcc v0.3.40
[INFO] [stderr]   Downloaded openssl-probe v0.1.0
[INFO] [stderr]   Downloaded libssh2-sys v0.2.5
[INFO] [stderr]   Downloaded libgit2-sys v0.6.5
[INFO] [stderr]   Downloaded openssl-sys v0.9.4
[INFO] [stderr]   Downloaded curl-sys v0.3.6
[INFO] [stderr]   Downloaded json_flex v0.3.2
[INFO] [stderr]   Downloaded libz-sys v1.0.10
[INFO] running `Command { std: "docker" "create" "-v" "/var/lib/crater-agent-workspace/builds/worker-2-tc1/target:/opt/rustwide/target:rw,Z" "-v" "/var/lib/crater-agent-workspace/builds/worker-2-tc1/source:/opt/rustwide/workdir:ro,Z" "-v" "/var/lib/crater-agent-workspace/cargo-home:/opt/rustwide/cargo-home:ro,Z" "-v" "/var/lib/crater-agent-workspace/rustup-home:/opt/rustwide/rustup-home:ro,Z" "-e" "SOURCE_DIR=/opt/rustwide/workdir" "-e" "CARGO_TARGET_DIR=/opt/rustwide/target" "-e" "CARGO_HOME=/opt/rustwide/cargo-home" "-e" "RUSTUP_HOME=/opt/rustwide/rustup-home" "-w" "/opt/rustwide/workdir" "-m" "1610612736" "--user" "0:0" "--network" "none" "ghcr.io/rust-lang/crates-build-env/linux@sha256:2788e3201cd34a07e3172128adcd8b3090168a8e3bcc40d7c032b9dda1df7d1c" "/opt/rustwide/cargo-home/bin/cargo" "+1.75.0" "metadata" "--no-deps" "--format-version=1", kill_on_drop: false }`
[INFO] [stdout] cfddc034be1796b4993c5400a157cfb5bbc6bff9547983a6ad4991f547ced4a6
[INFO] running `Command { std: "docker" "start" "-a" "cfddc034be1796b4993c5400a157cfb5bbc6bff9547983a6ad4991f547ced4a6", kill_on_drop: false }`
[INFO] running `Command { std: "docker" "inspect" "cfddc034be1796b4993c5400a157cfb5bbc6bff9547983a6ad4991f547ced4a6", kill_on_drop: false }`
[INFO] running `Command { std: "docker" "rm" "-f" "cfddc034be1796b4993c5400a157cfb5bbc6bff9547983a6ad4991f547ced4a6", kill_on_drop: false }`
[INFO] [stdout] cfddc034be1796b4993c5400a157cfb5bbc6bff9547983a6ad4991f547ced4a6
[INFO] running `Command { std: "docker" "create" "-v" "/var/lib/crater-agent-workspace/builds/worker-2-tc1/target:/opt/rustwide/target:rw,Z" "-v" "/var/lib/crater-agent-workspace/builds/worker-2-tc1/source:/opt/rustwide/workdir:ro,Z" "-v" "/var/lib/crater-agent-workspace/cargo-home:/opt/rustwide/cargo-home:ro,Z" "-v" "/var/lib/crater-agent-workspace/rustup-home:/opt/rustwide/rustup-home:ro,Z" "-e" "SOURCE_DIR=/opt/rustwide/workdir" "-e" "CARGO_TARGET_DIR=/opt/rustwide/target" "-e" "CARGO_INCREMENTAL=0" "-e" "RUST_BACKTRACE=full" "-e" "RUSTFLAGS=--cap-lints=warn" "-e" "RUSTDOCFLAGS=--cap-lints=warn" "-e" "CARGO_HOME=/opt/rustwide/cargo-home" "-e" "RUSTUP_HOME=/opt/rustwide/rustup-home" "-w" "/opt/rustwide/workdir" "-m" "1610612736" "--user" "0:0" "--network" "none" "ghcr.io/rust-lang/crates-build-env/linux@sha256:2788e3201cd34a07e3172128adcd8b3090168a8e3bcc40d7c032b9dda1df7d1c" "/opt/rustwide/cargo-home/bin/cargo" "+1.75.0" "doc" "--frozen" "--no-deps" "--document-private-items" "--message-format=json", kill_on_drop: false }`
[INFO] [stdout] dc09f1284602f08531abfc3ef983df7ca8ab414a3196c427a104d5ea4ee0464d
[INFO] running `Command { std: "docker" "start" "-a" "dc09f1284602f08531abfc3ef983df7ca8ab414a3196c427a104d5ea4ee0464d", kill_on_drop: false }`
[INFO] [stderr]    Compiling pkg-config v0.3.8
[INFO] [stderr]     Checking libc v0.2.18
[INFO] [stderr]    Compiling gcc v0.3.40
[INFO] [stderr]     Checking encoding_index_tests v0.1.4
[INFO] [stderr]    Compiling winapi-build v0.1.1
[INFO] [stderr]     Checking winapi v0.2.8
[INFO] [stderr]     Checking matches v0.1.4
[INFO] [stderr]     Checking unicode-normalization v0.1.3
[INFO] [stderr]     Checking utf8-ranges v0.1.3
[INFO] [stderr]     Checking regex-syntax v0.3.9
[INFO] [stderr]     Checking bitflags v0.4.0
[INFO] [stderr]     Checking rustc-serialize v0.3.22
[INFO] [stderr]     Checking openssl-probe v0.1.0
[INFO] [stderr]     Checking strsim v0.5.2
[INFO] [stderr]     Checking lazy_static v0.2.2
[INFO] [stderr]     Checking libc v0.1.12
[INFO] [stderr]     Checking encoding-index-korean v1.20141219.5
[INFO] [stderr]     Checking unicode-bidi v0.2.4
[INFO] [stderr]     Checking encoding-index-tradchinese v1.20141219.5
[INFO] [stderr]     Checking encoding-index-japanese v1.20141219.5
[INFO] [stderr]     Checking encoding-index-simpchinese v1.20141219.5
[INFO] [stderr]     Checking encoding-index-singlebyte v1.20141219.5
[INFO] [stderr]     Checking bitflags v0.7.0
[INFO] [stderr]     Checking unicode-width v0.1.4
[INFO] [stderr]    Compiling kernel32-sys v0.2.2
[INFO] [stderr]     Checking unicode-segmentation v0.1.3
[INFO] [stderr]     Checking memchr v0.1.11
[INFO] [stderr]    Compiling cmake v0.1.20
[INFO] [stderr]     Checking nix v0.5.1
[INFO] [stderr]    Compiling openssl-sys v0.9.4
[INFO] [stderr]     Checking encoding v0.2.33
[INFO] [stderr]     Checking aho-corasick v0.5.3
[INFO] [stderr]    Compiling libz-sys v1.0.10
[INFO] [stderr]    Compiling curl-sys v0.3.6
[INFO] [stderr]     Checking thread-id v2.0.0
[INFO] [stderr]     Checking thread_local v0.2.7
[INFO] [stderr]    Compiling libssh2-sys v0.2.5
[INFO] [stderr]    Compiling libgit2-sys v0.6.5
[INFO] [stderr]     Checking idna v0.1.0
[INFO] [stderr]     Checking regex v0.1.80
[INFO] [stderr] error: failed to run custom build command for `openssl-sys v0.9.4`
[INFO] [stderr] note: To improve backtraces for build dependencies, set the CARGO_PROFILE_DEV_BUILD_OVERRIDE_DEBUG=true environment variable to enable debug information generation.
[INFO] [stderr] 
[INFO] [stderr] Caused by:
[INFO] [stderr]   process didn't exit successfully: `/opt/rustwide/target/debug/build/openssl-sys-b927508e68c48599/build-script-build` (exit status: 101)
[INFO] [stderr]   --- stdout
[INFO] [stderr]   cargo:rustc-link-search=native=/usr/lib/x86_64-linux-gnu
[INFO] [stderr]   cargo:rustc-link-lib=ssl
[INFO] [stderr]   cargo:rustc-link-lib=crypto
[INFO] [stderr] 
[INFO] [stderr]   --- stderr
[INFO] [stderr]   thread 'main' panicked at /opt/rustwide/cargo-home/registry/src/index.crates.io-6f17d22bba15001f/openssl-sys-0.9.4/build.rs:236:13:
[INFO] [stderr]   header file at `{}` did not include `OPENSSL_VERSION_NUMBER` that this crate recognized, failed to learn about the OpenSSL version number
[INFO] [stderr]   stack backtrace:
[INFO] [stderr]      0:     0x562a8aadffac - std::backtrace_rs::backtrace::libunwind::trace::ha637c64ce894333a
[INFO] [stderr]                                  at /rustc/82e1608dfa6e0b5569232559e3d385fea5a93112/library/std/src/../../backtrace/src/backtrace/libunwind.rs:104:5
[INFO] [stderr]      1:     0x562a8aadffac - std::backtrace_rs::backtrace::trace_unsynchronized::h47f62dea28e0c88d
[INFO] [stderr]                                  at /rustc/82e1608dfa6e0b5569232559e3d385fea5a93112/library/std/src/../../backtrace/src/backtrace/mod.rs:66:5
[INFO] [stderr]      2:     0x562a8aadffac - std::sys_common::backtrace::_print_fmt::h9eef0abe20ede486
[INFO] [stderr]                                  at /rustc/82e1608dfa6e0b5569232559e3d385fea5a93112/library/std/src/sys_common/backtrace.rs:67:5
[INFO] [stderr]      3:     0x562a8aadffac - <std::sys_common::backtrace::_print::DisplayBacktrace as core::fmt::Display>::fmt::hed7f999df88cc644
[INFO] [stderr]                                  at /rustc/82e1608dfa6e0b5569232559e3d385fea5a93112/library/std/src/sys_common/backtrace.rs:44:22
[INFO] [stderr]      4:     0x562a8ab05270 - core::fmt::rt::Argument::fmt::h1539a9308b8d058d
[INFO] [stderr]                                  at /rustc/82e1608dfa6e0b5569232559e3d385fea5a93112/library/core/src/fmt/rt.rs:142:9
[INFO] [stderr]      5:     0x562a8ab05270 - core::fmt::write::h3a39390d8560d9c9
[INFO] [stderr]                                  at /rustc/82e1608dfa6e0b5569232559e3d385fea5a93112/library/core/src/fmt/mod.rs:1120:17
[INFO] [stderr]      6:     0x562a8aaddaff - std::io::Write::write_fmt::h5fc9997dfe05f882
[INFO] [stderr]                                  at /rustc/82e1608dfa6e0b5569232559e3d385fea5a93112/library/std/src/io/mod.rs:1762:15
[INFO] [stderr]      7:     0x562a8aadfd94 - std::sys_common::backtrace::_print::h894006fb5c6f3d45
[INFO] [stderr]                                  at /rustc/82e1608dfa6e0b5569232559e3d385fea5a93112/library/std/src/sys_common/backtrace.rs:47:5
[INFO] [stderr]      8:     0x562a8aadfd94 - std::sys_common::backtrace::print::h23a2d212c6fff936
[INFO] [stderr]                                  at /rustc/82e1608dfa6e0b5569232559e3d385fea5a93112/library/std/src/sys_common/backtrace.rs:34:9
[INFO] [stderr]      9:     0x562a8aae14b7 - std::panicking::default_hook::{{closure}}::h8a1d2ee00185001a
[INFO] [stderr]     10:     0x562a8aae121f - std::panicking::default_hook::h6038f2eba384e475
[INFO] [stderr]                                  at /rustc/82e1608dfa6e0b5569232559e3d385fea5a93112/library/std/src/panicking.rs:292:9
[INFO] [stderr]     11:     0x562a8aae1938 - std::panicking::rust_panic_with_hook::h2b5517d590cab22e
[INFO] [stderr]                                  at /rustc/82e1608dfa6e0b5569232559e3d385fea5a93112/library/std/src/panicking.rs:779:13
[INFO] [stderr]     12:     0x562a8aab6bfe - std::panicking::begin_panic::{{closure}}::h5b086ec81acc20ae
[INFO] [stderr]     13:     0x562a8aab2a2a - std::sys_common::backtrace::__rust_end_short_backtrace::h863ffb5b231c0cf5
[INFO] [stderr]     14:     0x562a8aab6b7b - std::panicking::begin_panic::h1d99da3d4f60acbf
[INFO] [stderr]     15:     0x562a8aaab854 - build_script_build::validate_headers::h24e1321ddfd24376
[INFO] [stderr]     16:     0x562a8aaab213 - build_script_build::try_pkg_config::h3e5232d08e1f3424
[INFO] [stderr]     17:     0x562a8aaaa3f3 - build_script_build::find_openssl_dir::h9b03c49d85305bac
[INFO] [stderr]     18:     0x562a8aaaa258 - build_script_build::main::{{closure}}::h831fb396f8c6bb18
[INFO] [stderr]     19:     0x562a8aaa2629 - core::option::Option<T>::unwrap_or_else::he9deb8427f9c38e9
[INFO] [stderr]     20:     0x562a8aaa952d - build_script_build::main::h7c32c196cf27c816
[INFO] [stderr]     21:     0x562a8aaa5633 - core::ops::function::FnOnce::call_once::h960be0ee0acae2c3
[INFO] [stderr]     22:     0x562a8aaa79a6 - std::sys_common::backtrace::__rust_begin_short_backtrace::hb733775dc1fb3833
[INFO] [stderr]     23:     0x562a8aaa7b29 - std::rt::lang_start::{{closure}}::h2c5f7c351f3b5627
[INFO] [stderr]     24:     0x562a8aada3f7 - core::ops::function::impls::<impl core::ops::function::FnOnce<A> for &F>::call_once::hd95060ecd5e1ca24
[INFO] [stderr]                                  at /rustc/82e1608dfa6e0b5569232559e3d385fea5a93112/library/core/src/ops/function.rs:284:13
[INFO] [stderr]     25:     0x562a8aada3f7 - std::panicking::try::do_call::h6e8cf51db32a6e4b
[INFO] [stderr]                                  at /rustc/82e1608dfa6e0b5569232559e3d385fea5a93112/library/std/src/panicking.rs:552:40
[INFO] [stderr]     26:     0x562a8aada3f7 - std::panicking::try::h3a52eefe24fe3c29
[INFO] [stderr]                                  at /rustc/82e1608dfa6e0b5569232559e3d385fea5a93112/library/std/src/panicking.rs:516:19
[INFO] [stderr]     27:     0x562a8aada3f7 - std::panic::catch_unwind::h24c28c23c02c3841
[INFO] [stderr]                                  at /rustc/82e1608dfa6e0b5569232559e3d385fea5a93112/library/std/src/panic.rs:142:14
[INFO] [stderr]     28:     0x562a8aada3f7 - std::rt::lang_start_internal::{{closure}}::h705d3c9cbc06ef47
[INFO] [stderr]                                  at /rustc/82e1608dfa6e0b5569232559e3d385fea5a93112/library/std/src/rt.rs:148:48
[INFO] [stderr]     29:     0x562a8aada3f7 - std::panicking::try::do_call::ha21f52ba13158470
[INFO] [stderr]                                  at /rustc/82e1608dfa6e0b5569232559e3d385fea5a93112/library/std/src/panicking.rs:552:40
[INFO] [stderr]     30:     0x562a8aada3f7 - std::panicking::try::h5581346bf6aeb1f8
[INFO] [stderr]                                  at /rustc/82e1608dfa6e0b5569232559e3d385fea5a93112/library/std/src/panicking.rs:516:19
[INFO] [stderr]     31:     0x562a8aada3f7 - std::panic::catch_unwind::h7919645a6b72e25b
[INFO] [stderr]                                  at /rustc/82e1608dfa6e0b5569232559e3d385fea5a93112/library/std/src/panic.rs:142:14
[INFO] [stderr]     32:     0x562a8aada3f7 - std::rt::lang_start_internal::h12de51168669836e
[INFO] [stderr]                                  at /rustc/82e1608dfa6e0b5569232559e3d385fea5a93112/library/std/src/rt.rs:148:20
[INFO] [stderr]     33:     0x562a8aaa7b07 - std::rt::lang_start::h5d51fd840c1f76bd
[INFO] [stderr]     34:     0x562a8aaad5d5 - main
[INFO] [stderr]     35:     0x7fd34059ad90 - <unknown>
[INFO] [stderr]     36:     0x7fd34059ae40 - __libc_start_main
[INFO] [stderr]     37:     0x562a8aa9ad35 - _start
[INFO] [stderr]     38:                0x0 - <unknown>
[INFO] [stderr] warning: build failed, waiting for other jobs to finish...
[INFO] running `Command { std: "docker" "inspect" "dc09f1284602f08531abfc3ef983df7ca8ab414a3196c427a104d5ea4ee0464d", kill_on_drop: false }`
[INFO] running `Command { std: "docker" "rm" "-f" "dc09f1284602f08531abfc3ef983df7ca8ab414a3196c427a104d5ea4ee0464d", kill_on_drop: false }`
[INFO] [stdout] dc09f1284602f08531abfc3ef983df7ca8ab414a3196c427a104d5ea4ee0464d
[INFO] documenting JunSuzukiJapan/line-botty against beta-2023-12-22 for beta-1.76-rustdoc-1
[INFO] running `Command { std: "git" "clone" "/workspace/cache/git-repos/https%3A%2F%2Fgithub.com%2FJunSuzukiJapan%2Fline-botty" "/workspace/builds/worker-2-tc2/source", kill_on_drop: false }`
[INFO] [stderr] Cloning into '/workspace/builds/worker-2-tc2/source'...
[INFO] [stderr] done.
[INFO] validating manifest of git repo https://github.com/JunSuzukiJapan/line-botty on toolchain beta-2023-12-22
[INFO] running `Command { std: CARGO_HOME="/workspace/cargo-home" RUSTUP_HOME="/workspace/rustup-home" "/workspace/cargo-home/bin/cargo" "+beta-2023-12-22" "metadata" "--manifest-path" "Cargo.toml" "--no-deps", kill_on_drop: false }`
[INFO] started tweaking git repo https://github.com/JunSuzukiJapan/line-botty
[INFO] finished tweaking git repo https://github.com/JunSuzukiJapan/line-botty
[INFO] tweaked toml for git repo https://github.com/JunSuzukiJapan/line-botty written to /workspace/builds/worker-2-tc2/source/Cargo.toml
[INFO] crate git repo https://github.com/JunSuzukiJapan/line-botty already has a lockfile, it will not be regenerated
[INFO] running `Command { std: CARGO_HOME="/workspace/cargo-home" RUSTUP_HOME="/workspace/rustup-home" "/workspace/cargo-home/bin/cargo" "+beta-2023-12-22" "fetch" "--manifest-path" "Cargo.toml", kill_on_drop: false }`
[INFO] running `Command { std: "docker" "create" "-v" "/var/lib/crater-agent-workspace/builds/worker-2-tc2/target:/opt/rustwide/target:rw,Z" "-v" "/var/lib/crater-agent-workspace/builds/worker-2-tc2/source:/opt/rustwide/workdir:ro,Z" "-v" "/var/lib/crater-agent-workspace/cargo-home:/opt/rustwide/cargo-home:ro,Z" "-v" "/var/lib/crater-agent-workspace/rustup-home:/opt/rustwide/rustup-home:ro,Z" "-e" "SOURCE_DIR=/opt/rustwide/workdir" "-e" "CARGO_TARGET_DIR=/opt/rustwide/target" "-e" "CARGO_HOME=/opt/rustwide/cargo-home" "-e" "RUSTUP_HOME=/opt/rustwide/rustup-home" "-w" "/opt/rustwide/workdir" "-m" "1610612736" "--user" "0:0" "--network" "none" "ghcr.io/rust-lang/crates-build-env/linux@sha256:2788e3201cd34a07e3172128adcd8b3090168a8e3bcc40d7c032b9dda1df7d1c" "/opt/rustwide/cargo-home/bin/cargo" "+beta-2023-12-22" "metadata" "--no-deps" "--format-version=1", kill_on_drop: false }`
[INFO] [stdout] 36be9255ecf8cb2e83ef0e14c6e915c36058055a77420e28b01c913a81023135
[INFO] running `Command { std: "docker" "start" "-a" "36be9255ecf8cb2e83ef0e14c6e915c36058055a77420e28b01c913a81023135", kill_on_drop: false }`
[INFO] running `Command { std: "docker" "inspect" "36be9255ecf8cb2e83ef0e14c6e915c36058055a77420e28b01c913a81023135", kill_on_drop: false }`
[INFO] running `Command { std: "docker" "rm" "-f" "36be9255ecf8cb2e83ef0e14c6e915c36058055a77420e28b01c913a81023135", kill_on_drop: false }`
[INFO] [stdout] 36be9255ecf8cb2e83ef0e14c6e915c36058055a77420e28b01c913a81023135
[INFO] running `Command { std: "docker" "create" "-v" "/var/lib/crater-agent-workspace/builds/worker-2-tc2/target:/opt/rustwide/target:rw,Z" "-v" "/var/lib/crater-agent-workspace/builds/worker-2-tc2/source:/opt/rustwide/workdir:ro,Z" "-v" "/var/lib/crater-agent-workspace/cargo-home:/opt/rustwide/cargo-home:ro,Z" "-v" "/var/lib/crater-agent-workspace/rustup-home:/opt/rustwide/rustup-home:ro,Z" "-e" "SOURCE_DIR=/opt/rustwide/workdir" "-e" "CARGO_TARGET_DIR=/opt/rustwide/target" "-e" "CARGO_INCREMENTAL=0" "-e" "RUST_BACKTRACE=full" "-e" "RUSTFLAGS=--cap-lints=warn" "-e" "RUSTDOCFLAGS=--cap-lints=warn" "-e" "CARGO_HOME=/opt/rustwide/cargo-home" "-e" "RUSTUP_HOME=/opt/rustwide/rustup-home" "-w" "/opt/rustwide/workdir" "-m" "1610612736" "--user" "0:0" "--network" "none" "ghcr.io/rust-lang/crates-build-env/linux@sha256:2788e3201cd34a07e3172128adcd8b3090168a8e3bcc40d7c032b9dda1df7d1c" "/opt/rustwide/cargo-home/bin/cargo" "+beta-2023-12-22" "doc" "--frozen" "--no-deps" "--document-private-items" "--message-format=json", kill_on_drop: false }`
[INFO] [stdout] f1ee46ed45c8d68d7a09e327f10bd30985aba665b1f76609ecc4b9728d49b017
[INFO] running `Command { std: "docker" "start" "-a" "f1ee46ed45c8d68d7a09e327f10bd30985aba665b1f76609ecc4b9728d49b017", kill_on_drop: false }`
[INFO] [stderr]    Compiling pkg-config v0.3.8
[INFO] [stderr]     Checking libc v0.2.18
[INFO] [stderr]    Compiling gcc v0.3.40
[INFO] [stderr]    Compiling winapi-build v0.1.1
[INFO] [stderr]     Checking encoding_index_tests v0.1.4
[INFO] [stderr]     Checking winapi v0.2.8
[INFO] [stderr]     Checking matches v0.1.4
[INFO] [stderr]     Checking unicode-normalization v0.1.3
[INFO] [stderr]     Checking bitflags v0.4.0
[INFO] [stderr]     Checking rustc-serialize v0.3.22
[INFO] [stderr]     Checking utf8-ranges v0.1.3
[INFO] [stderr]     Checking regex-syntax v0.3.9
[INFO] [stderr]     Checking unicode-width v0.1.4
[INFO] [stderr]     Checking bitflags v0.7.0
[INFO] [stderr]     Checking openssl-probe v0.1.0
[INFO] [stderr]     Checking lazy_static v0.2.2
[INFO] [stderr]     Checking unicode-segmentation v0.1.3
[INFO] [stderr]     Checking strsim v0.5.2
[INFO] [stderr]     Checking encoding-index-japanese v1.20141219.5
[INFO] [stderr]     Checking unicode-bidi v0.2.4
[INFO] [stderr]     Checking encoding-index-tradchinese v1.20141219.5
[INFO] [stderr]     Checking encoding-index-simpchinese v1.20141219.5
[INFO] [stderr]     Checking encoding-index-singlebyte v1.20141219.5
[INFO] [stderr]     Checking encoding-index-korean v1.20141219.5
[INFO] [stderr]    Compiling kernel32-sys v0.2.2
[INFO] [stderr]     Checking libc v0.1.12
[INFO] [stderr]    Compiling cmake v0.1.20
[INFO] [stdout] error[E0310]: the parameter type `T` may not live long enough
[INFO] [stdout]     --> /opt/rustwide/cargo-home/registry/src/index.crates.io-6f17d22bba15001f/rustc-serialize-0.3.22/src/serialize.rs:1155:5
[INFO] [stdout]      |
[INFO] [stdout] 1155 |     fn decode<D: Decoder>(d: &mut D) -> Result<Cow<'static, T>, D::Error> {
[INFO] [stdout]      |     ^^^^^^^^^^^^^^^^^^^^^^^^^^^^^^^^^^^^^^^^^^^^^^^^^^^^^^^^^^^^^^^^^^^^^
[INFO] [stdout]      |     |
[INFO] [stdout]      |     the parameter type `T` must be valid for the static lifetime...
[INFO] [stdout]      |     ...so that the type `T` will meet its required lifetime bounds...
[INFO] [stdout]      |
[INFO] [stdout] note: ...that is required by this bound
[INFO] [stdout]     --> /rustc/0e09125c6c3c2fd70d7de961bcf0e51575235fad/library/alloc/src/borrow.rs:180:30
[INFO] [stdout] help: consider adding an explicit lifetime bound
[INFO] [stdout]      |
[INFO] [stdout] 1151 | impl<'a, T: ?Sized + 'static> Decodable for Cow<'a, T>
[INFO] [stdout]      |                    +++++++++
[INFO] [stdout] 
[INFO] [stdout] 
[INFO] [stderr]     Checking memchr v0.1.11
[INFO] [stderr]     Checking nix v0.5.1
[INFO] [stderr]    Compiling openssl-sys v0.9.4
[INFO] [stderr]     Checking encoding v0.2.33
[INFO] [stderr]     Checking aho-corasick v0.5.3
[INFO] [stderr]    Compiling libz-sys v1.0.10
[INFO] [stderr]    Compiling curl-sys v0.3.6
[INFO] [stderr]    Compiling libssh2-sys v0.2.5
[INFO] [stderr]    Compiling libgit2-sys v0.6.5
[INFO] [stderr]     Checking thread-id v2.0.0
[INFO] [stderr]     Checking thread_local v0.2.7
[INFO] [stderr]     Checking idna v0.1.0
[INFO] [stderr]     Checking regex v0.1.80
[INFO] [stderr] error: failed to run custom build command for `openssl-sys v0.9.4`
[INFO] [stderr] note: To improve backtraces for build dependencies, set the CARGO_PROFILE_DEV_BUILD_OVERRIDE_DEBUG=true environment variable to enable debug information generation.
[INFO] [stderr] 
[INFO] [stderr] Caused by:
[INFO] [stderr]   process didn't exit successfully: `/opt/rustwide/target/debug/build/openssl-sys-a022068259ca1b87/build-script-build` (exit status: 101)
[INFO] [stderr]   --- stdout
[INFO] [stderr]   cargo:rustc-link-search=native=/usr/lib/x86_64-linux-gnu
[INFO] [stderr]   cargo:rustc-link-lib=ssl
[INFO] [stderr]   cargo:rustc-link-lib=crypto
[INFO] [stderr] 
[INFO] [stderr]   --- stderr
[INFO] [stderr]   thread 'main' panicked at /opt/rustwide/cargo-home/registry/src/index.crates.io-6f17d22bba15001f/openssl-sys-0.9.4/build.rs:236:13:
[INFO] [stderr]   header file at `{}` did not include `OPENSSL_VERSION_NUMBER` that this crate recognized, failed to learn about the OpenSSL version number
[INFO] [stderr]   stack backtrace:
[INFO] [stderr]      0:     0x563b14b5c506 - std::backtrace_rs::backtrace::libunwind::trace::h261606ad26a499c1
[INFO] [stderr]                                  at /rustc/0e09125c6c3c2fd70d7de961bcf0e51575235fad/library/std/src/../../backtrace/src/backtrace/libunwind.rs:104:5
[INFO] [stderr]      1:     0x563b14b5c506 - std::backtrace_rs::backtrace::trace_unsynchronized::hd183f0625477fb28
[INFO] [stderr]                                  at /rustc/0e09125c6c3c2fd70d7de961bcf0e51575235fad/library/std/src/../../backtrace/src/backtrace/mod.rs:66:5
[INFO] [stderr]      2:     0x563b14b5c506 - std::sys_common::backtrace::_print_fmt::hd7f8fef21b4eda67
[INFO] [stderr]                                  at /rustc/0e09125c6c3c2fd70d7de961bcf0e51575235fad/library/std/src/sys_common/backtrace.rs:68:5
[INFO] [stderr]      3:     0x563b14b5c506 - <std::sys_common::backtrace::_print::DisplayBacktrace as core::fmt::Display>::fmt::h623d9b51f2f453f1
[INFO] [stderr]                                  at /rustc/0e09125c6c3c2fd70d7de961bcf0e51575235fad/library/std/src/sys_common/backtrace.rs:44:22
[INFO] [stderr]      4:     0x563b14b80b30 - core::fmt::rt::Argument::fmt::h9f417ac76a86f368
[INFO] [stderr]                                  at /rustc/0e09125c6c3c2fd70d7de961bcf0e51575235fad/library/core/src/fmt/rt.rs:142:9
[INFO] [stderr]      5:     0x563b14b80b30 - core::fmt::write::hc9b6faf4ac2aeff7
[INFO] [stderr]                                  at /rustc/0e09125c6c3c2fd70d7de961bcf0e51575235fad/library/core/src/fmt/mod.rs:1120:17
[INFO] [stderr]      6:     0x563b14b5a0ff - std::io::Write::write_fmt::hfead1eee52c2e65e
[INFO] [stderr]                                  at /rustc/0e09125c6c3c2fd70d7de961bcf0e51575235fad/library/std/src/io/mod.rs:1810:15
[INFO] [stderr]      7:     0x563b14b5c2e4 - std::sys_common::backtrace::_print::hd5d66399c7df88a2
[INFO] [stderr]                                  at /rustc/0e09125c6c3c2fd70d7de961bcf0e51575235fad/library/std/src/sys_common/backtrace.rs:47:5
[INFO] [stderr]      8:     0x563b14b5c2e4 - std::sys_common::backtrace::print::he81ed2da642d37e5
[INFO] [stderr]                                  at /rustc/0e09125c6c3c2fd70d7de961bcf0e51575235fad/library/std/src/sys_common/backtrace.rs:34:9
[INFO] [stderr]      9:     0x563b14b5da57 - std::panicking::default_hook::{{closure}}::h85773f4fa117163d
[INFO] [stderr]     10:     0x563b14b5d7b9 - std::panicking::default_hook::h6a1694a91d09b278
[INFO] [stderr]                                  at /rustc/0e09125c6c3c2fd70d7de961bcf0e51575235fad/library/std/src/panicking.rs:292:9
[INFO] [stderr]     11:     0x563b14b5dee8 - std::panicking::rust_panic_with_hook::h0a7ad96e90f7145b
[INFO] [stderr]                                  at /rustc/0e09125c6c3c2fd70d7de961bcf0e51575235fad/library/std/src/panicking.rs:779:13
[INFO] [stderr]     12:     0x563b14b324ce - std::panicking::begin_panic::{{closure}}::h30517c3a70db30ee
[INFO] [stderr]     13:     0x563b14b3223a - std::sys_common::backtrace::__rust_end_short_backtrace::h251877bcea85c0f1
[INFO] [stderr]     14:     0x563b14b3244b - std::panicking::begin_panic::h53a5081653039cf3
[INFO] [stderr]     15:     0x563b14b2785a - build_script_build::validate_headers::ha0bcc3f56b0f2dd7
[INFO] [stderr]     16:     0x563b14b27215 - build_script_build::try_pkg_config::h43e3c5ca610ff459
[INFO] [stderr]     17:     0x563b14b263f3 - build_script_build::find_openssl_dir::h462b4bb3267bc765
[INFO] [stderr]     18:     0x563b14b26258 - build_script_build::main::{{closure}}::hc511868372764ae3
[INFO] [stderr]     19:     0x563b14b1d0bf - core::option::Option<T>::unwrap_or_else::h8f946643dc2a1d52
[INFO] [stderr]     20:     0x563b14b2552b - build_script_build::main::hc10357a17dcdda1a
[INFO] [stderr]     21:     0x563b14b20c73 - core::ops::function::FnOnce::call_once::h0727f64f1db1a9e2
[INFO] [stderr]     22:     0x563b14b204a6 - std::sys_common::backtrace::__rust_begin_short_backtrace::he5ac500b2f20bb15
[INFO] [stderr]     23:     0x563b14b205a9 - std::rt::lang_start::{{closure}}::hd9c4be5062485645
[INFO] [stderr]     24:     0x563b14b56771 - core::ops::function::impls::<impl core::ops::function::FnOnce<A> for &F>::call_once::h4eb4c5e1620f29b0
[INFO] [stderr]                                  at /rustc/0e09125c6c3c2fd70d7de961bcf0e51575235fad/library/core/src/ops/function.rs:284:13
[INFO] [stderr]     25:     0x563b14b56771 - std::panicking::try::do_call::h73fd26535faffcdf
[INFO] [stderr]                                  at /rustc/0e09125c6c3c2fd70d7de961bcf0e51575235fad/library/std/src/panicking.rs:552:40
[INFO] [stderr]     26:     0x563b14b56771 - std::panicking::try::h77ff1d98f0fb9f39
[INFO] [stderr]                                  at /rustc/0e09125c6c3c2fd70d7de961bcf0e51575235fad/library/std/src/panicking.rs:516:19
[INFO] [stderr]     27:     0x563b14b56771 - std::panic::catch_unwind::hab3caf2448b95e37
[INFO] [stderr]                                  at /rustc/0e09125c6c3c2fd70d7de961bcf0e51575235fad/library/std/src/panic.rs:142:14
[INFO] [stderr]     28:     0x563b14b56771 - std::rt::lang_start_internal::{{closure}}::h8086711f9c783f78
[INFO] [stderr]                                  at /rustc/0e09125c6c3c2fd70d7de961bcf0e51575235fad/library/std/src/rt.rs:148:48
[INFO] [stderr]     29:     0x563b14b56771 - std::panicking::try::do_call::hf920d4dc291cd6ca
[INFO] [stderr]                                  at /rustc/0e09125c6c3c2fd70d7de961bcf0e51575235fad/library/std/src/panicking.rs:552:40
[INFO] [stderr]     30:     0x563b14b56771 - std::panicking::try::h2b806ccc0a85db74
[INFO] [stderr]                                  at /rustc/0e09125c6c3c2fd70d7de961bcf0e51575235fad/library/std/src/panicking.rs:516:19
[INFO] [stderr]     31:     0x563b14b56771 - std::panic::catch_unwind::h038489539c507df2
[INFO] [stderr]                                  at /rustc/0e09125c6c3c2fd70d7de961bcf0e51575235fad/library/std/src/panic.rs:142:14
[INFO] [stderr]     32:     0x563b14b56771 - std::rt::lang_start_internal::h28503b88912e8a5c
[INFO] [stderr]                                  at /rustc/0e09125c6c3c2fd70d7de961bcf0e51575235fad/library/std/src/rt.rs:148:20
[INFO] [stderr]     33:     0x563b14b20587 - std::rt::lang_start::h008d97d6af70d791
[INFO] [stderr]     34:     0x563b14b295d5 - main
[INFO] [stderr]     35:     0x7fb64e6fbd90 - <unknown>
[INFO] [stderr]     36:     0x7fb64e6fbe40 - __libc_start_main
[INFO] [stderr]     37:     0x563b14b16d45 - _start
[INFO] [stderr]     38:                0x0 - <unknown>
[INFO] [stderr] warning: build failed, waiting for other jobs to finish...
[INFO] [stdout] error: aborting due to 1 previous error
[INFO] [stdout] 
[INFO] [stdout] 
[INFO] [stdout] For more information about this error, try `rustc --explain E0310`.
[INFO] [stdout] 
[INFO] [stderr] error: could not compile `rustc-serialize` (lib) due to 2 previous errors
[INFO] running `Command { std: "docker" "inspect" "f1ee46ed45c8d68d7a09e327f10bd30985aba665b1f76609ecc4b9728d49b017", kill_on_drop: false }`
[INFO] running `Command { std: "docker" "rm" "-f" "f1ee46ed45c8d68d7a09e327f10bd30985aba665b1f76609ecc4b9728d49b017", kill_on_drop: false }`
[INFO] [stdout] f1ee46ed45c8d68d7a09e327f10bd30985aba665b1f76609ecc4b9728d49b017
