[INFO] cloning repository https://github.com/Journeycorner/space-invaders
[INFO] running `Command { std: "git" "-c" "credential.helper=" "-c" "credential.helper=/workspace/cargo-home/bin/git-credential-null" "clone" "--bare" "https://github.com/Journeycorner/space-invaders" "/workspace/cache/git-repos/https%3A%2F%2Fgithub.com%2FJourneycorner%2Fspace-invaders", kill_on_drop: false }`
[INFO] [stderr] Cloning into bare repository '/workspace/cache/git-repos/https%3A%2F%2Fgithub.com%2FJourneycorner%2Fspace-invaders'...
[INFO] running `Command { std: "git" "rev-parse" "HEAD", kill_on_drop: false }`
[INFO] [stdout] e91b70b6632535725184a47caea9d0a4e4eda207
[INFO] documenting Journeycorner/space-invaders against 1.75.0 for beta-1.76-rustdoc-1
[INFO] running `Command { std: "git" "clone" "/workspace/cache/git-repos/https%3A%2F%2Fgithub.com%2FJourneycorner%2Fspace-invaders" "/workspace/builds/worker-0-tc1/source", kill_on_drop: false }`
[INFO] [stderr] Cloning into '/workspace/builds/worker-0-tc1/source'...
[INFO] [stderr] done.
[INFO] validating manifest of git repo https://github.com/Journeycorner/space-invaders on toolchain 1.75.0
[INFO] running `Command { std: CARGO_HOME="/workspace/cargo-home" RUSTUP_HOME="/workspace/rustup-home" "/workspace/cargo-home/bin/cargo" "+1.75.0" "metadata" "--manifest-path" "Cargo.toml" "--no-deps", kill_on_drop: false }`
[INFO] started tweaking git repo https://github.com/Journeycorner/space-invaders
[INFO] finished tweaking git repo https://github.com/Journeycorner/space-invaders
[INFO] tweaked toml for git repo https://github.com/Journeycorner/space-invaders written to /workspace/builds/worker-0-tc1/source/Cargo.toml
[INFO] crate git repo https://github.com/Journeycorner/space-invaders already has a lockfile, it will not be regenerated
[INFO] running `Command { std: CARGO_HOME="/workspace/cargo-home" RUSTUP_HOME="/workspace/rustup-home" "/workspace/cargo-home/bin/cargo" "+1.75.0" "fetch" "--manifest-path" "Cargo.toml", kill_on_drop: false }`
[INFO] [stderr]  Downloading crates ...
[INFO] [stderr]   Downloaded minimp3 v0.3.2
[INFO] [stderr]   Downloaded num-derive v0.2.4
[INFO] [stderr]   Downloaded wayland-scanner v0.21.11
[INFO] [stderr]   Downloaded downcast-rs v1.0.3
[INFO] [stderr]   Downloaded approx v0.3.1
[INFO] [stderr]   Downloaded wayland-commons v0.21.11
[INFO] [stderr]   Downloaded gleam v0.6.8
[INFO] [stderr]   Downloaded wayland-protocols v0.21.11
[INFO] [stderr]   Downloaded fuchsia-cprng v0.1.0
[INFO] [stderr]   Downloaded core-text v13.1.1
[INFO] [stderr]   Downloaded wayland-sys v0.21.11
[INFO] [stderr]   Downloaded colored v1.7.0
[INFO] [stderr]   Downloaded core-foundation v0.6.3
[INFO] [stderr]   Downloaded memchr v2.1.3
[INFO] [stderr]   Downloaded wayland-client v0.21.11
[INFO] [stderr]   Downloaded khronos_api v3.0.0
[INFO] [stderr]   Downloaded libc v0.2.48
[INFO] [stderr]   Downloaded fern v0.5.7
[INFO] [stderr]   Downloaded rusttype v0.7.4
[INFO] [stderr]   Downloaded lewton v0.9.3
[INFO] [stderr]   Downloaded serde v1.0.86
[INFO] [stderr]   Downloaded libm v0.1.2
[INFO] [stderr]   Downloaded smithay-client-toolkit v0.4.4
[INFO] [stderr]   Downloaded nix v0.12.0
[INFO] [stderr]   Downloaded slice-deque v0.1.16
[INFO] [stderr]   Downloaded lyon_geom v0.12.2
[INFO] [stderr]   Downloaded smallvec v0.6.8
[INFO] [stderr]   Downloaded serde_derive v1.0.86
[INFO] [stderr]   Downloaded shred v0.7.1
[INFO] [stderr]   Downloaded euclid v0.19.5
[INFO] [stderr]   Downloaded getset v0.0.6
[INFO] [stderr]   Downloaded andrew v0.1.6
[INFO] [stderr]   Downloaded objc v0.2.5
[INFO] [stderr]   Downloaded rand_jitter v0.1.2
[INFO] [stderr]   Downloaded specs-hierarchy v0.3.0
[INFO] [stderr]   Downloaded intl_pluralrules v1.0.2
[INFO] [stderr]   Downloaded x11-clipboard v0.3.1
[INFO] [stderr]   Downloaded ordered-float v1.0.1
[INFO] [stderr]   Downloaded glyph_brush_layout v0.1.4
[INFO] [stderr]   Downloaded ron v0.4.1
[INFO] [stderr]   Downloaded glyph_brush v0.3.0
[INFO] [stderr]   Downloaded gfx_glyph v0.13.2
[INFO] running `Command { std: "docker" "create" "-v" "/var/lib/crater-agent-workspace/builds/worker-0-tc1/target:/opt/rustwide/target:rw,Z" "-v" "/var/lib/crater-agent-workspace/builds/worker-0-tc1/source:/opt/rustwide/workdir:ro,Z" "-v" "/var/lib/crater-agent-workspace/cargo-home:/opt/rustwide/cargo-home:ro,Z" "-v" "/var/lib/crater-agent-workspace/rustup-home:/opt/rustwide/rustup-home:ro,Z" "-e" "SOURCE_DIR=/opt/rustwide/workdir" "-e" "CARGO_TARGET_DIR=/opt/rustwide/target" "-e" "CARGO_HOME=/opt/rustwide/cargo-home" "-e" "RUSTUP_HOME=/opt/rustwide/rustup-home" "-w" "/opt/rustwide/workdir" "-m" "1610612736" "--user" "0:0" "--network" "none" "ghcr.io/rust-lang/crates-build-env/linux@sha256:2788e3201cd34a07e3172128adcd8b3090168a8e3bcc40d7c032b9dda1df7d1c" "/opt/rustwide/cargo-home/bin/cargo" "+1.75.0" "metadata" "--no-deps" "--format-version=1", kill_on_drop: false }`
[INFO] [stdout] e752ad17db07f8bcae9a1b3c2d96c5e6e582c17640e9843d9af99e2a0f6a0a27
[INFO] running `Command { std: "docker" "start" "-a" "e752ad17db07f8bcae9a1b3c2d96c5e6e582c17640e9843d9af99e2a0f6a0a27", kill_on_drop: false }`
[INFO] running `Command { std: "docker" "inspect" "e752ad17db07f8bcae9a1b3c2d96c5e6e582c17640e9843d9af99e2a0f6a0a27", kill_on_drop: false }`
[INFO] running `Command { std: "docker" "rm" "-f" "e752ad17db07f8bcae9a1b3c2d96c5e6e582c17640e9843d9af99e2a0f6a0a27", kill_on_drop: false }`
[INFO] [stdout] e752ad17db07f8bcae9a1b3c2d96c5e6e582c17640e9843d9af99e2a0f6a0a27
[INFO] running `Command { std: "docker" "create" "-v" "/var/lib/crater-agent-workspace/builds/worker-0-tc1/target:/opt/rustwide/target:rw,Z" "-v" "/var/lib/crater-agent-workspace/builds/worker-0-tc1/source:/opt/rustwide/workdir:ro,Z" "-v" "/var/lib/crater-agent-workspace/cargo-home:/opt/rustwide/cargo-home:ro,Z" "-v" "/var/lib/crater-agent-workspace/rustup-home:/opt/rustwide/rustup-home:ro,Z" "-e" "SOURCE_DIR=/opt/rustwide/workdir" "-e" "CARGO_TARGET_DIR=/opt/rustwide/target" "-e" "CARGO_INCREMENTAL=0" "-e" "RUST_BACKTRACE=full" "-e" "RUSTFLAGS=--cap-lints=warn" "-e" "RUSTDOCFLAGS=--cap-lints=warn" "-e" "CARGO_HOME=/opt/rustwide/cargo-home" "-e" "RUSTUP_HOME=/opt/rustwide/rustup-home" "-w" "/opt/rustwide/workdir" "-m" "1610612736" "--user" "0:0" "--network" "none" "ghcr.io/rust-lang/crates-build-env/linux@sha256:2788e3201cd34a07e3172128adcd8b3090168a8e3bcc40d7c032b9dda1df7d1c" "/opt/rustwide/cargo-home/bin/cargo" "+1.75.0" "doc" "--frozen" "--no-deps" "--document-private-items" "--message-format=json", kill_on_drop: false }`
[INFO] [stdout] 4b79530b1195c843ae4a9575472227c9c876b60fc6d433a17d669b3695c321d1
[INFO] running `Command { std: "docker" "start" "-a" "4b79530b1195c843ae4a9575472227c9c876b60fc6d433a17d669b3695c321d1", kill_on_drop: false }`
[INFO] [stderr]    Compiling unicode-xid v0.1.0
[INFO] [stderr]    Compiling proc-macro2 v0.4.27
[INFO] [stderr]    Compiling libc v0.2.48
[INFO] [stderr]    Compiling serde v1.0.86
[INFO] [stderr]     Checking cfg-if v0.1.6
[INFO] [stderr]    Compiling cc v1.0.28
[INFO] [stderr]     Checking lazy_static v1.2.0
[INFO] [stderr]    Compiling num-traits v0.2.6
[INFO] [stderr]    Compiling arrayvec v0.4.10
[INFO] [stderr]     Checking nodrop v0.1.13
[INFO] [stderr]     Checking byteorder v1.2.7
[INFO] [stderr]     Checking scopeguard v0.3.3
[INFO] [stderr]    Compiling autocfg v0.1.2
[INFO] [stderr]     Checking memoffset v0.2.1
[INFO] [stderr]     Checking void v1.0.2
[INFO] [stderr]    Compiling semver-parser v0.7.0
[INFO] [stderr]     Checking rand_core v0.4.0
[INFO] [stderr]     Checking bitflags v1.0.4
[INFO] [stderr]    Compiling pkg-config v0.3.14
[INFO] [stderr]     Checking stable_deref_trait v1.1.1
[INFO] [stderr]     Checking unreachable v1.0.0
[INFO] [stderr]     Checking crossbeam-utils v0.6.5
[INFO] [stderr]     Checking crossbeam-utils v0.2.2
[INFO] [stderr]     Checking owning_ref v0.4.0
[INFO] [stderr]    Compiling rayon-core v1.4.1
[INFO] [stderr]     Checking either v1.5.0
[INFO] [stderr]    Compiling semver v0.9.0
[INFO] [stderr]     Checking rand_core v0.3.1
[INFO] [stderr]    Compiling xml-rs v0.8.0
[INFO] [stderr]    Compiling num-integer v0.1.39
[INFO] [stderr]     Checking lock_api v0.1.5
[INFO] [stderr]    Compiling rayon v1.0.3
[INFO] [stderr]     Checking rustc-demangle v0.1.13
[INFO] [stderr]    Compiling backtrace v0.3.13
[INFO] [stderr]    Compiling rand_chacha v0.1.1
[INFO] [stderr]    Compiling rustc_version v0.2.3
[INFO] [stderr]    Compiling num-complex v0.2.1
[INFO] [stderr]     Checking crossbeam-utils v0.5.0
[INFO] [stderr]    Compiling rand v0.6.5
[INFO] [stderr]     Checking rand_hc v0.1.0
[INFO] [stderr]     Checking rand_xorshift v0.1.1
[INFO] [stderr]     Checking rand_isaac v0.1.1
[INFO] [stderr]    Compiling parking_lot_core v0.3.1
[INFO] [stderr]    Compiling rand_pcg v0.1.1
[INFO] [stderr]     Checking rand_jitter v0.1.2
[INFO] [stderr]     Checking stb_truetype v0.2.6
[INFO] [stderr]     Checking rustc-hash v1.0.1
[INFO] [stderr]     Checking crossbeam-epoch v0.3.1
[INFO] [stderr]     Checking crossbeam-epoch v0.7.1
[INFO] [stderr]     Checking crossbeam-epoch v0.5.2
[INFO] [stderr]     Checking crossbeam-epoch v0.6.1
[INFO] [stderr]     Checking owning_ref v0.3.3
[INFO] [stderr]    Compiling quote v0.6.11
[INFO] [stderr]     Checking num_cpus v1.9.0
[INFO] [stderr]     Checking rand v0.4.6
[INFO] [stderr]     Checking rand v0.5.6
[INFO] [stderr]     Checking rand_os v0.1.2
[INFO] [stderr]    Compiling syn v0.15.26
[INFO] [stderr]    Compiling wayland-scanner v0.21.11
[INFO] [stderr]    Compiling typenum v1.10.0
[INFO] [stderr]     Checking crossbeam-deque v0.7.1
[INFO] [stderr]     Checking crossbeam-deque v0.2.0
[INFO] [stderr]    Compiling nix v0.12.0
[INFO] [stderr]     Checking linked-hash-map v0.5.1
[INFO] [stderr]    Compiling nonzero_signed v1.0.3
[INFO] [stderr]     Checking mint v0.5.1
[INFO] [stderr]    Compiling backtrace-sys v0.1.28
[INFO] [stderr]    Compiling libloading v0.5.0
[INFO] [stderr]     Checking approx v0.3.1
[INFO] [stderr]     Checking ordered-float v1.0.1
[INFO] [stderr]     Checking crossbeam-deque v0.5.2
[INFO] [stderr]     Checking fxhash v0.2.1
[INFO] [stderr]    Compiling proc-macro2 v0.3.8
[INFO] [stderr]    Compiling matrixmultiply v0.1.15
[INFO] [stderr]     Checking atom v0.3.5
[INFO] [stderr]     Checking rusttype v0.7.4
[INFO] [stderr]    Compiling khronos_api v2.2.0
[INFO] [stderr]     Checking mopa v0.2.2
[INFO] [stderr]     Checking rawpointer v0.1.0
[INFO] [stderr]     Checking libm v0.1.2
[INFO] [stderr]    Compiling khronos_api v3.0.0
[INFO] [stderr]     Checking same-file v1.0.4
[INFO] [stderr]     Checking tuple_utils v0.2.0
[INFO] [stderr]     Checking fnv v1.0.6
[INFO] [stderr]     Checking futures v0.1.25
[INFO] [stderr]     Checking walkdir v2.2.7
[INFO] [stderr]    Compiling quote v0.5.2
[INFO] [stderr]    Compiling parking_lot_core v0.4.0
[INFO] [stderr]    Compiling xml-rs v0.7.0
[INFO] [stderr]    Compiling cmake v0.1.35
[INFO] [stderr]     Checking dlib v0.4.1
[INFO] [stderr]    Compiling syn v0.13.11
[INFO] [stderr]     Checking wayland-sys v0.21.11
[INFO] [stderr]    Compiling num-iter v0.1.37
[INFO] [stderr]     Checking downcast-rs v1.0.3
[INFO] [stderr]    Compiling num-bigint v0.2.2
[INFO] [stderr]     Checking generic-array v0.11.1
[INFO] [stderr]     Checking line_drawing v0.7.0
[INFO] [stderr]     Checking num-traits v0.1.43
[INFO] [stderr]    Compiling x11-dl v2.18.3
[INFO] [stderr]     Checking base64 v0.10.1
[INFO] [stderr]    Compiling num-rational v0.2.1
[INFO] [stderr]     Checking xdg v2.2.0
[INFO] [stderr]     Checking approx v0.1.1
[INFO] [stderr]     Checking memmap v0.7.0
[INFO] [stderr]     Checking adler32 v1.0.3
[INFO] [stderr]    Compiling num-derive v0.2.4
[INFO] [stderr]    Compiling wayland-client v0.21.11
[INFO] [stderr]    Compiling wayland-protocols v0.21.11
[INFO] [stderr]     Checking shared_library v0.1.9
[INFO] [stderr]     Checking lzw v0.10.0
[INFO] [stderr]    Compiling unicode-xid v0.0.4
[INFO] [stderr]     Checking andrew v0.1.6
[INFO] [stderr]    Compiling failure_derive v0.1.5
[INFO] [stderr]     Checking error-chain v0.12.0
[INFO] [stderr]     Checking percent-encoding v1.0.1
[INFO] [stderr]    Compiling cgmath v0.16.1
[INFO] [stderr]    Compiling synom v0.11.3
[INFO] [stderr]     Checking hibitset v0.5.4
[INFO] [stderr]     Checking osmesa-sys v0.1.2
[INFO] [stderr]     Checking inflate v0.4.4
[INFO] [stderr]     Checking deflate v0.7.19
[INFO] [stderr]    Compiling servo-freetype-sys v4.0.5
[INFO] [stderr]     Checking color_quant v1.0.1
[INFO] [stderr]    Compiling quote v0.3.15
[INFO] [stderr]     Checking jpeg-decoder v0.1.15
[INFO] [stderr]    Compiling expat-sys v2.1.6
[INFO] [stderr]     Checking gif v0.10.1
[INFO] [stderr]     Checking scoped_threadpool v0.1.9
[INFO] [stderr]    Compiling syn v0.11.11
[INFO] [stderr]    Compiling minimp3-sys v0.3.1
[INFO] [stderr]     Checking png v0.12.0
[INFO] [stderr]    Compiling alsa-sys v0.1.2
[INFO] [stderr]     Checking wavefront_obj v5.1.0
[INFO] [stderr]     Checking hetseq v0.2.0
[INFO] [stderr]    Compiling xcb v0.8.2
[INFO] [stderr]    Compiling servo-fontconfig-sys v4.0.7
[INFO] [stderr]    Compiling build_const v0.2.1
[INFO] [stderr]     Checking siphasher v0.2.3
[INFO] [stderr]    Compiling crc v1.8.1
[INFO] [stderr]     Checking phf_shared v0.7.24
[INFO] [stderr]     Checking wayland-commons v0.21.11
[INFO] [stderr]    Compiling time v0.1.42
[INFO] [stderr]     Checking rand v0.3.23
[INFO] [stderr]     Checking slice-deque v0.1.16
[INFO] [stderr]     Checking ogg v0.7.0
[INFO] [stderr]     Checking xi-unicode v0.1.0
[INFO] [stderr]     Checking unicode-width v0.1.5
[INFO] [stderr]     Checking glyph_brush_layout v0.1.4
[INFO] [stderr]     Checking textwrap v0.10.0
[INFO] [stderr]     Checking cgmath v0.14.1
[INFO] [stderr] error: failed to run custom build command for `xcb v0.8.2`
[INFO] [stderr] note: To improve backtraces for build dependencies, set the CARGO_PROFILE_DEV_BUILD_OVERRIDE_DEBUG=true environment variable to enable debug information generation.
[INFO] [stderr] 
[INFO] [stderr] Caused by:
[INFO] [stderr]   process didn't exit successfully: `/opt/rustwide/target/debug/build/xcb-a82fb0ad5836c8b0/build-script-build` (exit status: 101)
[INFO] [stderr]   --- stderr
[INFO] [stderr]   error occured in handler:  ('request: ', ('xcb', 'SELinux', 'GetClientContext'))
[INFO] [stderr]   Traceback (most recent call last):
[INFO] [stderr]     File "/opt/rustwide/cargo-home/registry/src/index.crates.io-6f17d22bba15001f/xcb-0.8.2/rs_client.py", line 2448, in <module>
[INFO] [stderr]       module.generate()
[INFO] [stderr]     File "/opt/rustwide/cargo-home/registry/src/index.crates.io-6f17d22bba15001f/xcb-0.8.2/xcbgen/state.py", line 108, in generate
[INFO] [stderr]       self.close()
[INFO] [stderr]     File "/opt/rustwide/cargo-home/registry/src/index.crates.io-6f17d22bba15001f/xcb-0.8.2/rs_client.py", line 296, in rs_close
[INFO] [stderr]       _f.writeout(os.path.join(module.rs_srcdir, "ffi", "%s.rs" % _module_name(_ns.ext_name)))
[INFO] [stderr]     File "/opt/rustwide/cargo-home/registry/src/index.crates.io-6f17d22bba15001f/xcb-0.8.2/rs_client.py", line 114, in writeout
[INFO] [stderr]       with open(path, 'w') as f:
[INFO] [stderr]   OSError: [Errno 30] Read-only file system: '/opt/rustwide/cargo-home/registry/src/index.crates.io-6f17d22bba15001f/xcb-0.8.2/src/ffi/selinux.rs'
[INFO] [stderr]   thread 'main' panicked at /opt/rustwide/cargo-home/registry/src/index.crates.io-6f17d22bba15001f/xcb-0.8.2/build.rs:75:17:
[INFO] [stderr]   processing of /opt/rustwide/cargo-home/registry/src/index.crates.io-6f17d22bba15001f/xcb-0.8.2/xml/xselinux.xml returned non-zero (1)
[INFO] [stderr]   stack backtrace:
[INFO] [stderr]      0:     0x55b1eadea2cc - std::backtrace_rs::backtrace::libunwind::trace::ha637c64ce894333a
[INFO] [stderr]                                  at /rustc/82e1608dfa6e0b5569232559e3d385fea5a93112/library/std/src/../../backtrace/src/backtrace/libunwind.rs:104:5
[INFO] [stderr]      1:     0x55b1eadea2cc - std::backtrace_rs::backtrace::trace_unsynchronized::h47f62dea28e0c88d
[INFO] [stderr]                                  at /rustc/82e1608dfa6e0b5569232559e3d385fea5a93112/library/std/src/../../backtrace/src/backtrace/mod.rs:66:5
[INFO] [stderr]      2:     0x55b1eadea2cc - std::sys_common::backtrace::_print_fmt::h9eef0abe20ede486
[INFO] [stderr]                                  at /rustc/82e1608dfa6e0b5569232559e3d385fea5a93112/library/std/src/sys_common/backtrace.rs:67:5
[INFO] [stderr]      3:     0x55b1eadea2cc - <std::sys_common::backtrace::_print::DisplayBacktrace as core::fmt::Display>::fmt::hed7f999df88cc644
[INFO] [stderr]                                  at /rustc/82e1608dfa6e0b5569232559e3d385fea5a93112/library/std/src/sys_common/backtrace.rs:44:22
[INFO] [stderr]      4:     0x55b1eae0d6c0 - core::fmt::rt::Argument::fmt::h1539a9308b8d058d
[INFO] [stderr]                                  at /rustc/82e1608dfa6e0b5569232559e3d385fea5a93112/library/core/src/fmt/rt.rs:142:9
[INFO] [stderr]      5:     0x55b1eae0d6c0 - core::fmt::write::h3a39390d8560d9c9
[INFO] [stderr]                                  at /rustc/82e1608dfa6e0b5569232559e3d385fea5a93112/library/core/src/fmt/mod.rs:1120:17
[INFO] [stderr]      6:     0x55b1eade829f - std::io::Write::write_fmt::h5fc9997dfe05f882
[INFO] [stderr]                                  at /rustc/82e1608dfa6e0b5569232559e3d385fea5a93112/library/std/src/io/mod.rs:1762:15
[INFO] [stderr]      7:     0x55b1eadea0b4 - std::sys_common::backtrace::_print::h894006fb5c6f3d45
[INFO] [stderr]                                  at /rustc/82e1608dfa6e0b5569232559e3d385fea5a93112/library/std/src/sys_common/backtrace.rs:47:5
[INFO] [stderr]      8:     0x55b1eadea0b4 - std::sys_common::backtrace::print::h23a2d212c6fff936
[INFO] [stderr]                                  at /rustc/82e1608dfa6e0b5569232559e3d385fea5a93112/library/std/src/sys_common/backtrace.rs:34:9
[INFO] [stderr]      9:     0x55b1eadeb757 - std::panicking::default_hook::{{closure}}::h8a1d2ee00185001a
[INFO] [stderr]     10:     0x55b1eadeb4bf - std::panicking::default_hook::h6038f2eba384e475
[INFO] [stderr]                                  at /rustc/82e1608dfa6e0b5569232559e3d385fea5a93112/library/std/src/panicking.rs:292:9
[INFO] [stderr]     11:     0x55b1eadebbd8 - std::panicking::rust_panic_with_hook::h2b5517d590cab22e
[INFO] [stderr]                                  at /rustc/82e1608dfa6e0b5569232559e3d385fea5a93112/library/std/src/panicking.rs:779:13
[INFO] [stderr]     12:     0x55b1eadebabe - std::panicking::begin_panic_handler::{{closure}}::h233112c06e0ef43e
[INFO] [stderr]                                  at /rustc/82e1608dfa6e0b5569232559e3d385fea5a93112/library/std/src/panicking.rs:657:13
[INFO] [stderr]     13:     0x55b1eadea796 - std::sys_common::backtrace::__rust_end_short_backtrace::h6e893f24d7ebbff8
[INFO] [stderr]                                  at /rustc/82e1608dfa6e0b5569232559e3d385fea5a93112/library/std/src/sys_common/backtrace.rs:170:18
[INFO] [stderr]     14:     0x55b1eadeb822 - rust_begin_unwind
[INFO] [stderr]                                  at /rustc/82e1608dfa6e0b5569232559e3d385fea5a93112/library/std/src/panicking.rs:645:5
[INFO] [stderr]     15:     0x55b1eadc4285 - core::panicking::panic_fmt::hbf0e066aabfa482c
[INFO] [stderr]                                  at /rustc/82e1608dfa6e0b5569232559e3d385fea5a93112/library/core/src/panicking.rs:72:14
[INFO] [stderr]     16:     0x55b1eadca1e1 - build_script_build::main::{{closure}}::hf15815f2d35c3afa
[INFO] [stderr]     17:     0x55b1eadc90d5 - build_script_build::visit_xml::hbea7a0b3bd95aeb3
[INFO] [stderr]     18:     0x55b1eadc9773 - build_script_build::main::h8eee56167e4c6f28
[INFO] [stderr]     19:     0x55b1eadc5d53 - core::ops::function::FnOnce::call_once::h0bb65e8f85c20c09
[INFO] [stderr]     20:     0x55b1eadc4dc6 - std::sys_common::backtrace::__rust_begin_short_backtrace::h38aa9bd53b3c5ca8
[INFO] [stderr]     21:     0x55b1eadc5509 - std::rt::lang_start::{{closure}}::h9e409459b66eb553
[INFO] [stderr]     22:     0x55b1eade4fa7 - core::ops::function::impls::<impl core::ops::function::FnOnce<A> for &F>::call_once::hd95060ecd5e1ca24
[INFO] [stderr]                                  at /rustc/82e1608dfa6e0b5569232559e3d385fea5a93112/library/core/src/ops/function.rs:284:13
[INFO] [stderr]     23:     0x55b1eade4fa7 - std::panicking::try::do_call::h6e8cf51db32a6e4b
[INFO] [stderr]                                  at /rustc/82e1608dfa6e0b5569232559e3d385fea5a93112/library/std/src/panicking.rs:552:40
[INFO] [stderr]     24:     0x55b1eade4fa7 - std::panicking::try::h3a52eefe24fe3c29
[INFO] [stderr]                                  at /rustc/82e1608dfa6e0b5569232559e3d385fea5a93112/library/std/src/panicking.rs:516:19
[INFO] [stderr]     25:     0x55b1eade4fa7 - std::panic::catch_unwind::h24c28c23c02c3841
[INFO] [stderr]                                  at /rustc/82e1608dfa6e0b5569232559e3d385fea5a93112/library/std/src/panic.rs:142:14
[INFO] [stderr]     26:     0x55b1eade4fa7 - std::rt::lang_start_internal::{{closure}}::h705d3c9cbc06ef47
[INFO] [stderr]                                  at /rustc/82e1608dfa6e0b5569232559e3d385fea5a93112/library/std/src/rt.rs:148:48
[INFO] [stderr]     27:     0x55b1eade4fa7 - std::panicking::try::do_call::ha21f52ba13158470
[INFO] [stderr]                                  at /rustc/82e1608dfa6e0b5569232559e3d385fea5a93112/library/std/src/panicking.rs:552:40
[INFO] [stderr]     28:     0x55b1eade4fa7 - std::panicking::try::h5581346bf6aeb1f8
[INFO] [stderr]                                  at /rustc/82e1608dfa6e0b5569232559e3d385fea5a93112/library/std/src/panicking.rs:516:19
[INFO] [stderr]     29:     0x55b1eade4fa7 - std::panic::catch_unwind::h7919645a6b72e25b
[INFO] [stderr]                                  at /rustc/82e1608dfa6e0b5569232559e3d385fea5a93112/library/std/src/panic.rs:142:14
[INFO] [stderr]     30:     0x55b1eade4fa7 - std::rt::lang_start_internal::h12de51168669836e
[INFO] [stderr]                                  at /rustc/82e1608dfa6e0b5569232559e3d385fea5a93112/library/std/src/rt.rs:148:20
[INFO] [stderr]     31:     0x55b1eadc54e7 - std::rt::lang_start::h89225be8a1bc5e68
[INFO] [stderr]     32:     0x55b1eadca265 - main
[INFO] [stderr]     33:     0x7fe7a92aad90 - <unknown>
[INFO] [stderr]     34:     0x7fe7a92aae40 - __libc_start_main
[INFO] [stderr]     35:     0x55b1eadc49a5 - _start
[INFO] [stderr]     36:                0x0 - <unknown>
[INFO] [stderr] warning: build failed, waiting for other jobs to finish...
[INFO] running `Command { std: "docker" "inspect" "4b79530b1195c843ae4a9575472227c9c876b60fc6d433a17d669b3695c321d1", kill_on_drop: false }`
[INFO] running `Command { std: "docker" "rm" "-f" "4b79530b1195c843ae4a9575472227c9c876b60fc6d433a17d669b3695c321d1", kill_on_drop: false }`
[INFO] [stdout] 4b79530b1195c843ae4a9575472227c9c876b60fc6d433a17d669b3695c321d1
[INFO] documenting Journeycorner/space-invaders against beta-2023-12-22 for beta-1.76-rustdoc-1
[INFO] running `Command { std: "git" "clone" "/workspace/cache/git-repos/https%3A%2F%2Fgithub.com%2FJourneycorner%2Fspace-invaders" "/workspace/builds/worker-0-tc2/source", kill_on_drop: false }`
[INFO] [stderr] Cloning into '/workspace/builds/worker-0-tc2/source'...
[INFO] [stderr] done.
[INFO] validating manifest of git repo https://github.com/Journeycorner/space-invaders on toolchain beta-2023-12-22
[INFO] running `Command { std: CARGO_HOME="/workspace/cargo-home" RUSTUP_HOME="/workspace/rustup-home" "/workspace/cargo-home/bin/cargo" "+beta-2023-12-22" "metadata" "--manifest-path" "Cargo.toml" "--no-deps", kill_on_drop: false }`
[INFO] started tweaking git repo https://github.com/Journeycorner/space-invaders
[INFO] finished tweaking git repo https://github.com/Journeycorner/space-invaders
[INFO] tweaked toml for git repo https://github.com/Journeycorner/space-invaders written to /workspace/builds/worker-0-tc2/source/Cargo.toml
[INFO] crate git repo https://github.com/Journeycorner/space-invaders already has a lockfile, it will not be regenerated
[INFO] running `Command { std: CARGO_HOME="/workspace/cargo-home" RUSTUP_HOME="/workspace/rustup-home" "/workspace/cargo-home/bin/cargo" "+beta-2023-12-22" "fetch" "--manifest-path" "Cargo.toml", kill_on_drop: false }`
[INFO] running `Command { std: "docker" "create" "-v" "/var/lib/crater-agent-workspace/builds/worker-0-tc2/target:/opt/rustwide/target:rw,Z" "-v" "/var/lib/crater-agent-workspace/builds/worker-0-tc2/source:/opt/rustwide/workdir:ro,Z" "-v" "/var/lib/crater-agent-workspace/cargo-home:/opt/rustwide/cargo-home:ro,Z" "-v" "/var/lib/crater-agent-workspace/rustup-home:/opt/rustwide/rustup-home:ro,Z" "-e" "SOURCE_DIR=/opt/rustwide/workdir" "-e" "CARGO_TARGET_DIR=/opt/rustwide/target" "-e" "CARGO_HOME=/opt/rustwide/cargo-home" "-e" "RUSTUP_HOME=/opt/rustwide/rustup-home" "-w" "/opt/rustwide/workdir" "-m" "1610612736" "--user" "0:0" "--network" "none" "ghcr.io/rust-lang/crates-build-env/linux@sha256:2788e3201cd34a07e3172128adcd8b3090168a8e3bcc40d7c032b9dda1df7d1c" "/opt/rustwide/cargo-home/bin/cargo" "+beta-2023-12-22" "metadata" "--no-deps" "--format-version=1", kill_on_drop: false }`
[INFO] [stdout] bc539e4fd36d28ae8829c327134f6bfa99f453bbf7afd7926ddc8324348b31ae
[INFO] running `Command { std: "docker" "start" "-a" "bc539e4fd36d28ae8829c327134f6bfa99f453bbf7afd7926ddc8324348b31ae", kill_on_drop: false }`
[INFO] running `Command { std: "docker" "inspect" "bc539e4fd36d28ae8829c327134f6bfa99f453bbf7afd7926ddc8324348b31ae", kill_on_drop: false }`
[INFO] running `Command { std: "docker" "rm" "-f" "bc539e4fd36d28ae8829c327134f6bfa99f453bbf7afd7926ddc8324348b31ae", kill_on_drop: false }`
[INFO] [stdout] bc539e4fd36d28ae8829c327134f6bfa99f453bbf7afd7926ddc8324348b31ae
[INFO] running `Command { std: "docker" "create" "-v" "/var/lib/crater-agent-workspace/builds/worker-0-tc2/target:/opt/rustwide/target:rw,Z" "-v" "/var/lib/crater-agent-workspace/builds/worker-0-tc2/source:/opt/rustwide/workdir:ro,Z" "-v" "/var/lib/crater-agent-workspace/cargo-home:/opt/rustwide/cargo-home:ro,Z" "-v" "/var/lib/crater-agent-workspace/rustup-home:/opt/rustwide/rustup-home:ro,Z" "-e" "SOURCE_DIR=/opt/rustwide/workdir" "-e" "CARGO_TARGET_DIR=/opt/rustwide/target" "-e" "CARGO_INCREMENTAL=0" "-e" "RUST_BACKTRACE=full" "-e" "RUSTFLAGS=--cap-lints=warn" "-e" "RUSTDOCFLAGS=--cap-lints=warn" "-e" "CARGO_HOME=/opt/rustwide/cargo-home" "-e" "RUSTUP_HOME=/opt/rustwide/rustup-home" "-w" "/opt/rustwide/workdir" "-m" "1610612736" "--user" "0:0" "--network" "none" "ghcr.io/rust-lang/crates-build-env/linux@sha256:2788e3201cd34a07e3172128adcd8b3090168a8e3bcc40d7c032b9dda1df7d1c" "/opt/rustwide/cargo-home/bin/cargo" "+beta-2023-12-22" "doc" "--frozen" "--no-deps" "--document-private-items" "--message-format=json", kill_on_drop: false }`
[INFO] [stdout] 72a26fa9eb3f621da568aa12d83fd4b72202a0114d1bd3933ee69e5e7a21bbfd
[INFO] running `Command { std: "docker" "start" "-a" "72a26fa9eb3f621da568aa12d83fd4b72202a0114d1bd3933ee69e5e7a21bbfd", kill_on_drop: false }`
[INFO] [stderr]    Compiling unicode-xid v0.1.0
[INFO] [stderr]    Compiling proc-macro2 v0.4.27
[INFO] [stderr]    Compiling libc v0.2.48
[INFO] [stderr]    Compiling serde v1.0.86
[INFO] [stderr]     Checking cfg-if v0.1.6
[INFO] [stderr]    Compiling cc v1.0.28
[INFO] [stderr]     Checking lazy_static v1.2.0
[INFO] [stderr]    Compiling num-traits v0.2.6
[INFO] [stderr]    Compiling arrayvec v0.4.10
[INFO] [stderr]     Checking scopeguard v0.3.3
[INFO] [stderr]     Checking nodrop v0.1.13
[INFO] [stderr]     Checking byteorder v1.2.7
[INFO] [stderr]    Compiling autocfg v0.1.2
[INFO] [stderr]     Checking memoffset v0.2.1
[INFO] [stderr]    Compiling semver-parser v0.7.0
[INFO] [stderr]     Checking void v1.0.2
[INFO] [stderr]     Checking rand_core v0.4.0
[INFO] [stderr]     Checking bitflags v1.0.4
[INFO] [stderr]    Compiling pkg-config v0.3.14
[INFO] [stderr]     Checking crossbeam-utils v0.6.5
[INFO] [stderr]     Checking stable_deref_trait v1.1.1
[INFO] [stderr]     Checking crossbeam-utils v0.2.2
[INFO] [stderr]     Checking unreachable v1.0.0
[INFO] [stderr]    Compiling rayon-core v1.4.1
[INFO] [stderr]     Checking owning_ref v0.4.0
[INFO] [stderr]     Checking either v1.5.0
[INFO] [stderr]     Checking rand_core v0.3.1
[INFO] [stderr]    Compiling num-integer v0.1.39
[INFO] [stderr]    Compiling semver v0.9.0
[INFO] [stderr]    Compiling xml-rs v0.8.0
[INFO] [stderr]     Checking lock_api v0.1.5
[INFO] [stderr]    Compiling rayon v1.0.3
[INFO] [stderr]     Checking rustc-demangle v0.1.13
[INFO] [stderr]    Compiling backtrace v0.3.13
[INFO] [stderr]    Compiling rand_chacha v0.1.1
[INFO] [stderr]     Checking crossbeam-utils v0.5.0
[INFO] [stderr]    Compiling num-complex v0.2.1
[INFO] [stderr]    Compiling rustc_version v0.2.3
[INFO] [stderr]    Compiling rand v0.6.5
[INFO] [stderr]     Checking rand_hc v0.1.0
[INFO] [stderr]     Checking rand_xorshift v0.1.1
[INFO] [stderr]    Compiling parking_lot_core v0.3.1
[INFO] [stderr]    Compiling rand_pcg v0.1.1
[INFO] [stderr]     Checking rand_isaac v0.1.1
[INFO] [stderr]     Checking rustc-hash v1.0.1
[INFO] [stderr]     Checking stb_truetype v0.2.6
[INFO] [stderr]     Checking rand_jitter v0.1.2
[INFO] [stderr]    Compiling quote v0.6.11
[INFO] [stderr]     Checking owning_ref v0.3.3
[INFO] [stderr]    Compiling nix v0.12.0
[INFO] [stderr]    Compiling nonzero_signed v1.0.3
[INFO] [stderr]     Checking crossbeam-epoch v0.3.1
[INFO] [stderr]     Checking crossbeam-epoch v0.7.1
[INFO] [stderr]     Checking crossbeam-epoch v0.5.2
[INFO] [stderr]     Checking crossbeam-epoch v0.6.1
[INFO] [stderr]     Checking num_cpus v1.9.0
[INFO] [stderr]     Checking rand v0.4.6
[INFO] [stderr]    Compiling syn v0.15.26
[INFO] [stderr]     Checking rand v0.5.6
[INFO] [stderr]    Compiling wayland-scanner v0.21.11
[INFO] [stderr]     Checking rand_os v0.1.2
[INFO] [stderr]     Checking crossbeam-deque v0.7.1
[INFO] [stderr]     Checking mint v0.5.1
[INFO] [stderr]    Compiling typenum v1.10.0
[INFO] [stderr]     Checking linked-hash-map v0.5.1
[INFO] [stderr]     Checking crossbeam-deque v0.5.2
[INFO] [stderr]     Checking crossbeam-deque v0.2.0
[INFO] [stderr]     Checking approx v0.3.1
[INFO] [stderr]     Checking ordered-float v1.0.1
[INFO] [stderr]     Checking fxhash v0.2.1
[INFO] [stderr]    Compiling proc-macro2 v0.3.8
[INFO] [stderr]    Compiling backtrace-sys v0.1.28
[INFO] [stderr]    Compiling libloading v0.5.0
[INFO] [stderr]    Compiling matrixmultiply v0.1.15
[INFO] [stderr]     Checking atom v0.3.5
[INFO] [stderr]     Checking rusttype v0.7.4
[INFO] [stderr]    Compiling khronos_api v2.2.0
[INFO] [stderr]     Checking mopa v0.2.2
[INFO] [stderr]     Checking fnv v1.0.6
[INFO] [stderr]     Checking libm v0.1.2
[INFO] [stderr]     Checking tuple_utils v0.2.0
[INFO] [stderr]    Compiling quote v0.5.2
[INFO] [stderr]     Checking same-file v1.0.4
[INFO] [stderr]    Compiling khronos_api v3.0.0
[INFO] [stderr]     Checking rawpointer v0.1.0
[INFO] [stderr]     Checking futures v0.1.25
[INFO] [stderr]     Checking walkdir v2.2.7
[INFO] [stderr]     Checking dlib v0.4.1
[INFO] [stderr]    Compiling syn v0.13.11
[INFO] [stderr]     Checking wayland-sys v0.21.11
[INFO] [stderr]    Compiling parking_lot_core v0.4.0
[INFO] [stderr]    Compiling xml-rs v0.7.0
[INFO] [stderr]    Compiling cmake v0.1.35
[INFO] [stderr]     Checking downcast-rs v1.0.3
[INFO] [stderr]    Compiling num-iter v0.1.37
[INFO] [stderr]    Compiling num-bigint v0.2.2
[INFO] [stderr]     Checking line_drawing v0.7.0
[INFO] [stderr]     Checking num-traits v0.1.43
[INFO] [stderr]    Compiling x11-dl v2.18.3
[INFO] [stderr]     Checking base64 v0.10.1
[INFO] [stderr]     Checking xdg v2.2.0
[INFO] [stderr]     Checking approx v0.1.1
[INFO] [stderr]    Compiling num-rational v0.2.1
[INFO] [stderr]     Checking memmap v0.7.0
[INFO] [stderr]     Checking generic-array v0.11.1
[INFO] [stderr]     Checking adler32 v1.0.3
[INFO] [stderr]    Compiling num-derive v0.2.4
[INFO] [stderr]     Checking shared_library v0.1.9
[INFO] [stderr]     Checking percent-encoding v1.0.1
[INFO] [stderr]     Checking lzw v0.10.0
[INFO] [stderr]    Compiling cgmath v0.16.1
[INFO] [stderr]    Compiling unicode-xid v0.0.4
[INFO] [stderr]    Compiling wayland-client v0.21.11
[INFO] [stderr]    Compiling wayland-protocols v0.21.11
[INFO] [stderr]     Checking error-chain v0.12.0
[INFO] [stderr]    Compiling failure_derive v0.1.5
[INFO] [stderr]    Compiling synom v0.11.3
[INFO] [stderr]     Checking andrew v0.1.6
[INFO] [stderr]     Checking osmesa-sys v0.1.2
[INFO] [stderr]     Checking deflate v0.7.19
[INFO] [stderr]     Checking hibitset v0.5.4
[INFO] [stderr]     Checking inflate v0.4.4
[INFO] [stderr]    Compiling servo-freetype-sys v4.0.5
[INFO] [stderr]     Checking color_quant v1.0.1
[INFO] [stderr]    Compiling quote v0.3.15
[INFO] [stderr]     Checking gif v0.10.1
[INFO] [stderr]     Checking jpeg-decoder v0.1.15
[INFO] [stderr]    Compiling expat-sys v2.1.6
[INFO] [stderr]     Checking scoped_threadpool v0.1.9
[INFO] [stderr]    Compiling minimp3-sys v0.3.1
[INFO] [stderr]    Compiling syn v0.11.11
[INFO] [stderr]    Compiling alsa-sys v0.1.2
[INFO] [stderr]     Checking wavefront_obj v5.1.0
[INFO] [stderr]     Checking png v0.12.0
[INFO] [stderr]     Checking hetseq v0.2.0
[INFO] [stderr]    Compiling xcb v0.8.2
[INFO] [stderr]    Compiling servo-fontconfig-sys v4.0.7
[INFO] [stderr]     Checking siphasher v0.2.3
[INFO] [stderr]    Compiling build_const v0.2.1
[INFO] [stderr]     Checking phf_shared v0.7.24
[INFO] [stderr]    Compiling crc v1.8.1
[INFO] [stderr]     Checking wayland-commons v0.21.11
[INFO] [stderr]    Compiling time v0.1.42
[INFO] [stderr]     Checking rand v0.3.23
[INFO] [stderr]     Checking slice-deque v0.1.16
[INFO] [stderr]     Checking ogg v0.7.0
[INFO] [stderr]    Compiling synstructure v0.10.1
[INFO] [stderr]     Checking xi-unicode v0.1.0
[INFO] [stderr]     Checking unicode-width v0.1.5
[INFO] [stderr]     Checking textwrap v0.10.0
[INFO] [stderr]     Checking cgmath v0.14.1
[INFO] [stderr] error: failed to run custom build command for `xcb v0.8.2`
[INFO] [stderr] note: To improve backtraces for build dependencies, set the CARGO_PROFILE_DEV_BUILD_OVERRIDE_DEBUG=true environment variable to enable debug information generation.
[INFO] [stderr] 
[INFO] [stderr] Caused by:
[INFO] [stderr]   process didn't exit successfully: `/opt/rustwide/target/debug/build/xcb-d3fcd41aaf900f3c/build-script-build` (exit status: 101)
[INFO] [stderr]   --- stderr
[INFO] [stderr]   error occured in handler:  ('request: ', ('xcb', 'SELinux', 'GetClientContext'))
[INFO] [stderr]   Traceback (most recent call last):
[INFO] [stderr]     File "/opt/rustwide/cargo-home/registry/src/index.crates.io-6f17d22bba15001f/xcb-0.8.2/rs_client.py", line 2448, in <module>
[INFO] [stderr]       module.generate()
[INFO] [stderr]     File "/opt/rustwide/cargo-home/registry/src/index.crates.io-6f17d22bba15001f/xcb-0.8.2/xcbgen/state.py", line 108, in generate
[INFO] [stderr]       self.close()
[INFO] [stderr]     File "/opt/rustwide/cargo-home/registry/src/index.crates.io-6f17d22bba15001f/xcb-0.8.2/rs_client.py", line 296, in rs_close
[INFO] [stderr]       _f.writeout(os.path.join(module.rs_srcdir, "ffi", "%s.rs" % _module_name(_ns.ext_name)))
[INFO] [stderr]     File "/opt/rustwide/cargo-home/registry/src/index.crates.io-6f17d22bba15001f/xcb-0.8.2/rs_client.py", line 114, in writeout
[INFO] [stderr]       with open(path, 'w') as f:
[INFO] [stderr]   OSError: [Errno 30] Read-only file system: '/opt/rustwide/cargo-home/registry/src/index.crates.io-6f17d22bba15001f/xcb-0.8.2/src/ffi/selinux.rs'
[INFO] [stderr]   thread 'main' panicked at /opt/rustwide/cargo-home/registry/src/index.crates.io-6f17d22bba15001f/xcb-0.8.2/build.rs:75:17:
[INFO] [stderr]   processing of /opt/rustwide/cargo-home/registry/src/index.crates.io-6f17d22bba15001f/xcb-0.8.2/xml/xselinux.xml returned non-zero (1)
[INFO] [stderr]   stack backtrace:
[INFO] [stderr]      0:     0x5651cbe75376 - std::backtrace_rs::backtrace::libunwind::trace::h261606ad26a499c1
[INFO] [stderr]                                  at /rustc/0e09125c6c3c2fd70d7de961bcf0e51575235fad/library/std/src/../../backtrace/src/backtrace/libunwind.rs:104:5
[INFO] [stderr]      1:     0x5651cbe75376 - std::backtrace_rs::backtrace::trace_unsynchronized::hd183f0625477fb28
[INFO] [stderr]                                  at /rustc/0e09125c6c3c2fd70d7de961bcf0e51575235fad/library/std/src/../../backtrace/src/backtrace/mod.rs:66:5
[INFO] [stderr]      2:     0x5651cbe75376 - std::sys_common::backtrace::_print_fmt::hd7f8fef21b4eda67
[INFO] [stderr]                                  at /rustc/0e09125c6c3c2fd70d7de961bcf0e51575235fad/library/std/src/sys_common/backtrace.rs:68:5
[INFO] [stderr]      3:     0x5651cbe75376 - <std::sys_common::backtrace::_print::DisplayBacktrace as core::fmt::Display>::fmt::h623d9b51f2f453f1
[INFO] [stderr]                                  at /rustc/0e09125c6c3c2fd70d7de961bcf0e51575235fad/library/std/src/sys_common/backtrace.rs:44:22
[INFO] [stderr]      4:     0x5651cbe97aa0 - core::fmt::rt::Argument::fmt::h9f417ac76a86f368
[INFO] [stderr]                                  at /rustc/0e09125c6c3c2fd70d7de961bcf0e51575235fad/library/core/src/fmt/rt.rs:142:9
[INFO] [stderr]      5:     0x5651cbe97aa0 - core::fmt::write::hc9b6faf4ac2aeff7
[INFO] [stderr]                                  at /rustc/0e09125c6c3c2fd70d7de961bcf0e51575235fad/library/core/src/fmt/mod.rs:1120:17
[INFO] [stderr]      6:     0x5651cbe733ef - std::io::Write::write_fmt::hfead1eee52c2e65e
[INFO] [stderr]                                  at /rustc/0e09125c6c3c2fd70d7de961bcf0e51575235fad/library/std/src/io/mod.rs:1810:15
[INFO] [stderr]      7:     0x5651cbe75154 - std::sys_common::backtrace::_print::hd5d66399c7df88a2
[INFO] [stderr]                                  at /rustc/0e09125c6c3c2fd70d7de961bcf0e51575235fad/library/std/src/sys_common/backtrace.rs:47:5
[INFO] [stderr]      8:     0x5651cbe75154 - std::sys_common::backtrace::print::he81ed2da642d37e5
[INFO] [stderr]                                  at /rustc/0e09125c6c3c2fd70d7de961bcf0e51575235fad/library/std/src/sys_common/backtrace.rs:34:9
[INFO] [stderr]      9:     0x5651cbe76847 - std::panicking::default_hook::{{closure}}::h85773f4fa117163d
[INFO] [stderr]     10:     0x5651cbe765a9 - std::panicking::default_hook::h6a1694a91d09b278
[INFO] [stderr]                                  at /rustc/0e09125c6c3c2fd70d7de961bcf0e51575235fad/library/std/src/panicking.rs:292:9
[INFO] [stderr]     11:     0x5651cbe76cd8 - std::panicking::rust_panic_with_hook::h0a7ad96e90f7145b
[INFO] [stderr]                                  at /rustc/0e09125c6c3c2fd70d7de961bcf0e51575235fad/library/std/src/panicking.rs:779:13
[INFO] [stderr]     12:     0x5651cbe76bb2 - std::panicking::begin_panic_handler::{{closure}}::h7919090525c6485e
[INFO] [stderr]                                  at /rustc/0e09125c6c3c2fd70d7de961bcf0e51575235fad/library/std/src/panicking.rs:657:13
[INFO] [stderr]     13:     0x5651cbe75876 - std::sys_common::backtrace::__rust_end_short_backtrace::hf3289479464f7dfe
[INFO] [stderr]                                  at /rustc/0e09125c6c3c2fd70d7de961bcf0e51575235fad/library/std/src/sys_common/backtrace.rs:171:18
[INFO] [stderr]     14:     0x5651cbe76910 - rust_begin_unwind
[INFO] [stderr]                                  at /rustc/0e09125c6c3c2fd70d7de961bcf0e51575235fad/library/std/src/panicking.rs:645:5
[INFO] [stderr]     15:     0x5651cbe4f285 - core::panicking::panic_fmt::hcc9f77c5c132af55
[INFO] [stderr]                                  at /rustc/0e09125c6c3c2fd70d7de961bcf0e51575235fad/library/core/src/panicking.rs:72:14
[INFO] [stderr]     16:     0x5651cbe551b1 - build_script_build::main::{{closure}}::h2ad287f98f2fe217
[INFO] [stderr]     17:     0x5651cbe540a3 - build_script_build::visit_xml::h4d692c515cbd28b7
[INFO] [stderr]     18:     0x5651cbe54743 - build_script_build::main::h5269d6465b4dce3d
[INFO] [stderr]     19:     0x5651cbe50df3 - core::ops::function::FnOnce::call_once::hefcff78ccd513ed0
[INFO] [stderr]     20:     0x5651cbe4fdd6 - std::sys_common::backtrace::__rust_begin_short_backtrace::h0003837849dc76b2
[INFO] [stderr]     21:     0x5651cbe50509 - std::rt::lang_start::{{closure}}::hca28079c4f7862f3
[INFO] [stderr]     22:     0x5651cbe6ffd1 - core::ops::function::impls::<impl core::ops::function::FnOnce<A> for &F>::call_once::h4eb4c5e1620f29b0
[INFO] [stderr]                                  at /rustc/0e09125c6c3c2fd70d7de961bcf0e51575235fad/library/core/src/ops/function.rs:284:13
[INFO] [stderr]     23:     0x5651cbe6ffd1 - std::panicking::try::do_call::h73fd26535faffcdf
[INFO] [stderr]                                  at /rustc/0e09125c6c3c2fd70d7de961bcf0e51575235fad/library/std/src/panicking.rs:552:40
[INFO] [stderr]     24:     0x5651cbe6ffd1 - std::panicking::try::h77ff1d98f0fb9f39
[INFO] [stderr]                                  at /rustc/0e09125c6c3c2fd70d7de961bcf0e51575235fad/library/std/src/panicking.rs:516:19
[INFO] [stderr]     25:     0x5651cbe6ffd1 - std::panic::catch_unwind::hab3caf2448b95e37
[INFO] [stderr]                                  at /rustc/0e09125c6c3c2fd70d7de961bcf0e51575235fad/library/std/src/panic.rs:142:14
[INFO] [stderr]     26:     0x5651cbe6ffd1 - std::rt::lang_start_internal::{{closure}}::h8086711f9c783f78
[INFO] [stderr]                                  at /rustc/0e09125c6c3c2fd70d7de961bcf0e51575235fad/library/std/src/rt.rs:148:48
[INFO] [stderr]     27:     0x5651cbe6ffd1 - std::panicking::try::do_call::hf920d4dc291cd6ca
[INFO] [stderr]                                  at /rustc/0e09125c6c3c2fd70d7de961bcf0e51575235fad/library/std/src/panicking.rs:552:40
[INFO] [stderr]     28:     0x5651cbe6ffd1 - std::panicking::try::h2b806ccc0a85db74
[INFO] [stderr]                                  at /rustc/0e09125c6c3c2fd70d7de961bcf0e51575235fad/library/std/src/panicking.rs:516:19
[INFO] [stderr]     29:     0x5651cbe6ffd1 - std::panic::catch_unwind::h038489539c507df2
[INFO] [stderr]                                  at /rustc/0e09125c6c3c2fd70d7de961bcf0e51575235fad/library/std/src/panic.rs:142:14
[INFO] [stderr]     30:     0x5651cbe6ffd1 - std::rt::lang_start_internal::h28503b88912e8a5c
[INFO] [stderr]                                  at /rustc/0e09125c6c3c2fd70d7de961bcf0e51575235fad/library/std/src/rt.rs:148:20
[INFO] [stderr]     31:     0x5651cbe504e7 - std::rt::lang_start::he3df619fb9b2e0b5
[INFO] [stderr]     32:     0x5651cbe55235 - main
[INFO] [stderr]     33:     0x7ff3de289d90 - <unknown>
[INFO] [stderr]     34:     0x7ff3de289e40 - __libc_start_main
[INFO] [stderr]     35:     0x5651cbe4f9b5 - _start
[INFO] [stderr]     36:                0x0 - <unknown>
[INFO] [stderr] warning: build failed, waiting for other jobs to finish...
[INFO] running `Command { std: "docker" "inspect" "72a26fa9eb3f621da568aa12d83fd4b72202a0114d1bd3933ee69e5e7a21bbfd", kill_on_drop: false }`
[INFO] running `Command { std: "docker" "rm" "-f" "72a26fa9eb3f621da568aa12d83fd4b72202a0114d1bd3933ee69e5e7a21bbfd", kill_on_drop: false }`
[INFO] [stdout] 72a26fa9eb3f621da568aa12d83fd4b72202a0114d1bd3933ee69e5e7a21bbfd
