[INFO] cloning repository https://github.com/JonahHenriksson/fuse
[INFO] running `Command { std: "git" "-c" "credential.helper=" "-c" "credential.helper=/workspace/cargo-home/bin/git-credential-null" "clone" "--bare" "https://github.com/JonahHenriksson/fuse" "/workspace/cache/git-repos/https%3A%2F%2Fgithub.com%2FJonahHenriksson%2Ffuse", kill_on_drop: false }`
[INFO] [stderr] Cloning into bare repository '/workspace/cache/git-repos/https%3A%2F%2Fgithub.com%2FJonahHenriksson%2Ffuse'...
[INFO] running `Command { std: "git" "rev-parse" "HEAD", kill_on_drop: false }`
[INFO] [stdout] dd8d2778582d50772d24c3a5f393441400eaad5e
[INFO] documenting JonahHenriksson/fuse against 1.75.0 for beta-1.76-rustdoc-1
[INFO] running `Command { std: "git" "clone" "/workspace/cache/git-repos/https%3A%2F%2Fgithub.com%2FJonahHenriksson%2Ffuse" "/workspace/builds/worker-1-tc1/source", kill_on_drop: false }`
[INFO] [stderr] Cloning into '/workspace/builds/worker-1-tc1/source'...
[INFO] [stderr] done.
[INFO] validating manifest of git repo https://github.com/JonahHenriksson/fuse on toolchain 1.75.0
[INFO] running `Command { std: CARGO_HOME="/workspace/cargo-home" RUSTUP_HOME="/workspace/rustup-home" "/workspace/cargo-home/bin/cargo" "+1.75.0" "metadata" "--manifest-path" "Cargo.toml" "--no-deps", kill_on_drop: false }`
[INFO] started tweaking git repo https://github.com/JonahHenriksson/fuse
[INFO] finished tweaking git repo https://github.com/JonahHenriksson/fuse
[INFO] tweaked toml for git repo https://github.com/JonahHenriksson/fuse written to /workspace/builds/worker-1-tc1/source/Cargo.toml
[INFO] crate git repo https://github.com/JonahHenriksson/fuse already has a lockfile, it will not be regenerated
[INFO] running `Command { std: CARGO_HOME="/workspace/cargo-home" RUSTUP_HOME="/workspace/rustup-home" "/workspace/cargo-home/bin/cargo" "+1.75.0" "fetch" "--manifest-path" "Cargo.toml", kill_on_drop: false }`
[INFO] [stderr]     Updating crates.io index
[INFO] [stderr]  Downloading crates ...
[INFO] [stderr]   Downloaded sass-sys v0.4.22
[INFO] [stderr]   Downloaded sass-rs v0.2.2
[INFO] running `Command { std: "docker" "create" "-v" "/var/lib/crater-agent-workspace/builds/worker-1-tc1/target:/opt/rustwide/target:rw,Z" "-v" "/var/lib/crater-agent-workspace/builds/worker-1-tc1/source:/opt/rustwide/workdir:ro,Z" "-v" "/var/lib/crater-agent-workspace/cargo-home:/opt/rustwide/cargo-home:ro,Z" "-v" "/var/lib/crater-agent-workspace/rustup-home:/opt/rustwide/rustup-home:ro,Z" "-e" "SOURCE_DIR=/opt/rustwide/workdir" "-e" "CARGO_TARGET_DIR=/opt/rustwide/target" "-e" "CARGO_HOME=/opt/rustwide/cargo-home" "-e" "RUSTUP_HOME=/opt/rustwide/rustup-home" "-w" "/opt/rustwide/workdir" "-m" "1610612736" "--user" "0:0" "--network" "none" "ghcr.io/rust-lang/crates-build-env/linux@sha256:2788e3201cd34a07e3172128adcd8b3090168a8e3bcc40d7c032b9dda1df7d1c" "/opt/rustwide/cargo-home/bin/cargo" "+1.75.0" "metadata" "--no-deps" "--format-version=1", kill_on_drop: false }`
[INFO] [stdout] 602f27533b7063de6cc69f07912053c07426075d67c123146e3ade825afe7328
[INFO] running `Command { std: "docker" "start" "-a" "602f27533b7063de6cc69f07912053c07426075d67c123146e3ade825afe7328", kill_on_drop: false }`
[INFO] running `Command { std: "docker" "inspect" "602f27533b7063de6cc69f07912053c07426075d67c123146e3ade825afe7328", kill_on_drop: false }`
[INFO] running `Command { std: "docker" "rm" "-f" "602f27533b7063de6cc69f07912053c07426075d67c123146e3ade825afe7328", kill_on_drop: false }`
[INFO] [stdout] 602f27533b7063de6cc69f07912053c07426075d67c123146e3ade825afe7328
[INFO] running `Command { std: "docker" "create" "-v" "/var/lib/crater-agent-workspace/builds/worker-1-tc1/target:/opt/rustwide/target:rw,Z" "-v" "/var/lib/crater-agent-workspace/builds/worker-1-tc1/source:/opt/rustwide/workdir:ro,Z" "-v" "/var/lib/crater-agent-workspace/cargo-home:/opt/rustwide/cargo-home:ro,Z" "-v" "/var/lib/crater-agent-workspace/rustup-home:/opt/rustwide/rustup-home:ro,Z" "-e" "SOURCE_DIR=/opt/rustwide/workdir" "-e" "CARGO_TARGET_DIR=/opt/rustwide/target" "-e" "CARGO_INCREMENTAL=0" "-e" "RUST_BACKTRACE=full" "-e" "RUSTFLAGS=--cap-lints=warn" "-e" "RUSTDOCFLAGS=--cap-lints=warn" "-e" "CARGO_HOME=/opt/rustwide/cargo-home" "-e" "RUSTUP_HOME=/opt/rustwide/rustup-home" "-w" "/opt/rustwide/workdir" "-m" "1610612736" "--user" "0:0" "--network" "none" "ghcr.io/rust-lang/crates-build-env/linux@sha256:2788e3201cd34a07e3172128adcd8b3090168a8e3bcc40d7c032b9dda1df7d1c" "/opt/rustwide/cargo-home/bin/cargo" "+1.75.0" "doc" "--frozen" "--no-deps" "--document-private-items" "--message-format=json", kill_on_drop: false }`
[INFO] [stdout] 76f062fe9e2f3e178b100c9abb495e25cf6be4cc43d80b2829a90a147826cf2d
[INFO] running `Command { std: "docker" "start" "-a" "76f062fe9e2f3e178b100c9abb495e25cf6be4cc43d80b2829a90a147826cf2d", kill_on_drop: false }`
[INFO] [stderr]    Compiling libc v0.2.97
[INFO] [stderr]    Compiling log v0.4.14
[INFO] [stderr]    Compiling syn v1.0.73
[INFO] [stderr]    Compiling futures-core v0.3.15
[INFO] [stderr]    Compiling tokio v1.7.1
[INFO] [stderr]    Compiling proc-macro2 v1.0.27
[INFO] [stderr]     Checking http v0.2.4
[INFO] [stderr]     Checking lock_api v0.4.4
[INFO] [stderr]    Compiling futures-task v0.3.15
[INFO] [stderr]     Checking futures-sink v0.3.15
[INFO] [stderr]    Compiling futures-util v0.3.15
[INFO] [stderr]    Compiling httparse v1.4.1
[INFO] [stderr]     Checking once_cell v1.8.0
[INFO] [stderr]     Checking tinyvec v1.2.0
[INFO] [stderr]     Checking slab v0.4.3
[INFO] [stderr]     Checking unicode-bidi v0.3.5
[INFO] [stderr]     Checking quick-error v1.2.3
[INFO] [stderr]    Compiling futures-channel v0.3.15
[INFO] [stderr]     Checking cpufeatures v0.1.5
[INFO] [stderr]    Compiling serde v1.0.126
[INFO] [stderr]     Checking sha-1 v0.9.6
[INFO] [stderr]     Checking tracing-core v0.1.18
[INFO] [stderr]    Compiling mime_guess v2.0.3
[INFO] [stderr]     Checking unicase v2.6.0
[INFO] [stderr]     Checking input_buffer v0.4.0
[INFO] [stderr]     Checking regex-syntax v0.6.25
[INFO] [stderr]     Checking utf-8 v0.7.6
[INFO] [stderr]     Checking try-lock v0.2.3
[INFO] [stderr]    Compiling serde_json v1.0.64
[INFO] [stderr]     Checking safemem v0.3.3
[INFO] [stderr]    Compiling quote v1.0.9
[INFO] [stderr]     Checking want v0.3.0
[INFO] [stderr]     Checking buf_redux v0.8.4
[INFO] [stderr]     Checking tracing v0.1.26
[INFO] [stderr]     Checking humantime v1.3.0
[INFO] [stderr]     Checking twoway v0.1.8
[INFO] [stderr]     Checking futures-io v0.3.15
[INFO] [stderr]     Checking tower-service v0.3.1
[INFO] [stderr]     Checking termcolor v1.1.2
[INFO] [stderr]     Checking httpdate v1.0.1
[INFO] [stderr]     Checking unicode-normalization v0.1.19
[INFO] [stderr]    Compiling num_cpus v1.13.0
[INFO] [stderr]     Checking parking_lot_core v0.8.3
[INFO] [stderr]     Checking getrandom v0.2.3
[INFO] [stderr]     Checking mio v0.7.13
[INFO] [stderr]     Checking signal-hook-registry v1.4.0
[INFO] [stderr]     Checking getrandom v0.1.16
[INFO] [stderr]     Checking socket2 v0.4.0
[INFO] [stderr]     Checking atty v0.2.14
[INFO] [stderr]     Checking time v0.1.43
[INFO] [stderr]     Checking rand_core v0.6.3
[INFO] [stderr]     Checking rand_core v0.5.1
[INFO] [stderr]     Checking parking_lot v0.11.1
[INFO] [stderr]    Compiling sass-sys v0.4.22
[INFO] [stderr]     Checking rand_chacha v0.3.1
[INFO] [stderr]     Checking rand_chacha v0.2.2
[INFO] [stderr]     Checking rand v0.8.4
[INFO] [stderr]     Checking rand v0.7.3
[INFO] [stderr]     Checking idna v0.2.3
[INFO] [stderr]     Checking http-body v0.4.2
[INFO] [stderr]     Checking headers-core v0.2.0
[INFO] [stderr]     Checking headers v0.3.4
[INFO] [stderr]     Checking tempfile v3.2.0
[INFO] [stderr]     Checking regex v1.5.4
[INFO] [stderr]     Checking url v2.2.2
[INFO] [stderr]     Checking multipart v0.17.1
[INFO] [stderr] error: could not compile `futures-util` (lib)
[INFO] [stderr] 
[INFO] [stderr] Caused by:
[INFO] [stderr]   process didn't exit successfully: `/opt/rustwide/rustup-home/toolchains/1.75.0-x86_64-unknown-linux-gnu/bin/rustc --crate-name futures_util --edition=2018 /opt/rustwide/cargo-home/registry/src/index.crates.io-6f17d22bba15001f/futures-util-0.3.15/src/lib.rs --error-format=json --json=diagnostic-rendered-ansi,artifacts,future-incompat --crate-type lib --emit=dep-info,metadata -C embed-bitcode=no -C debuginfo=2 --cfg 'feature="alloc"' --cfg 'feature="async-await"' --cfg 'feature="futures-sink"' --cfg 'feature="sink"' --cfg 'feature="slab"' --cfg 'feature="std"' -C metadata=acf859dfdf2cffda -C extra-filename=-acf859dfdf2cffda --out-dir /opt/rustwide/target/debug/deps -L dependency=/opt/rustwide/target/debug/deps --extern futures_core=/opt/rustwide/target/debug/deps/libfutures_core-9a801d892e841ba4.rmeta --extern futures_sink=/opt/rustwide/target/debug/deps/libfutures_sink-98456cbfeb4cb25d.rmeta --extern futures_task=/opt/rustwide/target/debug/deps/libfutures_task-89e1b00b77eed133.rmeta --extern pin_project_lite=/opt/rustwide/target/debug/deps/libpin_project_lite-2b9ecbb33d3b593e.rmeta --extern pin_utils=/opt/rustwide/target/debug/deps/libpin_utils-38cc9786f592813e.rmeta --extern slab=/opt/rustwide/target/debug/deps/libslab-2e214e1e938d29e4.rmeta --cap-lints allow --cap-lints=warn --cfg fn_like_proc_macro` (signal: 9, SIGKILL: kill)
[INFO] [stderr] warning: build failed, waiting for other jobs to finish...
[INFO] [stderr] error: could not compile `serde` (lib)
[INFO] [stderr] 
[INFO] [stderr] Caused by:
[INFO] [stderr]   process didn't exit successfully: `/opt/rustwide/rustup-home/toolchains/1.75.0-x86_64-unknown-linux-gnu/bin/rustc --crate-name serde /opt/rustwide/cargo-home/registry/src/index.crates.io-6f17d22bba15001f/serde-1.0.126/src/lib.rs --error-format=json --json=diagnostic-rendered-ansi,artifacts,future-incompat --crate-type lib --emit=dep-info,metadata -C embed-bitcode=no -C debuginfo=2 --cfg 'feature="default"' --cfg 'feature="std"' -C metadata=04f6bc48093d9cbe -C extra-filename=-04f6bc48093d9cbe --out-dir /opt/rustwide/target/debug/deps -L dependency=/opt/rustwide/target/debug/deps --cap-lints allow --cap-lints=warn --cfg ops_bound --cfg core_reverse --cfg de_boxed_c_str --cfg de_boxed_path --cfg de_rc_dst --cfg core_duration --cfg integer128 --cfg range_inclusive --cfg num_nonzero --cfg serde_derive --cfg core_try_from --cfg num_nonzero_signed --cfg systemtime_checked_add --cfg std_atomic64 --cfg std_atomic` (signal: 9, SIGKILL: kill)
[INFO] [stderr] error: could not compile `syn` (lib)
[INFO] [stderr] 
[INFO] [stderr] Caused by:
[INFO] [stderr]   process didn't exit successfully: `/opt/rustwide/rustup-home/toolchains/1.75.0-x86_64-unknown-linux-gnu/bin/rustc --crate-name syn --edition=2018 /opt/rustwide/cargo-home/registry/src/index.crates.io-6f17d22bba15001f/syn-1.0.73/src/lib.rs --error-format=json --json=diagnostic-rendered-ansi,artifacts,future-incompat --crate-type lib --emit=dep-info,metadata,link -C embed-bitcode=no --cfg 'feature="clone-impls"' --cfg 'feature="default"' --cfg 'feature="derive"' --cfg 'feature="full"' --cfg 'feature="parsing"' --cfg 'feature="printing"' --cfg 'feature="proc-macro"' --cfg 'feature="quote"' --cfg 'feature="visit-mut"' -C metadata=4bc54b02d0e8f904 -C extra-filename=-4bc54b02d0e8f904 --out-dir /opt/rustwide/target/debug/deps -L dependency=/opt/rustwide/target/debug/deps --extern proc_macro2=/opt/rustwide/target/debug/deps/libproc_macro2-2cabad8784438d12.rmeta --extern quote=/opt/rustwide/target/debug/deps/libquote-ad861350c3f85d06.rmeta --extern unicode_xid=/opt/rustwide/target/debug/deps/libunicode_xid-2f52ff0a6e779e96.rmeta --cap-lints allow --cap-lints=warn --cfg syn_disable_nightly_tests` (signal: 9, SIGKILL: kill)
[INFO] [stderr] error: failed to run custom build command for `sass-sys v0.4.22`
[INFO] [stderr] note: To improve backtraces for build dependencies, set the CARGO_PROFILE_DEV_BUILD_OVERRIDE_DEBUG=true environment variable to enable debug information generation.
[INFO] [stderr] 
[INFO] [stderr] Caused by:
[INFO] [stderr]   process didn't exit successfully: `/opt/rustwide/target/debug/build/sass-sys-68e043ec6f0436f0/build-script-build` (exit status: 101)
[INFO] [stderr]   --- stdout
[INFO] [stderr]   cargo:rerun-if-env-changed=LIBSASS_NO_PKG_CONFIG
[INFO] [stderr]   cargo:rerun-if-env-changed=PKG_CONFIG
[INFO] [stderr]   cargo:rerun-if-env-changed=LIBSASS_STATIC
[INFO] [stderr]   cargo:rerun-if-env-changed=LIBSASS_DYNAMIC
[INFO] [stderr]   cargo:rerun-if-env-changed=PKG_CONFIG_ALL_STATIC
[INFO] [stderr]   cargo:rerun-if-env-changed=PKG_CONFIG_ALL_DYNAMIC
[INFO] [stderr]   cargo:rerun-if-env-changed=PKG_CONFIG_PATH_x86_64-unknown-linux-gnu
[INFO] [stderr]   cargo:rerun-if-env-changed=PKG_CONFIG_PATH_x86_64_unknown_linux_gnu
[INFO] [stderr]   cargo:rerun-if-env-changed=HOST_PKG_CONFIG_PATH
[INFO] [stderr]   cargo:rerun-if-env-changed=PKG_CONFIG_PATH
[INFO] [stderr]   cargo:rerun-if-env-changed=PKG_CONFIG_LIBDIR_x86_64-unknown-linux-gnu
[INFO] [stderr]   cargo:rerun-if-env-changed=PKG_CONFIG_LIBDIR_x86_64_unknown_linux_gnu
[INFO] [stderr]   cargo:rerun-if-env-changed=HOST_PKG_CONFIG_LIBDIR
[INFO] [stderr]   cargo:rerun-if-env-changed=PKG_CONFIG_LIBDIR
[INFO] [stderr]   cargo:rerun-if-env-changed=PKG_CONFIG_SYSROOT_DIR_x86_64-unknown-linux-gnu
[INFO] [stderr]   cargo:rerun-if-env-changed=PKG_CONFIG_SYSROOT_DIR_x86_64_unknown_linux_gnu
[INFO] [stderr]   cargo:rerun-if-env-changed=HOST_PKG_CONFIG_SYSROOT_DIR
[INFO] [stderr]   cargo:rerun-if-env-changed=PKG_CONFIG_SYSROOT_DIR
[INFO] [stderr] 
[INFO] [stderr]   --- stderr
[INFO] [stderr]   thread 'main' panicked at /opt/rustwide/cargo-home/registry/src/index.crates.io-6f17d22bba15001f/sass-sys-0.4.22/build.rs:107:9:
[INFO] [stderr]   Build error:
[INFO] [stderr]   STDERR:g++: fatal error: Killed signal terminated program cc1plus
[INFO] [stderr]   compilation terminated.
[INFO] [stderr]   make: *** [Makefile:228: src/ast_selectors.o] Error 1
[INFO] [stderr]   make: *** Waiting for unfinished jobs....
[INFO] [stderr]   g++: fatal error: Killed signal terminated program cc1plus
[INFO] [stderr]   compilation terminated.
[INFO] [stderr]   make: *** [Makefile:228: src/fn_maps.o] Error 1
[INFO] [stderr]   g++: fatal error: Killed signal terminated program cc1plus
[INFO] [stderr]   compilation terminated.
[INFO] [stderr]   make: *** [Makefile:228: src/fn_miscs.o] Error 1
[INFO] [stderr]   src/ast_values.cpp: In member function 'virtual size_t Sass::Number::hash() const':
[INFO] [stderr]   src/ast_values.cpp:484:23: warning: loop variable 'numerator' creates a copy from type 'const std::__cxx11::basic_string<char>' [-Wrange-loop-construct]
[INFO] [stderr]     484 |       for (const auto numerator : numerators)
[INFO] [stderr]         |                       ^~~~~~~~~
[INFO] [stderr]   src/ast_values.cpp:484:23: note: use reference type to prevent copying
[INFO] [stderr]     484 |       for (const auto numerator : numerators)
[INFO] [stderr]         |                       ^~~~~~~~~
[INFO] [stderr]         |                       &
[INFO] [stderr]   src/ast_values.cpp:486:23: warning: loop variable 'denominator' creates a copy from type 'const std::__cxx11::basic_string<char>' [-Wrange-loop-construct]
[INFO] [stderr]     486 |       for (const auto denominator : denominators)
[INFO] [stderr]         |                       ^~~~~~~~~~~
[INFO] [stderr]   src/ast_values.cpp:486:23: note: use reference type to prevent copying
[INFO] [stderr]     486 |       for (const auto denominator : denominators)
[INFO] [stderr]         |                       ^~~~~~~~~~~
[INFO] [stderr]         |                       &
[INFO] [stderr]   g++: fatal error: Killed signal terminated program cc1plus
[INFO] [stderr]   compilation terminated.
[INFO] [stderr]   make: *** [Makefile:228: src/ast_sel_unify.o] Error 1
[INFO] [stderr]   g++: fatal error: Killed signal terminated program cc1plus
[INFO] [stderr]   compilation terminated.
[INFO] [stderr]   make: *** [Makefile:228: src/ast_sel_cmp.o] Error 1
[INFO] [stderr]   g++: fatal error: Killed signal terminated program cc1plus
[INFO] [stderr]   compilation terminated.
[INFO] [stderr]   make: *** [Makefile:228: src/context.o] Error 1
[INFO] [stderr] 
[INFO] [stderr]   STDOUT:cc -Wall -O2 -I /opt/rustwide/target/debug/build/sass-sys-c8cbcdd9714816f2/out/build/include  -fPIC -c -o src/cencode.o src/cencode.c
[INFO] [stderr]   g++ -Wall -O2 -std=c++11 -I /opt/rustwide/target/debug/build/sass-sys-c8cbcdd9714816f2/out/build/include  -fPIC -c -o src/ast.o src/ast.cpp
[INFO] [stderr]   g++ -Wall -O2 -std=c++11 -I /opt/rustwide/target/debug/build/sass-sys-c8cbcdd9714816f2/out/build/include  -fPIC -c -o src/ast_values.o src/ast_values.cpp
[INFO] [stderr]   g++ -Wall -O2 -std=c++11 -I /opt/rustwide/target/debug/build/sass-sys-c8cbcdd9714816f2/out/build/include  -fPIC -c -o src/ast_supports.o src/ast_supports.cpp
[INFO] [stderr]   g++ -Wall -O2 -std=c++11 -I /opt/rustwide/target/debug/build/sass-sys-c8cbcdd9714816f2/out/build/include  -fPIC -c -o src/ast_sel_cmp.o src/ast_sel_cmp.cpp
[INFO] [stderr]   g++ -Wall -O2 -std=c++11 -I /opt/rustwide/target/debug/build/sass-sys-c8cbcdd9714816f2/out/build/include  -fPIC -c -o src/ast_sel_unify.o src/ast_sel_unify.cpp
[INFO] [stderr]   g++ -Wall -O2 -std=c++11 -I /opt/rustwide/target/debug/build/sass-sys-c8cbcdd9714816f2/out/build/include  -fPIC -c -o src/ast_sel_super.o src/ast_sel_super.cpp
[INFO] [stderr]   g++ -Wall -O2 -std=c++11 -I /opt/rustwide/target/debug/build/sass-sys-c8cbcdd9714816f2/out/build/include  -fPIC -c -o src/ast_sel_weave.o src/ast_sel_weave.cpp
[INFO] [stderr]   g++ -Wall -O2 -std=c++11 -I /opt/rustwide/target/debug/build/sass-sys-c8cbcdd9714816f2/out/build/include  -fPIC -c -o src/ast_selectors.o src/ast_selectors.cpp
[INFO] [stderr]   g++ -Wall -O2 -std=c++11 -I /opt/rustwide/target/debug/build/sass-sys-c8cbcdd9714816f2/out/build/include  -fPIC -c -o src/context.o src/context.cpp
[INFO] [stderr]   g++ -Wall -O2 -std=c++11 -I /opt/rustwide/target/debug/build/sass-sys-c8cbcdd9714816f2/out/build/include  -fPIC -c -o src/constants.o src/constants.cpp
[INFO] [stderr]   g++ -Wall -O2 -std=c++11 -I /opt/rustwide/target/debug/build/sass-sys-c8cbcdd9714816f2/out/build/include  -fPIC -c -o src/fn_utils.o src/fn_utils.cpp
[INFO] [stderr]   g++ -Wall -O2 -std=c++11 -I /opt/rustwide/target/debug/build/sass-sys-c8cbcdd9714816f2/out/build/include  -fPIC -c -o src/fn_miscs.o src/fn_miscs.cpp
[INFO] [stderr]   g++ -Wall -O2 -std=c++11 -I /opt/rustwide/target/debug/build/sass-sys-c8cbcdd9714816f2/out/build/include  -fPIC -c -o src/fn_maps.o src/fn_maps.cpp
[INFO] [stderr]   g++ -Wall -O2 -std=c++11 -I /opt/rustwide/target/debug/build/sass-sys-c8cbcdd9714816f2/out/build/include  -fPIC -c -o src/fn_lists.o src/fn_lists.cpp
[INFO] [stderr]   g++ -Wall -O2 -std=c++11 -I /opt/rustwide/target/debug/build/sass-sys-c8cbcdd9714816f2/out/build/include  -fPIC -c -o src/fn_colors.o src/fn_colors.cpp
[INFO] [stderr]   g++ -Wall -O2 -std=c++11 -I /opt/rustwide/target/debug/build/sass-sys-c8cbcdd9714816f2/out/build/include  -fPIC -c -o src/fn_numbers.o src/fn_numbers.cpp
[INFO] [stderr]   g++ -Wall -O2 -std=c++11 -I /opt/rustwide/target/debug/build/sass-sys-c8cbcdd9714816f2/out/build/include  -fPIC -c -o src/fn_strings.o src/fn_strings.cpp
[INFO] [stderr] 
[INFO] [stderr]   stack backtrace:
[INFO] [stderr]      0:     0x55ef13ad512c - std::backtrace_rs::backtrace::libunwind::trace::ha637c64ce894333a
[INFO] [stderr]                                  at /rustc/82e1608dfa6e0b5569232559e3d385fea5a93112/library/std/src/../../backtrace/src/backtrace/libunwind.rs:104:5
[INFO] [stderr]      1:     0x55ef13ad512c - std::backtrace_rs::backtrace::trace_unsynchronized::h47f62dea28e0c88d
[INFO] [stderr]                                  at /rustc/82e1608dfa6e0b5569232559e3d385fea5a93112/library/std/src/../../backtrace/src/backtrace/mod.rs:66:5
[INFO] [stderr]      2:     0x55ef13ad512c - std::sys_common::backtrace::_print_fmt::h9eef0abe20ede486
[INFO] [stderr]                                  at /rustc/82e1608dfa6e0b5569232559e3d385fea5a93112/library/std/src/sys_common/backtrace.rs:67:5
[INFO] [stderr]      3:     0x55ef13ad512c - <std::sys_common::backtrace::_print::DisplayBacktrace as core::fmt::Display>::fmt::hed7f999df88cc644
[INFO] [stderr]                                  at /rustc/82e1608dfa6e0b5569232559e3d385fea5a93112/library/std/src/sys_common/backtrace.rs:44:22
[INFO] [stderr]      4:     0x55ef13afacf0 - core::fmt::rt::Argument::fmt::h1539a9308b8d058d
[INFO] [stderr]                                  at /rustc/82e1608dfa6e0b5569232559e3d385fea5a93112/library/core/src/fmt/rt.rs:142:9
[INFO] [stderr]      5:     0x55ef13afacf0 - core::fmt::write::h3a39390d8560d9c9
[INFO] [stderr]                                  at /rustc/82e1608dfa6e0b5569232559e3d385fea5a93112/library/core/src/fmt/mod.rs:1120:17
[INFO] [stderr]      6:     0x55ef13ad293f - std::io::Write::write_fmt::h5fc9997dfe05f882
[INFO] [stderr]                                  at /rustc/82e1608dfa6e0b5569232559e3d385fea5a93112/library/std/src/io/mod.rs:1762:15
[INFO] [stderr]      7:     0x55ef13ad4f14 - std::sys_common::backtrace::_print::h894006fb5c6f3d45
[INFO] [stderr]                                  at /rustc/82e1608dfa6e0b5569232559e3d385fea5a93112/library/std/src/sys_common/backtrace.rs:47:5
[INFO] [stderr]      8:     0x55ef13ad4f14 - std::sys_common::backtrace::print::h23a2d212c6fff936
[INFO] [stderr]                                  at /rustc/82e1608dfa6e0b5569232559e3d385fea5a93112/library/std/src/sys_common/backtrace.rs:34:9
[INFO] [stderr]      9:     0x55ef13ad6637 - std::panicking::default_hook::{{closure}}::h8a1d2ee00185001a
[INFO] [stderr]     10:     0x55ef13ad639f - std::panicking::default_hook::h6038f2eba384e475
[INFO] [stderr]                                  at /rustc/82e1608dfa6e0b5569232559e3d385fea5a93112/library/std/src/panicking.rs:292:9
[INFO] [stderr]     11:     0x55ef13ad6ab8 - std::panicking::rust_panic_with_hook::h2b5517d590cab22e
[INFO] [stderr]                                  at /rustc/82e1608dfa6e0b5569232559e3d385fea5a93112/library/std/src/panicking.rs:779:13
[INFO] [stderr]     12:     0x55ef13ad699e - std::panicking::begin_panic_handler::{{closure}}::h233112c06e0ef43e
[INFO] [stderr]                                  at /rustc/82e1608dfa6e0b5569232559e3d385fea5a93112/library/std/src/panicking.rs:657:13
[INFO] [stderr]     13:     0x55ef13ad55f6 - std::sys_common::backtrace::__rust_end_short_backtrace::h6e893f24d7ebbff8
[INFO] [stderr]                                  at /rustc/82e1608dfa6e0b5569232559e3d385fea5a93112/library/std/src/sys_common/backtrace.rs:170:18
[INFO] [stderr]     14:     0x55ef13ad6702 - rust_begin_unwind
[INFO] [stderr]                                  at /rustc/82e1608dfa6e0b5569232559e3d385fea5a93112/library/std/src/panicking.rs:645:5
[INFO] [stderr]     15:     0x55ef13a89385 - core::panicking::panic_fmt::hbf0e066aabfa482c
[INFO] [stderr]                                  at /rustc/82e1608dfa6e0b5569232559e3d385fea5a93112/library/core/src/panicking.rs:72:14
[INFO] [stderr]     16:     0x55ef13a8cc78 - build_script_build::compile::h80f548b371b5e0f5
[INFO] [stderr]     17:     0x55ef13a8d3c4 - build_script_build::main::h5f0279fd2857c322
[INFO] [stderr]     18:     0x55ef13a8a8a3 - core::ops::function::FnOnce::call_once::hb07d46e1732313df
[INFO] [stderr]     19:     0x55ef13a89c66 - std::sys_common::backtrace::__rust_begin_short_backtrace::h0ef89275a99e8b3a
[INFO] [stderr]     20:     0x55ef13a8a029 - std::rt::lang_start::{{closure}}::h0e2505013da19a3a
[INFO] [stderr]     21:     0x55ef13aceb07 - core::ops::function::impls::<impl core::ops::function::FnOnce<A> for &F>::call_once::hd95060ecd5e1ca24
[INFO] [stderr]                                  at /rustc/82e1608dfa6e0b5569232559e3d385fea5a93112/library/core/src/ops/function.rs:284:13
[INFO] [stderr]     22:     0x55ef13aceb07 - std::panicking::try::do_call::h6e8cf51db32a6e4b
[INFO] [stderr]                                  at /rustc/82e1608dfa6e0b5569232559e3d385fea5a93112/library/std/src/panicking.rs:552:40
[INFO] [stderr]     23:     0x55ef13aceb07 - std::panicking::try::h3a52eefe24fe3c29
[INFO] [stderr]                                  at /rustc/82e1608dfa6e0b5569232559e3d385fea5a93112/library/std/src/panicking.rs:516:19
[INFO] [stderr]     24:     0x55ef13aceb07 - std::panic::catch_unwind::h24c28c23c02c3841
[INFO] [stderr]                                  at /rustc/82e1608dfa6e0b5569232559e3d385fea5a93112/library/std/src/panic.rs:142:14
[INFO] [stderr]     25:     0x55ef13aceb07 - std::rt::lang_start_internal::{{closure}}::h705d3c9cbc06ef47
[INFO] [stderr]                                  at /rustc/82e1608dfa6e0b5569232559e3d385fea5a93112/library/std/src/rt.rs:148:48
[INFO] [stderr]     26:     0x55ef13aceb07 - std::panicking::try::do_call::ha21f52ba13158470
[INFO] [stderr]                                  at /rustc/82e1608dfa6e0b5569232559e3d385fea5a93112/library/std/src/panicking.rs:552:40
[INFO] [stderr]     27:     0x55ef13aceb07 - std::panicking::try::h5581346bf6aeb1f8
[INFO] [stderr]                                  at /rustc/82e1608dfa6e0b5569232559e3d385fea5a93112/library/std/src/panicking.rs:516:19
[INFO] [stderr]     28:     0x55ef13aceb07 - std::panic::catch_unwind::h7919645a6b72e25b
[INFO] [stderr]                                  at /rustc/82e1608dfa6e0b5569232559e3d385fea5a93112/library/std/src/panic.rs:142:14
[INFO] [stderr]     29:     0x55ef13aceb07 - std::rt::lang_start_internal::h12de51168669836e
[INFO] [stderr]                                  at /rustc/82e1608dfa6e0b5569232559e3d385fea5a93112/library/std/src/rt.rs:148:20
[INFO] [stderr]     30:     0x55ef13a8a007 - std::rt::lang_start::h382a1dd26d39b1b9
[INFO] [stderr]     31:     0x55ef13a8d405 - main
[INFO] [stderr]     32:     0x7fb23bd51d90 - <unknown>
[INFO] [stderr]     33:     0x7fb23bd51e40 - __libc_start_main
[INFO] [stderr]     34:     0x55ef13a89b95 - _start
[INFO] [stderr]     35:                0x0 - <unknown>
[INFO] running `Command { std: "docker" "inspect" "76f062fe9e2f3e178b100c9abb495e25cf6be4cc43d80b2829a90a147826cf2d", kill_on_drop: false }`
[INFO] running `Command { std: "docker" "rm" "-f" "76f062fe9e2f3e178b100c9abb495e25cf6be4cc43d80b2829a90a147826cf2d", kill_on_drop: false }`
[INFO] [stdout] 76f062fe9e2f3e178b100c9abb495e25cf6be4cc43d80b2829a90a147826cf2d
[INFO] documenting JonahHenriksson/fuse against beta-2023-12-22 for beta-1.76-rustdoc-1
[INFO] running `Command { std: "git" "clone" "/workspace/cache/git-repos/https%3A%2F%2Fgithub.com%2FJonahHenriksson%2Ffuse" "/workspace/builds/worker-1-tc2/source", kill_on_drop: false }`
[INFO] [stderr] Cloning into '/workspace/builds/worker-1-tc2/source'...
[INFO] [stderr] done.
[INFO] validating manifest of git repo https://github.com/JonahHenriksson/fuse on toolchain beta-2023-12-22
[INFO] running `Command { std: CARGO_HOME="/workspace/cargo-home" RUSTUP_HOME="/workspace/rustup-home" "/workspace/cargo-home/bin/cargo" "+beta-2023-12-22" "metadata" "--manifest-path" "Cargo.toml" "--no-deps", kill_on_drop: false }`
[INFO] started tweaking git repo https://github.com/JonahHenriksson/fuse
[INFO] finished tweaking git repo https://github.com/JonahHenriksson/fuse
[INFO] tweaked toml for git repo https://github.com/JonahHenriksson/fuse written to /workspace/builds/worker-1-tc2/source/Cargo.toml
[INFO] crate git repo https://github.com/JonahHenriksson/fuse already has a lockfile, it will not be regenerated
[INFO] running `Command { std: CARGO_HOME="/workspace/cargo-home" RUSTUP_HOME="/workspace/rustup-home" "/workspace/cargo-home/bin/cargo" "+beta-2023-12-22" "fetch" "--manifest-path" "Cargo.toml", kill_on_drop: false }`
[INFO] running `Command { std: "docker" "create" "-v" "/var/lib/crater-agent-workspace/builds/worker-1-tc2/target:/opt/rustwide/target:rw,Z" "-v" "/var/lib/crater-agent-workspace/builds/worker-1-tc2/source:/opt/rustwide/workdir:ro,Z" "-v" "/var/lib/crater-agent-workspace/cargo-home:/opt/rustwide/cargo-home:ro,Z" "-v" "/var/lib/crater-agent-workspace/rustup-home:/opt/rustwide/rustup-home:ro,Z" "-e" "SOURCE_DIR=/opt/rustwide/workdir" "-e" "CARGO_TARGET_DIR=/opt/rustwide/target" "-e" "CARGO_HOME=/opt/rustwide/cargo-home" "-e" "RUSTUP_HOME=/opt/rustwide/rustup-home" "-w" "/opt/rustwide/workdir" "-m" "1610612736" "--user" "0:0" "--network" "none" "ghcr.io/rust-lang/crates-build-env/linux@sha256:2788e3201cd34a07e3172128adcd8b3090168a8e3bcc40d7c032b9dda1df7d1c" "/opt/rustwide/cargo-home/bin/cargo" "+beta-2023-12-22" "metadata" "--no-deps" "--format-version=1", kill_on_drop: false }`
[INFO] [stdout] f54a3a3a99494ba731221f11293e5f269d638897c10641b6c5f0b4f36206fbb1
[INFO] running `Command { std: "docker" "start" "-a" "f54a3a3a99494ba731221f11293e5f269d638897c10641b6c5f0b4f36206fbb1", kill_on_drop: false }`
[INFO] running `Command { std: "docker" "inspect" "f54a3a3a99494ba731221f11293e5f269d638897c10641b6c5f0b4f36206fbb1", kill_on_drop: false }`
[INFO] running `Command { std: "docker" "rm" "-f" "f54a3a3a99494ba731221f11293e5f269d638897c10641b6c5f0b4f36206fbb1", kill_on_drop: false }`
[INFO] [stdout] f54a3a3a99494ba731221f11293e5f269d638897c10641b6c5f0b4f36206fbb1
[INFO] running `Command { std: "docker" "create" "-v" "/var/lib/crater-agent-workspace/builds/worker-1-tc2/target:/opt/rustwide/target:rw,Z" "-v" "/var/lib/crater-agent-workspace/builds/worker-1-tc2/source:/opt/rustwide/workdir:ro,Z" "-v" "/var/lib/crater-agent-workspace/cargo-home:/opt/rustwide/cargo-home:ro,Z" "-v" "/var/lib/crater-agent-workspace/rustup-home:/opt/rustwide/rustup-home:ro,Z" "-e" "SOURCE_DIR=/opt/rustwide/workdir" "-e" "CARGO_TARGET_DIR=/opt/rustwide/target" "-e" "CARGO_INCREMENTAL=0" "-e" "RUST_BACKTRACE=full" "-e" "RUSTFLAGS=--cap-lints=warn" "-e" "RUSTDOCFLAGS=--cap-lints=warn" "-e" "CARGO_HOME=/opt/rustwide/cargo-home" "-e" "RUSTUP_HOME=/opt/rustwide/rustup-home" "-w" "/opt/rustwide/workdir" "-m" "1610612736" "--user" "0:0" "--network" "none" "ghcr.io/rust-lang/crates-build-env/linux@sha256:2788e3201cd34a07e3172128adcd8b3090168a8e3bcc40d7c032b9dda1df7d1c" "/opt/rustwide/cargo-home/bin/cargo" "+beta-2023-12-22" "doc" "--frozen" "--no-deps" "--document-private-items" "--message-format=json", kill_on_drop: false }`
[INFO] [stdout] 1dc51b62469aa64fdfa0ece0bd69b255971b5c81c9f7f7cc34e2fbcbe927efc6
[INFO] running `Command { std: "docker" "start" "-a" "1dc51b62469aa64fdfa0ece0bd69b255971b5c81c9f7f7cc34e2fbcbe927efc6", kill_on_drop: false }`
[INFO] [stderr]    Compiling libc v0.2.97
[INFO] [stderr]    Compiling log v0.4.14
[INFO] [stderr]    Compiling syn v1.0.73
[INFO] [stderr]    Compiling futures-core v0.3.15
[INFO] [stderr]    Compiling tokio v1.7.1
[INFO] [stderr]     Checking http v0.2.4
[INFO] [stderr]    Compiling futures-task v0.3.15
[INFO] [stderr]     Checking futures-sink v0.3.15
[INFO] [stderr]    Compiling proc-macro2 v1.0.27
[INFO] [stderr]     Checking lock_api v0.4.4
[INFO] [stderr]    Compiling futures-util v0.3.15
[INFO] [stderr]     Checking once_cell v1.8.0
[INFO] [stderr]    Compiling httparse v1.4.1
[INFO] [stderr]     Checking tinyvec v1.2.0
[INFO] [stderr]     Checking slab v0.4.3
[INFO] [stderr]     Checking unicode-bidi v0.3.5
[INFO] [stderr]     Checking cpufeatures v0.1.5
[INFO] [stderr]    Compiling futures-channel v0.3.15
[INFO] [stderr]    Compiling serde v1.0.126
[INFO] [stderr]     Checking quick-error v1.2.3
[INFO] [stderr]     Checking tracing-core v0.1.18
[INFO] [stderr]     Checking sha-1 v0.9.6
[INFO] [stderr]    Compiling mime_guess v2.0.3
[INFO] [stderr]     Checking unicase v2.6.0
[INFO] [stderr]     Checking input_buffer v0.4.0
[INFO] [stderr]     Checking regex-syntax v0.6.25
[INFO] [stderr]     Checking safemem v0.3.3
[INFO] [stderr]     Checking utf-8 v0.7.6
[INFO] [stderr]    Compiling serde_json v1.0.64
[INFO] [stderr]     Checking try-lock v0.2.3
[INFO] [stderr]     Checking buf_redux v0.8.4
[INFO] [stderr]    Compiling quote v1.0.9
[INFO] [stderr]     Checking want v0.3.0
[INFO] [stderr]     Checking tracing v0.1.26
[INFO] [stderr]     Checking humantime v1.3.0
[INFO] [stderr]     Checking twoway v0.1.8
[INFO] [stderr]     Checking termcolor v1.1.2
[INFO] [stderr]     Checking tower-service v0.3.1
[INFO] [stderr]     Checking httpdate v1.0.1
[INFO] [stderr]     Checking futures-io v0.3.15
[INFO] [stderr]     Checking unicode-normalization v0.1.19
[INFO] [stderr]    Compiling num_cpus v1.13.0
[INFO] [stderr]     Checking getrandom v0.2.3
[INFO] [stderr]     Checking parking_lot_core v0.8.3
[INFO] [stderr]     Checking signal-hook-registry v1.4.0
[INFO] [stderr]     Checking mio v0.7.13
[INFO] [stderr]     Checking getrandom v0.1.16
[INFO] [stderr]     Checking socket2 v0.4.0
[INFO] [stderr]     Checking atty v0.2.14
[INFO] [stderr]     Checking time v0.1.43
[INFO] [stderr]     Checking rand_core v0.5.1
[INFO] [stderr]     Checking rand_core v0.6.3
[INFO] [stderr]     Checking parking_lot v0.11.1
[INFO] [stderr]    Compiling sass-sys v0.4.22
[INFO] [stderr]     Checking rand_chacha v0.2.2
[INFO] [stderr]     Checking rand_chacha v0.3.1
[INFO] [stderr]     Checking rand v0.7.3
[INFO] [stderr]     Checking rand v0.8.4
[INFO] [stderr]     Checking idna v0.2.3
[INFO] [stderr]     Checking http-body v0.4.2
[INFO] [stderr]     Checking headers-core v0.2.0
[INFO] [stderr]     Checking headers v0.3.4
[INFO] [stderr]     Checking url v2.2.2
[INFO] [stderr]     Checking regex v1.5.4
[INFO] [stderr]     Checking tempfile v3.2.0
[INFO] [stderr] error: could not compile `futures-util` (lib)
[INFO] [stderr] 
[INFO] [stderr] Caused by:
[INFO] [stderr]   process didn't exit successfully: `/opt/rustwide/rustup-home/toolchains/beta-2023-12-22-x86_64-unknown-linux-gnu/bin/rustc --crate-name futures_util --edition=2018 /opt/rustwide/cargo-home/registry/src/index.crates.io-6f17d22bba15001f/futures-util-0.3.15/src/lib.rs --error-format=json --json=diagnostic-rendered-ansi,artifacts,future-incompat --crate-type lib --emit=dep-info,metadata -C embed-bitcode=no -C debuginfo=2 --cfg 'feature="alloc"' --cfg 'feature="async-await"' --cfg 'feature="futures-sink"' --cfg 'feature="sink"' --cfg 'feature="slab"' --cfg 'feature="std"' -C metadata=c051af883433ec51 -C extra-filename=-c051af883433ec51 --out-dir /opt/rustwide/target/debug/deps -L dependency=/opt/rustwide/target/debug/deps --extern futures_core=/opt/rustwide/target/debug/deps/libfutures_core-07512b7561e1e68a.rmeta --extern futures_sink=/opt/rustwide/target/debug/deps/libfutures_sink-28c07f2c63ee37e2.rmeta --extern futures_task=/opt/rustwide/target/debug/deps/libfutures_task-05c0fef5a96dd295.rmeta --extern pin_project_lite=/opt/rustwide/target/debug/deps/libpin_project_lite-40f640a68f822eea.rmeta --extern pin_utils=/opt/rustwide/target/debug/deps/libpin_utils-998f15220d8abace.rmeta --extern slab=/opt/rustwide/target/debug/deps/libslab-f012a65785e872d6.rmeta --cap-lints allow --cap-lints=warn --cfg fn_like_proc_macro` (signal: 9, SIGKILL: kill)
[INFO] [stderr] warning: build failed, waiting for other jobs to finish...
[INFO] [stderr] error: could not compile `syn` (lib)
[INFO] [stderr] 
[INFO] [stderr] Caused by:
[INFO] [stderr]   process didn't exit successfully: `/opt/rustwide/rustup-home/toolchains/beta-2023-12-22-x86_64-unknown-linux-gnu/bin/rustc --crate-name syn --edition=2018 /opt/rustwide/cargo-home/registry/src/index.crates.io-6f17d22bba15001f/syn-1.0.73/src/lib.rs --error-format=json --json=diagnostic-rendered-ansi,artifacts,future-incompat --crate-type lib --emit=dep-info,metadata,link -C embed-bitcode=no --cfg 'feature="clone-impls"' --cfg 'feature="default"' --cfg 'feature="derive"' --cfg 'feature="full"' --cfg 'feature="parsing"' --cfg 'feature="printing"' --cfg 'feature="proc-macro"' --cfg 'feature="quote"' --cfg 'feature="visit-mut"' -C metadata=feba3e83d71f51d6 -C extra-filename=-feba3e83d71f51d6 --out-dir /opt/rustwide/target/debug/deps -L dependency=/opt/rustwide/target/debug/deps --extern proc_macro2=/opt/rustwide/target/debug/deps/libproc_macro2-7c236f733697b37e.rmeta --extern quote=/opt/rustwide/target/debug/deps/libquote-5aee6f3152d45558.rmeta --extern unicode_xid=/opt/rustwide/target/debug/deps/libunicode_xid-cc866fe1def50201.rmeta --cap-lints allow --cap-lints=warn --cfg syn_disable_nightly_tests` (signal: 9, SIGKILL: kill)
[INFO] [stderr] error: could not compile `serde` (lib)
[INFO] [stderr] 
[INFO] [stderr] Caused by:
[INFO] [stderr]   process didn't exit successfully: `/opt/rustwide/rustup-home/toolchains/beta-2023-12-22-x86_64-unknown-linux-gnu/bin/rustc --crate-name serde /opt/rustwide/cargo-home/registry/src/index.crates.io-6f17d22bba15001f/serde-1.0.126/src/lib.rs --error-format=json --json=diagnostic-rendered-ansi,artifacts,future-incompat --crate-type lib --emit=dep-info,metadata -C embed-bitcode=no -C debuginfo=2 --cfg 'feature="default"' --cfg 'feature="std"' -C metadata=5bb3552162d1a625 -C extra-filename=-5bb3552162d1a625 --out-dir /opt/rustwide/target/debug/deps -L dependency=/opt/rustwide/target/debug/deps --cap-lints allow --cap-lints=warn --cfg ops_bound --cfg core_reverse --cfg de_boxed_c_str --cfg de_boxed_path --cfg de_rc_dst --cfg core_duration --cfg integer128 --cfg range_inclusive --cfg num_nonzero --cfg serde_derive --cfg core_try_from --cfg num_nonzero_signed --cfg systemtime_checked_add --cfg std_atomic64 --cfg std_atomic` (signal: 9, SIGKILL: kill)
[INFO] [stderr] error: failed to run custom build command for `sass-sys v0.4.22`
[INFO] [stderr] note: To improve backtraces for build dependencies, set the CARGO_PROFILE_DEV_BUILD_OVERRIDE_DEBUG=true environment variable to enable debug information generation.
[INFO] [stderr] 
[INFO] [stderr] Caused by:
[INFO] [stderr]   process didn't exit successfully: `/opt/rustwide/target/debug/build/sass-sys-fa0a88afedc99fad/build-script-build` (exit status: 101)
[INFO] [stderr]   --- stdout
[INFO] [stderr]   cargo:rerun-if-env-changed=LIBSASS_NO_PKG_CONFIG
[INFO] [stderr]   cargo:rerun-if-env-changed=PKG_CONFIG
[INFO] [stderr]   cargo:rerun-if-env-changed=LIBSASS_STATIC
[INFO] [stderr]   cargo:rerun-if-env-changed=LIBSASS_DYNAMIC
[INFO] [stderr]   cargo:rerun-if-env-changed=PKG_CONFIG_ALL_STATIC
[INFO] [stderr]   cargo:rerun-if-env-changed=PKG_CONFIG_ALL_DYNAMIC
[INFO] [stderr]   cargo:rerun-if-env-changed=PKG_CONFIG_PATH_x86_64-unknown-linux-gnu
[INFO] [stderr]   cargo:rerun-if-env-changed=PKG_CONFIG_PATH_x86_64_unknown_linux_gnu
[INFO] [stderr]   cargo:rerun-if-env-changed=HOST_PKG_CONFIG_PATH
[INFO] [stderr]   cargo:rerun-if-env-changed=PKG_CONFIG_PATH
[INFO] [stderr]   cargo:rerun-if-env-changed=PKG_CONFIG_LIBDIR_x86_64-unknown-linux-gnu
[INFO] [stderr]   cargo:rerun-if-env-changed=PKG_CONFIG_LIBDIR_x86_64_unknown_linux_gnu
[INFO] [stderr]   cargo:rerun-if-env-changed=HOST_PKG_CONFIG_LIBDIR
[INFO] [stderr]   cargo:rerun-if-env-changed=PKG_CONFIG_LIBDIR
[INFO] [stderr]   cargo:rerun-if-env-changed=PKG_CONFIG_SYSROOT_DIR_x86_64-unknown-linux-gnu
[INFO] [stderr]   cargo:rerun-if-env-changed=PKG_CONFIG_SYSROOT_DIR_x86_64_unknown_linux_gnu
[INFO] [stderr]   cargo:rerun-if-env-changed=HOST_PKG_CONFIG_SYSROOT_DIR
[INFO] [stderr]   cargo:rerun-if-env-changed=PKG_CONFIG_SYSROOT_DIR
[INFO] [stderr] 
[INFO] [stderr]   --- stderr
[INFO] [stderr]   thread 'main' panicked at /opt/rustwide/cargo-home/registry/src/index.crates.io-6f17d22bba15001f/sass-sys-0.4.22/build.rs:107:9:
[INFO] [stderr]   Build error:
[INFO] [stderr]   STDERR:g++: fatal error: Killed signal terminated program cc1plus
[INFO] [stderr]   compilation terminated.
[INFO] [stderr]   make: *** [Makefile:228: src/context.o] Error 1
[INFO] [stderr]   make: *** Waiting for unfinished jobs....
[INFO] [stderr]   g++: fatal error: Killed signal terminated program cc1plus
[INFO] [stderr]   compilation terminated.
[INFO] [stderr]   make: *** [Makefile:228: src/ast_sel_weave.o] Error 1
[INFO] [stderr]   g++: fatal error: Killed signal terminated program cc1plus
[INFO] [stderr]   compilation terminated.
[INFO] [stderr]   make: *** [Makefile:228: src/ast_sel_cmp.o] Error 1
[INFO] [stderr]   src/ast_values.cpp: In member function 'virtual size_t Sass::Number::hash() const':
[INFO] [stderr]   src/ast_values.cpp:484:23: warning: loop variable 'numerator' creates a copy from type 'const std::__cxx11::basic_string<char>' [-Wrange-loop-construct]
[INFO] [stderr]     484 |       for (const auto numerator : numerators)
[INFO] [stderr]         |                       ^~~~~~~~~
[INFO] [stderr]   src/ast_values.cpp:484:23: note: use reference type to prevent copying
[INFO] [stderr]     484 |       for (const auto numerator : numerators)
[INFO] [stderr]         |                       ^~~~~~~~~
[INFO] [stderr]         |                       &
[INFO] [stderr]   src/ast_values.cpp:486:23: warning: loop variable 'denominator' creates a copy from type 'const std::__cxx11::basic_string<char>' [-Wrange-loop-construct]
[INFO] [stderr]     486 |       for (const auto denominator : denominators)
[INFO] [stderr]         |                       ^~~~~~~~~~~
[INFO] [stderr]   src/ast_values.cpp:486:23: note: use reference type to prevent copying
[INFO] [stderr]     486 |       for (const auto denominator : denominators)
[INFO] [stderr]         |                       ^~~~~~~~~~~
[INFO] [stderr]         |                       &
[INFO] [stderr]   g++: fatal error: Killed signal terminated program cc1plus
[INFO] [stderr]   compilation terminated.
[INFO] [stderr]   make: *** [Makefile:228: src/ast_sel_unify.o] Error 1
[INFO] [stderr]   g++: fatal error: Killed signal terminated program cc1plus
[INFO] [stderr]   compilation terminated.
[INFO] [stderr]   make: *** [Makefile:228: src/fn_utils.o] Error 1
[INFO] [stderr]   g++: fatal error: Killed signal terminated program cc1plus
[INFO] [stderr]   compilation terminated.
[INFO] [stderr]   make: *** [Makefile:228: src/fn_miscs.o] Error 1
[INFO] [stderr] 
[INFO] [stderr]   STDOUT:cc -Wall -O2 -I /opt/rustwide/target/debug/build/sass-sys-14f63aad062f70bb/out/build/include  -fPIC -c -o src/cencode.o src/cencode.c
[INFO] [stderr]   g++ -Wall -O2 -std=c++11 -I /opt/rustwide/target/debug/build/sass-sys-14f63aad062f70bb/out/build/include  -fPIC -c -o src/ast.o src/ast.cpp
[INFO] [stderr]   g++ -Wall -O2 -std=c++11 -I /opt/rustwide/target/debug/build/sass-sys-14f63aad062f70bb/out/build/include  -fPIC -c -o src/ast_values.o src/ast_values.cpp
[INFO] [stderr]   g++ -Wall -O2 -std=c++11 -I /opt/rustwide/target/debug/build/sass-sys-14f63aad062f70bb/out/build/include  -fPIC -c -o src/ast_supports.o src/ast_supports.cpp
[INFO] [stderr]   g++ -Wall -O2 -std=c++11 -I /opt/rustwide/target/debug/build/sass-sys-14f63aad062f70bb/out/build/include  -fPIC -c -o src/ast_sel_cmp.o src/ast_sel_cmp.cpp
[INFO] [stderr]   g++ -Wall -O2 -std=c++11 -I /opt/rustwide/target/debug/build/sass-sys-14f63aad062f70bb/out/build/include  -fPIC -c -o src/ast_sel_unify.o src/ast_sel_unify.cpp
[INFO] [stderr]   g++ -Wall -O2 -std=c++11 -I /opt/rustwide/target/debug/build/sass-sys-14f63aad062f70bb/out/build/include  -fPIC -c -o src/ast_sel_super.o src/ast_sel_super.cpp
[INFO] [stderr]   g++ -Wall -O2 -std=c++11 -I /opt/rustwide/target/debug/build/sass-sys-14f63aad062f70bb/out/build/include  -fPIC -c -o src/ast_sel_weave.o src/ast_sel_weave.cpp
[INFO] [stderr]   g++ -Wall -O2 -std=c++11 -I /opt/rustwide/target/debug/build/sass-sys-14f63aad062f70bb/out/build/include  -fPIC -c -o src/ast_selectors.o src/ast_selectors.cpp
[INFO] [stderr]   g++ -Wall -O2 -std=c++11 -I /opt/rustwide/target/debug/build/sass-sys-14f63aad062f70bb/out/build/include  -fPIC -c -o src/context.o src/context.cpp
[INFO] [stderr]   g++ -Wall -O2 -std=c++11 -I /opt/rustwide/target/debug/build/sass-sys-14f63aad062f70bb/out/build/include  -fPIC -c -o src/constants.o src/constants.cpp
[INFO] [stderr]   g++ -Wall -O2 -std=c++11 -I /opt/rustwide/target/debug/build/sass-sys-14f63aad062f70bb/out/build/include  -fPIC -c -o src/fn_utils.o src/fn_utils.cpp
[INFO] [stderr]   g++ -Wall -O2 -std=c++11 -I /opt/rustwide/target/debug/build/sass-sys-14f63aad062f70bb/out/build/include  -fPIC -c -o src/fn_miscs.o src/fn_miscs.cpp
[INFO] [stderr]   g++ -Wall -O2 -std=c++11 -I /opt/rustwide/target/debug/build/sass-sys-14f63aad062f70bb/out/build/include  -fPIC -c -o src/fn_maps.o src/fn_maps.cpp
[INFO] [stderr]   g++ -Wall -O2 -std=c++11 -I /opt/rustwide/target/debug/build/sass-sys-14f63aad062f70bb/out/build/include  -fPIC -c -o src/fn_lists.o src/fn_lists.cpp
[INFO] [stderr]   g++ -Wall -O2 -std=c++11 -I /opt/rustwide/target/debug/build/sass-sys-14f63aad062f70bb/out/build/include  -fPIC -c -o src/fn_colors.o src/fn_colors.cpp
[INFO] [stderr]   g++ -Wall -O2 -std=c++11 -I /opt/rustwide/target/debug/build/sass-sys-14f63aad062f70bb/out/build/include  -fPIC -c -o src/fn_numbers.o src/fn_numbers.cpp
[INFO] [stderr]   g++ -Wall -O2 -std=c++11 -I /opt/rustwide/target/debug/build/sass-sys-14f63aad062f70bb/out/build/include  -fPIC -c -o src/fn_strings.o src/fn_strings.cpp
[INFO] [stderr] 
[INFO] [stderr]   stack backtrace:
[INFO] [stderr]      0:     0x561f14492826 - std::backtrace_rs::backtrace::libunwind::trace::h261606ad26a499c1
[INFO] [stderr]                                  at /rustc/0e09125c6c3c2fd70d7de961bcf0e51575235fad/library/std/src/../../backtrace/src/backtrace/libunwind.rs:104:5
[INFO] [stderr]      1:     0x561f14492826 - std::backtrace_rs::backtrace::trace_unsynchronized::hd183f0625477fb28
[INFO] [stderr]                                  at /rustc/0e09125c6c3c2fd70d7de961bcf0e51575235fad/library/std/src/../../backtrace/src/backtrace/mod.rs:66:5
[INFO] [stderr]      2:     0x561f14492826 - std::sys_common::backtrace::_print_fmt::hd7f8fef21b4eda67
[INFO] [stderr]                                  at /rustc/0e09125c6c3c2fd70d7de961bcf0e51575235fad/library/std/src/sys_common/backtrace.rs:68:5
[INFO] [stderr]      3:     0x561f14492826 - <std::sys_common::backtrace::_print::DisplayBacktrace as core::fmt::Display>::fmt::h623d9b51f2f453f1
[INFO] [stderr]                                  at /rustc/0e09125c6c3c2fd70d7de961bcf0e51575235fad/library/std/src/sys_common/backtrace.rs:44:22
[INFO] [stderr]      4:     0x561f144b7740 - core::fmt::rt::Argument::fmt::h9f417ac76a86f368
[INFO] [stderr]                                  at /rustc/0e09125c6c3c2fd70d7de961bcf0e51575235fad/library/core/src/fmt/rt.rs:142:9
[INFO] [stderr]      5:     0x561f144b7740 - core::fmt::write::hc9b6faf4ac2aeff7
[INFO] [stderr]                                  at /rustc/0e09125c6c3c2fd70d7de961bcf0e51575235fad/library/core/src/fmt/mod.rs:1120:17
[INFO] [stderr]      6:     0x561f1449017f - std::io::Write::write_fmt::hfead1eee52c2e65e
[INFO] [stderr]                                  at /rustc/0e09125c6c3c2fd70d7de961bcf0e51575235fad/library/std/src/io/mod.rs:1810:15
[INFO] [stderr]      7:     0x561f14492604 - std::sys_common::backtrace::_print::hd5d66399c7df88a2
[INFO] [stderr]                                  at /rustc/0e09125c6c3c2fd70d7de961bcf0e51575235fad/library/std/src/sys_common/backtrace.rs:47:5
[INFO] [stderr]      8:     0x561f14492604 - std::sys_common::backtrace::print::he81ed2da642d37e5
[INFO] [stderr]                                  at /rustc/0e09125c6c3c2fd70d7de961bcf0e51575235fad/library/std/src/sys_common/backtrace.rs:34:9
[INFO] [stderr]      9:     0x561f14493d77 - std::panicking::default_hook::{{closure}}::h85773f4fa117163d
[INFO] [stderr]     10:     0x561f14493ad9 - std::panicking::default_hook::h6a1694a91d09b278
[INFO] [stderr]                                  at /rustc/0e09125c6c3c2fd70d7de961bcf0e51575235fad/library/std/src/panicking.rs:292:9
[INFO] [stderr]     11:     0x561f14494208 - std::panicking::rust_panic_with_hook::h0a7ad96e90f7145b
[INFO] [stderr]                                  at /rustc/0e09125c6c3c2fd70d7de961bcf0e51575235fad/library/std/src/panicking.rs:779:13
[INFO] [stderr]     12:     0x561f144940e2 - std::panicking::begin_panic_handler::{{closure}}::h7919090525c6485e
[INFO] [stderr]                                  at /rustc/0e09125c6c3c2fd70d7de961bcf0e51575235fad/library/std/src/panicking.rs:657:13
[INFO] [stderr]     13:     0x561f14492d26 - std::sys_common::backtrace::__rust_end_short_backtrace::hf3289479464f7dfe
[INFO] [stderr]                                  at /rustc/0e09125c6c3c2fd70d7de961bcf0e51575235fad/library/std/src/sys_common/backtrace.rs:171:18
[INFO] [stderr]     14:     0x561f14493e40 - rust_begin_unwind
[INFO] [stderr]                                  at /rustc/0e09125c6c3c2fd70d7de961bcf0e51575235fad/library/std/src/panicking.rs:645:5
[INFO] [stderr]     15:     0x561f14446395 - core::panicking::panic_fmt::hcc9f77c5c132af55
[INFO] [stderr]                                  at /rustc/0e09125c6c3c2fd70d7de961bcf0e51575235fad/library/core/src/panicking.rs:72:14
[INFO] [stderr]     16:     0x561f14449cc8 - build_script_build::compile::hcf6e7c43cce79b84
[INFO] [stderr]     17:     0x561f1444a3f2 - build_script_build::main::h99cd7396fb231661
[INFO] [stderr]     18:     0x561f14447803 - core::ops::function::FnOnce::call_once::h1ebe58a0c560e1ba
[INFO] [stderr]     19:     0x561f14446c86 - std::sys_common::backtrace::__rust_begin_short_backtrace::hf8ad65b84a19f8c8
[INFO] [stderr]     20:     0x561f14447039 - std::rt::lang_start::{{closure}}::ha081e0632ea80d96
[INFO] [stderr]     21:     0x561f1448c0a1 - core::ops::function::impls::<impl core::ops::function::FnOnce<A> for &F>::call_once::h4eb4c5e1620f29b0
[INFO] [stderr]                                  at /rustc/0e09125c6c3c2fd70d7de961bcf0e51575235fad/library/core/src/ops/function.rs:284:13
[INFO] [stderr]     22:     0x561f1448c0a1 - std::panicking::try::do_call::h73fd26535faffcdf
[INFO] [stderr]                                  at /rustc/0e09125c6c3c2fd70d7de961bcf0e51575235fad/library/std/src/panicking.rs:552:40
[INFO] [stderr]     23:     0x561f1448c0a1 - std::panicking::try::h77ff1d98f0fb9f39
[INFO] [stderr]                                  at /rustc/0e09125c6c3c2fd70d7de961bcf0e51575235fad/library/std/src/panicking.rs:516:19
[INFO] [stderr]     24:     0x561f1448c0a1 - std::panic::catch_unwind::hab3caf2448b95e37
[INFO] [stderr]                                  at /rustc/0e09125c6c3c2fd70d7de961bcf0e51575235fad/library/std/src/panic.rs:142:14
[INFO] [stderr]     25:     0x561f1448c0a1 - std::rt::lang_start_internal::{{closure}}::h8086711f9c783f78
[INFO] [stderr]                                  at /rustc/0e09125c6c3c2fd70d7de961bcf0e51575235fad/library/std/src/rt.rs:148:48
[INFO] [stderr]     26:     0x561f1448c0a1 - std::panicking::try::do_call::hf920d4dc291cd6ca
[INFO] [stderr]                                  at /rustc/0e09125c6c3c2fd70d7de961bcf0e51575235fad/library/std/src/panicking.rs:552:40
[INFO] [stderr]     27:     0x561f1448c0a1 - std::panicking::try::h2b806ccc0a85db74
[INFO] [stderr]                                  at /rustc/0e09125c6c3c2fd70d7de961bcf0e51575235fad/library/std/src/panicking.rs:516:19
[INFO] [stderr]     28:     0x561f1448c0a1 - std::panic::catch_unwind::h038489539c507df2
[INFO] [stderr]                                  at /rustc/0e09125c6c3c2fd70d7de961bcf0e51575235fad/library/std/src/panic.rs:142:14
[INFO] [stderr]     29:     0x561f1448c0a1 - std::rt::lang_start_internal::h28503b88912e8a5c
[INFO] [stderr]                                  at /rustc/0e09125c6c3c2fd70d7de961bcf0e51575235fad/library/std/src/rt.rs:148:20
[INFO] [stderr]     30:     0x561f14447017 - std::rt::lang_start::hbd7ed6721b5c2a6b
[INFO] [stderr]     31:     0x561f1444a425 - main
[INFO] [stderr]     32:     0x7f715f1efd90 - <unknown>
[INFO] [stderr]     33:     0x7f715f1efe40 - __libc_start_main
[INFO] [stderr]     34:     0x561f14446bb5 - _start
[INFO] [stderr]     35:                0x0 - <unknown>
[INFO] running `Command { std: "docker" "inspect" "1dc51b62469aa64fdfa0ece0bd69b255971b5c81c9f7f7cc34e2fbcbe927efc6", kill_on_drop: false }`
[INFO] running `Command { std: "docker" "rm" "-f" "1dc51b62469aa64fdfa0ece0bd69b255971b5c81c9f7f7cc34e2fbcbe927efc6", kill_on_drop: false }`
[INFO] [stdout] 1dc51b62469aa64fdfa0ece0bd69b255971b5c81c9f7f7cc34e2fbcbe927efc6
