[INFO] cloning repository https://github.com/John0615/warp-api-practice
[INFO] running `Command { std: "git" "-c" "credential.helper=" "-c" "credential.helper=/workspace/cargo-home/bin/git-credential-null" "clone" "--bare" "https://github.com/John0615/warp-api-practice" "/workspace/cache/git-repos/https%3A%2F%2Fgithub.com%2FJohn0615%2Fwarp-api-practice", kill_on_drop: false }`
[INFO] [stderr] Cloning into bare repository '/workspace/cache/git-repos/https%3A%2F%2Fgithub.com%2FJohn0615%2Fwarp-api-practice'...
[INFO] running `Command { std: "git" "rev-parse" "HEAD", kill_on_drop: false }`
[INFO] [stdout] 2137e27ae0af46640be8da7fa7f3f23d9496110b
[INFO] documenting John0615/warp-api-practice against 1.75.0 for beta-1.76-rustdoc-1
[INFO] running `Command { std: "git" "clone" "/workspace/cache/git-repos/https%3A%2F%2Fgithub.com%2FJohn0615%2Fwarp-api-practice" "/workspace/builds/worker-1-tc1/source", kill_on_drop: false }`
[INFO] [stderr] Cloning into '/workspace/builds/worker-1-tc1/source'...
[INFO] [stderr] done.
[INFO] validating manifest of git repo https://github.com/John0615/warp-api-practice on toolchain 1.75.0
[INFO] running `Command { std: CARGO_HOME="/workspace/cargo-home" RUSTUP_HOME="/workspace/rustup-home" "/workspace/cargo-home/bin/cargo" "+1.75.0" "metadata" "--manifest-path" "Cargo.toml" "--no-deps", kill_on_drop: false }`
[INFO] started tweaking git repo https://github.com/John0615/warp-api-practice
[INFO] finished tweaking git repo https://github.com/John0615/warp-api-practice
[INFO] tweaked toml for git repo https://github.com/John0615/warp-api-practice written to /workspace/builds/worker-1-tc1/source/Cargo.toml
[INFO] crate git repo https://github.com/John0615/warp-api-practice already has a lockfile, it will not be regenerated
[INFO] running `Command { std: CARGO_HOME="/workspace/cargo-home" RUSTUP_HOME="/workspace/rustup-home" "/workspace/cargo-home/bin/cargo" "+1.75.0" "fetch" "--manifest-path" "Cargo.toml", kill_on_drop: false }`
[INFO] [stderr]     Updating crates.io index
[INFO] [stderr]  Downloading crates ...
[INFO] [stderr]   Downloaded ipnetwork v0.17.0
[INFO] [stderr]   Downloaded simple_asn1 v0.5.4
[INFO] [stderr]   Downloaded rsa v0.4.0
[INFO] [stderr]   Downloaded html_parser v0.6.2
[INFO] [stderr]   Downloaded rbatis-core v2.0.7
[INFO] [stderr]   Downloaded rust_decimal v1.14.3
[INFO] [stderr]   Downloaded regex v1.5.1
[INFO] [stderr]   Downloaded num-bigint-dig v0.7.0
[INFO] [stderr]   Downloaded regex-syntax v0.6.24
[INFO] [stderr]   Downloaded async-graphql v2.8.4
[INFO] [stderr]   Downloaded async-graphql-value v2.6.5
[INFO] [stderr]   Downloaded async-graphql-derive v2.8.4
[INFO] [stderr]   Downloaded rexpr v1.0.7
[INFO] [stderr]   Downloaded tokio-stream v0.1.4
[INFO] [stderr]   Downloaded py_sql v1.0.1
[INFO] [stderr]   Downloaded multer v1.2.2
[INFO] [stderr]   Downloaded rbatis-macro-driver v2.0.9
[INFO] [stderr]   Downloaded rbatis_sql v2.0.13
[INFO] [stderr]   Downloaded rbatis_sql_macro v2.0.13
[INFO] [stderr]   Downloaded fast_log v1.3.23
[INFO] [stderr]   Downloaded async-graphql-warp v2.8.4
[INFO] [stderr]   Downloaded async-graphql-parser v2.7.1
[INFO] [stderr]   Downloaded rbatis v2.0.13
[INFO] running `Command { std: "docker" "create" "-v" "/var/lib/crater-agent-workspace/builds/worker-1-tc1/target:/opt/rustwide/target:rw,Z" "-v" "/var/lib/crater-agent-workspace/builds/worker-1-tc1/source:/opt/rustwide/workdir:ro,Z" "-v" "/var/lib/crater-agent-workspace/cargo-home:/opt/rustwide/cargo-home:ro,Z" "-v" "/var/lib/crater-agent-workspace/rustup-home:/opt/rustwide/rustup-home:ro,Z" "-e" "SOURCE_DIR=/opt/rustwide/workdir" "-e" "CARGO_TARGET_DIR=/opt/rustwide/target" "-e" "CARGO_HOME=/opt/rustwide/cargo-home" "-e" "RUSTUP_HOME=/opt/rustwide/rustup-home" "-w" "/opt/rustwide/workdir" "-m" "1610612736" "--user" "0:0" "--network" "none" "ghcr.io/rust-lang/crates-build-env/linux@sha256:2788e3201cd34a07e3172128adcd8b3090168a8e3bcc40d7c032b9dda1df7d1c" "/opt/rustwide/cargo-home/bin/cargo" "+1.75.0" "metadata" "--no-deps" "--format-version=1", kill_on_drop: false }`
[INFO] [stdout] 3fe4b7614b1fdde40b8bd575a75c57f6d3f05f856f1e601fa1a29e5f3e986e46
[INFO] running `Command { std: "docker" "start" "-a" "3fe4b7614b1fdde40b8bd575a75c57f6d3f05f856f1e601fa1a29e5f3e986e46", kill_on_drop: false }`
[INFO] running `Command { std: "docker" "inspect" "3fe4b7614b1fdde40b8bd575a75c57f6d3f05f856f1e601fa1a29e5f3e986e46", kill_on_drop: false }`
[INFO] running `Command { std: "docker" "rm" "-f" "3fe4b7614b1fdde40b8bd575a75c57f6d3f05f856f1e601fa1a29e5f3e986e46", kill_on_drop: false }`
[INFO] [stdout] 3fe4b7614b1fdde40b8bd575a75c57f6d3f05f856f1e601fa1a29e5f3e986e46
[INFO] running `Command { std: "docker" "create" "-v" "/var/lib/crater-agent-workspace/builds/worker-1-tc1/target:/opt/rustwide/target:rw,Z" "-v" "/var/lib/crater-agent-workspace/builds/worker-1-tc1/source:/opt/rustwide/workdir:ro,Z" "-v" "/var/lib/crater-agent-workspace/cargo-home:/opt/rustwide/cargo-home:ro,Z" "-v" "/var/lib/crater-agent-workspace/rustup-home:/opt/rustwide/rustup-home:ro,Z" "-e" "SOURCE_DIR=/opt/rustwide/workdir" "-e" "CARGO_TARGET_DIR=/opt/rustwide/target" "-e" "CARGO_INCREMENTAL=0" "-e" "RUST_BACKTRACE=full" "-e" "RUSTFLAGS=--cap-lints=warn" "-e" "RUSTDOCFLAGS=--cap-lints=warn" "-e" "CARGO_HOME=/opt/rustwide/cargo-home" "-e" "RUSTUP_HOME=/opt/rustwide/rustup-home" "-w" "/opt/rustwide/workdir" "-m" "1610612736" "--user" "0:0" "--network" "none" "ghcr.io/rust-lang/crates-build-env/linux@sha256:2788e3201cd34a07e3172128adcd8b3090168a8e3bcc40d7c032b9dda1df7d1c" "/opt/rustwide/cargo-home/bin/cargo" "+1.75.0" "doc" "--frozen" "--no-deps" "--document-private-items" "--message-format=json", kill_on_drop: false }`
[INFO] [stdout] 91405f8ace031d99236be13df5d29535e92590f307e92ab8297b298e6211b5ae
[INFO] running `Command { std: "docker" "start" "-a" "91405f8ace031d99236be13df5d29535e92590f307e92ab8297b298e6211b5ae", kill_on_drop: false }`
[INFO] [stderr]    Compiling proc-macro2 v1.0.27
[INFO] [stderr]    Compiling syn v1.0.73
[INFO] [stderr]    Compiling version_check v0.9.3
[INFO] [stderr]    Compiling libc v0.2.89
[INFO] [stderr]    Compiling memchr v2.4.0
[INFO] [stderr]    Compiling serde_derive v1.0.125
[INFO] [stderr]    Compiling serde v1.0.125
[INFO] [stderr]     Checking once_cell v1.7.2
[INFO] [stderr]    Compiling log v0.4.14
[INFO] [stderr]     Checking futures-core v0.3.13
[INFO] [stderr]    Compiling ryu v1.0.5
[INFO] [stderr]     Checking pin-project-lite v0.2.6
[INFO] [stderr]     Checking itoa v0.4.7
[INFO] [stderr]     Checking futures-io v0.3.13
[INFO] [stderr]    Compiling getrandom v0.2.2
[INFO] [stderr]    Compiling serde_json v1.0.64
[INFO] [stderr]    Compiling cc v1.0.68
[INFO] [stderr]     Checking bytes v1.0.1
[INFO] [stderr]    Compiling typenum v1.13.0
[INFO] [stderr]     Checking slab v0.4.2
[INFO] [stderr]    Compiling proc-macro-hack v0.5.19
[INFO] [stderr]    Compiling libm v0.2.1
[INFO] [stderr]     Checking smallvec v1.6.1
[INFO] [stderr]    Compiling num-traits v0.2.14
[INFO] [stderr]    Compiling value-bag v1.0.0-alpha.7
[INFO] [stderr]    Compiling generic-array v0.14.4
[INFO] [stderr]    Compiling proc-macro-nested v0.1.7
[INFO] [stderr]     Checking futures-sink v0.3.13
[INFO] [stderr]     Checking instant v0.1.9
[INFO] [stderr]    Compiling num-integer v0.1.44
[INFO] [stderr]    Compiling ucd-trie v0.1.3
[INFO] [stderr]     Checking base64 v0.13.0
[INFO] [stderr]     Checking futures-channel v0.3.13
[INFO] [stderr]     Checking lock_api v0.4.2
[INFO] [stderr]    Compiling pest v2.1.3
[INFO] [stderr]     Checking matches v0.1.8
[INFO] [stderr]    Compiling maplit v1.0.2
[INFO] [stderr]    Compiling crossbeam-utils v0.8.5
[INFO] [stderr]     Checking futures-task v0.3.13
[INFO] [stderr]     Checking fastrand v1.4.1
[INFO] [stderr]    Compiling pkg-config v0.3.19
[INFO] [stderr]     Checking cache-padded v1.1.1
[INFO] [stderr]     Checking tinyvec v1.1.1
[INFO] [stderr]     Checking http v0.2.3
[INFO] [stderr]     Checking concurrent-queue v1.2.2
[INFO] [stderr]    Compiling quote v1.0.9
[INFO] [stderr]     Checking futures-lite v1.12.0
[INFO] [stderr]     Checking event-listener v2.5.1
[INFO] [stderr]     Checking opaque-debug v0.3.0
[INFO] [stderr]     Checking aho-corasick v0.7.18
[INFO] [stderr]     Checking unicode-bidi v0.3.4
[INFO] [stderr]     Checking num_cpus v1.13.0
[INFO] [stderr]     Checking signal-hook-registry v1.3.0
[INFO] [stderr]     Checking rand_core v0.6.2
[INFO] [stderr]     Checking parking_lot_core v0.8.3
[INFO] [stderr]     Checking time v0.1.43
[INFO] [stderr]    Compiling proc-macro-error-attr v1.0.4
[INFO] [stderr]     Checking regex-syntax v0.6.24
[INFO] [stderr]     Checking untrusted v0.7.1
[INFO] [stderr]    Compiling ring v0.16.20
[INFO] [stderr]     Checking rand_chacha v0.3.0
[INFO] [stderr]     Checking parking_lot v0.11.1
[INFO] [stderr]    Compiling httparse v1.3.5
[INFO] [stderr]    Compiling pest_meta v2.1.3
[INFO] [stderr]     Checking form_urlencoded v1.0.1
[INFO] [stderr]     Checking rand v0.8.3
[INFO] [stderr]    Compiling standback v0.2.17
[INFO] [stderr]    Compiling unicase v2.6.0
[INFO] [stderr]     Checking unicode-normalization v0.1.17
[INFO] [stderr]    Compiling proc-macro-error v1.0.4
[INFO] [stderr]    Compiling tokio v1.3.0
[INFO] [stderr]     Checking cpuid-bool v0.1.2
[INFO] [stderr]     Checking socket2 v0.4.0
[INFO] [stderr]    Compiling signal-hook v0.3.8
[INFO] [stderr]    Compiling encoding_rs v0.8.28
[INFO] [stderr]    Compiling unicode-segmentation v1.8.0
[INFO] [stderr]    Compiling getrandom v0.1.16
[INFO] [stderr]     Checking async-task v4.0.3
[INFO] [stderr]     Checking digest v0.9.0
[INFO] [stderr]     Checking block-buffer v0.9.0
[INFO] [stderr]    Compiling unicode-width v0.1.8
[INFO] [stderr]    Compiling radium v0.5.3
[INFO] [stderr]    Compiling textwrap v0.11.0
[INFO] [stderr]     Checking sha-1 v0.9.4
[INFO] [stderr]     Checking async-channel v1.6.1
[INFO] [stderr]    Compiling ahash v0.7.4
[INFO] [stderr]    Compiling bitflags v1.2.1
[INFO] [stderr]    Compiling heck v0.3.3
[INFO] [stderr]    Compiling num-bigint v0.4.0
[INFO] [stderr]    Compiling num-iter v0.1.42
[INFO] [stderr]    Compiling indexmap v1.6.2
[INFO] [stderr]    Compiling tinyvec_macros v0.1.0
[INFO] [stderr]    Compiling crossbeam-queue v0.3.2
[INFO] [stderr]     Checking arrayvec v0.5.2
[INFO] [stderr]     Checking idna v0.2.2
[INFO] [stderr]    Compiling strsim v0.8.0
[INFO] [stderr]     Checking mime v0.3.16
[INFO] [stderr]    Compiling vec_map v0.8.2
[INFO] [stderr]    Compiling async-trait v0.1.50
[INFO] [stderr]    Compiling atty v0.2.14
[INFO] [stderr]     Checking atomic-waker v1.0.0
[INFO] [stderr]    Compiling ansi_term v0.11.0
[INFO] [stderr]    Compiling autocfg v0.1.7
[INFO] [stderr]     Checking blocking v1.0.2
[INFO] [stderr]     Checking async-executor v1.4.1
[INFO] [stderr]    Compiling clap v2.33.3
[INFO] [stderr]     Checking async-mutex v1.4.0
[INFO] [stderr]    Compiling nom v6.1.2
[INFO] [stderr]    Compiling num-bigint v0.3.2
[INFO] [stderr]    Compiling memoffset v0.6.4
[INFO] [stderr]     Checking url v2.2.2
[INFO] [stderr]    Compiling num-bigint-dig v0.7.0
[INFO] [stderr]     Checking funty v1.1.0
[INFO] [stderr]     Checking subtle v2.4.0
[INFO] [stderr]     Checking hashbrown v0.9.1
[INFO] [stderr]    Compiling ident_case v1.0.1
[INFO] [stderr]     Checking tap v1.0.1
[INFO] [stderr]    Compiling fnv v1.0.7
[INFO] [stderr]    Compiling const_fn v0.4.8
[INFO] [stderr]     Checking wyz v0.2.0
[INFO] [stderr]    Compiling build_const v0.2.2
[INFO] [stderr]     Checking regex v1.5.1
[INFO] [stderr]    Compiling strsim v0.10.0
[INFO] [stderr]    Compiling crc v1.8.1
[INFO] [stderr]     Checking bitvec v0.19.5
[INFO] [stderr]    Compiling mime_guess v2.0.3
[INFO] [stderr]     Checking rand_core v0.5.1
[INFO] [stderr]     Checking lexical-core v0.7.6
[INFO] [stderr]    Compiling libsqlite3-sys v0.22.2
[INFO] [stderr]    Compiling bzip2-sys v0.1.11+1.0.8
[INFO] [stderr]     Checking dashmap v4.0.2
[INFO] [stderr]     Checking crossbeam-channel v0.5.1
[INFO] [stderr]     Checking async-lock v2.4.0
[INFO] [stderr]    Compiling time v0.2.27
[INFO] [stderr]     Checking tracing-core v0.1.17
[INFO] [stderr]    Compiling miniz_oxide v0.4.4
[INFO] [stderr]    Compiling crc32fast v1.2.1
[INFO] [stderr]    Compiling whoami v1.1.2
[INFO] [stderr]    Compiling percent-encoding v2.1.0
[INFO] [stdout] error[E0308]: mismatched types
[INFO] [stdout]   --> /opt/rustwide/cargo-home/registry/src/index.crates.io-6f17d22bba15001f/num-bigint-0.4.0/src/biguint/convert.rs:70:19
[INFO] [stdout]    |
[INFO] [stdout] 70 |         .div_ceil(&big_digit::BITS.into())
[INFO] [stdout]    |          -------- ^^^^^^^^^^^^^^^^^^^^^^^ expected `u64`, found `&_`
[INFO] [stdout]    |          |
[INFO] [stdout]    |          arguments to this method are incorrect
[INFO] [stdout]    |
[INFO] [stdout]    = note:   expected type `u64`
[INFO] [stdout]            found reference `&_`
[INFO] [stdout] note: method defined here
[INFO] [stdout]   --> /rustc/82e1608dfa6e0b5569232559e3d385fea5a93112/library/core/src/num/mod.rs:1169:5
[INFO] [stdout]    = note: this error originates in the macro `uint_impl` (in Nightly builds, run with -Z macro-backtrace for more info)
[INFO] [stdout] help: consider removing the borrow
[INFO] [stdout]    |
[INFO] [stdout] 70 -         .div_ceil(&big_digit::BITS.into())
[INFO] [stdout] 70 +         .div_ceil(big_digit::BITS.into())
[INFO] [stdout]    |
[INFO] [stdout] 
[INFO] [stdout] 
[INFO] [stdout] error[E0308]: mismatched types
[INFO] [stdout]    --> /opt/rustwide/cargo-home/registry/src/index.crates.io-6f17d22bba15001f/num-bigint-0.4.0/src/biguint/convert.rs:585:19
[INFO] [stdout]     |
[INFO] [stdout] 585 |         .div_ceil(&u64::from(bits))
[INFO] [stdout]     |          -------- ^^^^^^^^^^^^^^^^ expected `u64`, found `&u64`
[INFO] [stdout]     |          |
[INFO] [stdout]     |          arguments to this method are incorrect
[INFO] [stdout]     |
[INFO] [stdout] note: method defined here
[INFO] [stdout]    --> /rustc/82e1608dfa6e0b5569232559e3d385fea5a93112/library/core/src/num/mod.rs:1169:5
[INFO] [stdout]     = note: this error originates in the macro `uint_impl` (in Nightly builds, run with -Z macro-backtrace for more info)
[INFO] [stdout] help: consider removing the borrow
[INFO] [stdout]     |
[INFO] [stdout] 585 -         .div_ceil(&u64::from(bits))
[INFO] [stdout] 585 +         .div_ceil(u64::from(bits))
[INFO] [stdout]     |
[INFO] [stdout] 
[INFO] [stdout] 
[INFO] [stdout] error[E0308]: mismatched types
[INFO] [stdout]    --> /opt/rustwide/cargo-home/registry/src/index.crates.io-6f17d22bba15001f/num-bigint-0.4.0/src/biguint/convert.rs:613:19
[INFO] [stdout]     |
[INFO] [stdout] 613 |         .div_ceil(&u64::from(bits))
[INFO] [stdout]     |          -------- ^^^^^^^^^^^^^^^^ expected `u64`, found `&u64`
[INFO] [stdout]     |          |
[INFO] [stdout]     |          arguments to this method are incorrect
[INFO] [stdout]     |
[INFO] [stdout] note: method defined here
[INFO] [stdout]    --> /rustc/82e1608dfa6e0b5569232559e3d385fea5a93112/library/core/src/num/mod.rs:1169:5
[INFO] [stdout]     = note: this error originates in the macro `uint_impl` (in Nightly builds, run with -Z macro-backtrace for more info)
[INFO] [stdout] help: consider removing the borrow
[INFO] [stdout]     |
[INFO] [stdout] 613 -         .div_ceil(&u64::from(bits))
[INFO] [stdout] 613 +         .div_ceil(u64::from(bits))
[INFO] [stdout]     |
[INFO] [stdout] 
[INFO] [stdout] 
[INFO] [stderr]    Compiling crossbeam-epoch v0.9.5
[INFO] [stderr]     Checking remove_dir_all v0.5.3
[INFO] [stderr]     Checking tempfile v3.2.0
[INFO] [stdout] error: aborting due to 3 previous errors
[INFO] [stdout] 
[INFO] [stdout] 
[INFO] [stdout] For more information about this error, try `rustc --explain E0308`.
[INFO] [stdout] 
[INFO] [stderr] error: could not compile `num-bigint` (lib) due to 4 previous errors
[INFO] [stderr] warning: build failed, waiting for other jobs to finish...
[INFO] running `Command { std: "docker" "inspect" "91405f8ace031d99236be13df5d29535e92590f307e92ab8297b298e6211b5ae", kill_on_drop: false }`
[INFO] running `Command { std: "docker" "rm" "-f" "91405f8ace031d99236be13df5d29535e92590f307e92ab8297b298e6211b5ae", kill_on_drop: false }`
[INFO] [stdout] 91405f8ace031d99236be13df5d29535e92590f307e92ab8297b298e6211b5ae
