[INFO] cloning repository https://github.com/John-Paul-R/fiber-stats-ui-rs
[INFO] running `Command { std: "git" "-c" "credential.helper=" "-c" "credential.helper=/workspace/cargo-home/bin/git-credential-null" "clone" "--bare" "https://github.com/John-Paul-R/fiber-stats-ui-rs" "/workspace/cache/git-repos/https%3A%2F%2Fgithub.com%2FJohn-Paul-R%2Ffiber-stats-ui-rs", kill_on_drop: false }`
[INFO] [stderr] Cloning into bare repository '/workspace/cache/git-repos/https%3A%2F%2Fgithub.com%2FJohn-Paul-R%2Ffiber-stats-ui-rs'...
[INFO] running `Command { std: "git" "rev-parse" "HEAD", kill_on_drop: false }`
[INFO] [stdout] 1916a34e8f9140c1529789103e9fee6ac9a0d39e
[INFO] documenting John-Paul-R/fiber-stats-ui-rs against 1.75.0 for beta-1.76-rustdoc-1
[INFO] running `Command { std: "git" "clone" "/workspace/cache/git-repos/https%3A%2F%2Fgithub.com%2FJohn-Paul-R%2Ffiber-stats-ui-rs" "/workspace/builds/worker-7-tc1/source", kill_on_drop: false }`
[INFO] [stderr] Cloning into '/workspace/builds/worker-7-tc1/source'...
[INFO] [stderr] done.
[INFO] validating manifest of git repo https://github.com/John-Paul-R/fiber-stats-ui-rs on toolchain 1.75.0
[INFO] running `Command { std: CARGO_HOME="/workspace/cargo-home" RUSTUP_HOME="/workspace/rustup-home" "/workspace/cargo-home/bin/cargo" "+1.75.0" "metadata" "--manifest-path" "Cargo.toml" "--no-deps", kill_on_drop: false }`
[INFO] removed /workspace/builds/worker-7-tc1/source/rust-toolchain.toml
[INFO] started tweaking git repo https://github.com/John-Paul-R/fiber-stats-ui-rs
[INFO] finished tweaking git repo https://github.com/John-Paul-R/fiber-stats-ui-rs
[INFO] tweaked toml for git repo https://github.com/John-Paul-R/fiber-stats-ui-rs written to /workspace/builds/worker-7-tc1/source/Cargo.toml
[INFO] crate git repo https://github.com/John-Paul-R/fiber-stats-ui-rs already has a lockfile, it will not be regenerated
[INFO] running `Command { std: CARGO_HOME="/workspace/cargo-home" RUSTUP_HOME="/workspace/rustup-home" "/workspace/cargo-home/bin/cargo" "+1.75.0" "fetch" "--manifest-path" "Cargo.toml", kill_on_drop: false }`
[INFO] [stderr]     Updating git repository `https://github.com/John-Paul-R/fiber-sdk`
[INFO] [stderr]     Updating crates.io index
[INFO] [stderr]  Downloading crates ...
[INFO] [stderr]   Downloaded async_once v0.2.6
[INFO] [stderr]   Downloaded cached_proc_macro v0.16.0
[INFO] [stderr]   Downloaded cached v0.43.0
[INFO] [stderr]   Downloaded server_fn_macro v0.3.1
[INFO] [stderr]   Downloaded quote-use v0.6.0
[INFO] [stderr]   Downloaded attribute-derive v0.5.0
[INFO] [stderr]   Downloaded proc-macro-utils v0.5.2
[INFO] [stderr]   Downloaded derive-where v1.2.5
[INFO] [stderr]   Downloaded leptos_config v0.3.1
[INFO] [stderr]   Downloaded leptos_dom v0.3.1
[INFO] [stderr]   Downloaded attribute-derive-macro v0.5.0
[INFO] [stderr]   Downloaded leptos_hot_reload v0.3.1
[INFO] [stderr]   Downloaded leptos_reactive v0.3.1
[INFO] [stderr]   Downloaded leptos_server v0.3.1
[INFO] [stderr]   Downloaded server_fn_macro_default v0.3.1
[INFO] [stderr]   Downloaded leptos v0.3.1
[INFO] [stderr]   Downloaded interpolator v0.4.0
[INFO] [stderr]   Downloaded server_fn v0.3.1
[INFO] [stderr]   Downloaded plotters-canvas v0.3.0
[INFO] [stderr]   Downloaded leptos_meta v0.3.1
[INFO] [stderr]   Downloaded leptos_actix v0.3.1
[INFO] [stderr]   Downloaded leptos_integration_utils v0.3.1
[INFO] [stderr]   Downloaded leptos_macro v0.3.1
[INFO] [stderr]   Downloaded leptos_router v0.3.1
[INFO] running `Command { std: "docker" "create" "-v" "/var/lib/crater-agent-workspace/builds/worker-7-tc1/target:/opt/rustwide/target:rw,Z" "-v" "/var/lib/crater-agent-workspace/builds/worker-7-tc1/source:/opt/rustwide/workdir:ro,Z" "-v" "/var/lib/crater-agent-workspace/cargo-home:/opt/rustwide/cargo-home:ro,Z" "-v" "/var/lib/crater-agent-workspace/rustup-home:/opt/rustwide/rustup-home:ro,Z" "-e" "SOURCE_DIR=/opt/rustwide/workdir" "-e" "CARGO_TARGET_DIR=/opt/rustwide/target" "-e" "CARGO_HOME=/opt/rustwide/cargo-home" "-e" "RUSTUP_HOME=/opt/rustwide/rustup-home" "-w" "/opt/rustwide/workdir" "-m" "1610612736" "--user" "0:0" "--network" "none" "ghcr.io/rust-lang/crates-build-env/linux@sha256:2788e3201cd34a07e3172128adcd8b3090168a8e3bcc40d7c032b9dda1df7d1c" "/opt/rustwide/cargo-home/bin/cargo" "+1.75.0" "metadata" "--no-deps" "--format-version=1", kill_on_drop: false }`
[INFO] [stdout] 110d45e9152f04330c00e5921f9a72a172d992e0f6105f0e92ecb3976bb18945
[INFO] running `Command { std: "docker" "start" "-a" "110d45e9152f04330c00e5921f9a72a172d992e0f6105f0e92ecb3976bb18945", kill_on_drop: false }`
[INFO] running `Command { std: "docker" "inspect" "110d45e9152f04330c00e5921f9a72a172d992e0f6105f0e92ecb3976bb18945", kill_on_drop: false }`
[INFO] running `Command { std: "docker" "rm" "-f" "110d45e9152f04330c00e5921f9a72a172d992e0f6105f0e92ecb3976bb18945", kill_on_drop: false }`
[INFO] [stdout] 110d45e9152f04330c00e5921f9a72a172d992e0f6105f0e92ecb3976bb18945
[INFO] running `Command { std: "docker" "create" "-v" "/var/lib/crater-agent-workspace/builds/worker-7-tc1/target:/opt/rustwide/target:rw,Z" "-v" "/var/lib/crater-agent-workspace/builds/worker-7-tc1/source:/opt/rustwide/workdir:ro,Z" "-v" "/var/lib/crater-agent-workspace/cargo-home:/opt/rustwide/cargo-home:ro,Z" "-v" "/var/lib/crater-agent-workspace/rustup-home:/opt/rustwide/rustup-home:ro,Z" "-e" "SOURCE_DIR=/opt/rustwide/workdir" "-e" "CARGO_TARGET_DIR=/opt/rustwide/target" "-e" "CARGO_INCREMENTAL=0" "-e" "RUST_BACKTRACE=full" "-e" "RUSTFLAGS=--cap-lints=warn" "-e" "RUSTDOCFLAGS=--cap-lints=warn" "-e" "CARGO_HOME=/opt/rustwide/cargo-home" "-e" "RUSTUP_HOME=/opt/rustwide/rustup-home" "-w" "/opt/rustwide/workdir" "-m" "1610612736" "--user" "0:0" "--network" "none" "ghcr.io/rust-lang/crates-build-env/linux@sha256:2788e3201cd34a07e3172128adcd8b3090168a8e3bcc40d7c032b9dda1df7d1c" "/opt/rustwide/cargo-home/bin/cargo" "+1.75.0" "doc" "--frozen" "--no-deps" "--document-private-items" "--message-format=json", kill_on_drop: false }`
[INFO] [stdout] 06b06e50008a6c91025a84cdd8300a18ea87c33357bd466bf7d13935c2ce6c84
[INFO] running `Command { std: "docker" "start" "-a" "06b06e50008a6c91025a84cdd8300a18ea87c33357bd466bf7d13935c2ce6c84", kill_on_drop: false }`
[INFO] [stderr]    Compiling proc-macro2 v1.0.69
[INFO] [stderr]    Compiling unicode-ident v1.0.12
[INFO] [stderr]    Compiling libc v0.2.150
[INFO] [stderr]    Compiling autocfg v1.1.0
[INFO] [stderr]     Checking cfg-if v1.0.0
[INFO] [stderr]    Compiling version_check v0.9.4
[INFO] [stderr]     Checking once_cell v1.18.0
[INFO] [stderr]    Compiling serde v1.0.192
[INFO] [stderr]    Compiling pkg-config v0.3.27
[INFO] [stderr]     Checking memchr v2.6.4
[INFO] [stderr]    Compiling thiserror v1.0.50
[INFO] [stderr]    Compiling syn v1.0.109
[INFO] [stderr]     Checking pin-project-lite v0.2.13
[INFO] [stderr]    Compiling wasm-bindgen-shared v0.2.88
[INFO] [stderr]    Compiling futures-core v0.3.29
[INFO] [stderr]     Checking itoa v1.0.9
[INFO] [stderr]     Checking futures-sink v0.3.29
[INFO] [stderr]    Compiling futures-channel v0.3.29
[INFO] [stderr]    Compiling bumpalo v3.14.0
[INFO] [stderr]    Compiling log v0.4.20
[INFO] [stderr]    Compiling num-traits v0.2.17
[INFO] [stderr]    Compiling quote v1.0.33
[INFO] [stderr]    Compiling slab v0.4.9
[INFO] [stderr]    Compiling futures-task v0.3.29
[INFO] [stderr]    Compiling futures-util v0.3.29
[INFO] [stderr]    Compiling syn v2.0.39
[INFO] [stderr]    Compiling cc v1.0.83
[INFO] [stderr]    Compiling vcpkg v0.2.15
[INFO] [stderr]    Compiling wasm-bindgen v0.2.88
[INFO] [stderr]     Checking ryu v1.0.15
[INFO] [stderr]    Compiling serde_json v1.0.108
[INFO] [stderr]     Checking pin-utils v0.1.0
[INFO] [stderr]     Checking futures-io v0.3.29
[INFO] [stderr]     Checking bytes v1.5.0
[INFO] [stderr]    Compiling ahash v0.7.7
[INFO] [stderr]    Compiling proc-macro-error-attr v1.0.4
[INFO] [stderr]     Checking tracing-core v0.1.32
[INFO] [stderr]     Checking getrandom v0.2.11
[INFO] [stderr]     Checking mio v0.8.9
[INFO] [stderr]     Checking socket2 v0.5.5
[INFO] [stderr]    Compiling unicase v2.7.0
[INFO] [stderr]    Compiling proc-macro-error v1.0.4
[INFO] [stderr]     Checking tokio v1.34.0
[INFO] [stderr]     Checking fnv v1.0.7
[INFO] [stderr]     Checking foreign-types-shared v0.1.1
[INFO] [stderr]    Compiling openssl v0.10.59
[INFO] [stderr]     Checking foreign-types v0.3.2
[INFO] [stderr]     Checking hashbrown v0.12.3
[INFO] [stderr]     Checking http v0.2.11
[INFO] [stderr]    Compiling openssl-sys v0.9.95
[INFO] [stderr]    Compiling indexmap v1.9.3
[INFO] [stderr]    Compiling native-tls v0.2.11
[INFO] [stderr]     Checking equivalent v1.0.1
[INFO] [stderr]     Checking tinyvec_macros v0.1.1
[INFO] [stderr]     Checking percent-encoding v2.3.0
[INFO] [stderr]    Compiling httparse v1.8.0
[INFO] [stderr]     Checking bitflags v2.4.1
[INFO] [stderr]     Checking hashbrown v0.14.2
[INFO] [stderr]    Compiling unicode-xid v0.2.4
[INFO] [stderr]     Checking bitflags v1.3.2
[INFO] [stderr]    Compiling const_format_proc_macros v0.2.32
[INFO] [stderr]     Checking tinyvec v1.6.0
[INFO] [stderr]     Checking indexmap v2.1.0
[INFO] [stderr]    Compiling ucd-trie v0.1.6
[INFO] [stderr]    Compiling smallvec v1.11.2
[INFO] [stderr]     Checking openssl-probe v0.1.5
[INFO] [stderr]     Checking try-lock v0.2.4
[INFO] [stderr]     Checking unicode-normalization v0.1.22
[INFO] [stderr]     Checking want v0.3.1
[INFO] [stderr]    Compiling mime_guess v2.0.4
[INFO] [stderr]     Checking http-body v0.4.5
[INFO] [stderr]     Checking form_urlencoded v1.2.0
[INFO] [stderr]     Checking socket2 v0.4.10
[INFO] [stderr]    Compiling num-integer v0.1.45
[INFO] [stderr]     Checking tower-service v0.3.2
[INFO] [stderr]    Compiling semver v1.0.20
[INFO] [stderr]     Checking base64 v0.21.5
[INFO] [stderr]     Checking httpdate v1.0.3
[INFO] [stderr]    Compiling wasm-bindgen-backend v0.2.88
[INFO] [stderr]     Checking unicode-bidi v0.3.13
[INFO] [stderr]    Compiling const_format v0.2.32
[INFO] [stderr]     Checking idna v0.4.0
[INFO] [stderr]    Compiling num-bigint v0.4.4
[INFO] [stderr]    Compiling lock_api v0.4.11
[INFO] [stderr]    Compiling slotmap v1.0.6
[INFO] [stderr]     Checking lazy_static v1.4.0
[INFO] [stderr]    Compiling xxhash-rust v0.8.7
[INFO] [stderr]    Compiling parking_lot_core v0.9.9
[INFO] [stderr]     Checking mime v0.3.17
[INFO] [stderr]     Checking url v2.4.1
[INFO] [stderr]    Compiling wasm-bindgen-macro-support v0.2.88
[INFO] [stderr]     Checking encoding_rs v0.8.33
[INFO] [stderr]    Compiling crc32fast v1.3.2
[INFO] [stderr]    Compiling async-trait v0.1.74
[INFO] [stderr]     Checking simd-adler32 v0.3.7
[INFO] [stderr]    Compiling anyhow v1.0.75
[INFO] [stderr]     Checking dlv-list v0.3.0
[INFO] [stderr]     Checking ciborium-io v0.2.1
[INFO] [stderr]     Checking half v1.8.2
[INFO] [stderr]     Checking ipnet v2.9.0
[INFO] [stderr]    Compiling scopeguard v1.2.0
[INFO] [stderr]    Compiling camino v1.1.6
[INFO] [stderr]     Checking ciborium-ll v0.2.1
[INFO] [stderr]     Checking ordered-multimap v0.4.3
[INFO] [stderr]    Compiling rustc_version v0.4.0
[INFO] [stderr]    Compiling proc-macro-utils v0.5.2
[INFO] [stderr]    Compiling cmake v0.1.50
[INFO] [stderr]     Checking aho-corasick v1.1.2
[INFO] [stderr]     Checking self_cell v1.0.2
[INFO] [stderr]    Compiling serde_derive v1.0.192
[INFO] [stderr]    Compiling thiserror-impl v1.0.50
[INFO] [stderr]    Compiling tracing-attributes v0.1.27
[INFO] [stderr]    Compiling futures-macro v0.3.29
[INFO] [stderr]    Compiling wasm-bindgen-macro v0.2.88
[INFO] [stderr]    Compiling openssl-macros v0.1.1
[INFO] [stderr]    Compiling derive-where v1.2.5
[INFO] [stderr]    Compiling same-file v1.0.6
[INFO] [stderr]    Compiling prettyplease v0.1.25
[INFO] [stderr]     Checking js-sys v0.3.65
[INFO] [stderr]     Checking adler v1.0.2
[INFO] [stderr]    Compiling pest v2.7.5
[INFO] [stderr]     Checking tracing v0.1.40
[INFO] [stderr]     Checking tokio-util v0.7.10
[INFO] [stderr]     Checking linked-hash-map v0.5.6
[INFO] [stderr]    Compiling quote-use v0.6.0
[INFO] [stderr]     Checking minimal-lexical v0.2.1
[INFO] [stderr]     Checking regex-syntax v0.8.2
[INFO] [stderr]    Compiling interpolator v0.4.0
[INFO] [stderr]     Checking h2 v0.3.22
[INFO] [stderr]    Compiling pest_meta v2.7.5
[INFO] [stderr]     Checking futures-executor v0.3.29
[INFO] [stderr]     Checking futures v0.3.29
[INFO] [stderr]    Compiling ident_case v1.0.1
[INFO] [stderr]     Checking rustc-hash v1.1.0
[INFO] [stderr]     Checking web-sys v0.3.65
[INFO] [stderr]    Compiling strsim v0.10.0
[INFO] [stderr]     Checking base64 v0.13.1
[INFO] [stderr]     Checking tokio-native-tls v0.3.1
[INFO] [stderr]    Compiling paste v1.0.14
[INFO] [stderr]    Compiling collection_literals v1.0.1
[INFO] [stderr]    Compiling darling_core v0.20.3
[INFO] [stderr]    Compiling attribute-derive-macro v0.5.0
[INFO] [stderr]    Compiling pest_generator v2.7.5
[INFO] [stderr]     Checking hyper v0.14.27
[INFO] [stderr]     Checking regex-automata v0.4.3
[INFO] [stderr]     Checking wasm-bindgen-futures v0.4.38
[INFO] [stderr]    Compiling pest_derive v2.7.5
[INFO] [stderr]     Checking nom v7.1.3
[INFO] [stderr]     Checking serde_urlencoded v0.7.1
[INFO] [stderr]     Checking serde-wasm-bindgen v0.5.0
[INFO] [stderr]     Checking json5 v0.4.1
[INFO] [stderr]     Checking serde_qs v0.12.0
[INFO] [stderr]    Compiling server_fn_macro v0.3.1
[INFO] [stdout] error[E0554]: `#![feature]` may not be used on the stable release channel
[INFO] [stdout]  --> /opt/rustwide/cargo-home/registry/src/index.crates.io-6f17d22bba15001f/server_fn_macro-0.3.1/src/lib.rs:1:46
[INFO] [stdout]   |
[INFO] [stdout] 1 | #![cfg_attr(not(feature = "stable"), feature(proc_macro_span))]
[INFO] [stdout]   |                                              ^^^^^^^^^^^^^^^
[INFO] [stdout] 
[INFO] [stdout] 
[INFO] [stdout] error: aborting due to previous error
[INFO] [stdout] 
[INFO] [stdout] 
[INFO] [stdout] For more information about this error, try `rustc --explain E0554`.
[INFO] [stdout] 
[INFO] [stderr] error: could not compile `server_fn_macro` (lib) due to 2 previous errors
[INFO] [stderr] warning: build failed, waiting for other jobs to finish...
[INFO] running `Command { std: "docker" "inspect" "06b06e50008a6c91025a84cdd8300a18ea87c33357bd466bf7d13935c2ce6c84", kill_on_drop: false }`
[INFO] running `Command { std: "docker" "rm" "-f" "06b06e50008a6c91025a84cdd8300a18ea87c33357bd466bf7d13935c2ce6c84", kill_on_drop: false }`
[INFO] [stdout] 06b06e50008a6c91025a84cdd8300a18ea87c33357bd466bf7d13935c2ce6c84
[INFO] documenting John-Paul-R/fiber-stats-ui-rs against beta-2023-12-22 for beta-1.76-rustdoc-1
[INFO] running `Command { std: "git" "clone" "/workspace/cache/git-repos/https%3A%2F%2Fgithub.com%2FJohn-Paul-R%2Ffiber-stats-ui-rs" "/workspace/builds/worker-7-tc2/source", kill_on_drop: false }`
[INFO] [stderr] Cloning into '/workspace/builds/worker-7-tc2/source'...
[INFO] [stderr] done.
[INFO] validating manifest of git repo https://github.com/John-Paul-R/fiber-stats-ui-rs on toolchain beta-2023-12-22
[INFO] running `Command { std: CARGO_HOME="/workspace/cargo-home" RUSTUP_HOME="/workspace/rustup-home" "/workspace/cargo-home/bin/cargo" "+beta-2023-12-22" "metadata" "--manifest-path" "Cargo.toml" "--no-deps", kill_on_drop: false }`
[INFO] removed /workspace/builds/worker-7-tc2/source/rust-toolchain.toml
[INFO] started tweaking git repo https://github.com/John-Paul-R/fiber-stats-ui-rs
[INFO] finished tweaking git repo https://github.com/John-Paul-R/fiber-stats-ui-rs
[INFO] tweaked toml for git repo https://github.com/John-Paul-R/fiber-stats-ui-rs written to /workspace/builds/worker-7-tc2/source/Cargo.toml
[INFO] crate git repo https://github.com/John-Paul-R/fiber-stats-ui-rs already has a lockfile, it will not be regenerated
[INFO] running `Command { std: CARGO_HOME="/workspace/cargo-home" RUSTUP_HOME="/workspace/rustup-home" "/workspace/cargo-home/bin/cargo" "+beta-2023-12-22" "fetch" "--manifest-path" "Cargo.toml", kill_on_drop: false }`
[INFO] running `Command { std: "docker" "create" "-v" "/var/lib/crater-agent-workspace/builds/worker-7-tc2/target:/opt/rustwide/target:rw,Z" "-v" "/var/lib/crater-agent-workspace/builds/worker-7-tc2/source:/opt/rustwide/workdir:ro,Z" "-v" "/var/lib/crater-agent-workspace/cargo-home:/opt/rustwide/cargo-home:ro,Z" "-v" "/var/lib/crater-agent-workspace/rustup-home:/opt/rustwide/rustup-home:ro,Z" "-e" "SOURCE_DIR=/opt/rustwide/workdir" "-e" "CARGO_TARGET_DIR=/opt/rustwide/target" "-e" "CARGO_HOME=/opt/rustwide/cargo-home" "-e" "RUSTUP_HOME=/opt/rustwide/rustup-home" "-w" "/opt/rustwide/workdir" "-m" "1610612736" "--user" "0:0" "--network" "none" "ghcr.io/rust-lang/crates-build-env/linux@sha256:2788e3201cd34a07e3172128adcd8b3090168a8e3bcc40d7c032b9dda1df7d1c" "/opt/rustwide/cargo-home/bin/cargo" "+beta-2023-12-22" "metadata" "--no-deps" "--format-version=1", kill_on_drop: false }`
[INFO] [stdout] 4f7dedf2260e6bfb89a85916092232ba55b8082e191bae4b7e606638b2b00c22
[INFO] running `Command { std: "docker" "start" "-a" "4f7dedf2260e6bfb89a85916092232ba55b8082e191bae4b7e606638b2b00c22", kill_on_drop: false }`
[INFO] running `Command { std: "docker" "inspect" "4f7dedf2260e6bfb89a85916092232ba55b8082e191bae4b7e606638b2b00c22", kill_on_drop: false }`
[INFO] running `Command { std: "docker" "rm" "-f" "4f7dedf2260e6bfb89a85916092232ba55b8082e191bae4b7e606638b2b00c22", kill_on_drop: false }`
[INFO] [stdout] 4f7dedf2260e6bfb89a85916092232ba55b8082e191bae4b7e606638b2b00c22
[INFO] running `Command { std: "docker" "create" "-v" "/var/lib/crater-agent-workspace/builds/worker-7-tc2/target:/opt/rustwide/target:rw,Z" "-v" "/var/lib/crater-agent-workspace/builds/worker-7-tc2/source:/opt/rustwide/workdir:ro,Z" "-v" "/var/lib/crater-agent-workspace/cargo-home:/opt/rustwide/cargo-home:ro,Z" "-v" "/var/lib/crater-agent-workspace/rustup-home:/opt/rustwide/rustup-home:ro,Z" "-e" "SOURCE_DIR=/opt/rustwide/workdir" "-e" "CARGO_TARGET_DIR=/opt/rustwide/target" "-e" "CARGO_INCREMENTAL=0" "-e" "RUST_BACKTRACE=full" "-e" "RUSTFLAGS=--cap-lints=warn" "-e" "RUSTDOCFLAGS=--cap-lints=warn" "-e" "CARGO_HOME=/opt/rustwide/cargo-home" "-e" "RUSTUP_HOME=/opt/rustwide/rustup-home" "-w" "/opt/rustwide/workdir" "-m" "1610612736" "--user" "0:0" "--network" "none" "ghcr.io/rust-lang/crates-build-env/linux@sha256:2788e3201cd34a07e3172128adcd8b3090168a8e3bcc40d7c032b9dda1df7d1c" "/opt/rustwide/cargo-home/bin/cargo" "+beta-2023-12-22" "doc" "--frozen" "--no-deps" "--document-private-items" "--message-format=json", kill_on_drop: false }`
[INFO] [stdout] c297181ec3677ba92ec56956cfbe010da3a4facfd84b8ae04cbc6a2c58420231
[INFO] running `Command { std: "docker" "start" "-a" "c297181ec3677ba92ec56956cfbe010da3a4facfd84b8ae04cbc6a2c58420231", kill_on_drop: false }`
[INFO] [stderr]    Compiling proc-macro2 v1.0.69
[INFO] [stderr]    Compiling unicode-ident v1.0.12
[INFO] [stderr]    Compiling libc v0.2.150
[INFO] [stderr]    Compiling autocfg v1.1.0
[INFO] [stderr]     Checking cfg-if v1.0.0
[INFO] [stderr]    Compiling version_check v0.9.4
[INFO] [stderr]    Compiling serde v1.0.192
[INFO] [stderr]     Checking once_cell v1.18.0
[INFO] [stderr]    Compiling pkg-config v0.3.27
[INFO] [stderr]    Compiling thiserror v1.0.50
[INFO] [stderr]     Checking memchr v2.6.4
[INFO] [stderr]    Compiling syn v1.0.109
[INFO] [stderr]     Checking itoa v1.0.9
[INFO] [stderr]    Compiling futures-core v0.3.29
[INFO] [stderr]     Checking pin-project-lite v0.2.13
[INFO] [stderr]    Compiling wasm-bindgen-shared v0.2.88
[INFO] [stderr]     Checking futures-sink v0.3.29
[INFO] [stderr]    Compiling bumpalo v3.14.0
[INFO] [stderr]    Compiling log v0.4.20
[INFO] [stderr]    Compiling futures-channel v0.3.29
[INFO] [stderr]    Compiling slab v0.4.9
[INFO] [stderr]    Compiling quote v1.0.33
[INFO] [stderr]    Compiling num-traits v0.2.17
[INFO] [stderr]    Compiling futures-task v0.3.29
[INFO] [stderr]    Compiling syn v2.0.39
[INFO] [stderr]    Compiling wasm-bindgen v0.2.88
[INFO] [stderr]    Compiling vcpkg v0.2.15
[INFO] [stderr]    Compiling cc v1.0.83
[INFO] [stderr]    Compiling futures-util v0.3.29
[INFO] [stderr]     Checking bytes v1.5.0
[INFO] [stderr]     Checking futures-io v0.3.29
[INFO] [stderr]    Compiling serde_json v1.0.108
[INFO] [stderr]     Checking pin-utils v0.1.0
[INFO] [stderr]     Checking ryu v1.0.15
[INFO] [stderr]    Compiling proc-macro-error-attr v1.0.4
[INFO] [stderr]    Compiling ahash v0.7.7
[INFO] [stderr]     Checking tracing-core v0.1.32
[INFO] [stderr]     Checking getrandom v0.2.11
[INFO] [stderr]     Checking mio v0.8.9
[INFO] [stderr]     Checking socket2 v0.5.5
[INFO] [stderr]    Compiling unicase v2.7.0
[INFO] [stderr]    Compiling proc-macro-error v1.0.4
[INFO] [stderr]    Compiling openssl-sys v0.9.95
[INFO] [stderr]     Checking tokio v1.34.0
[INFO] [stderr]    Compiling openssl v0.10.59
[INFO] [stderr]     Checking foreign-types-shared v0.1.1
[INFO] [stderr]     Checking fnv v1.0.7
[INFO] [stderr]     Checking foreign-types v0.3.2
[INFO] [stderr]     Checking http v0.2.11
[INFO] [stderr]     Checking hashbrown v0.12.3
[INFO] [stderr]    Compiling indexmap v1.9.3
[INFO] [stderr]     Checking bitflags v2.4.1
[INFO] [stderr]     Checking percent-encoding v2.3.0
[INFO] [stderr]    Compiling unicode-xid v0.2.4
[INFO] [stderr]    Compiling native-tls v0.2.11
[INFO] [stderr]     Checking hashbrown v0.14.2
[INFO] [stderr]    Compiling httparse v1.8.0
[INFO] [stderr]     Checking bitflags v1.3.2
[INFO] [stderr]     Checking equivalent v1.0.1
[INFO] [stderr]     Checking tinyvec_macros v0.1.1
[INFO] [stderr]     Checking tinyvec v1.6.0
[INFO] [stderr]    Compiling const_format_proc_macros v0.2.32
[INFO] [stderr]     Checking try-lock v0.2.4
[INFO] [stderr]     Checking indexmap v2.1.0
[INFO] [stderr]     Checking openssl-probe v0.1.5
[INFO] [stderr]    Compiling ucd-trie v0.1.6
[INFO] [stderr]    Compiling smallvec v1.11.2
[INFO] [stderr]     Checking unicode-normalization v0.1.22
[INFO] [stderr]     Checking want v0.3.1
[INFO] [stderr]    Compiling mime_guess v2.0.4
[INFO] [stderr]     Checking form_urlencoded v1.2.0
[INFO] [stderr]     Checking http-body v0.4.5
[INFO] [stderr]     Checking socket2 v0.4.10
[INFO] [stderr]    Compiling num-integer v0.1.45
[INFO] [stderr]     Checking tower-service v0.3.2
[INFO] [stderr]    Compiling semver v1.0.20
[INFO] [stderr]     Checking httpdate v1.0.3
[INFO] [stderr]     Checking base64 v0.21.5
[INFO] [stderr]     Checking unicode-bidi v0.3.13
[INFO] [stderr]    Compiling const_format v0.2.32
[INFO] [stderr]     Checking idna v0.4.0
[INFO] [stderr]    Compiling slotmap v1.0.6
[INFO] [stderr]    Compiling lock_api v0.4.11
[INFO] [stderr]    Compiling num-bigint v0.4.4
[INFO] [stderr]    Compiling wasm-bindgen-backend v0.2.88
[INFO] [stderr]     Checking lazy_static v1.4.0
[INFO] [stderr]     Checking mime v0.3.17
[INFO] [stderr]    Compiling xxhash-rust v0.8.7
[INFO] [stderr]    Compiling parking_lot_core v0.9.9
[INFO] [stderr]     Checking url v2.4.1
[INFO] [stderr]     Checking encoding_rs v0.8.33
[INFO] [stderr]    Compiling wasm-bindgen-macro-support v0.2.88
[INFO] [stderr]    Compiling crc32fast v1.3.2
[INFO] [stderr]     Checking simd-adler32 v0.3.7
[INFO] [stderr]    Compiling async-trait v0.1.74
[INFO] [stderr]     Checking ciborium-io v0.2.1
[INFO] [stderr]     Checking ipnet v2.9.0
[INFO] [stderr]     Checking half v1.8.2
[INFO] [stderr]    Compiling camino v1.1.6
[INFO] [stderr]    Compiling scopeguard v1.2.0
[INFO] [stderr]     Checking dlv-list v0.3.0
[INFO] [stderr]    Compiling anyhow v1.0.75
[INFO] [stderr]     Checking ordered-multimap v0.4.3
[INFO] [stderr]     Checking ciborium-ll v0.2.1
[INFO] [stderr]    Compiling rustc_version v0.4.0
[INFO] [stderr]    Compiling proc-macro-utils v0.5.2
[INFO] [stderr]    Compiling cmake v0.1.50
[INFO] [stderr]     Checking aho-corasick v1.1.2
[INFO] [stderr]    Compiling paste v1.0.14
[INFO] [stderr]     Checking minimal-lexical v0.2.1
[INFO] [stderr]     Checking adler v1.0.2
[INFO] [stderr]    Compiling strsim v0.10.0
[INFO] [stderr]    Compiling collection_literals v1.0.1
[INFO] [stderr]    Compiling ident_case v1.0.1
[INFO] [stderr]    Compiling serde_derive v1.0.192
[INFO] [stderr]    Compiling thiserror-impl v1.0.50
[INFO] [stderr]    Compiling tracing-attributes v0.1.27
[INFO] [stderr]    Compiling futures-macro v0.3.29
[INFO] [stderr]    Compiling wasm-bindgen-macro v0.2.88
[INFO] [stderr]    Compiling openssl-macros v0.1.1
[INFO] [stderr]    Compiling derive-where v1.2.5
[INFO] [stderr]     Checking linked-hash-map v0.5.6
[INFO] [stderr]    Compiling same-file v1.0.6
[INFO] [stderr]     Checking rustc-hash v1.1.0
[INFO] [stderr]    Compiling prettyplease v0.1.25
[INFO] [stderr]     Checking self_cell v1.0.2
[INFO] [stderr]    Compiling interpolator v0.4.0
[INFO] [stderr]     Checking js-sys v0.3.65
[INFO] [stderr]    Compiling pest v2.7.5
[INFO] [stderr]     Checking tracing v0.1.40
[INFO] [stderr]    Compiling quote-use v0.6.0
[INFO] [stderr]     Checking tokio-util v0.7.10
[INFO] [stderr]     Checking base64 v0.13.1
[INFO] [stderr]    Compiling pest_meta v2.7.5
[INFO] [stderr]     Checking regex-syntax v0.8.2
[INFO] [stderr]    Compiling syn-rsx v0.9.0
[INFO] [stderr]    Compiling attribute-derive-macro v0.5.0
[INFO] [stderr]    Compiling darling_core v0.20.3
[INFO] [stderr]     Checking tokio-native-tls v0.3.1
[INFO] [stderr]     Checking h2 v0.3.22
[INFO] [stderr]     Checking futures-executor v0.3.29
[INFO] [stderr]    Compiling pest_generator v2.7.5
[INFO] [stderr]     Checking web-sys v0.3.65
[INFO] [stderr]     Checking futures v0.3.29
[INFO] [stderr]     Checking regex-automata v0.4.3
[INFO] [stderr]     Checking wasm-bindgen-futures v0.4.38
[INFO] [stderr]    Compiling walkdir v2.4.0
[INFO] [stderr]    Compiling pest_derive v2.7.5
[INFO] [stderr]     Checking yaml-rust v0.4.5
[INFO] [stderr]    Compiling enum-ordinalize v3.1.15
[INFO] [stderr]     Checking hyper v0.14.27
[INFO] [stderr]     Checking nom v7.1.3
[INFO] [stderr]     Checking miniz_oxide v0.7.1
[INFO] [stderr]    Compiling freetype-sys v0.13.1
[INFO] [stderr]     Checking serde_urlencoded v0.7.1
[INFO] [stderr]     Checking serde-wasm-bindgen v0.5.0
[INFO] [stderr]     Checking ciborium v0.2.1
[INFO] [stderr]     Checking hyper-tls v0.5.0
[INFO] [stderr]     Checking serde_qs v0.12.0
[INFO] [stderr]     Checking reqwest v0.11.22
[INFO] [stderr]    Compiling server_fn_macro v0.3.1
[INFO] [stderr]     Checking toml v0.5.11
[INFO] [stdout] error[E0554]: `#![feature]` may not be used on the beta release channel
[INFO] [stdout]  --> /opt/rustwide/cargo-home/registry/src/index.crates.io-6f17d22bba15001f/server_fn_macro-0.3.1/src/lib.rs:1:46
[INFO] [stdout]   |
[INFO] [stdout] 1 | #![cfg_attr(not(feature = "stable"), feature(proc_macro_span))]
[INFO] [stdout]   |                                              ^^^^^^^^^^^^^^^
[INFO] [stdout] 
[INFO] [stdout] 
[INFO] [stderr]     Checking leptos_reactive v0.3.1
[INFO] [stderr]     Checking ron v0.7.1
[INFO] [stdout] error: aborting due to 1 previous error
[INFO] [stdout] 
[INFO] [stdout] 
[INFO] [stdout] For more information about this error, try `rustc --explain E0554`.
[INFO] [stdout] 
[INFO] [stderr] error: could not compile `server_fn_macro` (lib) due to 2 previous errors
[INFO] [stderr] warning: build failed, waiting for other jobs to finish...
[INFO] [stdout] error[E0554]: `#![feature]` may not be used on the beta release channel
[INFO] [stdout]  --> /opt/rustwide/cargo-home/registry/src/index.crates.io-6f17d22bba15001f/leptos_reactive-0.3.1/src/lib.rs:2:38
[INFO] [stdout]   |
[INFO] [stdout] 2 | #![cfg_attr(not(feature = "stable"), feature(fn_traits))]
[INFO] [stdout]   |                                      ^^^^^^^^^^^^^^^^^^
[INFO] [stdout] 
[INFO] [stdout] 
[INFO] [stdout] error[E0554]: `#![feature]` may not be used on the beta release channel
[INFO] [stdout]  --> /opt/rustwide/cargo-home/registry/src/index.crates.io-6f17d22bba15001f/leptos_reactive-0.3.1/src/lib.rs:3:38
[INFO] [stdout]   |
[INFO] [stdout] 3 | #![cfg_attr(not(feature = "stable"), feature(unboxed_closures))]
[INFO] [stdout]   |                                      ^^^^^^^^^^^^^^^^^^^^^^^^^
[INFO] [stdout] 
[INFO] [stdout] 
[INFO] [stdout] error[E0554]: `#![feature]` may not be used on the beta release channel
[INFO] [stdout]  --> /opt/rustwide/cargo-home/registry/src/index.crates.io-6f17d22bba15001f/leptos_reactive-0.3.1/src/lib.rs:4:38
[INFO] [stdout]   |
[INFO] [stdout] 4 | #![cfg_attr(not(feature = "stable"), feature(type_name_of_val))]
[INFO] [stdout]   |                                      ^^^^^^^^^^^^^^^^^^^^^^^^^
[INFO] [stdout] 
[INFO] [stdout] 
[INFO] [stdout] error[E0554]: `#![feature]` may not be used on the beta release channel
[INFO] [stdout]  --> /opt/rustwide/cargo-home/registry/src/index.crates.io-6f17d22bba15001f/leptos_reactive-0.3.1/src/lib.rs:2:46
[INFO] [stdout]   |
[INFO] [stdout] 2 | #![cfg_attr(not(feature = "stable"), feature(fn_traits))]
[INFO] [stdout]   |                                              ^^^^^^^^^
[INFO] [stdout] 
[INFO] [stdout] 
[INFO] [stdout] error[E0554]: `#![feature]` may not be used on the beta release channel
[INFO] [stdout]  --> /opt/rustwide/cargo-home/registry/src/index.crates.io-6f17d22bba15001f/leptos_reactive-0.3.1/src/lib.rs:4:46
[INFO] [stdout]   |
[INFO] [stdout] 4 | #![cfg_attr(not(feature = "stable"), feature(type_name_of_val))]
[INFO] [stdout]   |                                              ^^^^^^^^^^^^^^^^
[INFO] [stdout] 
[INFO] [stdout] 
[INFO] [stdout] error: aborting due to 5 previous errors
[INFO] [stdout] 
[INFO] [stdout] 
[INFO] [stdout] For more information about this error, try `rustc --explain E0554`.
[INFO] [stdout] 
[INFO] [stderr] error: could not compile `leptos_reactive` (lib) due to 6 previous errors
[INFO] running `Command { std: "docker" "inspect" "c297181ec3677ba92ec56956cfbe010da3a4facfd84b8ae04cbc6a2c58420231", kill_on_drop: false }`
[INFO] running `Command { std: "docker" "rm" "-f" "c297181ec3677ba92ec56956cfbe010da3a4facfd84b8ae04cbc6a2c58420231", kill_on_drop: false }`
[INFO] [stdout] c297181ec3677ba92ec56956cfbe010da3a4facfd84b8ae04cbc6a2c58420231
