[INFO] cloning repository https://github.com/Joey9801/pewter
[INFO] running `Command { std: "git" "-c" "credential.helper=" "-c" "credential.helper=/workspace/cargo-home/bin/git-credential-null" "clone" "--bare" "https://github.com/Joey9801/pewter" "/workspace/cache/git-repos/https%3A%2F%2Fgithub.com%2FJoey9801%2Fpewter", kill_on_drop: false }`
[INFO] [stderr] Cloning into bare repository '/workspace/cache/git-repos/https%3A%2F%2Fgithub.com%2FJoey9801%2Fpewter'...
[INFO] running `Command { std: "git" "rev-parse" "HEAD", kill_on_drop: false }`
[INFO] [stdout] b867bfcecebb67a4274fe895afb0a6b7a7875b2f
[INFO] documenting Joey9801/pewter against 1.75.0 for beta-1.76-rustdoc-1
[INFO] running `Command { std: "git" "clone" "/workspace/cache/git-repos/https%3A%2F%2Fgithub.com%2FJoey9801%2Fpewter" "/workspace/builds/worker-6-tc1/source", kill_on_drop: false }`
[INFO] [stderr] Cloning into '/workspace/builds/worker-6-tc1/source'...
[INFO] [stderr] done.
[INFO] validating manifest of git repo https://github.com/Joey9801/pewter on toolchain 1.75.0
[INFO] running `Command { std: CARGO_HOME="/workspace/cargo-home" RUSTUP_HOME="/workspace/rustup-home" "/workspace/cargo-home/bin/cargo" "+1.75.0" "metadata" "--manifest-path" "Cargo.toml" "--no-deps", kill_on_drop: false }`
[INFO] started tweaking git repo https://github.com/Joey9801/pewter
[INFO] finished tweaking git repo https://github.com/Joey9801/pewter
[INFO] tweaked toml for git repo https://github.com/Joey9801/pewter written to /workspace/builds/worker-6-tc1/source/Cargo.toml
[INFO] crate git repo https://github.com/Joey9801/pewter already has a lockfile, it will not be regenerated
[INFO] running `Command { std: CARGO_HOME="/workspace/cargo-home" RUSTUP_HOME="/workspace/rustup-home" "/workspace/cargo-home/bin/cargo" "+1.75.0" "fetch" "--manifest-path" "Cargo.toml", kill_on_drop: false }`
[INFO] [stderr]  Downloading crates ...
[INFO] [stderr]   Downloaded clap_derive v3.0.0-rc.7
[INFO] [stderr]   Downloaded zstd v0.9.1+zstd.1.5.1
[INFO] [stderr]   Downloaded zstd-safe v4.1.2+zstd.1.5.1
[INFO] [stderr]   Downloaded serde_derive v1.0.132
[INFO] [stderr]   Downloaded clap v3.0.0-rc.7
[INFO] running `Command { std: "docker" "create" "-v" "/var/lib/crater-agent-workspace/builds/worker-6-tc1/target:/opt/rustwide/target:rw,Z" "-v" "/var/lib/crater-agent-workspace/builds/worker-6-tc1/source:/opt/rustwide/workdir:ro,Z" "-v" "/var/lib/crater-agent-workspace/cargo-home:/opt/rustwide/cargo-home:ro,Z" "-v" "/var/lib/crater-agent-workspace/rustup-home:/opt/rustwide/rustup-home:ro,Z" "-e" "SOURCE_DIR=/opt/rustwide/workdir" "-e" "CARGO_TARGET_DIR=/opt/rustwide/target" "-e" "CARGO_HOME=/opt/rustwide/cargo-home" "-e" "RUSTUP_HOME=/opt/rustwide/rustup-home" "-w" "/opt/rustwide/workdir" "-m" "1610612736" "--user" "0:0" "--network" "none" "ghcr.io/rust-lang/crates-build-env/linux@sha256:2788e3201cd34a07e3172128adcd8b3090168a8e3bcc40d7c032b9dda1df7d1c" "/opt/rustwide/cargo-home/bin/cargo" "+1.75.0" "metadata" "--no-deps" "--format-version=1", kill_on_drop: false }`
[INFO] [stdout] 8c258aa32ec1c1564e0b09216501ff7d0d406c7e14fc1fd0bd5d13b037d6a2ca
[INFO] running `Command { std: "docker" "start" "-a" "8c258aa32ec1c1564e0b09216501ff7d0d406c7e14fc1fd0bd5d13b037d6a2ca", kill_on_drop: false }`
[INFO] running `Command { std: "docker" "inspect" "8c258aa32ec1c1564e0b09216501ff7d0d406c7e14fc1fd0bd5d13b037d6a2ca", kill_on_drop: false }`
[INFO] running `Command { std: "docker" "rm" "-f" "8c258aa32ec1c1564e0b09216501ff7d0d406c7e14fc1fd0bd5d13b037d6a2ca", kill_on_drop: false }`
[INFO] [stdout] 8c258aa32ec1c1564e0b09216501ff7d0d406c7e14fc1fd0bd5d13b037d6a2ca
[INFO] running `Command { std: "docker" "create" "-v" "/var/lib/crater-agent-workspace/builds/worker-6-tc1/target:/opt/rustwide/target:rw,Z" "-v" "/var/lib/crater-agent-workspace/builds/worker-6-tc1/source:/opt/rustwide/workdir:ro,Z" "-v" "/var/lib/crater-agent-workspace/cargo-home:/opt/rustwide/cargo-home:ro,Z" "-v" "/var/lib/crater-agent-workspace/rustup-home:/opt/rustwide/rustup-home:ro,Z" "-e" "SOURCE_DIR=/opt/rustwide/workdir" "-e" "CARGO_TARGET_DIR=/opt/rustwide/target" "-e" "CARGO_INCREMENTAL=0" "-e" "RUST_BACKTRACE=full" "-e" "RUSTFLAGS=--cap-lints=warn" "-e" "RUSTDOCFLAGS=--cap-lints=warn" "-e" "CARGO_HOME=/opt/rustwide/cargo-home" "-e" "RUSTUP_HOME=/opt/rustwide/rustup-home" "-w" "/opt/rustwide/workdir" "-m" "1610612736" "--user" "0:0" "--network" "none" "ghcr.io/rust-lang/crates-build-env/linux@sha256:2788e3201cd34a07e3172128adcd8b3090168a8e3bcc40d7c032b9dda1df7d1c" "/opt/rustwide/cargo-home/bin/cargo" "+1.75.0" "doc" "--frozen" "--no-deps" "--document-private-items" "--message-format=json", kill_on_drop: false }`
[INFO] [stdout] c47ada6ef337497a326ec6eb568fc0395f5680becf9efcf5627dfacb16ea657e
[INFO] running `Command { std: "docker" "start" "-a" "c47ada6ef337497a326ec6eb568fc0395f5680becf9efcf5627dfacb16ea657e", kill_on_drop: false }`
[INFO] [stderr]    Compiling libc v0.2.107
[INFO] [stderr]    Compiling proc-macro2 v1.0.32
[INFO] [stderr]    Compiling unicode-xid v0.2.2
[INFO] [stderr]    Compiling syn v1.0.81
[INFO] [stderr]    Compiling autocfg v1.0.1
[INFO] [stderr]    Compiling cfg-if v1.0.0
[INFO] [stderr]    Compiling ppv-lite86 v0.2.15
[INFO] [stderr]    Compiling log v0.4.14
[INFO] [stderr]     Checking lazy_static v1.4.0
[INFO] [stderr]    Compiling getrandom v0.1.16
[INFO] [stderr]    Compiling memchr v2.4.1
[INFO] [stderr]     Checking smallvec v1.7.0
[INFO] [stderr]    Compiling serde_derive v1.0.132
[INFO] [stderr]    Compiling serde v1.0.132
[INFO] [stderr]    Compiling siphasher v0.3.7
[INFO] [stderr]    Compiling parking_lot_core v0.8.5
[INFO] [stderr]     Checking instant v0.1.12
[INFO] [stderr]     Checking lock_api v0.4.5
[INFO] [stderr]     Checking pin-project-lite v0.2.7
[INFO] [stderr]    Compiling crossbeam-utils v0.8.5
[INFO] [stderr]    Compiling futures-core v0.3.19
[INFO] [stderr]    Compiling phf_shared v0.8.0
[INFO] [stderr]    Compiling anyhow v1.0.51
[INFO] [stderr]     Checking futures-sink v0.3.19
[INFO] [stderr]     Checking itoa v0.4.8
[INFO] [stderr]    Compiling pkg-config v0.3.24
[INFO] [stderr]    Compiling futures-task v0.3.19
[INFO] [stderr]    Compiling futures-channel v0.3.19
[INFO] [stderr]    Compiling version_check v0.9.3
[INFO] [stderr]    Compiling indexmap v1.7.0
[INFO] [stderr]     Checking bytes v1.1.0
[INFO] [stderr]    Compiling proc-macro-hack v0.5.19
[INFO] [stderr]     Checking once_cell v1.9.0
[INFO] [stderr]    Compiling futures-util v0.3.19
[INFO] [stderr]     Checking slab v0.4.5
[INFO] [stderr]     Checking futures-io v0.3.19
[INFO] [stderr]     Checking crossbeam-channel v0.5.1
[INFO] [stderr]     Checking hashbrown v0.11.2
[INFO] [stderr]     Checking matches v0.1.9
[INFO] [stderr]    Compiling proc-macro-error-attr v1.0.4
[INFO] [stderr]    Compiling num-traits v0.2.14
[INFO] [stderr]    Compiling proc-macro-error v1.0.4
[INFO] [stderr]    Compiling num-integer v0.1.44
[INFO] [stderr]    Compiling memoffset v0.6.4
[INFO] [stderr]    Compiling zstd-safe v4.1.2+zstd.1.5.1
[INFO] [stderr]    Compiling openssl v0.10.38
[INFO] [stderr]    Compiling quote v1.0.10
[INFO] [stderr]    Compiling jobserver v0.1.24
[INFO] [stderr]    Compiling getrandom v0.2.3
[INFO] [stderr]     Checking arrayvec v0.7.2
[INFO] [stderr]     Checking new_debug_unreachable v1.0.4
[INFO] [stderr]     Checking http v0.2.5
[INFO] [stderr]    Compiling cc v1.0.72
[INFO] [stderr]    Compiling rand_core v0.5.1
[INFO] [stderr]    Compiling rand_core v0.6.3
[INFO] [stderr]     Checking tracing-core v0.1.21
[INFO] [stderr]     Checking tinyvec_macros v0.1.0
[INFO] [stderr]     Checking num_cpus v1.13.0
[INFO] [stderr]    Compiling rand_pcg v0.2.1
[INFO] [stderr]    Compiling rand_chacha v0.2.2
[INFO] [stderr]     Checking signal-hook-registry v1.4.0
[INFO] [stderr]     Checking mio v0.7.14
[INFO] [stderr]    Compiling rand_chacha v0.3.1
[INFO] [stderr]     Checking mac v0.1.1
[INFO] [stderr]     Checking parking_lot v0.11.2
[INFO] [stderr]     Checking precomputed-hash v0.1.1
[INFO] [stderr]    Compiling native-tls v0.2.8
[INFO] [stderr]    Compiling unicode-segmentation v1.8.0
[INFO] [stderr]    Compiling httparse v1.5.1
[INFO] [stderr]    Compiling rand v0.7.3
[INFO] [stderr]    Compiling rand v0.8.4
[INFO] [stderr]    Compiling crossbeam-epoch v0.9.5
[INFO] [stderr]     Checking futf v0.1.4
[INFO] [stderr]     Checking tinyvec v1.5.1
[INFO] [stderr]     Checking time v0.1.44
[INFO] [stderr]    Compiling hashbrown v0.8.2
[INFO] [stderr]    Compiling heck v0.3.3
[INFO] [stderr]     Checking dtoa v0.4.8
[INFO] [stderr]     Checking tracing v0.1.29
[INFO] [stderr]     Checking openssl-probe v0.1.4
[INFO] [stderr]     Checking utf-8 v0.7.6
[INFO] [stderr]     Checking half v1.8.2
[INFO] [stderr]    Compiling ryu v1.0.5
[INFO] [stderr]     Checking percent-encoding v2.1.0
[INFO] [stderr]    Compiling rayon-core v1.9.1
[INFO] [stderr]     Checking try-lock v0.2.3
[INFO] [stderr]     Checking tendril v0.4.2
[INFO] [stderr]     Checking form_urlencoded v1.0.1
[INFO] [stderr]     Checking dtoa-short v0.3.3
[INFO] [stderr]     Checking chrono v0.4.19
[INFO] [stderr]     Checking want v0.3.0
[INFO] [stderr]     Checking atty v0.2.14
[INFO] [stderr]     Checking socket2 v0.4.2
[INFO] [stderr]     Checking os_str_bytes v6.0.0
[INFO] [stderr]     Checking fern v0.6.0
[INFO] [stderr]     Checking strsim v0.10.0
[INFO] [stderr]    Compiling convert_case v0.4.0
[INFO] [stderr]     Checking termcolor v1.1.2
[INFO] [stderr]    Compiling pewter-core v0.1.0 (/opt/rustwide/workdir/crates/pewter-core)
[INFO] [stderr]     Checking nodrop v0.1.14
[INFO] [stderr]     Checking ahash v0.3.8
[INFO] [stderr]    Compiling phf_generator v0.8.0
[INFO] [stderr]     Checking stable_deref_trait v1.2.0
[INFO] [stderr]    Compiling encoding_rs v0.8.30
[INFO] [stderr]     Checking unicode-normalization v0.1.19
[INFO] [stderr]     Checking textwrap v0.14.2
[INFO] [stderr]    Compiling phf_codegen v0.8.0
[INFO] [stderr]    Compiling string_cache_codegen v0.5.1
[INFO] [stderr]     Checking tower-service v0.3.1
[INFO] [stderr]     Checking unicode-bidi v0.3.7
[INFO] [stderr]     Checking servo_arc v0.1.1
[INFO] [stderr]     Checking crossbeam-deque v0.8.1
[INFO] [stderr]    Compiling selectors v0.22.0
[INFO] [stderr]     Checking fxhash v0.2.1
[INFO] [stderr]    Compiling rayon v1.5.1
[INFO] [stderr]    Compiling openssl-sys v0.9.72
[INFO] [stderr]    Compiling zstd-sys v1.6.2+zstd.1.5.1
[INFO] [stderr]     Checking unicode-width v0.1.9
[INFO] [stderr]     Checking thin-slice v0.1.1
[INFO] [stderr]     Checking http-body v0.4.4
[INFO] [stderr]     Checking getopts v0.2.21
[INFO] [stderr]     Checking dashmap v4.0.2
[INFO] [stderr]     Checking quanta v0.4.1
[INFO] [stderr]     Checking mime v0.3.16
[INFO] [stderr]     Checking either v1.6.1
[INFO] [stderr]     Checking no-std-compat v0.4.1
[INFO] [stderr]     Checking ipnet v2.3.1
[INFO] [stderr]     Checking futures-timer v3.0.2
[INFO] [stderr]     Checking nonzero_ext v0.2.0
[INFO] [stderr]     Checking ego-tree v0.6.2
[INFO] [stderr]     Checking base64 v0.13.0
[INFO] [stderr]    Compiling markup5ever v0.10.1
[INFO] [stderr]     Checking idna v0.2.3
[INFO] [stderr]     Checking url v2.2.2
[INFO] [stderr]    Compiling futures-macro v0.3.19
[INFO] [stderr]    Compiling tokio-macros v1.7.0
[INFO] [stderr]    Compiling thiserror-impl v1.0.30
[INFO] [stderr]    Compiling phf_macros v0.8.0
[INFO] [stderr]    Compiling variant_count v1.1.0
[INFO] [stderr]    Compiling cssparser v0.27.2
[INFO] [stderr]    Compiling clap_derive v3.0.0-rc.7
[INFO] [stderr]    Compiling html5ever v0.25.1
[INFO] [stderr]    Compiling cssparser-macros v0.6.0
[INFO] [stderr]    Compiling derive_more v0.99.17
[INFO] [stderr]     Checking tokio v1.15.0
[INFO] [stderr]     Checking phf v0.8.0
[INFO] [stderr]     Checking thiserror v1.0.30
[INFO] [stderr]     Checking clap v3.0.0-rc.7
[INFO] [stderr]     Checking futures-executor v0.3.19
[INFO] [stderr]     Checking futures v0.3.19
[INFO] [stderr]     Checking governor v0.3.2
[INFO] [stderr]     Checking tokio-util v0.6.9
[INFO] [stderr]     Checking tokio-native-tls v0.3.0
[INFO] [stderr]     Checking h2 v0.3.9
[INFO] [stderr]     Checking serde_cbor v0.11.2
[INFO] [stderr]     Checking string_cache v0.8.2
[INFO] [stderr]     Checking serde_urlencoded v0.7.0
[INFO] [stderr]  Documenting pewter-core v0.1.0 (/opt/rustwide/workdir/crates/pewter-core)
[INFO] [stdout] error[E0557]: feature has been removed
[INFO] [stdout]  --> crates/pewter-core/src/lib.rs:6:12
[INFO] [stdout]   |
[INFO] [stdout] 6 | #![feature(const_eval_limit)]
[INFO] [stdout]   |            ^^^^^^^^^^^^^^^^ feature has been removed
[INFO] [stdout]   |
[INFO] [stdout]   = note: removed the limit entirely
[INFO] [stdout] 
[INFO] [stdout] 
[INFO] [stdout] error[E0557]: feature has been removed
[INFO] [stdout]  --> crates/pewter-core/src/lib.rs:6:12
[INFO] [stdout]   |
[INFO] [stdout] 6 | #![feature(const_eval_limit)]
[INFO] [stdout]   |            ^^^^^^^^^^^^^^^^ feature has been removed
[INFO] [stdout]   |
[INFO] [stdout]   = note: removed the limit entirely
[INFO] [stdout] 
[INFO] [stdout] 
[INFO] [stdout] error: Compilation failed, aborting rustdoc
[INFO] [stdout] 
[INFO] [stdout] 
[INFO] [stdout] error: aborting due to 2 previous errors
[INFO] [stdout] 
[INFO] [stdout] 
[INFO] [stdout] For more information about this error, try `rustc --explain E0557`.
[INFO] [stdout] 
[INFO] [stderr] error: could not document `pewter-core`
[INFO] [stderr] 
[INFO] [stderr] Caused by:
[INFO] [stderr]   process didn't exit successfully: `/opt/rustwide/rustup-home/toolchains/1.75.0-x86_64-unknown-linux-gnu/bin/rustdoc --edition=2018 --crate-type lib --crate-name pewter_core crates/pewter-core/src/lib.rs -o /opt/rustwide/target/doc --error-format=json --json=diagnostic-rendered-ansi,artifacts,future-incompat --document-private-items -C metadata=b616f8a9a7513477 -L dependency=/opt/rustwide/target/debug/deps --extern anyhow=/opt/rustwide/target/debug/deps/libanyhow-0c4a5224a35f9097.rmeta --extern arrayvec=/opt/rustwide/target/debug/deps/libarrayvec-601c416dd35a7fcc.rmeta --extern bitflags=/opt/rustwide/target/debug/deps/libbitflags-c0bd97bdb7c1fbd1.rmeta --extern crossbeam_channel=/opt/rustwide/target/debug/deps/libcrossbeam_channel-7ed9bdb2e7e8def0.rmeta --extern log=/opt/rustwide/target/debug/deps/liblog-f0223f3a435bc936.rmeta --extern rand=/opt/rustwide/target/debug/deps/librand-5033b68a1a61e7c7.rmeta --extern serde=/opt/rustwide/target/debug/deps/libserde-50fe696a8019ab9a.rmeta --extern thiserror=/opt/rustwide/target/debug/deps/libthiserror-e19da03f760c74dd.rmeta --extern variant_count=/opt/rustwide/target/debug/deps/libvariant_count-617db0801bab8f63.so --cap-lints=warn --crate-version 0.1.0` (exit status: 1)
[INFO] [stderr] warning: build failed, waiting for other jobs to finish...
[INFO] [stdout] error[E0432]: unresolved import `crate::state::CastleRights`
[INFO] [stdout]  --> crates/pewter-core/src/zobrist.rs:3:20
[INFO] [stdout]   |
[INFO] [stdout] 3 | use crate::state::{CastleRights, State};
[INFO] [stdout]   |                    ^^^^^^^^^^^^ no `CastleRights` in `state`
[INFO] [stdout] 
[INFO] [stdout] 
[INFO] [stdout] error[E0432]: unresolved import `crate::state::CastleRights`
[INFO] [stdout]   --> crates/pewter-core/src/lib.rs:26:24
[INFO] [stdout]    |
[INFO] [stdout] 26 | pub use crate::state::{CastleRights, CastleSide, State};
[INFO] [stdout]    |                        ^^^^^^^^^^^^ no `CastleRights` in `state`
[INFO] [stdout] 
[INFO] [stdout] 
[INFO] [stdout] error: cannot find attribute `const_eval_limit` in this scope
[INFO] [stdout]  --> crates/pewter-core/src/lib.rs:7:4
[INFO] [stdout]   |
[INFO] [stdout] 7 | #![const_eval_limit = "20000000"]
[INFO] [stdout]   |    ^^^^^^^^^^^^^^^^
[INFO] [stdout] 
[INFO] [stdout] 
[INFO] [stdout] error: cannot determine resolution for the attribute macro `derive`
[INFO] [stdout]  --> crates/pewter-core/src/bitboard/mod.rs:6:3
[INFO] [stdout]   |
[INFO] [stdout] 6 | #[derive(Clone, Copy, Debug, PartialEq, Eq)]
[INFO] [stdout]   |   ^^^^^^
[INFO] [stdout]   |
[INFO] [stdout]   = note: import resolution is stuck, try simplifying macro imports
[INFO] [stdout] 
[INFO] [stdout] 
[INFO] [stdout] error: cannot determine resolution for the attribute macro `derive`
[INFO] [stdout]  --> crates/pewter-core/src/board.rs:3:3
[INFO] [stdout]   |
[INFO] [stdout] 3 | #[derive(Clone, Copy, Debug)]
[INFO] [stdout]   |   ^^^^^^
[INFO] [stdout]   |
[INFO] [stdout]   = note: import resolution is stuck, try simplifying macro imports
[INFO] [stdout] 
[INFO] [stdout] 
[INFO] [stdout] error: cannot determine resolution for the attribute macro `derive`
[INFO] [stdout]   --> crates/pewter-core/src/chessmove.rs:10:3
[INFO] [stdout]    |
[INFO] [stdout] 10 | #[derive(Clone, Copy, PartialEq, Eq, PartialOrd, Ord, Hash)]
[INFO] [stdout]    |   ^^^^^^
[INFO] [stdout]    |
[INFO] [stdout]    = note: import resolution is stuck, try simplifying macro imports
[INFO] [stdout] 
[INFO] [stdout] 
[INFO] [stdout] error: cannot determine resolution for the attribute macro `derive`
[INFO] [stdout]   --> crates/pewter-core/src/chessmove.rs:17:3
[INFO] [stdout]    |
[INFO] [stdout] 17 | #[derive(Clone, Copy, Debug, Error)]
[INFO] [stdout]    |   ^^^^^^
[INFO] [stdout]    |
[INFO] [stdout]    = note: import resolution is stuck, try simplifying macro imports
[INFO] [stdout] 
[INFO] [stdout] 
[INFO] [stdout] error: cannot find attribute `error` in this scope
[INFO] [stdout]   --> crates/pewter-core/src/chessmove.rs:19:7
[INFO] [stdout]    |
[INFO] [stdout] 19 |     #[error("There were non-ascii bytes in a long-algebraic move string")]
[INFO] [stdout]    |       ^^^^^
[INFO] [stdout] 
[INFO] [stdout] 
[INFO] [stdout] error: cannot find attribute `error` in this scope
[INFO] [stdout]   --> crates/pewter-core/src/chessmove.rs:22:7
[INFO] [stdout]    |
[INFO] [stdout] 22 |     #[error("There weren't enough chars in the string for a long-algebraic move")]
[INFO] [stdout]    |       ^^^^^
[INFO] [stdout] 
[INFO] [stdout] 
[INFO] [stdout] error: cannot find attribute `error` in this scope
[INFO] [stdout]   --> crates/pewter-core/src/chessmove.rs:25:7
[INFO] [stdout]    |
[INFO] [stdout] 25 |     #[error("One of the squares referenced on a long-algebraic string was invalid")]
[INFO] [stdout]    |       ^^^^^
[INFO] [stdout] 
[INFO] [stdout] 
[INFO] [stdout] error: cannot find attribute `error` in this scope
[INFO] [stdout]   --> crates/pewter-core/src/chessmove.rs:28:7
[INFO] [stdout]    |
[INFO] [stdout] 28 |     #[error("A promotion char in a long-algebraic string wasn't one of {{q, r, b, r}}")]
[INFO] [stdout]    |       ^^^^^
[INFO] [stdout] 
[INFO] [stdout] 
[INFO] [stdout] error: cannot determine resolution for the attribute macro `derive`
[INFO] [stdout]    --> crates/pewter-core/src/chessmove.rs:132:3
[INFO] [stdout]     |
[INFO] [stdout] 132 | #[derive(Clone, Copy, Debug)]
[INFO] [stdout]     |   ^^^^^^
[INFO] [stdout]     |
[INFO] [stdout]     = note: import resolution is stuck, try simplifying macro imports
[INFO] [stdout] 
[INFO] [stdout] 
[INFO] [stdout] error: cannot determine resolution for the attribute macro `derive`
[INFO] [stdout]    --> crates/pewter-core/src/chessmove.rs:217:3
[INFO] [stdout]     |
[INFO] [stdout] 217 | #[derive(Clone, Debug)]
[INFO] [stdout]     |   ^^^^^^
[INFO] [stdout]     |
[INFO] [stdout]     = note: import resolution is stuck, try simplifying macro imports
[INFO] [stdout] 
[INFO] [stdout] 
[INFO] [stdout] error: cannot determine resolution for the attribute macro `derive`
[INFO] [stdout]  --> crates/pewter-core/src/color.rs:5:3
[INFO] [stdout]   |
[INFO] [stdout] 5 | #[derive(Clone, Copy, Debug, PartialEq, Eq, VariantCount)]
[INFO] [stdout]   |   ^^^^^^
[INFO] [stdout]   |
[INFO] [stdout]   = note: import resolution is stuck, try simplifying macro imports
[INFO] [stdout] 
[INFO] [stdout] 
[INFO] [stdout] error: cannot determine resolution for the attribute macro `derive`
[INFO] [stdout]  --> crates/pewter-core/src/coordinates.rs:3:3
[INFO] [stdout]   |
[INFO] [stdout] 3 | #[derive(Clone, Copy, PartialEq, Eq, PartialOrd, Ord, Hash)]
[INFO] [stdout]   |   ^^^^^^
[INFO] [stdout]   |
[INFO] [stdout]   = note: import resolution is stuck, try simplifying macro imports
[INFO] [stdout] 
[INFO] [stdout] 
[INFO] [stdout] error: cannot determine resolution for the attribute macro `derive`
[INFO] [stdout]   --> crates/pewter-core/src/coordinates.rs:86:3
[INFO] [stdout]    |
[INFO] [stdout] 86 | #[derive(Clone, Copy, PartialEq, Eq, PartialOrd, Ord, Hash)]
[INFO] [stdout]    |   ^^^^^^
[INFO] [stdout]    |
[INFO] [stdout]    = note: import resolution is stuck, try simplifying macro imports
[INFO] [stdout] 
[INFO] [stdout] 
[INFO] [stdout] error: cannot determine resolution for the attribute macro `derive`
[INFO] [stdout]    --> crates/pewter-core/src/coordinates.rs:153:3
[INFO] [stdout]     |
[INFO] [stdout] 153 | #[derive(Clone, Copy, PartialEq, Eq, PartialOrd, Ord, Hash)]
[INFO] [stdout]     |   ^^^^^^
[INFO] [stdout]     |
[INFO] [stdout]     = note: import resolution is stuck, try simplifying macro imports
[INFO] [stdout] 
[INFO] [stdout] 
[INFO] [stdout] error: cannot determine resolution for the attribute macro `derive`
[INFO] [stdout]  --> crates/pewter-core/src/io/fen.rs:3:3
[INFO] [stdout]   |
[INFO] [stdout] 3 | #[derive(Clone, Copy, Debug, PartialEq, Eq)]
[INFO] [stdout]   |   ^^^^^^
[INFO] [stdout]   |
[INFO] [stdout]   = note: import resolution is stuck, try simplifying macro imports
[INFO] [stdout] 
[INFO] [stdout] 
[INFO] [stdout] error: cannot determine resolution for the attribute macro `derive`
[INFO] [stdout]   --> crates/pewter-core/src/io/pgn.rs:14:3
[INFO] [stdout]    |
[INFO] [stdout] 14 | #[derive(Error, Debug)]
[INFO] [stdout]    |   ^^^^^^
[INFO] [stdout]    |
[INFO] [stdout]    = note: import resolution is stuck, try simplifying macro imports
[INFO] [stdout] 
[INFO] [stdout] 
[INFO] [stdout] error: cannot find attribute `error` in this scope
[INFO] [stdout]   --> crates/pewter-core/src/io/pgn.rs:16:7
[INFO] [stdout]    |
[INFO] [stdout] 16 |     #[error("A SAN encoded move could not be decoded")]
[INFO] [stdout]    |       ^^^^^
[INFO] [stdout] 
[INFO] [stdout] 
[INFO] [stdout] error: cannot find attribute `error` in this scope
[INFO] [stdout]   --> crates/pewter-core/src/io/pgn.rs:19:7
[INFO] [stdout]    |
[INFO] [stdout] 19 |     #[error("A SAN encoded move could have referred to multiple legal moves")]
[INFO] [stdout]    |       ^^^^^
[INFO] [stdout] 
[INFO] [stdout] 
[INFO] [stdout] error: cannot find attribute `error` in this scope
[INFO] [stdout]   --> crates/pewter-core/src/io/pgn.rs:22:7
[INFO] [stdout]    |
[INFO] [stdout] 22 |     #[error("A SAN encoded move was not legal in the current board state")]
[INFO] [stdout]    |       ^^^^^
[INFO] [stdout] 
[INFO] [stdout] 
[INFO] [stdout] error: cannot find attribute `error` in this scope
[INFO] [stdout]   --> crates/pewter-core/src/io/pgn.rs:25:7
[INFO] [stdout]    |
[INFO] [stdout] 25 |     #[error("This PGN parser does not have the ability to parse PGN files that contain comments")]
[INFO] [stdout]    |       ^^^^^
[INFO] [stdout] 
[INFO] [stdout] 
[INFO] [stdout] error: cannot find attribute `error` in this scope
[INFO] [stdout]   --> crates/pewter-core/src/io/pgn.rs:28:7
[INFO] [stdout]    |
[INFO] [stdout] 28 |     #[error("There were non-ascii characters in the PGN file")]
[INFO] [stdout]    |       ^^^^^
[INFO] [stdout] 
[INFO] [stdout] 
[INFO] [stdout] error: cannot determine resolution for the attribute macro `derive`
[INFO] [stdout]   --> crates/pewter-core/src/io/uci.rs:12:3
[INFO] [stdout]    |
[INFO] [stdout] 12 | #[derive(Clone, Debug, PartialEq, Eq)]
[INFO] [stdout]    |   ^^^^^^
[INFO] [stdout]    |
[INFO] [stdout]    = note: import resolution is stuck, try simplifying macro imports
[INFO] [stdout] 
[INFO] [stdout] 
[INFO] [stdout] error: cannot determine resolution for the attribute macro `derive`
[INFO] [stdout]   --> crates/pewter-core/src/io/uci.rs:25:3
[INFO] [stdout]    |
[INFO] [stdout] 25 | #[derive(Clone, Debug, Default, PartialEq, Eq)]
[INFO] [stdout]    |   ^^^^^^
[INFO] [stdout]    |
[INFO] [stdout]    = note: import resolution is stuck, try simplifying macro imports
[INFO] [stdout] 
[INFO] [stdout] 
[INFO] [stdout] error: cannot determine resolution for the attribute macro `derive`
[INFO] [stdout]   --> crates/pewter-core/src/io/uci.rs:73:3
[INFO] [stdout]    |
[INFO] [stdout] 73 | #[derive(Clone, Debug, PartialEq, Eq)]
[INFO] [stdout]    |   ^^^^^^
[INFO] [stdout]    |
[INFO] [stdout]    = note: import resolution is stuck, try simplifying macro imports
[INFO] [stdout] 
[INFO] [stdout] 
[INFO] [stdout] error: cannot determine resolution for the attribute macro `derive`
[INFO] [stdout]    --> crates/pewter-core/src/io/uci.rs:174:3
[INFO] [stdout]     |
[INFO] [stdout] 174 | #[derive(Clone, Debug, PartialEq, Eq)]
[INFO] [stdout]     |   ^^^^^^
[INFO] [stdout]     |
[INFO] [stdout]     = note: import resolution is stuck, try simplifying macro imports
[INFO] [stdout] 
[INFO] [stdout] 
[INFO] [stdout] error: cannot determine resolution for the attribute macro `derive`
[INFO] [stdout]    --> crates/pewter-core/src/io/uci.rs:180:3
[INFO] [stdout]     |
[INFO] [stdout] 180 | #[derive(Clone, Debug, PartialEq, Eq)]
[INFO] [stdout]     |   ^^^^^^
[INFO] [stdout]     |
[INFO] [stdout]     = note: import resolution is stuck, try simplifying macro imports
[INFO] [stdout] 
[INFO] [stdout] 
[INFO] [stdout] error: cannot determine resolution for the attribute macro `derive`
[INFO] [stdout]    --> crates/pewter-core/src/io/uci.rs:187:3
[INFO] [stdout]     |
[INFO] [stdout] 187 | #[derive(Clone, Debug, PartialEq, Eq)]
[INFO] [stdout]     |   ^^^^^^
[INFO] [stdout]     |
[INFO] [stdout]     = note: import resolution is stuck, try simplifying macro imports
[INFO] [stdout] 
[INFO] [stdout] 
[INFO] [stdout] error: cannot determine resolution for the attribute macro `derive`
[INFO] [stdout]    --> crates/pewter-core/src/io/uci.rs:194:3
[INFO] [stdout]     |
[INFO] [stdout] 194 | #[derive(Clone, Debug, PartialEq, Eq)]
[INFO] [stdout]     |   ^^^^^^
[INFO] [stdout]     |
[INFO] [stdout]     = note: import resolution is stuck, try simplifying macro imports
[INFO] [stdout] 
[INFO] [stdout] 
[INFO] [stdout] error: cannot determine resolution for the attribute macro `derive`
[INFO] [stdout]    --> crates/pewter-core/src/io/uci.rs:209:3
[INFO] [stdout]     |
[INFO] [stdout] 209 | #[derive(Clone, Debug, PartialEq, Eq)]
[INFO] [stdout]     |   ^^^^^^
[INFO] [stdout]     |
[INFO] [stdout]     = note: import resolution is stuck, try simplifying macro imports
[INFO] [stdout] 
[INFO] [stdout] 
[INFO] [stdout] error: cannot determine resolution for the attribute macro `derive`
[INFO] [stdout]    --> crates/pewter-core/src/io/uci.rs:220:3
[INFO] [stdout]     |
[INFO] [stdout] 220 | #[derive(Clone, Debug, PartialEq, Eq)]
[INFO] [stdout]     |   ^^^^^^
[INFO] [stdout]     |
[INFO] [stdout]     = note: import resolution is stuck, try simplifying macro imports
[INFO] [stdout] 
[INFO] [stdout] 
[INFO] [stdout] error: cannot determine resolution for the attribute macro `derive`
[INFO] [stdout]    --> crates/pewter-core/src/io/uci.rs:230:3
[INFO] [stdout]     |
[INFO] [stdout] 230 | #[derive(Clone, Debug, Default, PartialEq, Eq)]
[INFO] [stdout]     |   ^^^^^^
[INFO] [stdout]     |
[INFO] [stdout]     = note: import resolution is stuck, try simplifying macro imports
[INFO] [stdout] 
[INFO] [stdout] 
[INFO] [stdout] error: cannot determine resolution for the attribute macro `derive`
[INFO] [stdout]    --> crates/pewter-core/src/io/uci.rs:290:3
[INFO] [stdout]     |
[INFO] [stdout] 290 | #[derive(Clone, Debug, PartialEq, Eq)]
[INFO] [stdout]     |   ^^^^^^
[INFO] [stdout]     |
[INFO] [stdout]     = note: import resolution is stuck, try simplifying macro imports
[INFO] [stdout] 
[INFO] [stdout] 
[INFO] [stdout] error: cannot determine resolution for the attribute macro `derive`
[INFO] [stdout]    --> crates/pewter-core/src/io/uci.rs:321:3
[INFO] [stdout]     |
[INFO] [stdout] 321 | #[derive(Clone, Debug, PartialEq, Eq)]
[INFO] [stdout]     |   ^^^^^^
[INFO] [stdout]     |
[INFO] [stdout]     = note: import resolution is stuck, try simplifying macro imports
[INFO] [stdout] 
[INFO] [stdout] 
[INFO] [stdout] error: cannot determine resolution for the attribute macro `derive`
[INFO] [stdout]    --> crates/pewter-core/src/io/uci.rs:343:3
[INFO] [stdout]     |
[INFO] [stdout] 343 | #[derive(Clone, Debug, PartialEq, Eq)]
[INFO] [stdout]     |   ^^^^^^
[INFO] [stdout]     |
[INFO] [stdout]     = note: import resolution is stuck, try simplifying macro imports
[INFO] [stdout] 
[INFO] [stdout] 
[INFO] [stdout] error: cannot determine resolution for the attribute macro `derive`
[INFO] [stdout]    --> crates/pewter-core/src/io/uci.rs:411:3
[INFO] [stdout]     |
[INFO] [stdout] 411 | #[derive(Clone, Debug, PartialEq, Eq)]
[INFO] [stdout]     |   ^^^^^^
[INFO] [stdout]     |
[INFO] [stdout]     = note: import resolution is stuck, try simplifying macro imports
[INFO] [stdout] 
[INFO] [stdout] 
[INFO] [stdout] error: cannot determine resolution for the macro `select`
[INFO] [stdout]    --> crates/pewter-core/src/io/uci.rs:829:9
[INFO] [stdout]     |
[INFO] [stdout] 829 |         select! {
[INFO] [stdout]     |         ^^^^^^
[INFO] [stdout]     |
[INFO] [stdout]     = note: import resolution is stuck, try simplifying macro imports
[INFO] [stdout] 
[INFO] [stdout] 
[INFO] [stdout] error: cannot determine resolution for the attribute macro `derive`
[INFO] [stdout]  --> crates/pewter-core/src/piece.rs:3:3
[INFO] [stdout]   |
[INFO] [stdout] 3 | #[derive(Clone, Copy, Debug, VariantCount, PartialEq, Eq, PartialOrd, Ord, Hash)]
[INFO] [stdout]   |   ^^^^^^
[INFO] [stdout]   |
[INFO] [stdout]   = note: import resolution is stuck, try simplifying macro imports
[INFO] [stdout] 
[INFO] [stdout] 
[INFO] [stdout] error: cannot determine resolution for the macro `bitflags`
[INFO] [stdout]   --> crates/pewter-core/src/state.rs:13:1
[INFO] [stdout]    |
[INFO] [stdout] 13 | bitflags! {
[INFO] [stdout]    | ^^^^^^^^
[INFO] [stdout]    |
[INFO] [stdout]    = note: import resolution is stuck, try simplifying macro imports
[INFO] [stdout] 
[INFO] [stdout] 
[INFO] [stdout] error: cannot determine resolution for the attribute macro `derive`
[INFO] [stdout]   --> crates/pewter-core/src/state.rs:38:3
[INFO] [stdout]    |
[INFO] [stdout] 38 | #[derive(Clone, Copy, Debug, PartialEq, Eq)]
[INFO] [stdout]    |   ^^^^^^
[INFO] [stdout]    |
[INFO] [stdout]    = note: import resolution is stuck, try simplifying macro imports
[INFO] [stdout] 
[INFO] [stdout] 
[INFO] [stdout] error: cannot determine resolution for the attribute macro `derive`
[INFO] [stdout]   --> crates/pewter-core/src/state.rs:46:3
[INFO] [stdout]    |
[INFO] [stdout] 46 | #[derive(Clone, Copy, Debug)]
[INFO] [stdout]    |   ^^^^^^
[INFO] [stdout]    |
[INFO] [stdout]    = note: import resolution is stuck, try simplifying macro imports
[INFO] [stdout] 
[INFO] [stdout] 
[INFO] [stdout] error: cannot determine resolution for the derive macro `Serialize`
[INFO] [stdout]  --> crates/pewter-core/src/zobrist.rs:7:10
[INFO] [stdout]   |
[INFO] [stdout] 7 | #[derive(Serialize, Deserialize)]
[INFO] [stdout]   |          ^^^^^^^^^
[INFO] [stdout]   |
[INFO] [stdout]   = note: import resolution is stuck, try simplifying macro imports
[INFO] [stdout] 
[INFO] [stdout] 
[INFO] [stdout] error: cannot determine resolution for the derive macro `Deserialize`
[INFO] [stdout]  --> crates/pewter-core/src/zobrist.rs:7:21
[INFO] [stdout]   |
[INFO] [stdout] 7 | #[derive(Serialize, Deserialize)]
[INFO] [stdout]   |                     ^^^^^^^^^^^
[INFO] [stdout]   |
[INFO] [stdout]   = note: import resolution is stuck, try simplifying macro imports
[INFO] [stdout] 
[INFO] [stdout] 
[INFO] [stdout] error: cannot determine resolution for the attribute macro `derive`
[INFO] [stdout]  --> crates/pewter-core/src/zobrist.rs:6:3
[INFO] [stdout]   |
[INFO] [stdout] 6 | #[derive(Clone, Copy, Debug, Hash, PartialEq, Eq)]
[INFO] [stdout]   |   ^^^^^^
[INFO] [stdout]   |
[INFO] [stdout]   = note: import resolution is stuck, try simplifying macro imports
[INFO] [stdout] 
[INFO] [stdout] 
[INFO] [stdout] error: cannot determine resolution for the attribute macro `derive`
[INFO] [stdout]  --> crates/pewter-core/src/zobrist.rs:7:3
[INFO] [stdout]   |
[INFO] [stdout] 7 | #[derive(Serialize, Deserialize)]
[INFO] [stdout]   |   ^^^^^^
[INFO] [stdout]   |
[INFO] [stdout]   = note: import resolution is stuck, try simplifying macro imports
[INFO] [stdout] 
[INFO] [stdout] 
[INFO] [stdout] error[E0412]: cannot find type `CastleRights` in this scope
[INFO] [stdout]   --> crates/pewter-core/src/state.rs:25:6
[INFO] [stdout]    |
[INFO] [stdout] 25 | impl CastleRights {
[INFO] [stdout]    |      ^^^^^^^^^^^^ not found in this scope
[INFO] [stdout] 
[INFO] [stdout] 
[INFO] [stdout] error[E0412]: cannot find type `CastleRights` in this scope
[INFO] [stdout]   --> crates/pewter-core/src/state.rs:50:24
[INFO] [stdout]    |
[INFO] [stdout] 50 |     pub castle_rights: CastleRights,
[INFO] [stdout]    |                        ^^^^^^^^^^^^ not found in this scope
[INFO] [stdout] 
[INFO] [stdout] 
[INFO] [stdout] warning: unused import: `thiserror::Error`
[INFO] [stdout]  --> crates/pewter-core/src/chessmove.rs:4:5
[INFO] [stdout]   |
[INFO] [stdout] 4 | use thiserror::Error;
[INFO] [stdout]   |     ^^^^^^^^^^^^^^^^
[INFO] [stdout]   |
[INFO] [stdout]   = note: `#[warn(unused_imports)]` on by default
[INFO] [stdout] 
[INFO] [stdout] 
[INFO] [stdout] warning: unused import: `variant_count::VariantCount`
[INFO] [stdout]  --> crates/pewter-core/src/color.rs:1:5
[INFO] [stdout]   |
[INFO] [stdout] 1 | use variant_count::VariantCount;
[INFO] [stdout]   |     ^^^^^^^^^^^^^^^^^^^^^^^^^^^
[INFO] [stdout] 
[INFO] [stdout] 
[INFO] [stdout] warning: unused import: `thiserror::Error`
[INFO] [stdout]  --> crates/pewter-core/src/io/pgn.rs:1:5
[INFO] [stdout]   |
[INFO] [stdout] 1 | use thiserror::Error;
[INFO] [stdout]   |     ^^^^^^^^^^^^^^^^
[INFO] [stdout] 
[INFO] [stdout] 
[INFO] [stdout] warning: unused import: `std::io::Write`
[INFO] [stdout]    --> crates/pewter-core/src/io/uci.rs:805:9
[INFO] [stdout]     |
[INFO] [stdout] 805 |     use std::io::Write;
[INFO] [stdout]     |         ^^^^^^^^^^^^^^
[INFO] [stdout] 
[INFO] [stdout] 
[INFO] [stdout] warning: unused import: `variant_count::VariantCount`
[INFO] [stdout]  --> crates/pewter-core/src/piece.rs:1:5
[INFO] [stdout]   |
[INFO] [stdout] 1 | use variant_count::VariantCount;
[INFO] [stdout]   |     ^^^^^^^^^^^^^^^^^^^^^^^^^^^
[INFO] [stdout] 
[INFO] [stdout] 
[INFO] [stdout] error[E0599]: no variant or associated item named `VARIANT_COUNT` found for enum `Piece` in the current scope
[INFO] [stdout]   --> crates/pewter-core/src/board.rs:5:37
[INFO] [stdout]    |
[INFO] [stdout] 5  |     piece_boards: [BitBoard; Piece::VARIANT_COUNT],
[INFO] [stdout]    |                                     ^^^^^^^^^^^^^ variant or associated item not found in `Piece`
[INFO] [stdout]    |
[INFO] [stdout]   ::: crates/pewter-core/src/piece.rs:4:1
[INFO] [stdout]    |
[INFO] [stdout] 4  | pub enum Piece {
[INFO] [stdout]    | -------------- variant or associated item `VARIANT_COUNT` not found for this enum
[INFO] [stdout]    |
[INFO] [stdout] note: if you're trying to build a new `Piece`, consider using `Piece::from_num` which returns `Piece`
[INFO] [stdout]   --> crates/pewter-core/src/piece.rs:25:5
[INFO] [stdout]    |
[INFO] [stdout] 25 |     pub const fn from_num(num: u8) -> Self {
[INFO] [stdout]    |     ^^^^^^^^^^^^^^^^^^^^^^^^^^^^^^^^^^^^^^
[INFO] [stdout] 
[INFO] [stdout] 
[INFO] [stdout] error[E0599]: no variant or associated item named `VARIANT_COUNT` found for enum `Color` in the current scope
[INFO] [stdout]   --> crates/pewter-core/src/board.rs:6:37
[INFO] [stdout]    |
[INFO] [stdout] 6  |     color_boards: [BitBoard; Color::VARIANT_COUNT],
[INFO] [stdout]    |                                     ^^^^^^^^^^^^^ variant or associated item not found in `Color`
[INFO] [stdout]    |
[INFO] [stdout]   ::: crates/pewter-core/src/color.rs:6:1
[INFO] [stdout]    |
[INFO] [stdout] 6  | pub enum Color {
[INFO] [stdout]    | -------------- variant or associated item `VARIANT_COUNT` not found for this enum
[INFO] [stdout]    |
[INFO] [stdout] note: if you're trying to build a new `Color`, consider using `Color::from_num` which returns `Color`
[INFO] [stdout]   --> crates/pewter-core/src/color.rs:19:5
[INFO] [stdout]    |
[INFO] [stdout] 19 |     pub const fn from_num(num: u8) -> Self {
[INFO] [stdout]    |     ^^^^^^^^^^^^^^^^^^^^^^^^^^^^^^^^^^^^^^
[INFO] [stdout] 
[INFO] [stdout] 
[INFO] [stdout] error[E0277]: `FenParseError` doesn't implement `std::fmt::Debug`
[INFO] [stdout]   --> crates/pewter-core/src/io/fen.rs:30:28
[INFO] [stdout]    |
[INFO] [stdout] 30 | impl std::error::Error for FenParseError {}
[INFO] [stdout]    |                            ^^^^^^^^^^^^^ `FenParseError` cannot be formatted using `{:?}`
[INFO] [stdout]    |
[INFO] [stdout]    = help: the trait `std::fmt::Debug` is not implemented for `FenParseError`
[INFO] [stdout]    = note: add `#[derive(Debug)]` to `FenParseError` or manually `impl std::fmt::Debug for FenParseError`
[INFO] [stdout] note: required by a bound in `StdError`
[INFO] [stdout]   --> /rustc/82e1608dfa6e0b5569232559e3d385fea5a93112/library/core/src/error.rs:32:1
[INFO] [stdout] help: consider annotating `FenParseError` with `#[derive(Debug)]`
[INFO] [stdout]    |
[INFO] [stdout] 4  + #[derive(Debug)]
[INFO] [stdout] 5  | pub enum FenParseError {
[INFO] [stdout]    |
[INFO] [stdout] 
[INFO] [stdout] 
[INFO] [stdout] error[E0599]: no variant or associated item named `VARIANT_COUNT` found for enum `Piece` in the current scope
[INFO] [stdout]   --> crates/pewter-core/src/piece.rs:48:40
[INFO] [stdout]    |
[INFO] [stdout] 4  | pub enum Piece {
[INFO] [stdout]    | -------------- variant or associated item `VARIANT_COUNT` not found for this enum
[INFO] [stdout] ...
[INFO] [stdout] 48 |     pub const fn all() -> [Self; Self::VARIANT_COUNT] {
[INFO] [stdout]    |                                        ^^^^^^^^^^^^^ variant or associated item not found in `Piece`
[INFO] [stdout]    |
[INFO] [stdout] note: if you're trying to build a new `Piece`, consider using `Piece::from_num` which returns `Piece`
[INFO] [stdout]   --> crates/pewter-core/src/piece.rs:25:5
[INFO] [stdout]    |
[INFO] [stdout] 25 |     pub const fn from_num(num: u8) -> Self {
[INFO] [stdout]    |     ^^^^^^^^^^^^^^^^^^^^^^^^^^^^^^^^^^^^^^
[INFO] [stdout] 
[INFO] [stdout] 
[INFO] [stdout] error[E0507]: cannot move out of `*c` which is behind a shared reference
[INFO] [stdout]    --> crates/pewter-core/src/chessmove.rs:243:41
[INFO] [stdout]     |
[INFO] [stdout] 243 |         self.chunks.iter().flat_map(|c| c.iter())
[INFO] [stdout]     |                                         ^ ------ `*c` moved due to this method call
[INFO] [stdout]     |                                         |
[INFO] [stdout]     |                                         move occurs because `*c` has type `MoveSetChunk`, which does not implement the `Copy` trait
[INFO] [stdout]     |
[INFO] [stdout] note: `MoveSetChunk::iter` takes ownership of the receiver `self`, which moves `*c`
[INFO] [stdout]    --> crates/pewter-core/src/chessmove.rs:148:17
[INFO] [stdout]     |
[INFO] [stdout] 148 |     pub fn iter(self) -> MoveSetChunkIter {
[INFO] [stdout]     |                 ^^^^
[INFO] [stdout] 
[INFO] [stdout] 
[INFO] [stdout] error[E0433]: failed to resolve: use of undeclared type `CastleRights`
[INFO] [stdout]   --> crates/pewter-core/src/state.rs:71:28
[INFO] [stdout]    |
[INFO] [stdout] 71 |             castle_rights: CastleRights::empty(),
[INFO] [stdout]    |                            ^^^^^^^^^^^^ use of undeclared type `CastleRights`
[INFO] [stdout] 
[INFO] [stdout] 
[INFO] [stdout] error[E0433]: failed to resolve: use of undeclared type `CastleRights`
[INFO] [stdout]    --> crates/pewter-core/src/state.rs:167:17
[INFO] [stdout]     |
[INFO] [stdout] 167 |                 CastleRights::BLACK_KINGSIDE
[INFO] [stdout]     |                 ^^^^^^^^^^^^ use of undeclared type `CastleRights`
[INFO] [stdout] 
[INFO] [stdout] 
[INFO] [stdout] error[E0433]: failed to resolve: use of undeclared type `CastleRights`
[INFO] [stdout]    --> crates/pewter-core/src/state.rs:169:17
[INFO] [stdout]     |
[INFO] [stdout] 169 |                 CastleRights::BLACK_QUEENSIDE
[INFO] [stdout]     |                 ^^^^^^^^^^^^ use of undeclared type `CastleRights`
[INFO] [stdout] 
[INFO] [stdout] 
[INFO] [stdout] error[E0433]: failed to resolve: use of undeclared type `CastleRights`
[INFO] [stdout]    --> crates/pewter-core/src/state.rs:173:17
[INFO] [stdout]     |
[INFO] [stdout] 173 |                 CastleRights::WHITE_KINGSIDE
[INFO] [stdout]     |                 ^^^^^^^^^^^^ use of undeclared type `CastleRights`
[INFO] [stdout] 
[INFO] [stdout] 
[INFO] [stdout] error[E0433]: failed to resolve: use of undeclared type `CastleRights`
[INFO] [stdout]    --> crates/pewter-core/src/state.rs:175:17
[INFO] [stdout]     |
[INFO] [stdout] 175 |                 CastleRights::WHITE_QUEENSIDE
[INFO] [stdout]     |                 ^^^^^^^^^^^^ use of undeclared type `CastleRights`
[INFO] [stdout] 
[INFO] [stdout] 
[INFO] [stdout] error[E0433]: failed to resolve: use of undeclared type `CastleRights`
[INFO] [stdout]    --> crates/pewter-core/src/state.rs:204:47
[INFO] [stdout]     |
[INFO] [stdout] 204 |                     self.castle_rights.remove(CastleRights::ALL_WHITE);
[INFO] [stdout]     |                                               ^^^^^^^^^^^^ use of undeclared type `CastleRights`
[INFO] [stdout] 
[INFO] [stdout] 
[INFO] [stdout] error[E0433]: failed to resolve: use of undeclared type `CastleRights`
[INFO] [stdout]    --> crates/pewter-core/src/state.rs:207:47
[INFO] [stdout]     |
[INFO] [stdout] 207 |                     self.castle_rights.remove(CastleRights::ALL_BLACK);
[INFO] [stdout]     |                                               ^^^^^^^^^^^^ use of undeclared type `CastleRights`
[INFO] [stdout] 
[INFO] [stdout] 
[INFO] [stdout] error[E0433]: failed to resolve: use of undeclared type `CastleRights`
[INFO] [stdout]    --> crates/pewter-core/src/state.rs:217:51
[INFO] [stdout]     |
[INFO] [stdout] 217 |                         self.castle_rights.remove(CastleRights::WHITE_QUEENSIDE);
[INFO] [stdout]     |                                                   ^^^^^^^^^^^^ use of undeclared type `CastleRights`
[INFO] [stdout] 
[INFO] [stdout] 
[INFO] [stdout] error[E0433]: failed to resolve: use of undeclared type `CastleRights`
[INFO] [stdout]    --> crates/pewter-core/src/state.rs:219:51
[INFO] [stdout]     |
[INFO] [stdout] 219 |                         self.castle_rights.remove(CastleRights::WHITE_KINGSIDE);
[INFO] [stdout]     |                                                   ^^^^^^^^^^^^ use of undeclared type `CastleRights`
[INFO] [stdout] 
[INFO] [stdout] 
[INFO] [stdout] error[E0433]: failed to resolve: use of undeclared type `CastleRights`
[INFO] [stdout]    --> crates/pewter-core/src/state.rs:224:51
[INFO] [stdout]     |
[INFO] [stdout] 224 |                         self.castle_rights.remove(CastleRights::BLACK_QUEENSIDE);
[INFO] [stdout]     |                                                   ^^^^^^^^^^^^ use of undeclared type `CastleRights`
[INFO] [stdout] 
[INFO] [stdout] 
[INFO] [stdout] error[E0433]: failed to resolve: use of undeclared type `CastleRights`
[INFO] [stdout]    --> crates/pewter-core/src/state.rs:226:51
[INFO] [stdout]     |
[INFO] [stdout] 226 |                         self.castle_rights.remove(CastleRights::BLACK_KINGSIDE);
[INFO] [stdout]     |                                                   ^^^^^^^^^^^^ use of undeclared type `CastleRights`
[INFO] [stdout] 
[INFO] [stdout] 
[INFO] [stdout] error[E0433]: failed to resolve: use of undeclared type `CastleRights`
[INFO] [stdout]    --> crates/pewter-core/src/state.rs:237:51
[INFO] [stdout]     |
[INFO] [stdout] 237 |                         self.castle_rights.remove(CastleRights::WHITE_QUEENSIDE);
[INFO] [stdout]     |                                                   ^^^^^^^^^^^^ use of undeclared type `CastleRights`
[INFO] [stdout] 
[INFO] [stdout] 
[INFO] [stdout] error[E0433]: failed to resolve: use of undeclared type `CastleRights`
[INFO] [stdout]    --> crates/pewter-core/src/state.rs:239:51
[INFO] [stdout]     |
[INFO] [stdout] 239 |                         self.castle_rights.remove(CastleRights::WHITE_KINGSIDE);
[INFO] [stdout]     |                                                   ^^^^^^^^^^^^ use of undeclared type `CastleRights`
[INFO] [stdout] 
[INFO] [stdout] 
[INFO] [stdout] error[E0433]: failed to resolve: use of undeclared type `CastleRights`
[INFO] [stdout]    --> crates/pewter-core/src/state.rs:244:51
[INFO] [stdout]     |
[INFO] [stdout] 244 |                         self.castle_rights.remove(CastleRights::BLACK_QUEENSIDE);
[INFO] [stdout]     |                                                   ^^^^^^^^^^^^ use of undeclared type `CastleRights`
[INFO] [stdout] 
[INFO] [stdout] 
[INFO] [stdout] error[E0433]: failed to resolve: use of undeclared type `CastleRights`
[INFO] [stdout]    --> crates/pewter-core/src/state.rs:246:51
[INFO] [stdout]     |
[INFO] [stdout] 246 |                         self.castle_rights.remove(CastleRights::BLACK_KINGSIDE);
[INFO] [stdout]     |                                                   ^^^^^^^^^^^^ use of undeclared type `CastleRights`
[INFO] [stdout] 
[INFO] [stdout] 
[INFO] [stdout] error: aborting due to 70 previous errors; 5 warnings emitted
[INFO] [stdout] 
[INFO] [stdout] 
[INFO] [stdout] Some errors have detailed explanations: E0277, E0412, E0432, E0433, E0507, E0557, E0599.
[INFO] [stdout] 
[INFO] [stdout] For more information about an error, try `rustc --explain E0277`.
[INFO] [stdout] 
[INFO] [stderr] error: could not compile `pewter-core` (lib) due to 71 previous errors; 5 warnings emitted
[INFO] running `Command { std: "docker" "inspect" "c47ada6ef337497a326ec6eb568fc0395f5680becf9efcf5627dfacb16ea657e", kill_on_drop: false }`
[INFO] running `Command { std: "docker" "rm" "-f" "c47ada6ef337497a326ec6eb568fc0395f5680becf9efcf5627dfacb16ea657e", kill_on_drop: false }`
[INFO] [stdout] c47ada6ef337497a326ec6eb568fc0395f5680becf9efcf5627dfacb16ea657e
[INFO] documenting Joey9801/pewter against beta-2023-12-22 for beta-1.76-rustdoc-1
[INFO] running `Command { std: "git" "clone" "/workspace/cache/git-repos/https%3A%2F%2Fgithub.com%2FJoey9801%2Fpewter" "/workspace/builds/worker-6-tc2/source", kill_on_drop: false }`
[INFO] [stderr] Cloning into '/workspace/builds/worker-6-tc2/source'...
[INFO] [stderr] done.
[INFO] validating manifest of git repo https://github.com/Joey9801/pewter on toolchain beta-2023-12-22
[INFO] running `Command { std: CARGO_HOME="/workspace/cargo-home" RUSTUP_HOME="/workspace/rustup-home" "/workspace/cargo-home/bin/cargo" "+beta-2023-12-22" "metadata" "--manifest-path" "Cargo.toml" "--no-deps", kill_on_drop: false }`
[INFO] started tweaking git repo https://github.com/Joey9801/pewter
[INFO] finished tweaking git repo https://github.com/Joey9801/pewter
[INFO] tweaked toml for git repo https://github.com/Joey9801/pewter written to /workspace/builds/worker-6-tc2/source/Cargo.toml
[INFO] crate git repo https://github.com/Joey9801/pewter already has a lockfile, it will not be regenerated
[INFO] running `Command { std: CARGO_HOME="/workspace/cargo-home" RUSTUP_HOME="/workspace/rustup-home" "/workspace/cargo-home/bin/cargo" "+beta-2023-12-22" "fetch" "--manifest-path" "Cargo.toml", kill_on_drop: false }`
[INFO] running `Command { std: "docker" "create" "-v" "/var/lib/crater-agent-workspace/builds/worker-6-tc2/target:/opt/rustwide/target:rw,Z" "-v" "/var/lib/crater-agent-workspace/builds/worker-6-tc2/source:/opt/rustwide/workdir:ro,Z" "-v" "/var/lib/crater-agent-workspace/cargo-home:/opt/rustwide/cargo-home:ro,Z" "-v" "/var/lib/crater-agent-workspace/rustup-home:/opt/rustwide/rustup-home:ro,Z" "-e" "SOURCE_DIR=/opt/rustwide/workdir" "-e" "CARGO_TARGET_DIR=/opt/rustwide/target" "-e" "CARGO_HOME=/opt/rustwide/cargo-home" "-e" "RUSTUP_HOME=/opt/rustwide/rustup-home" "-w" "/opt/rustwide/workdir" "-m" "1610612736" "--user" "0:0" "--network" "none" "ghcr.io/rust-lang/crates-build-env/linux@sha256:2788e3201cd34a07e3172128adcd8b3090168a8e3bcc40d7c032b9dda1df7d1c" "/opt/rustwide/cargo-home/bin/cargo" "+beta-2023-12-22" "metadata" "--no-deps" "--format-version=1", kill_on_drop: false }`
[INFO] [stdout] 5791d3723955a0c32ca14ca3ec7fcd8a8476c8196b4351c013dc3f1a90b20313
[INFO] running `Command { std: "docker" "start" "-a" "5791d3723955a0c32ca14ca3ec7fcd8a8476c8196b4351c013dc3f1a90b20313", kill_on_drop: false }`
[INFO] running `Command { std: "docker" "inspect" "5791d3723955a0c32ca14ca3ec7fcd8a8476c8196b4351c013dc3f1a90b20313", kill_on_drop: false }`
[INFO] running `Command { std: "docker" "rm" "-f" "5791d3723955a0c32ca14ca3ec7fcd8a8476c8196b4351c013dc3f1a90b20313", kill_on_drop: false }`
[INFO] [stdout] 5791d3723955a0c32ca14ca3ec7fcd8a8476c8196b4351c013dc3f1a90b20313
[INFO] running `Command { std: "docker" "create" "-v" "/var/lib/crater-agent-workspace/builds/worker-6-tc2/target:/opt/rustwide/target:rw,Z" "-v" "/var/lib/crater-agent-workspace/builds/worker-6-tc2/source:/opt/rustwide/workdir:ro,Z" "-v" "/var/lib/crater-agent-workspace/cargo-home:/opt/rustwide/cargo-home:ro,Z" "-v" "/var/lib/crater-agent-workspace/rustup-home:/opt/rustwide/rustup-home:ro,Z" "-e" "SOURCE_DIR=/opt/rustwide/workdir" "-e" "CARGO_TARGET_DIR=/opt/rustwide/target" "-e" "CARGO_INCREMENTAL=0" "-e" "RUST_BACKTRACE=full" "-e" "RUSTFLAGS=--cap-lints=warn" "-e" "RUSTDOCFLAGS=--cap-lints=warn" "-e" "CARGO_HOME=/opt/rustwide/cargo-home" "-e" "RUSTUP_HOME=/opt/rustwide/rustup-home" "-w" "/opt/rustwide/workdir" "-m" "1610612736" "--user" "0:0" "--network" "none" "ghcr.io/rust-lang/crates-build-env/linux@sha256:2788e3201cd34a07e3172128adcd8b3090168a8e3bcc40d7c032b9dda1df7d1c" "/opt/rustwide/cargo-home/bin/cargo" "+beta-2023-12-22" "doc" "--frozen" "--no-deps" "--document-private-items" "--message-format=json", kill_on_drop: false }`
[INFO] [stdout] a214679d17c873cd390f31b985899036c577a6f99a1630531d04fb58ffe24c05
[INFO] running `Command { std: "docker" "start" "-a" "a214679d17c873cd390f31b985899036c577a6f99a1630531d04fb58ffe24c05", kill_on_drop: false }`
[INFO] [stderr]    Compiling libc v0.2.107
[INFO] [stderr]    Compiling proc-macro2 v1.0.32
[INFO] [stderr]    Compiling unicode-xid v0.2.2
[INFO] [stderr]    Compiling syn v1.0.81
[INFO] [stderr]    Compiling autocfg v1.0.1
[INFO] [stderr]    Compiling cfg-if v1.0.0
[INFO] [stderr]    Compiling ppv-lite86 v0.2.15
[INFO] [stderr]     Checking lazy_static v1.4.0
[INFO] [stderr]    Compiling log v0.4.14
[INFO] [stderr]    Compiling getrandom v0.1.16
[INFO] [stderr]    Compiling memchr v2.4.1
[INFO] [stderr]     Checking smallvec v1.7.0
[INFO] [stderr]    Compiling serde_derive v1.0.132
[INFO] [stderr]    Compiling siphasher v0.3.7
[INFO] [stderr]    Compiling serde v1.0.132
[INFO] [stderr]    Compiling parking_lot_core v0.8.5
[INFO] [stderr]     Checking instant v0.1.12
[INFO] [stderr]     Checking lock_api v0.4.5
[INFO] [stderr]     Checking pin-project-lite v0.2.7
[INFO] [stderr]    Compiling crossbeam-utils v0.8.5
[INFO] [stderr]    Compiling futures-core v0.3.19
[INFO] [stderr]    Compiling phf_shared v0.8.0
[INFO] [stderr]    Compiling anyhow v1.0.51
[INFO] [stderr]    Compiling futures-task v0.3.19
[INFO] [stderr]    Compiling version_check v0.9.3
[INFO] [stderr]     Checking itoa v0.4.8
[INFO] [stderr]     Checking futures-sink v0.3.19
[INFO] [stderr]    Compiling futures-channel v0.3.19
[INFO] [stderr]    Compiling pkg-config v0.3.24
[INFO] [stderr]    Compiling indexmap v1.7.0
[INFO] [stderr]     Checking once_cell v1.9.0
[INFO] [stderr]    Compiling proc-macro-hack v0.5.19
[INFO] [stderr]     Checking bytes v1.1.0
[INFO] [stderr]    Compiling futures-util v0.3.19
[INFO] [stderr]     Checking matches v0.1.9
[INFO] [stderr]     Checking crossbeam-channel v0.5.1
[INFO] [stderr]     Checking hashbrown v0.11.2
[INFO] [stderr]     Checking slab v0.4.5
[INFO] [stderr]    Compiling quote v1.0.10
[INFO] [stderr]     Checking futures-io v0.3.19
[INFO] [stderr]    Compiling proc-macro-error-attr v1.0.4
[INFO] [stderr]    Compiling num-traits v0.2.14
[INFO] [stderr]    Compiling proc-macro-error v1.0.4
[INFO] [stderr]    Compiling memoffset v0.6.4
[INFO] [stderr]    Compiling num-integer v0.1.44
[INFO] [stderr]     Checking num_cpus v1.13.0
[INFO] [stderr]     Checking getrandom v0.2.3
[INFO] [stderr]    Compiling jobserver v0.1.24
[INFO] [stderr]     Checking mio v0.7.14
[INFO] [stderr]     Checking signal-hook-registry v1.4.0
[INFO] [stderr]    Compiling zstd-safe v4.1.2+zstd.1.5.1
[INFO] [stderr]     Checking arrayvec v0.7.2
[INFO] [stderr]    Compiling openssl v0.10.38
[INFO] [stderr]     Checking parking_lot v0.11.2
[INFO] [stderr]    Compiling rand_core v0.6.3
[INFO] [stderr]    Compiling rand_core v0.5.1
[INFO] [stderr]     Checking new_debug_unreachable v1.0.4
[INFO] [stderr]    Compiling cc v1.0.72
[INFO] [stderr]    Compiling rand_chacha v0.3.1
[INFO] [stderr]     Checking http v0.2.5
[INFO] [stderr]    Compiling rand_pcg v0.2.1
[INFO] [stderr]    Compiling rand_chacha v0.2.2
[INFO] [stderr]     Checking tracing-core v0.1.21
[INFO] [stderr]     Checking precomputed-hash v0.1.1
[INFO] [stderr]    Compiling unicode-segmentation v1.8.0
[INFO] [stderr]    Compiling crossbeam-epoch v0.9.5
[INFO] [stderr]     Checking mac v0.1.1
[INFO] [stderr]    Compiling native-tls v0.2.8
[INFO] [stderr]    Compiling httparse v1.5.1
[INFO] [stderr]     Checking tinyvec_macros v0.1.0
[INFO] [stderr]     Checking futf v0.1.4
[INFO] [stderr]    Compiling rand v0.7.3
[INFO] [stderr]    Compiling rand v0.8.4
[INFO] [stderr]     Checking tinyvec v1.5.1
[INFO] [stderr]     Checking tracing v0.1.29
[INFO] [stderr]    Compiling heck v0.3.3
[INFO] [stderr]     Checking time v0.1.44
[INFO] [stderr]    Compiling hashbrown v0.8.2
[INFO] [stderr]    Compiling rayon-core v1.9.1
[INFO] [stderr]     Checking try-lock v0.2.3
[INFO] [stderr]     Checking percent-encoding v2.1.0
[INFO] [stderr]     Checking utf-8 v0.7.6
[INFO] [stderr]    Compiling ryu v1.0.5
[INFO] [stderr]     Checking half v1.8.2
[INFO] [stderr]     Checking openssl-probe v0.1.4
[INFO] [stderr]     Checking dtoa v0.4.8
[INFO] [stderr]     Checking tendril v0.4.2
[INFO] [stderr]     Checking form_urlencoded v1.0.1
[INFO] [stderr]     Checking want v0.3.0
[INFO] [stderr]     Checking dtoa-short v0.3.3
[INFO] [stderr]     Checking atty v0.2.14
[INFO] [stderr]     Checking socket2 v0.4.2
[INFO] [stderr]     Checking os_str_bytes v6.0.0
[INFO] [stderr]     Checking fern v0.6.0
[INFO] [stderr]     Checking nodrop v0.1.14
[INFO] [stderr]     Checking tower-service v0.3.1
[INFO] [stderr]     Checking ahash v0.3.8
[INFO] [stderr]     Checking unicode-bidi v0.3.7
[INFO] [stderr]     Checking termcolor v1.1.2
[INFO] [stderr]     Checking strsim v0.10.0
[INFO] [stderr]    Compiling convert_case v0.4.0
[INFO] [stderr]     Checking textwrap v0.14.2
[INFO] [stderr]    Compiling phf_generator v0.8.0
[INFO] [stderr]     Checking chrono v0.4.19
[INFO] [stderr]    Compiling encoding_rs v0.8.30
[INFO] [stderr]     Checking stable_deref_trait v1.2.0
[INFO] [stderr]     Checking fxhash v0.2.1
[INFO] [stderr]    Compiling pewter-core v0.1.0 (/opt/rustwide/workdir/crates/pewter-core)
[INFO] [stderr]    Compiling phf_codegen v0.8.0
[INFO] [stderr]    Compiling string_cache_codegen v0.5.1
[INFO] [stderr]     Checking servo_arc v0.1.1
[INFO] [stderr]     Checking crossbeam-deque v0.8.1
[INFO] [stderr]    Compiling openssl-sys v0.9.72
[INFO] [stderr]    Compiling zstd-sys v1.6.2+zstd.1.5.1
[INFO] [stderr]     Checking unicode-normalization v0.1.19
[INFO] [stderr]    Compiling rayon v1.5.1
[INFO] [stderr]    Compiling selectors v0.22.0
[INFO] [stderr]     Checking thin-slice v0.1.1
[INFO] [stderr]     Checking unicode-width v0.1.9
[INFO] [stderr]     Checking dashmap v4.0.2
[INFO] [stderr]     Checking getopts v0.2.21
[INFO] [stderr]     Checking no-std-compat v0.4.1
[INFO] [stderr]     Checking quanta v0.4.1
[INFO] [stderr]     Checking futures-timer v3.0.2
[INFO] [stderr]     Checking nonzero_ext v0.2.0
[INFO] [stderr]     Checking either v1.6.1
[INFO] [stderr]     Checking http-body v0.4.4
[INFO] [stderr]     Checking mime v0.3.16
[INFO] [stderr]     Checking ipnet v2.3.1
[INFO] [stderr]     Checking ego-tree v0.6.2
[INFO] [stderr]     Checking base64 v0.13.0
[INFO] [stderr]    Compiling markup5ever v0.10.1
[INFO] [stderr]     Checking idna v0.2.3
[INFO] [stderr]     Checking url v2.2.2
[INFO] [stderr]    Compiling futures-macro v0.3.19
[INFO] [stderr]    Compiling thiserror-impl v1.0.30
[INFO] [stderr]    Compiling tokio-macros v1.7.0
[INFO] [stderr]    Compiling phf_macros v0.8.0
[INFO] [stderr]    Compiling variant_count v1.1.0
[INFO] [stderr]    Compiling cssparser v0.27.2
[INFO] [stderr]    Compiling cssparser-macros v0.6.0
[INFO] [stderr]    Compiling clap_derive v3.0.0-rc.7
[INFO] [stderr]    Compiling html5ever v0.25.1
[INFO] [stderr]    Compiling derive_more v0.99.17
[INFO] [stderr]     Checking tokio v1.15.0
[INFO] [stderr]     Checking phf v0.8.0
[INFO] [stderr]     Checking thiserror v1.0.30
[INFO] [stderr]     Checking clap v3.0.0-rc.7
[INFO] [stderr]     Checking futures-executor v0.3.19
[INFO] [stderr]     Checking futures v0.3.19
[INFO] [stderr]     Checking governor v0.3.2
[INFO] [stderr]     Checking tokio-util v0.6.9
[INFO] [stderr]     Checking tokio-native-tls v0.3.0
[INFO] [stderr]     Checking h2 v0.3.9
[INFO] [stderr]     Checking serde_cbor v0.11.2
[INFO] [stderr]     Checking string_cache v0.8.2
[INFO] [stderr]     Checking serde_urlencoded v0.7.0
[INFO] [stderr]  Documenting pewter-core v0.1.0 (/opt/rustwide/workdir/crates/pewter-core)
[INFO] [stdout] error[E0557]: feature has been removed
[INFO] [stdout]  --> crates/pewter-core/src/lib.rs:6:12
[INFO] [stdout]   |
[INFO] [stdout] 6 | #![feature(const_eval_limit)]
[INFO] [stdout]   |            ^^^^^^^^^^^^^^^^ feature has been removed
[INFO] [stdout]   |
[INFO] [stdout]   = note: removed the limit entirely
[INFO] [stdout] 
[INFO] [stdout] 
[INFO] [stdout] error[E0557]: feature has been removed
[INFO] [stdout]  --> crates/pewter-core/src/lib.rs:6:12
[INFO] [stdout]   |
[INFO] [stdout] 6 | #![feature(const_eval_limit)]
[INFO] [stdout]   |            ^^^^^^^^^^^^^^^^ feature has been removed
[INFO] [stdout]   |
[INFO] [stdout]   = note: removed the limit entirely
[INFO] [stdout] 
[INFO] [stdout] 
[INFO] [stdout] error: Compilation failed, aborting rustdoc
[INFO] [stdout] 
[INFO] [stdout] 
[INFO] [stdout] error: aborting due to 2 previous errors
[INFO] [stdout] 
[INFO] [stdout] 
[INFO] [stdout] For more information about this error, try `rustc --explain E0557`.
[INFO] [stdout] 
[INFO] [stderr] error: could not document `pewter-core`
[INFO] [stderr] 
[INFO] [stderr] Caused by:
[INFO] [stderr]   process didn't exit successfully: `/opt/rustwide/rustup-home/toolchains/beta-2023-12-22-x86_64-unknown-linux-gnu/bin/rustdoc --edition=2018 --crate-type lib --crate-name pewter_core crates/pewter-core/src/lib.rs -o /opt/rustwide/target/doc --error-format=json --json=diagnostic-rendered-ansi,artifacts,future-incompat --document-private-items -C metadata=89caa03b96b96a90 -L dependency=/opt/rustwide/target/debug/deps --extern anyhow=/opt/rustwide/target/debug/deps/libanyhow-86dcd06269630377.rmeta --extern arrayvec=/opt/rustwide/target/debug/deps/libarrayvec-befa2d3795527ab9.rmeta --extern bitflags=/opt/rustwide/target/debug/deps/libbitflags-e9d8d976431c69fc.rmeta --extern crossbeam_channel=/opt/rustwide/target/debug/deps/libcrossbeam_channel-1e9470fbfd6e3c16.rmeta --extern log=/opt/rustwide/target/debug/deps/liblog-bd107c444234b702.rmeta --extern rand=/opt/rustwide/target/debug/deps/librand-d09201ed064c33a7.rmeta --extern serde=/opt/rustwide/target/debug/deps/libserde-64034cf5e9b77aca.rmeta --extern thiserror=/opt/rustwide/target/debug/deps/libthiserror-a938801a28ebff68.rmeta --extern variant_count=/opt/rustwide/target/debug/deps/libvariant_count-182b972d5667886c.so --cap-lints=warn --crate-version 0.1.0` (exit status: 1)
[INFO] [stderr] warning: build failed, waiting for other jobs to finish...
[INFO] [stdout] error[E0432]: unresolved import `crate::state::CastleRights`
[INFO] [stdout]  --> crates/pewter-core/src/zobrist.rs:3:20
[INFO] [stdout]   |
[INFO] [stdout] 3 | use crate::state::{CastleRights, State};
[INFO] [stdout]   |                    ^^^^^^^^^^^^ no `CastleRights` in `state`
[INFO] [stdout] 
[INFO] [stdout] 
[INFO] [stdout] error[E0432]: unresolved import `crate::state::CastleRights`
[INFO] [stdout]   --> crates/pewter-core/src/lib.rs:26:24
[INFO] [stdout]    |
[INFO] [stdout] 26 | pub use crate::state::{CastleRights, CastleSide, State};
[INFO] [stdout]    |                        ^^^^^^^^^^^^ no `CastleRights` in `state`
[INFO] [stdout] 
[INFO] [stdout] 
[INFO] [stdout] error: cannot find attribute `const_eval_limit` in this scope
[INFO] [stdout]  --> crates/pewter-core/src/lib.rs:7:4
[INFO] [stdout]   |
[INFO] [stdout] 7 | #![const_eval_limit = "20000000"]
[INFO] [stdout]   |    ^^^^^^^^^^^^^^^^
[INFO] [stdout] 
[INFO] [stdout] 
[INFO] [stdout] error: cannot determine resolution for the attribute macro `derive`
[INFO] [stdout]  --> crates/pewter-core/src/bitboard/mod.rs:6:3
[INFO] [stdout]   |
[INFO] [stdout] 6 | #[derive(Clone, Copy, Debug, PartialEq, Eq)]
[INFO] [stdout]   |   ^^^^^^
[INFO] [stdout]   |
[INFO] [stdout]   = note: import resolution is stuck, try simplifying macro imports
[INFO] [stdout] 
[INFO] [stdout] 
[INFO] [stdout] error: cannot determine resolution for the attribute macro `derive`
[INFO] [stdout]  --> crates/pewter-core/src/board.rs:3:3
[INFO] [stdout]   |
[INFO] [stdout] 3 | #[derive(Clone, Copy, Debug)]
[INFO] [stdout]   |   ^^^^^^
[INFO] [stdout]   |
[INFO] [stdout]   = note: import resolution is stuck, try simplifying macro imports
[INFO] [stdout] 
[INFO] [stdout] 
[INFO] [stdout] error: cannot determine resolution for the attribute macro `derive`
[INFO] [stdout]   --> crates/pewter-core/src/chessmove.rs:10:3
[INFO] [stdout]    |
[INFO] [stdout] 10 | #[derive(Clone, Copy, PartialEq, Eq, PartialOrd, Ord, Hash)]
[INFO] [stdout]    |   ^^^^^^
[INFO] [stdout]    |
[INFO] [stdout]    = note: import resolution is stuck, try simplifying macro imports
[INFO] [stdout] 
[INFO] [stdout] 
[INFO] [stdout] error: cannot determine resolution for the attribute macro `derive`
[INFO] [stdout]   --> crates/pewter-core/src/chessmove.rs:17:3
[INFO] [stdout]    |
[INFO] [stdout] 17 | #[derive(Clone, Copy, Debug, Error)]
[INFO] [stdout]    |   ^^^^^^
[INFO] [stdout]    |
[INFO] [stdout]    = note: import resolution is stuck, try simplifying macro imports
[INFO] [stdout] 
[INFO] [stdout] 
[INFO] [stdout] error: cannot find attribute `error` in this scope
[INFO] [stdout]   --> crates/pewter-core/src/chessmove.rs:19:7
[INFO] [stdout]    |
[INFO] [stdout] 19 |     #[error("There were non-ascii bytes in a long-algebraic move string")]
[INFO] [stdout]    |       ^^^^^
[INFO] [stdout] 
[INFO] [stdout] 
[INFO] [stdout] error: cannot find attribute `error` in this scope
[INFO] [stdout]   --> crates/pewter-core/src/chessmove.rs:22:7
[INFO] [stdout]    |
[INFO] [stdout] 22 |     #[error("There weren't enough chars in the string for a long-algebraic move")]
[INFO] [stdout]    |       ^^^^^
[INFO] [stdout] 
[INFO] [stdout] 
[INFO] [stdout] error: cannot find attribute `error` in this scope
[INFO] [stdout]   --> crates/pewter-core/src/chessmove.rs:25:7
[INFO] [stdout]    |
[INFO] [stdout] 25 |     #[error("One of the squares referenced on a long-algebraic string was invalid")]
[INFO] [stdout]    |       ^^^^^
[INFO] [stdout] 
[INFO] [stdout] 
[INFO] [stdout] error: cannot find attribute `error` in this scope
[INFO] [stdout]   --> crates/pewter-core/src/chessmove.rs:28:7
[INFO] [stdout]    |
[INFO] [stdout] 28 |     #[error("A promotion char in a long-algebraic string wasn't one of {{q, r, b, r}}")]
[INFO] [stdout]    |       ^^^^^
[INFO] [stdout] 
[INFO] [stdout] 
[INFO] [stdout] error: cannot determine resolution for the attribute macro `derive`
[INFO] [stdout]    --> crates/pewter-core/src/chessmove.rs:132:3
[INFO] [stdout]     |
[INFO] [stdout] 132 | #[derive(Clone, Copy, Debug)]
[INFO] [stdout]     |   ^^^^^^
[INFO] [stdout]     |
[INFO] [stdout]     = note: import resolution is stuck, try simplifying macro imports
[INFO] [stdout] 
[INFO] [stdout] 
[INFO] [stdout] error: cannot determine resolution for the attribute macro `derive`
[INFO] [stdout]    --> crates/pewter-core/src/chessmove.rs:217:3
[INFO] [stdout]     |
[INFO] [stdout] 217 | #[derive(Clone, Debug)]
[INFO] [stdout]     |   ^^^^^^
[INFO] [stdout]     |
[INFO] [stdout]     = note: import resolution is stuck, try simplifying macro imports
[INFO] [stdout] 
[INFO] [stdout] 
[INFO] [stdout] error: cannot determine resolution for the attribute macro `derive`
[INFO] [stdout]  --> crates/pewter-core/src/color.rs:5:3
[INFO] [stdout]   |
[INFO] [stdout] 5 | #[derive(Clone, Copy, Debug, PartialEq, Eq, VariantCount)]
[INFO] [stdout]   |   ^^^^^^
[INFO] [stdout]   |
[INFO] [stdout]   = note: import resolution is stuck, try simplifying macro imports
[INFO] [stdout] 
[INFO] [stdout] 
[INFO] [stdout] error: cannot determine resolution for the attribute macro `derive`
[INFO] [stdout]  --> crates/pewter-core/src/coordinates.rs:3:3
[INFO] [stdout]   |
[INFO] [stdout] 3 | #[derive(Clone, Copy, PartialEq, Eq, PartialOrd, Ord, Hash)]
[INFO] [stdout]   |   ^^^^^^
[INFO] [stdout]   |
[INFO] [stdout]   = note: import resolution is stuck, try simplifying macro imports
[INFO] [stdout] 
[INFO] [stdout] 
[INFO] [stdout] error: cannot determine resolution for the attribute macro `derive`
[INFO] [stdout]   --> crates/pewter-core/src/coordinates.rs:86:3
[INFO] [stdout]    |
[INFO] [stdout] 86 | #[derive(Clone, Copy, PartialEq, Eq, PartialOrd, Ord, Hash)]
[INFO] [stdout]    |   ^^^^^^
[INFO] [stdout]    |
[INFO] [stdout]    = note: import resolution is stuck, try simplifying macro imports
[INFO] [stdout] 
[INFO] [stdout] 
[INFO] [stdout] error: cannot determine resolution for the attribute macro `derive`
[INFO] [stdout]    --> crates/pewter-core/src/coordinates.rs:153:3
[INFO] [stdout]     |
[INFO] [stdout] 153 | #[derive(Clone, Copy, PartialEq, Eq, PartialOrd, Ord, Hash)]
[INFO] [stdout]     |   ^^^^^^
[INFO] [stdout]     |
[INFO] [stdout]     = note: import resolution is stuck, try simplifying macro imports
[INFO] [stdout] 
[INFO] [stdout] 
[INFO] [stdout] error: cannot determine resolution for the attribute macro `derive`
[INFO] [stdout]  --> crates/pewter-core/src/io/fen.rs:3:3
[INFO] [stdout]   |
[INFO] [stdout] 3 | #[derive(Clone, Copy, Debug, PartialEq, Eq)]
[INFO] [stdout]   |   ^^^^^^
[INFO] [stdout]   |
[INFO] [stdout]   = note: import resolution is stuck, try simplifying macro imports
[INFO] [stdout] 
[INFO] [stdout] 
[INFO] [stdout] error: cannot determine resolution for the attribute macro `derive`
[INFO] [stdout]   --> crates/pewter-core/src/io/pgn.rs:14:3
[INFO] [stdout]    |
[INFO] [stdout] 14 | #[derive(Error, Debug)]
[INFO] [stdout]    |   ^^^^^^
[INFO] [stdout]    |
[INFO] [stdout]    = note: import resolution is stuck, try simplifying macro imports
[INFO] [stdout] 
[INFO] [stdout] 
[INFO] [stdout] error: cannot find attribute `error` in this scope
[INFO] [stdout]   --> crates/pewter-core/src/io/pgn.rs:16:7
[INFO] [stdout]    |
[INFO] [stdout] 16 |     #[error("A SAN encoded move could not be decoded")]
[INFO] [stdout]    |       ^^^^^
[INFO] [stdout] 
[INFO] [stdout] 
[INFO] [stdout] error: cannot find attribute `error` in this scope
[INFO] [stdout]   --> crates/pewter-core/src/io/pgn.rs:19:7
[INFO] [stdout]    |
[INFO] [stdout] 19 |     #[error("A SAN encoded move could have referred to multiple legal moves")]
[INFO] [stdout]    |       ^^^^^
[INFO] [stdout] 
[INFO] [stdout] 
[INFO] [stdout] error: cannot find attribute `error` in this scope
[INFO] [stdout]   --> crates/pewter-core/src/io/pgn.rs:22:7
[INFO] [stdout]    |
[INFO] [stdout] 22 |     #[error("A SAN encoded move was not legal in the current board state")]
[INFO] [stdout]    |       ^^^^^
[INFO] [stdout] 
[INFO] [stdout] 
[INFO] [stdout] error: cannot find attribute `error` in this scope
[INFO] [stdout]   --> crates/pewter-core/src/io/pgn.rs:25:7
[INFO] [stdout]    |
[INFO] [stdout] 25 |     #[error("This PGN parser does not have the ability to parse PGN files that contain comments")]
[INFO] [stdout]    |       ^^^^^
[INFO] [stdout] 
[INFO] [stdout] 
[INFO] [stdout] error: cannot find attribute `error` in this scope
[INFO] [stdout]   --> crates/pewter-core/src/io/pgn.rs:28:7
[INFO] [stdout]    |
[INFO] [stdout] 28 |     #[error("There were non-ascii characters in the PGN file")]
[INFO] [stdout]    |       ^^^^^
[INFO] [stdout] 
[INFO] [stdout] 
[INFO] [stdout] error: cannot determine resolution for the attribute macro `derive`
[INFO] [stdout]   --> crates/pewter-core/src/io/uci.rs:12:3
[INFO] [stdout]    |
[INFO] [stdout] 12 | #[derive(Clone, Debug, PartialEq, Eq)]
[INFO] [stdout]    |   ^^^^^^
[INFO] [stdout]    |
[INFO] [stdout]    = note: import resolution is stuck, try simplifying macro imports
[INFO] [stdout] 
[INFO] [stdout] 
[INFO] [stdout] error: cannot determine resolution for the attribute macro `derive`
[INFO] [stdout]   --> crates/pewter-core/src/io/uci.rs:25:3
[INFO] [stdout]    |
[INFO] [stdout] 25 | #[derive(Clone, Debug, Default, PartialEq, Eq)]
[INFO] [stdout]    |   ^^^^^^
[INFO] [stdout]    |
[INFO] [stdout]    = note: import resolution is stuck, try simplifying macro imports
[INFO] [stdout] 
[INFO] [stdout] 
[INFO] [stdout] error: cannot determine resolution for the attribute macro `derive`
[INFO] [stdout]   --> crates/pewter-core/src/io/uci.rs:73:3
[INFO] [stdout]    |
[INFO] [stdout] 73 | #[derive(Clone, Debug, PartialEq, Eq)]
[INFO] [stdout]    |   ^^^^^^
[INFO] [stdout]    |
[INFO] [stdout]    = note: import resolution is stuck, try simplifying macro imports
[INFO] [stdout] 
[INFO] [stdout] 
[INFO] [stdout] error: cannot determine resolution for the attribute macro `derive`
[INFO] [stdout]    --> crates/pewter-core/src/io/uci.rs:174:3
[INFO] [stdout]     |
[INFO] [stdout] 174 | #[derive(Clone, Debug, PartialEq, Eq)]
[INFO] [stdout]     |   ^^^^^^
[INFO] [stdout]     |
[INFO] [stdout]     = note: import resolution is stuck, try simplifying macro imports
[INFO] [stdout] 
[INFO] [stdout] 
[INFO] [stdout] error: cannot determine resolution for the attribute macro `derive`
[INFO] [stdout]    --> crates/pewter-core/src/io/uci.rs:180:3
[INFO] [stdout]     |
[INFO] [stdout] 180 | #[derive(Clone, Debug, PartialEq, Eq)]
[INFO] [stdout]     |   ^^^^^^
[INFO] [stdout]     |
[INFO] [stdout]     = note: import resolution is stuck, try simplifying macro imports
[INFO] [stdout] 
[INFO] [stdout] 
[INFO] [stdout] error: cannot determine resolution for the attribute macro `derive`
[INFO] [stdout]    --> crates/pewter-core/src/io/uci.rs:187:3
[INFO] [stdout]     |
[INFO] [stdout] 187 | #[derive(Clone, Debug, PartialEq, Eq)]
[INFO] [stdout]     |   ^^^^^^
[INFO] [stdout]     |
[INFO] [stdout]     = note: import resolution is stuck, try simplifying macro imports
[INFO] [stdout] 
[INFO] [stdout] 
[INFO] [stdout] error: cannot determine resolution for the attribute macro `derive`
[INFO] [stdout]    --> crates/pewter-core/src/io/uci.rs:194:3
[INFO] [stdout]     |
[INFO] [stdout] 194 | #[derive(Clone, Debug, PartialEq, Eq)]
[INFO] [stdout]     |   ^^^^^^
[INFO] [stdout]     |
[INFO] [stdout]     = note: import resolution is stuck, try simplifying macro imports
[INFO] [stdout] 
[INFO] [stdout] 
[INFO] [stdout] error: cannot determine resolution for the attribute macro `derive`
[INFO] [stdout]    --> crates/pewter-core/src/io/uci.rs:209:3
[INFO] [stdout]     |
[INFO] [stdout] 209 | #[derive(Clone, Debug, PartialEq, Eq)]
[INFO] [stdout]     |   ^^^^^^
[INFO] [stdout]     |
[INFO] [stdout]     = note: import resolution is stuck, try simplifying macro imports
[INFO] [stdout] 
[INFO] [stdout] 
[INFO] [stdout] error: cannot determine resolution for the attribute macro `derive`
[INFO] [stdout]    --> crates/pewter-core/src/io/uci.rs:220:3
[INFO] [stdout]     |
[INFO] [stdout] 220 | #[derive(Clone, Debug, PartialEq, Eq)]
[INFO] [stdout]     |   ^^^^^^
[INFO] [stdout]     |
[INFO] [stdout]     = note: import resolution is stuck, try simplifying macro imports
[INFO] [stdout] 
[INFO] [stdout] 
[INFO] [stdout] error: cannot determine resolution for the attribute macro `derive`
[INFO] [stdout]    --> crates/pewter-core/src/io/uci.rs:230:3
[INFO] [stdout]     |
[INFO] [stdout] 230 | #[derive(Clone, Debug, Default, PartialEq, Eq)]
[INFO] [stdout]     |   ^^^^^^
[INFO] [stdout]     |
[INFO] [stdout]     = note: import resolution is stuck, try simplifying macro imports
[INFO] [stdout] 
[INFO] [stdout] 
[INFO] [stdout] error: cannot determine resolution for the attribute macro `derive`
[INFO] [stdout]    --> crates/pewter-core/src/io/uci.rs:290:3
[INFO] [stdout]     |
[INFO] [stdout] 290 | #[derive(Clone, Debug, PartialEq, Eq)]
[INFO] [stdout]     |   ^^^^^^
[INFO] [stdout]     |
[INFO] [stdout]     = note: import resolution is stuck, try simplifying macro imports
[INFO] [stdout] 
[INFO] [stdout] 
[INFO] [stdout] error: cannot determine resolution for the attribute macro `derive`
[INFO] [stdout]    --> crates/pewter-core/src/io/uci.rs:321:3
[INFO] [stdout]     |
[INFO] [stdout] 321 | #[derive(Clone, Debug, PartialEq, Eq)]
[INFO] [stdout]     |   ^^^^^^
[INFO] [stdout]     |
[INFO] [stdout]     = note: import resolution is stuck, try simplifying macro imports
[INFO] [stdout] 
[INFO] [stdout] 
[INFO] [stdout] error: cannot determine resolution for the attribute macro `derive`
[INFO] [stdout]    --> crates/pewter-core/src/io/uci.rs:343:3
[INFO] [stdout]     |
[INFO] [stdout] 343 | #[derive(Clone, Debug, PartialEq, Eq)]
[INFO] [stdout]     |   ^^^^^^
[INFO] [stdout]     |
[INFO] [stdout]     = note: import resolution is stuck, try simplifying macro imports
[INFO] [stdout] 
[INFO] [stdout] 
[INFO] [stdout] error: cannot determine resolution for the attribute macro `derive`
[INFO] [stdout]    --> crates/pewter-core/src/io/uci.rs:411:3
[INFO] [stdout]     |
[INFO] [stdout] 411 | #[derive(Clone, Debug, PartialEq, Eq)]
[INFO] [stdout]     |   ^^^^^^
[INFO] [stdout]     |
[INFO] [stdout]     = note: import resolution is stuck, try simplifying macro imports
[INFO] [stdout] 
[INFO] [stdout] 
[INFO] [stdout] error: cannot determine resolution for the macro `select`
[INFO] [stdout]    --> crates/pewter-core/src/io/uci.rs:829:9
[INFO] [stdout]     |
[INFO] [stdout] 829 |         select! {
[INFO] [stdout]     |         ^^^^^^
[INFO] [stdout]     |
[INFO] [stdout]     = note: import resolution is stuck, try simplifying macro imports
[INFO] [stdout] 
[INFO] [stdout] 
[INFO] [stdout] error: cannot determine resolution for the attribute macro `derive`
[INFO] [stdout]  --> crates/pewter-core/src/piece.rs:3:3
[INFO] [stdout]   |
[INFO] [stdout] 3 | #[derive(Clone, Copy, Debug, VariantCount, PartialEq, Eq, PartialOrd, Ord, Hash)]
[INFO] [stdout]   |   ^^^^^^
[INFO] [stdout]   |
[INFO] [stdout]   = note: import resolution is stuck, try simplifying macro imports
[INFO] [stdout] 
[INFO] [stdout] 
[INFO] [stdout] error: cannot determine resolution for the macro `bitflags`
[INFO] [stdout]   --> crates/pewter-core/src/state.rs:13:1
[INFO] [stdout]    |
[INFO] [stdout] 13 | bitflags! {
[INFO] [stdout]    | ^^^^^^^^
[INFO] [stdout]    |
[INFO] [stdout]    = note: import resolution is stuck, try simplifying macro imports
[INFO] [stdout] 
[INFO] [stdout] 
[INFO] [stdout] error: cannot determine resolution for the attribute macro `derive`
[INFO] [stdout]   --> crates/pewter-core/src/state.rs:38:3
[INFO] [stdout]    |
[INFO] [stdout] 38 | #[derive(Clone, Copy, Debug, PartialEq, Eq)]
[INFO] [stdout]    |   ^^^^^^
[INFO] [stdout]    |
[INFO] [stdout]    = note: import resolution is stuck, try simplifying macro imports
[INFO] [stdout] 
[INFO] [stdout] 
[INFO] [stdout] error: cannot determine resolution for the attribute macro `derive`
[INFO] [stdout]   --> crates/pewter-core/src/state.rs:46:3
[INFO] [stdout]    |
[INFO] [stdout] 46 | #[derive(Clone, Copy, Debug)]
[INFO] [stdout]    |   ^^^^^^
[INFO] [stdout]    |
[INFO] [stdout]    = note: import resolution is stuck, try simplifying macro imports
[INFO] [stdout] 
[INFO] [stdout] 
[INFO] [stdout] error: cannot determine resolution for the derive macro `Serialize`
[INFO] [stdout]  --> crates/pewter-core/src/zobrist.rs:7:10
[INFO] [stdout]   |
[INFO] [stdout] 7 | #[derive(Serialize, Deserialize)]
[INFO] [stdout]   |          ^^^^^^^^^
[INFO] [stdout]   |
[INFO] [stdout]   = note: import resolution is stuck, try simplifying macro imports
[INFO] [stdout] 
[INFO] [stdout] 
[INFO] [stdout] error: cannot determine resolution for the derive macro `Deserialize`
[INFO] [stdout]  --> crates/pewter-core/src/zobrist.rs:7:21
[INFO] [stdout]   |
[INFO] [stdout] 7 | #[derive(Serialize, Deserialize)]
[INFO] [stdout]   |                     ^^^^^^^^^^^
[INFO] [stdout]   |
[INFO] [stdout]   = note: import resolution is stuck, try simplifying macro imports
[INFO] [stdout] 
[INFO] [stdout] 
[INFO] [stdout] error: cannot determine resolution for the attribute macro `derive`
[INFO] [stdout]  --> crates/pewter-core/src/zobrist.rs:6:3
[INFO] [stdout]   |
[INFO] [stdout] 6 | #[derive(Clone, Copy, Debug, Hash, PartialEq, Eq)]
[INFO] [stdout]   |   ^^^^^^
[INFO] [stdout]   |
[INFO] [stdout]   = note: import resolution is stuck, try simplifying macro imports
[INFO] [stdout] 
[INFO] [stdout] 
[INFO] [stdout] error: cannot determine resolution for the attribute macro `derive`
[INFO] [stdout]  --> crates/pewter-core/src/zobrist.rs:7:3
[INFO] [stdout]   |
[INFO] [stdout] 7 | #[derive(Serialize, Deserialize)]
[INFO] [stdout]   |   ^^^^^^
[INFO] [stdout]   |
[INFO] [stdout]   = note: import resolution is stuck, try simplifying macro imports
[INFO] [stdout] 
[INFO] [stdout] 
[INFO] [stdout] error[E0412]: cannot find type `CastleRights` in this scope
[INFO] [stdout]   --> crates/pewter-core/src/state.rs:25:6
[INFO] [stdout]    |
[INFO] [stdout] 25 | impl CastleRights {
[INFO] [stdout]    |      ^^^^^^^^^^^^ not found in this scope
[INFO] [stdout] 
[INFO] [stdout] 
[INFO] [stdout] error[E0412]: cannot find type `CastleRights` in this scope
[INFO] [stdout]   --> crates/pewter-core/src/state.rs:50:24
[INFO] [stdout]    |
[INFO] [stdout] 50 |     pub castle_rights: CastleRights,
[INFO] [stdout]    |                        ^^^^^^^^^^^^ not found in this scope
[INFO] [stdout] 
[INFO] [stdout] 
[INFO] [stdout] warning: unused import: `thiserror::Error`
[INFO] [stdout]  --> crates/pewter-core/src/chessmove.rs:4:5
[INFO] [stdout]   |
[INFO] [stdout] 4 | use thiserror::Error;
[INFO] [stdout]   |     ^^^^^^^^^^^^^^^^
[INFO] [stdout]   |
[INFO] [stdout]   = note: `#[warn(unused_imports)]` on by default
[INFO] [stdout] 
[INFO] [stdout] 
[INFO] [stdout] warning: unused import: `variant_count::VariantCount`
[INFO] [stdout]  --> crates/pewter-core/src/color.rs:1:5
[INFO] [stdout]   |
[INFO] [stdout] 1 | use variant_count::VariantCount;
[INFO] [stdout]   |     ^^^^^^^^^^^^^^^^^^^^^^^^^^^
[INFO] [stdout] 
[INFO] [stdout] 
[INFO] [stdout] warning: unused import: `thiserror::Error`
[INFO] [stdout]  --> crates/pewter-core/src/io/pgn.rs:1:5
[INFO] [stdout]   |
[INFO] [stdout] 1 | use thiserror::Error;
[INFO] [stdout]   |     ^^^^^^^^^^^^^^^^
[INFO] [stdout] 
[INFO] [stdout] 
[INFO] [stdout] warning: unused import: `std::io::Write`
[INFO] [stdout]    --> crates/pewter-core/src/io/uci.rs:805:9
[INFO] [stdout]     |
[INFO] [stdout] 805 |     use std::io::Write;
[INFO] [stdout]     |         ^^^^^^^^^^^^^^
[INFO] [stdout] 
[INFO] [stdout] 
[INFO] [stdout] warning: unused import: `variant_count::VariantCount`
[INFO] [stdout]  --> crates/pewter-core/src/piece.rs:1:5
[INFO] [stdout]   |
[INFO] [stdout] 1 | use variant_count::VariantCount;
[INFO] [stdout]   |     ^^^^^^^^^^^^^^^^^^^^^^^^^^^
[INFO] [stdout] 
[INFO] [stdout] 
[INFO] [stdout] error[E0599]: no variant or associated item named `VARIANT_COUNT` found for enum `Piece` in the current scope
[INFO] [stdout]   --> crates/pewter-core/src/board.rs:5:37
[INFO] [stdout]    |
[INFO] [stdout] 5  |     piece_boards: [BitBoard; Piece::VARIANT_COUNT],
[INFO] [stdout]    |                                     ^^^^^^^^^^^^^ variant or associated item not found in `Piece`
[INFO] [stdout]    |
[INFO] [stdout]   ::: crates/pewter-core/src/piece.rs:4:1
[INFO] [stdout]    |
[INFO] [stdout] 4  | pub enum Piece {
[INFO] [stdout]    | -------------- variant or associated item `VARIANT_COUNT` not found for this enum
[INFO] [stdout]    |
[INFO] [stdout] note: if you're trying to build a new `Piece`, consider using `Piece::from_num` which returns `Piece`
[INFO] [stdout]   --> crates/pewter-core/src/piece.rs:25:5
[INFO] [stdout]    |
[INFO] [stdout] 25 |     pub const fn from_num(num: u8) -> Self {
[INFO] [stdout]    |     ^^^^^^^^^^^^^^^^^^^^^^^^^^^^^^^^^^^^^^
[INFO] [stdout] 
[INFO] [stdout] 
[INFO] [stdout] error[E0599]: no variant or associated item named `VARIANT_COUNT` found for enum `Color` in the current scope
[INFO] [stdout]   --> crates/pewter-core/src/board.rs:6:37
[INFO] [stdout]    |
[INFO] [stdout] 6  |     color_boards: [BitBoard; Color::VARIANT_COUNT],
[INFO] [stdout]    |                                     ^^^^^^^^^^^^^ variant or associated item not found in `Color`
[INFO] [stdout]    |
[INFO] [stdout]   ::: crates/pewter-core/src/color.rs:6:1
[INFO] [stdout]    |
[INFO] [stdout] 6  | pub enum Color {
[INFO] [stdout]    | -------------- variant or associated item `VARIANT_COUNT` not found for this enum
[INFO] [stdout]    |
[INFO] [stdout] note: if you're trying to build a new `Color`, consider using `Color::from_num` which returns `Color`
[INFO] [stdout]   --> crates/pewter-core/src/color.rs:19:5
[INFO] [stdout]    |
[INFO] [stdout] 19 |     pub const fn from_num(num: u8) -> Self {
[INFO] [stdout]    |     ^^^^^^^^^^^^^^^^^^^^^^^^^^^^^^^^^^^^^^
[INFO] [stdout] 
[INFO] [stdout] 
[INFO] [stdout] error[E0277]: `FenParseError` doesn't implement `std::fmt::Debug`
[INFO] [stdout]   --> crates/pewter-core/src/io/fen.rs:30:28
[INFO] [stdout]    |
[INFO] [stdout] 30 | impl std::error::Error for FenParseError {}
[INFO] [stdout]    |                            ^^^^^^^^^^^^^ `FenParseError` cannot be formatted using `{:?}`
[INFO] [stdout]    |
[INFO] [stdout]    = help: the trait `std::fmt::Debug` is not implemented for `FenParseError`
[INFO] [stdout]    = note: add `#[derive(Debug)]` to `FenParseError` or manually `impl std::fmt::Debug for FenParseError`
[INFO] [stdout] note: required by a bound in `StdError`
[INFO] [stdout]   --> /rustc/0e09125c6c3c2fd70d7de961bcf0e51575235fad/library/core/src/error.rs:32:1
[INFO] [stdout] help: consider annotating `FenParseError` with `#[derive(Debug)]`
[INFO] [stdout]    |
[INFO] [stdout] 4  + #[derive(Debug)]
[INFO] [stdout] 5  | pub enum FenParseError {
[INFO] [stdout]    |
[INFO] [stdout] 
[INFO] [stdout] 
[INFO] [stdout] error[E0599]: no variant or associated item named `VARIANT_COUNT` found for enum `Piece` in the current scope
[INFO] [stdout]   --> crates/pewter-core/src/piece.rs:48:40
[INFO] [stdout]    |
[INFO] [stdout] 4  | pub enum Piece {
[INFO] [stdout]    | -------------- variant or associated item `VARIANT_COUNT` not found for this enum
[INFO] [stdout] ...
[INFO] [stdout] 48 |     pub const fn all() -> [Self; Self::VARIANT_COUNT] {
[INFO] [stdout]    |                                        ^^^^^^^^^^^^^ variant or associated item not found in `Piece`
[INFO] [stdout]    |
[INFO] [stdout] note: if you're trying to build a new `Piece`, consider using `Piece::from_num` which returns `Piece`
[INFO] [stdout]   --> crates/pewter-core/src/piece.rs:25:5
[INFO] [stdout]    |
[INFO] [stdout] 25 |     pub const fn from_num(num: u8) -> Self {
[INFO] [stdout]    |     ^^^^^^^^^^^^^^^^^^^^^^^^^^^^^^^^^^^^^^
[INFO] [stdout] 
[INFO] [stdout] 
[INFO] [stdout] error[E0507]: cannot move out of `*c` which is behind a shared reference
[INFO] [stdout]    --> crates/pewter-core/src/chessmove.rs:243:41
[INFO] [stdout]     |
[INFO] [stdout] 243 |         self.chunks.iter().flat_map(|c| c.iter())
[INFO] [stdout]     |                                         ^ ------ `*c` moved due to this method call
[INFO] [stdout]     |                                         |
[INFO] [stdout]     |                                         move occurs because `*c` has type `MoveSetChunk`, which does not implement the `Copy` trait
[INFO] [stdout]     |
[INFO] [stdout] note: `MoveSetChunk::iter` takes ownership of the receiver `self`, which moves `*c`
[INFO] [stdout]    --> crates/pewter-core/src/chessmove.rs:148:17
[INFO] [stdout]     |
[INFO] [stdout] 148 |     pub fn iter(self) -> MoveSetChunkIter {
[INFO] [stdout]     |                 ^^^^
[INFO] [stdout] 
[INFO] [stdout] 
[INFO] [stdout] error[E0433]: failed to resolve: use of undeclared type `CastleRights`
[INFO] [stdout]   --> crates/pewter-core/src/state.rs:71:28
[INFO] [stdout]    |
[INFO] [stdout] 71 |             castle_rights: CastleRights::empty(),
[INFO] [stdout]    |                            ^^^^^^^^^^^^ use of undeclared type `CastleRights`
[INFO] [stdout] 
[INFO] [stdout] 
[INFO] [stdout] error[E0433]: failed to resolve: use of undeclared type `CastleRights`
[INFO] [stdout]    --> crates/pewter-core/src/state.rs:167:17
[INFO] [stdout]     |
[INFO] [stdout] 167 |                 CastleRights::BLACK_KINGSIDE
[INFO] [stdout]     |                 ^^^^^^^^^^^^ use of undeclared type `CastleRights`
[INFO] [stdout] 
[INFO] [stdout] 
[INFO] [stdout] error[E0433]: failed to resolve: use of undeclared type `CastleRights`
[INFO] [stdout]    --> crates/pewter-core/src/state.rs:169:17
[INFO] [stdout]     |
[INFO] [stdout] 169 |                 CastleRights::BLACK_QUEENSIDE
[INFO] [stdout]     |                 ^^^^^^^^^^^^ use of undeclared type `CastleRights`
[INFO] [stdout] 
[INFO] [stdout] 
[INFO] [stdout] error[E0433]: failed to resolve: use of undeclared type `CastleRights`
[INFO] [stdout]    --> crates/pewter-core/src/state.rs:173:17
[INFO] [stdout]     |
[INFO] [stdout] 173 |                 CastleRights::WHITE_KINGSIDE
[INFO] [stdout]     |                 ^^^^^^^^^^^^ use of undeclared type `CastleRights`
[INFO] [stdout] 
[INFO] [stdout] 
[INFO] [stdout] error[E0433]: failed to resolve: use of undeclared type `CastleRights`
[INFO] [stdout]    --> crates/pewter-core/src/state.rs:175:17
[INFO] [stdout]     |
[INFO] [stdout] 175 |                 CastleRights::WHITE_QUEENSIDE
[INFO] [stdout]     |                 ^^^^^^^^^^^^ use of undeclared type `CastleRights`
[INFO] [stdout] 
[INFO] [stdout] 
[INFO] [stdout] error[E0433]: failed to resolve: use of undeclared type `CastleRights`
[INFO] [stdout]    --> crates/pewter-core/src/state.rs:204:47
[INFO] [stdout]     |
[INFO] [stdout] 204 |                     self.castle_rights.remove(CastleRights::ALL_WHITE);
[INFO] [stdout]     |                                               ^^^^^^^^^^^^ use of undeclared type `CastleRights`
[INFO] [stdout] 
[INFO] [stdout] 
[INFO] [stdout] error[E0433]: failed to resolve: use of undeclared type `CastleRights`
[INFO] [stdout]    --> crates/pewter-core/src/state.rs:207:47
[INFO] [stdout]     |
[INFO] [stdout] 207 |                     self.castle_rights.remove(CastleRights::ALL_BLACK);
[INFO] [stdout]     |                                               ^^^^^^^^^^^^ use of undeclared type `CastleRights`
[INFO] [stdout] 
[INFO] [stdout] 
[INFO] [stdout] error[E0433]: failed to resolve: use of undeclared type `CastleRights`
[INFO] [stdout]    --> crates/pewter-core/src/state.rs:217:51
[INFO] [stdout]     |
[INFO] [stdout] 217 |                         self.castle_rights.remove(CastleRights::WHITE_QUEENSIDE);
[INFO] [stdout]     |                                                   ^^^^^^^^^^^^ use of undeclared type `CastleRights`
[INFO] [stdout] 
[INFO] [stdout] 
[INFO] [stdout] error[E0433]: failed to resolve: use of undeclared type `CastleRights`
[INFO] [stdout]    --> crates/pewter-core/src/state.rs:219:51
[INFO] [stdout]     |
[INFO] [stdout] 219 |                         self.castle_rights.remove(CastleRights::WHITE_KINGSIDE);
[INFO] [stdout]     |                                                   ^^^^^^^^^^^^ use of undeclared type `CastleRights`
[INFO] [stdout] 
[INFO] [stdout] 
[INFO] [stdout] error[E0433]: failed to resolve: use of undeclared type `CastleRights`
[INFO] [stdout]    --> crates/pewter-core/src/state.rs:224:51
[INFO] [stdout]     |
[INFO] [stdout] 224 |                         self.castle_rights.remove(CastleRights::BLACK_QUEENSIDE);
[INFO] [stdout]     |                                                   ^^^^^^^^^^^^ use of undeclared type `CastleRights`
[INFO] [stdout] 
[INFO] [stdout] 
[INFO] [stdout] error[E0433]: failed to resolve: use of undeclared type `CastleRights`
[INFO] [stdout]    --> crates/pewter-core/src/state.rs:226:51
[INFO] [stdout]     |
[INFO] [stdout] 226 |                         self.castle_rights.remove(CastleRights::BLACK_KINGSIDE);
[INFO] [stdout]     |                                                   ^^^^^^^^^^^^ use of undeclared type `CastleRights`
[INFO] [stdout] 
[INFO] [stdout] 
[INFO] [stdout] error[E0433]: failed to resolve: use of undeclared type `CastleRights`
[INFO] [stdout]    --> crates/pewter-core/src/state.rs:237:51
[INFO] [stdout]     |
[INFO] [stdout] 237 |                         self.castle_rights.remove(CastleRights::WHITE_QUEENSIDE);
[INFO] [stdout]     |                                                   ^^^^^^^^^^^^ use of undeclared type `CastleRights`
[INFO] [stdout] 
[INFO] [stdout] 
[INFO] [stdout] error[E0433]: failed to resolve: use of undeclared type `CastleRights`
[INFO] [stdout]    --> crates/pewter-core/src/state.rs:239:51
[INFO] [stdout]     |
[INFO] [stdout] 239 |                         self.castle_rights.remove(CastleRights::WHITE_KINGSIDE);
[INFO] [stdout]     |                                                   ^^^^^^^^^^^^ use of undeclared type `CastleRights`
[INFO] [stdout] 
[INFO] [stdout] 
[INFO] [stdout] error[E0433]: failed to resolve: use of undeclared type `CastleRights`
[INFO] [stdout]    --> crates/pewter-core/src/state.rs:244:51
[INFO] [stdout]     |
[INFO] [stdout] 244 |                         self.castle_rights.remove(CastleRights::BLACK_QUEENSIDE);
[INFO] [stdout]     |                                                   ^^^^^^^^^^^^ use of undeclared type `CastleRights`
[INFO] [stdout] 
[INFO] [stdout] 
[INFO] [stdout] error[E0433]: failed to resolve: use of undeclared type `CastleRights`
[INFO] [stdout]    --> crates/pewter-core/src/state.rs:246:51
[INFO] [stdout]     |
[INFO] [stdout] 246 |                         self.castle_rights.remove(CastleRights::BLACK_KINGSIDE);
[INFO] [stdout]     |                                                   ^^^^^^^^^^^^ use of undeclared type `CastleRights`
[INFO] [stdout] 
[INFO] [stdout] 
[INFO] [stdout] error: aborting due to 70 previous errors; 5 warnings emitted
[INFO] [stdout] 
[INFO] [stdout] 
[INFO] [stdout] Some errors have detailed explanations: E0277, E0412, E0432, E0433, E0507, E0557, E0599.
[INFO] [stdout] 
[INFO] [stdout] For more information about an error, try `rustc --explain E0277`.
[INFO] [stdout] 
[INFO] [stderr] error: could not compile `pewter-core` (lib) due to 71 previous errors; 5 warnings emitted
[INFO] running `Command { std: "docker" "inspect" "a214679d17c873cd390f31b985899036c577a6f99a1630531d04fb58ffe24c05", kill_on_drop: false }`
[INFO] running `Command { std: "docker" "rm" "-f" "a214679d17c873cd390f31b985899036c577a6f99a1630531d04fb58ffe24c05", kill_on_drop: false }`
[INFO] [stdout] a214679d17c873cd390f31b985899036c577a6f99a1630531d04fb58ffe24c05
