[INFO] cloning repository https://github.com/Jiuhong-casperlabs/flash
[INFO] running `Command { std: "git" "-c" "credential.helper=" "-c" "credential.helper=/workspace/cargo-home/bin/git-credential-null" "clone" "--bare" "https://github.com/Jiuhong-casperlabs/flash" "/workspace/cache/git-repos/https%3A%2F%2Fgithub.com%2FJiuhong-casperlabs%2Fflash", kill_on_drop: false }`
[INFO] [stderr] Cloning into bare repository '/workspace/cache/git-repos/https%3A%2F%2Fgithub.com%2FJiuhong-casperlabs%2Fflash'...
[INFO] running `Command { std: "git" "rev-parse" "HEAD", kill_on_drop: false }`
[INFO] [stdout] 696aca54218947eceaf5e0b01b7b46cf225a7223
[INFO] documenting Jiuhong-casperlabs/flash against 1.75.0 for beta-1.76-rustdoc-1
[INFO] running `Command { std: "git" "clone" "/workspace/cache/git-repos/https%3A%2F%2Fgithub.com%2FJiuhong-casperlabs%2Fflash" "/workspace/builds/worker-4-tc1/source", kill_on_drop: false }`
[INFO] [stderr] Cloning into '/workspace/builds/worker-4-tc1/source'...
[INFO] [stderr] done.
[INFO] validating manifest of git repo https://github.com/Jiuhong-casperlabs/flash on toolchain 1.75.0
[INFO] running `Command { std: CARGO_HOME="/workspace/cargo-home" RUSTUP_HOME="/workspace/rustup-home" "/workspace/cargo-home/bin/cargo" "+1.75.0" "metadata" "--manifest-path" "Cargo.toml" "--no-deps", kill_on_drop: false }`
[INFO] started tweaking git repo https://github.com/Jiuhong-casperlabs/flash
[INFO] finished tweaking git repo https://github.com/Jiuhong-casperlabs/flash
[INFO] tweaked toml for git repo https://github.com/Jiuhong-casperlabs/flash written to /workspace/builds/worker-4-tc1/source/Cargo.toml
[INFO] crate git repo https://github.com/Jiuhong-casperlabs/flash already has a lockfile, it will not be regenerated
[INFO] running `Command { std: CARGO_HOME="/workspace/cargo-home" RUSTUP_HOME="/workspace/rustup-home" "/workspace/cargo-home/bin/cargo" "+1.75.0" "fetch" "--manifest-path" "Cargo.toml", kill_on_drop: false }`
[INFO] [stderr]     Updating crates.io index
[INFO] [stderr]  Downloading crates ...
[INFO] [stderr]   Downloaded signature v1.2.2
[INFO] [stderr]   Downloaded base16 v0.2.1
[INFO] [stderr]   Downloaded ecdsa v0.10.2
[INFO] [stderr]   Downloaded k256 v0.7.3
[INFO] [stderr]   Downloaded zeroize_derive v1.3.1
[INFO] [stderr]   Downloaded elliptic-curve v0.8.5
[INFO] [stderr]   Downloaded zeroize v1.5.0
[INFO] [stderr]   Downloaded casper-contract v1.4.3
[INFO] [stderr]   Downloaded casper-types v1.4.6
[INFO] running `Command { std: "docker" "create" "-v" "/var/lib/crater-agent-workspace/builds/worker-4-tc1/target:/opt/rustwide/target:rw,Z" "-v" "/var/lib/crater-agent-workspace/builds/worker-4-tc1/source:/opt/rustwide/workdir:ro,Z" "-v" "/var/lib/crater-agent-workspace/cargo-home:/opt/rustwide/cargo-home:ro,Z" "-v" "/var/lib/crater-agent-workspace/rustup-home:/opt/rustwide/rustup-home:ro,Z" "-e" "SOURCE_DIR=/opt/rustwide/workdir" "-e" "CARGO_TARGET_DIR=/opt/rustwide/target" "-e" "CARGO_HOME=/opt/rustwide/cargo-home" "-e" "RUSTUP_HOME=/opt/rustwide/rustup-home" "-w" "/opt/rustwide/workdir" "-m" "1610612736" "--user" "0:0" "--network" "none" "ghcr.io/rust-lang/crates-build-env/linux@sha256:2788e3201cd34a07e3172128adcd8b3090168a8e3bcc40d7c032b9dda1df7d1c" "/opt/rustwide/cargo-home/bin/cargo" "+1.75.0" "metadata" "--no-deps" "--format-version=1", kill_on_drop: false }`
[INFO] [stdout] 56c32c2cd2479d8e4ce7a704f4ceb03963b19d0641ac6101c0815ad27f0ac4ef
[INFO] running `Command { std: "docker" "start" "-a" "56c32c2cd2479d8e4ce7a704f4ceb03963b19d0641ac6101c0815ad27f0ac4ef", kill_on_drop: false }`
[INFO] running `Command { std: "docker" "inspect" "56c32c2cd2479d8e4ce7a704f4ceb03963b19d0641ac6101c0815ad27f0ac4ef", kill_on_drop: false }`
[INFO] running `Command { std: "docker" "rm" "-f" "56c32c2cd2479d8e4ce7a704f4ceb03963b19d0641ac6101c0815ad27f0ac4ef", kill_on_drop: false }`
[INFO] [stdout] 56c32c2cd2479d8e4ce7a704f4ceb03963b19d0641ac6101c0815ad27f0ac4ef
[INFO] running `Command { std: "docker" "create" "-v" "/var/lib/crater-agent-workspace/builds/worker-4-tc1/target:/opt/rustwide/target:rw,Z" "-v" "/var/lib/crater-agent-workspace/builds/worker-4-tc1/source:/opt/rustwide/workdir:ro,Z" "-v" "/var/lib/crater-agent-workspace/cargo-home:/opt/rustwide/cargo-home:ro,Z" "-v" "/var/lib/crater-agent-workspace/rustup-home:/opt/rustwide/rustup-home:ro,Z" "-e" "SOURCE_DIR=/opt/rustwide/workdir" "-e" "CARGO_TARGET_DIR=/opt/rustwide/target" "-e" "CARGO_INCREMENTAL=0" "-e" "RUST_BACKTRACE=full" "-e" "RUSTFLAGS=--cap-lints=warn" "-e" "RUSTDOCFLAGS=--cap-lints=warn" "-e" "CARGO_HOME=/opt/rustwide/cargo-home" "-e" "RUSTUP_HOME=/opt/rustwide/rustup-home" "-w" "/opt/rustwide/workdir" "-m" "1610612736" "--user" "0:0" "--network" "none" "ghcr.io/rust-lang/crates-build-env/linux@sha256:2788e3201cd34a07e3172128adcd8b3090168a8e3bcc40d7c032b9dda1df7d1c" "/opt/rustwide/cargo-home/bin/cargo" "+1.75.0" "doc" "--frozen" "--no-deps" "--document-private-items" "--message-format=json", kill_on_drop: false }`
[INFO] [stdout] 1457beb62e58f8b4dce21d1c63f79f653ea969fb50978cfff39923131460e36b
[INFO] running `Command { std: "docker" "start" "-a" "1457beb62e58f8b4dce21d1c63f79f653ea969fb50978cfff39923131460e36b", kill_on_drop: false }`
[INFO] [stderr]    Compiling autocfg v1.0.1
[INFO] [stderr]    Compiling typenum v1.15.0
[INFO] [stderr]    Compiling proc-macro2 v1.0.36
[INFO] [stderr]    Compiling unicode-xid v0.2.2
[INFO] [stderr]    Compiling syn v1.0.85
[INFO] [stderr]     Checking rand_core v0.5.1
[INFO] [stderr]     Checking subtle v2.4.1
[INFO] [stderr]     Checking funty v1.1.0
[INFO] [stderr]     Checking radium v0.3.0
[INFO] [stderr]     Checking wyz v0.2.0
[INFO] [stderr]    Compiling serde_derive v1.0.133
[INFO] [stderr]    Compiling serde v1.0.133
[INFO] [stderr]     Checking opaque-debug v0.3.0
[INFO] [stderr]     Checking byteorder v1.4.3
[INFO] [stderr]    Compiling generic-array v0.14.5
[INFO] [stderr]    Compiling crunchy v0.2.2
[INFO] [stderr]     Checking ppv-lite86 v0.2.16
[INFO] [stderr]    Compiling serde_json v1.0.75
[INFO] [stderr]     Checking cpufeatures v0.2.1
[INFO] [stderr]    Compiling libc v0.2.112
[INFO] [stderr]     Checking itoa v1.0.1
[INFO] [stderr]     Checking rand_core v0.6.3
[INFO] [stderr]     Checking ryu v1.0.9
[INFO] [stderr]    Compiling wee_alloc v0.4.5
[INFO] [stderr]     Checking hex v0.4.3
[INFO] [stderr]     Checking rand v0.8.4
[INFO] [stderr]     Checking base16 v0.2.1
[INFO] [stderr]     Checking base64 v0.13.0
[INFO] [stderr]     Checking cfg-if v0.1.10
[INFO] [stderr]     Checking memory_units v0.4.0
[INFO] [stderr]     Checking hex_fmt v0.3.0
[INFO] [stderr]     Checking once_cell v1.9.0
[INFO] [stderr]    Compiling num-traits v0.2.14
[INFO] [stderr]    Compiling num-integer v0.1.44
[INFO] [stderr]    Compiling num-bigint v0.4.3
[INFO] [stderr]    Compiling num-rational v0.4.0
[INFO] [stderr]    Compiling num-iter v0.1.42
[INFO] [stderr]     Checking rand_chacha v0.2.2
[INFO] [stderr]     Checking bitvec v0.18.5
[INFO] [stderr]  Documenting ld-contract v0.1.0 (/opt/rustwide/workdir/example/ld-contract)
[INFO] [stderr]     Checking uint v0.9.1
[INFO] [stderr]     Checking rand v0.7.3
[INFO] [stderr]    Compiling quote v1.0.14
[INFO] [stderr]     Checking num-complex v0.4.0
[INFO] [stderr]     Checking digest v0.9.0
[INFO] [stderr]     Checking crypto-mac v0.10.1
[INFO] [stderr]     Checking block-buffer v0.9.0
[INFO] [stderr]     Checking crypto-mac v0.8.0
[INFO] [stderr]     Checking signature v1.2.2
[INFO] [stderr]     Checking hmac v0.10.1
[INFO] [stderr]     Checking blake2 v0.9.2
[INFO] [stderr]     Checking sha2 v0.9.9
[INFO] [stderr]     Checking ed25519 v1.2.0
[INFO] [stderr]     Checking ff v0.8.0
[INFO] [stderr]     Checking group v0.8.0
[INFO] [stderr]     Checking num v0.4.0
[INFO] [stderr]    Compiling synstructure v0.12.6
[INFO] [stderr]    Compiling zeroize_derive v1.3.1
[INFO] [stderr]    Compiling num-derive v0.3.3
[INFO] [stderr]     Checking zeroize v1.5.0
[INFO] [stderr]     Checking elliptic-curve v0.8.5
[INFO] [stderr]     Checking curve25519-dalek v3.2.0
[INFO] [stderr]     Checking ecdsa v0.10.2
[INFO] [stderr]     Checking k256 v0.7.3
[INFO] [stderr]     Checking ed25519-dalek v1.0.1
[INFO] [stderr]     Checking serde_bytes v0.11.5
[INFO] [stderr]     Checking casper-types v1.4.6
[INFO] [stderr]     Checking casper-contract v1.4.3
[INFO] [stdout] error[E0554]: `#![feature]` may not be used on the stable release channel
[INFO] [stdout]   --> /opt/rustwide/cargo-home/registry/src/index.crates.io-6f17d22bba15001f/casper-contract-1.4.3/src/lib.rs:51:5
[INFO] [stdout]    |
[INFO] [stdout] 51 |     feature(alloc_error_handler, core_intrinsics, lang_items)
[INFO] [stdout]    |     ^^^^^^^^^^^^^^^^^^^^^^^^^^^^^^^^^^^^^^^^^^^^^^^^^^^^^^^^^
[INFO] [stdout] 
[INFO] [stdout] 
[INFO] [stdout] error[E0554]: `#![feature]` may not be used on the stable release channel
[INFO] [stdout]   --> /opt/rustwide/cargo-home/registry/src/index.crates.io-6f17d22bba15001f/casper-contract-1.4.3/src/lib.rs:51:34
[INFO] [stdout]    |
[INFO] [stdout] 51 |     feature(alloc_error_handler, core_intrinsics, lang_items)
[INFO] [stdout]    |                                  ^^^^^^^^^^^^^^^
[INFO] [stdout] 
[INFO] [stdout] 
[INFO] [stdout] error: aborting due to 2 previous errors
[INFO] [stdout] 
[INFO] [stdout] 
[INFO] [stdout] For more information about this error, try `rustc --explain E0554`.
[INFO] [stdout] 
[INFO] [stderr] error: could not compile `casper-contract` (lib) due to 3 previous errors
[INFO] running `Command { std: "docker" "inspect" "1457beb62e58f8b4dce21d1c63f79f653ea969fb50978cfff39923131460e36b", kill_on_drop: false }`
[INFO] running `Command { std: "docker" "rm" "-f" "1457beb62e58f8b4dce21d1c63f79f653ea969fb50978cfff39923131460e36b", kill_on_drop: false }`
[INFO] [stdout] 1457beb62e58f8b4dce21d1c63f79f653ea969fb50978cfff39923131460e36b
[INFO] documenting Jiuhong-casperlabs/flash against beta-2023-12-22 for beta-1.76-rustdoc-1
[INFO] running `Command { std: "git" "clone" "/workspace/cache/git-repos/https%3A%2F%2Fgithub.com%2FJiuhong-casperlabs%2Fflash" "/workspace/builds/worker-4-tc2/source", kill_on_drop: false }`
[INFO] [stderr] Cloning into '/workspace/builds/worker-4-tc2/source'...
[INFO] [stderr] done.
[INFO] validating manifest of git repo https://github.com/Jiuhong-casperlabs/flash on toolchain beta-2023-12-22
[INFO] running `Command { std: CARGO_HOME="/workspace/cargo-home" RUSTUP_HOME="/workspace/rustup-home" "/workspace/cargo-home/bin/cargo" "+beta-2023-12-22" "metadata" "--manifest-path" "Cargo.toml" "--no-deps", kill_on_drop: false }`
[INFO] started tweaking git repo https://github.com/Jiuhong-casperlabs/flash
[INFO] finished tweaking git repo https://github.com/Jiuhong-casperlabs/flash
[INFO] tweaked toml for git repo https://github.com/Jiuhong-casperlabs/flash written to /workspace/builds/worker-4-tc2/source/Cargo.toml
[INFO] crate git repo https://github.com/Jiuhong-casperlabs/flash already has a lockfile, it will not be regenerated
[INFO] running `Command { std: CARGO_HOME="/workspace/cargo-home" RUSTUP_HOME="/workspace/rustup-home" "/workspace/cargo-home/bin/cargo" "+beta-2023-12-22" "fetch" "--manifest-path" "Cargo.toml", kill_on_drop: false }`
[INFO] running `Command { std: "docker" "create" "-v" "/var/lib/crater-agent-workspace/builds/worker-4-tc2/target:/opt/rustwide/target:rw,Z" "-v" "/var/lib/crater-agent-workspace/builds/worker-4-tc2/source:/opt/rustwide/workdir:ro,Z" "-v" "/var/lib/crater-agent-workspace/cargo-home:/opt/rustwide/cargo-home:ro,Z" "-v" "/var/lib/crater-agent-workspace/rustup-home:/opt/rustwide/rustup-home:ro,Z" "-e" "SOURCE_DIR=/opt/rustwide/workdir" "-e" "CARGO_TARGET_DIR=/opt/rustwide/target" "-e" "CARGO_HOME=/opt/rustwide/cargo-home" "-e" "RUSTUP_HOME=/opt/rustwide/rustup-home" "-w" "/opt/rustwide/workdir" "-m" "1610612736" "--user" "0:0" "--network" "none" "ghcr.io/rust-lang/crates-build-env/linux@sha256:2788e3201cd34a07e3172128adcd8b3090168a8e3bcc40d7c032b9dda1df7d1c" "/opt/rustwide/cargo-home/bin/cargo" "+beta-2023-12-22" "metadata" "--no-deps" "--format-version=1", kill_on_drop: false }`
[INFO] [stdout] 99baa108590acedaecbd62d4047652a9307678faf3b4df0bace15606b630988f
[INFO] running `Command { std: "docker" "start" "-a" "99baa108590acedaecbd62d4047652a9307678faf3b4df0bace15606b630988f", kill_on_drop: false }`
[INFO] running `Command { std: "docker" "inspect" "99baa108590acedaecbd62d4047652a9307678faf3b4df0bace15606b630988f", kill_on_drop: false }`
[INFO] running `Command { std: "docker" "rm" "-f" "99baa108590acedaecbd62d4047652a9307678faf3b4df0bace15606b630988f", kill_on_drop: false }`
[INFO] [stdout] 99baa108590acedaecbd62d4047652a9307678faf3b4df0bace15606b630988f
[INFO] running `Command { std: "docker" "create" "-v" "/var/lib/crater-agent-workspace/builds/worker-4-tc2/target:/opt/rustwide/target:rw,Z" "-v" "/var/lib/crater-agent-workspace/builds/worker-4-tc2/source:/opt/rustwide/workdir:ro,Z" "-v" "/var/lib/crater-agent-workspace/cargo-home:/opt/rustwide/cargo-home:ro,Z" "-v" "/var/lib/crater-agent-workspace/rustup-home:/opt/rustwide/rustup-home:ro,Z" "-e" "SOURCE_DIR=/opt/rustwide/workdir" "-e" "CARGO_TARGET_DIR=/opt/rustwide/target" "-e" "CARGO_INCREMENTAL=0" "-e" "RUST_BACKTRACE=full" "-e" "RUSTFLAGS=--cap-lints=warn" "-e" "RUSTDOCFLAGS=--cap-lints=warn" "-e" "CARGO_HOME=/opt/rustwide/cargo-home" "-e" "RUSTUP_HOME=/opt/rustwide/rustup-home" "-w" "/opt/rustwide/workdir" "-m" "1610612736" "--user" "0:0" "--network" "none" "ghcr.io/rust-lang/crates-build-env/linux@sha256:2788e3201cd34a07e3172128adcd8b3090168a8e3bcc40d7c032b9dda1df7d1c" "/opt/rustwide/cargo-home/bin/cargo" "+beta-2023-12-22" "doc" "--frozen" "--no-deps" "--document-private-items" "--message-format=json", kill_on_drop: false }`
[INFO] [stdout] e911bbe0f3f2df42759c4f9996fb8bce447660e712c8f8ecee9111f6ff42e038
[INFO] running `Command { std: "docker" "start" "-a" "e911bbe0f3f2df42759c4f9996fb8bce447660e712c8f8ecee9111f6ff42e038", kill_on_drop: false }`
[INFO] [stderr]    Compiling typenum v1.15.0
[INFO] [stderr]    Compiling autocfg v1.0.1
[INFO] [stderr]    Compiling proc-macro2 v1.0.36
[INFO] [stderr]    Compiling unicode-xid v0.2.2
[INFO] [stderr]    Compiling syn v1.0.85
[INFO] [stderr]     Checking rand_core v0.5.1
[INFO] [stderr]     Checking subtle v2.4.1
[INFO] [stderr]     Checking radium v0.3.0
[INFO] [stderr]     Checking wyz v0.2.0
[INFO] [stderr]     Checking funty v1.1.0
[INFO] [stderr]    Compiling serde_derive v1.0.133
[INFO] [stderr]    Compiling serde v1.0.133
[INFO] [stderr]    Compiling crunchy v0.2.2
[INFO] [stderr]     Checking opaque-debug v0.3.0
[INFO] [stderr]     Checking byteorder v1.4.3
[INFO] [stderr]    Compiling generic-array v0.14.5
[INFO] [stderr]     Checking ppv-lite86 v0.2.16
[INFO] [stderr]    Compiling libc v0.2.112
[INFO] [stderr]    Compiling serde_json v1.0.75
[INFO] [stderr]     Checking cpufeatures v0.2.1
[INFO] [stderr]     Checking hex v0.4.3
[INFO] [stderr]     Checking rand_core v0.6.3
[INFO] [stderr]     Checking ryu v1.0.9
[INFO] [stderr]     Checking itoa v1.0.1
[INFO] [stderr]    Compiling wee_alloc v0.4.5
[INFO] [stderr]     Checking rand v0.8.4
[INFO] [stderr]     Checking hex_fmt v0.3.0
[INFO] [stderr]     Checking base16 v0.2.1
[INFO] [stderr]     Checking cfg-if v0.1.10
[INFO] [stderr]     Checking base64 v0.13.0
[INFO] [stderr]     Checking memory_units v0.4.0
[INFO] [stderr]     Checking once_cell v1.9.0
[INFO] [stderr]  Documenting ld-contract v0.1.0 (/opt/rustwide/workdir/example/ld-contract)
[INFO] [stderr]     Checking uint v0.9.1
[INFO] [stderr]    Compiling num-traits v0.2.14
[INFO] [stderr]    Compiling num-integer v0.1.44
[INFO] [stderr]    Compiling num-bigint v0.4.3
[INFO] [stderr]    Compiling num-iter v0.1.42
[INFO] [stderr]    Compiling num-rational v0.4.0
[INFO] [stderr]     Checking rand_chacha v0.2.2
[INFO] [stderr]     Checking bitvec v0.18.5
[INFO] [stderr]     Checking rand v0.7.3
[INFO] [stderr]    Compiling quote v1.0.14
[INFO] [stderr]     Checking num-complex v0.4.0
[INFO] [stderr]     Checking digest v0.9.0
[INFO] [stderr]     Checking crypto-mac v0.10.1
[INFO] [stderr]     Checking block-buffer v0.9.0
[INFO] [stderr]     Checking crypto-mac v0.8.0
[INFO] [stderr]     Checking signature v1.2.2
[INFO] [stderr]     Checking hmac v0.10.1
[INFO] [stderr]     Checking blake2 v0.9.2
[INFO] [stderr]     Checking sha2 v0.9.9
[INFO] [stderr]     Checking ed25519 v1.2.0
[INFO] [stderr]     Checking ff v0.8.0
[INFO] [stderr]     Checking group v0.8.0
[INFO] [stderr]     Checking num v0.4.0
[INFO] [stderr]    Compiling synstructure v0.12.6
[INFO] [stderr]    Compiling zeroize_derive v1.3.1
[INFO] [stderr]    Compiling num-derive v0.3.3
[INFO] [stderr]     Checking zeroize v1.5.0
[INFO] [stderr]     Checking elliptic-curve v0.8.5
[INFO] [stderr]     Checking curve25519-dalek v3.2.0
[INFO] [stderr]     Checking ecdsa v0.10.2
[INFO] [stderr]     Checking ed25519-dalek v1.0.1
[INFO] [stderr]     Checking k256 v0.7.3
[INFO] [stderr]     Checking serde_bytes v0.11.5
[INFO] [stderr]     Checking casper-types v1.4.6
[INFO] [stderr]     Checking casper-contract v1.4.3
[INFO] [stdout] error[E0554]: `#![feature]` may not be used on the beta release channel
[INFO] [stdout]   --> /opt/rustwide/cargo-home/registry/src/index.crates.io-6f17d22bba15001f/casper-contract-1.4.3/src/lib.rs:51:5
[INFO] [stdout]    |
[INFO] [stdout] 51 |     feature(alloc_error_handler, core_intrinsics, lang_items)
[INFO] [stdout]    |     ^^^^^^^^^^^^^^^^^^^^^^^^^^^^^^^^^^^^^^^^^^^^^^^^^^^^^^^^^
[INFO] [stdout] 
[INFO] [stdout] 
[INFO] [stdout] error[E0554]: `#![feature]` may not be used on the beta release channel
[INFO] [stdout]   --> /opt/rustwide/cargo-home/registry/src/index.crates.io-6f17d22bba15001f/casper-contract-1.4.3/src/lib.rs:51:34
[INFO] [stdout]    |
[INFO] [stdout] 51 |     feature(alloc_error_handler, core_intrinsics, lang_items)
[INFO] [stdout]    |                                  ^^^^^^^^^^^^^^^
[INFO] [stdout] 
[INFO] [stdout] 
[INFO] [stdout] error: aborting due to 2 previous errors
[INFO] [stdout] 
[INFO] [stdout] 
[INFO] [stdout] For more information about this error, try `rustc --explain E0554`.
[INFO] [stdout] 
[INFO] [stderr] error: could not compile `casper-contract` (lib) due to 3 previous errors
[INFO] running `Command { std: "docker" "inspect" "e911bbe0f3f2df42759c4f9996fb8bce447660e712c8f8ecee9111f6ff42e038", kill_on_drop: false }`
[INFO] running `Command { std: "docker" "rm" "-f" "e911bbe0f3f2df42759c4f9996fb8bce447660e712c8f8ecee9111f6ff42e038", kill_on_drop: false }`
[INFO] [stdout] e911bbe0f3f2df42759c4f9996fb8bce447660e712c8f8ecee9111f6ff42e038
