[INFO] cloning repository https://github.com/JitterCompany/stm32l4r5-async-playground
[INFO] running `Command { std: "git" "-c" "credential.helper=" "-c" "credential.helper=/workspace/cargo-home/bin/git-credential-null" "clone" "--bare" "https://github.com/JitterCompany/stm32l4r5-async-playground" "/workspace/cache/git-repos/https%3A%2F%2Fgithub.com%2FJitterCompany%2Fstm32l4r5-async-playground", kill_on_drop: false }`
[INFO] [stderr] Cloning into bare repository '/workspace/cache/git-repos/https%3A%2F%2Fgithub.com%2FJitterCompany%2Fstm32l4r5-async-playground'...
[INFO] running `Command { std: "git" "rev-parse" "HEAD", kill_on_drop: false }`
[INFO] [stdout] 37f0d62908df75274edd09df1eeb3fef87f9efcd
[INFO] documenting JitterCompany/stm32l4r5-async-playground against 1.75.0 for beta-1.76-rustdoc-1
[INFO] running `Command { std: "git" "clone" "/workspace/cache/git-repos/https%3A%2F%2Fgithub.com%2FJitterCompany%2Fstm32l4r5-async-playground" "/workspace/builds/worker-3-tc1/source", kill_on_drop: false }`
[INFO] [stderr] Cloning into '/workspace/builds/worker-3-tc1/source'...
[INFO] [stderr] done.
[INFO] validating manifest of git repo https://github.com/JitterCompany/stm32l4r5-async-playground on toolchain 1.75.0
[INFO] running `Command { std: CARGO_HOME="/workspace/cargo-home" RUSTUP_HOME="/workspace/rustup-home" "/workspace/cargo-home/bin/cargo" "+1.75.0" "metadata" "--manifest-path" "Cargo.toml" "--no-deps", kill_on_drop: false }`
[INFO] removed /workspace/builds/worker-3-tc1/source/.cargo/config
[INFO] removed /workspace/builds/worker-3-tc1/source/rust-toolchain.toml
[INFO] started tweaking git repo https://github.com/JitterCompany/stm32l4r5-async-playground
[INFO] finished tweaking git repo https://github.com/JitterCompany/stm32l4r5-async-playground
[INFO] tweaked toml for git repo https://github.com/JitterCompany/stm32l4r5-async-playground written to /workspace/builds/worker-3-tc1/source/Cargo.toml
[INFO] crate git repo https://github.com/JitterCompany/stm32l4r5-async-playground already has a lockfile, it will not be regenerated
[INFO] running `Command { std: CARGO_HOME="/workspace/cargo-home" RUSTUP_HOME="/workspace/rustup-home" "/workspace/cargo-home/bin/cargo" "+1.75.0" "fetch" "--manifest-path" "Cargo.toml", kill_on_drop: false }`
[INFO] [stderr]     Updating crates.io index
[INFO] [stderr]  Downloading crates ...
[INFO] [stderr]   Downloaded panic-rtt-target v0.1.2
[INFO] [stderr]   Downloaded atomic-polyfill v1.0.2
[INFO] [stderr]   Downloaded rtt-target v0.3.1
[INFO] [stderr]   Downloaded rtic-core v1.0.0
[INFO] [stderr]   Downloaded rtic-common v1.0.0
[INFO] [stderr]   Downloaded embedded-hal-async v0.2.0-alpha.1
[INFO] [stderr]   Downloaded embassy-sync v0.2.0
[INFO] [stderr]   Downloaded embedded-hal-nb v1.0.0-alpha.2
[INFO] [stderr]   Downloaded fugit-timer v0.1.3
[INFO] [stderr]   Downloaded rtic v2.0.0
[INFO] [stderr]   Downloaded rtic-time v1.0.0
[INFO] [stderr]   Downloaded rtic-macros v2.0.0
[INFO] [stderr]   Downloaded fugit v0.3.6
[INFO] [stderr]   Downloaded embedded-hal v1.0.0-alpha.10
[INFO] [stderr]   Downloaded stm32ral v0.8.0
[INFO] running `Command { std: "docker" "create" "-v" "/var/lib/crater-agent-workspace/builds/worker-3-tc1/target:/opt/rustwide/target:rw,Z" "-v" "/var/lib/crater-agent-workspace/builds/worker-3-tc1/source:/opt/rustwide/workdir:ro,Z" "-v" "/var/lib/crater-agent-workspace/cargo-home:/opt/rustwide/cargo-home:ro,Z" "-v" "/var/lib/crater-agent-workspace/rustup-home:/opt/rustwide/rustup-home:ro,Z" "-e" "SOURCE_DIR=/opt/rustwide/workdir" "-e" "CARGO_TARGET_DIR=/opt/rustwide/target" "-e" "CARGO_HOME=/opt/rustwide/cargo-home" "-e" "RUSTUP_HOME=/opt/rustwide/rustup-home" "-w" "/opt/rustwide/workdir" "-m" "1610612736" "--user" "0:0" "--network" "none" "ghcr.io/rust-lang/crates-build-env/linux@sha256:2788e3201cd34a07e3172128adcd8b3090168a8e3bcc40d7c032b9dda1df7d1c" "/opt/rustwide/cargo-home/bin/cargo" "+1.75.0" "metadata" "--no-deps" "--format-version=1", kill_on_drop: false }`
[INFO] [stdout] 0ed85f3dedf64354a4298d282df9ce96fa266f373e86ea8bd4f1bf518b3f5896
[INFO] running `Command { std: "docker" "start" "-a" "0ed85f3dedf64354a4298d282df9ce96fa266f373e86ea8bd4f1bf518b3f5896", kill_on_drop: false }`
[INFO] running `Command { std: "docker" "inspect" "0ed85f3dedf64354a4298d282df9ce96fa266f373e86ea8bd4f1bf518b3f5896", kill_on_drop: false }`
[INFO] running `Command { std: "docker" "rm" "-f" "0ed85f3dedf64354a4298d282df9ce96fa266f373e86ea8bd4f1bf518b3f5896", kill_on_drop: false }`
[INFO] [stdout] 0ed85f3dedf64354a4298d282df9ce96fa266f373e86ea8bd4f1bf518b3f5896
[INFO] running `Command { std: "docker" "create" "-v" "/var/lib/crater-agent-workspace/builds/worker-3-tc1/target:/opt/rustwide/target:rw,Z" "-v" "/var/lib/crater-agent-workspace/builds/worker-3-tc1/source:/opt/rustwide/workdir:ro,Z" "-v" "/var/lib/crater-agent-workspace/cargo-home:/opt/rustwide/cargo-home:ro,Z" "-v" "/var/lib/crater-agent-workspace/rustup-home:/opt/rustwide/rustup-home:ro,Z" "-e" "SOURCE_DIR=/opt/rustwide/workdir" "-e" "CARGO_TARGET_DIR=/opt/rustwide/target" "-e" "CARGO_INCREMENTAL=0" "-e" "RUST_BACKTRACE=full" "-e" "RUSTFLAGS=--cap-lints=warn" "-e" "RUSTDOCFLAGS=--cap-lints=warn" "-e" "CARGO_HOME=/opt/rustwide/cargo-home" "-e" "RUSTUP_HOME=/opt/rustwide/rustup-home" "-w" "/opt/rustwide/workdir" "-m" "1610612736" "--user" "0:0" "--network" "none" "ghcr.io/rust-lang/crates-build-env/linux@sha256:2788e3201cd34a07e3172128adcd8b3090168a8e3bcc40d7c032b9dda1df7d1c" "/opt/rustwide/cargo-home/bin/cargo" "+1.75.0" "doc" "--frozen" "--no-deps" "--document-private-items" "--message-format=json", kill_on_drop: false }`
[INFO] [stdout] a2bc2b379afa6a4cec63d12bfc6e51699d862ef40f9b25452b57d6f392f7ed45
[INFO] running `Command { std: "docker" "start" "-a" "a2bc2b379afa6a4cec63d12bfc6e51699d862ef40f9b25452b57d6f392f7ed45", kill_on_drop: false }`
[INFO] [stderr]    Compiling proc-macro2 v1.0.59
[INFO] [stderr]    Compiling unicode-ident v1.0.9
[INFO] [stderr]    Compiling semver-parser v0.7.0
[INFO] [stderr]    Compiling quote v1.0.28
[INFO] [stderr]     Checking critical-section v1.1.1
[INFO] [stderr]     Checking nb v1.1.0
[INFO] [stderr]    Compiling cortex-m v0.7.7
[INFO] [stderr]    Compiling syn v1.0.109
[INFO] [stderr]    Compiling semver v1.0.17
[INFO] [stderr]     Checking nb v0.1.3
[INFO] [stderr]     Checking void v1.0.2
[INFO] [stderr]    Compiling semver v0.9.0
[INFO] [stderr]     Checking vcell v0.1.3
[INFO] [stderr]     Checking volatile-register v0.2.1
[INFO] [stderr]     Checking embedded-hal v0.2.7
[INFO] [stderr]    Compiling futures-core v0.3.28
[INFO] [stderr]    Compiling rustc_version v0.2.3
[INFO] [stderr]     Checking bitfield v0.13.2
[INFO] [stderr]    Compiling futures-task v0.3.28
[INFO] [stderr]    Compiling indexmap v1.9.3
[INFO] [stderr]    Compiling cortex-m-rt v0.7.3
[INFO] [stderr]    Compiling futures-util v0.3.28
[INFO] [stderr]    Compiling bare-metal v0.2.5
[INFO] [stderr]     Checking byteorder v1.4.3
[INFO] [stderr]    Compiling rustc_version v0.4.0
[INFO] [stderr]    Compiling hashbrown v0.12.3
[INFO] [stderr]    Compiling atomic-polyfill v1.0.2
[INFO] [stderr]     Checking hash32 v0.2.1
[INFO] [stderr]     Checking spin v0.9.8
[INFO] [stderr]    Compiling heapless v0.7.16
[INFO] [stderr]    Compiling paste v1.0.12
[INFO] [stderr]    Compiling stm32ral v0.8.0
[INFO] [stderr]    Compiling proc-macro-error-attr v1.0.4
[INFO] [stderr]     Checking embedded-hal v1.0.0-alpha.10
[INFO] [stderr]    Compiling rtic v2.0.0
[INFO] [stderr]     Checking stable_deref_trait v1.2.0
[INFO] [stderr]     Checking ufmt-write v0.1.0
[INFO] [stderr]    Compiling embassy-sync v0.2.0
[INFO] [stderr]    Compiling log v0.4.18
[INFO] [stderr]     Checking gcd v2.3.0
[INFO] [stderr]     Checking fugit v0.3.6
[INFO] [stderr]     Checking rtt-target v0.3.1
[INFO] [stderr]     Checking rtic-common v1.0.0
[INFO] [stderr]     Checking rtic-core v1.0.0
[INFO] [stderr]     Checking embedded-io v0.4.0
[INFO] [stderr]     Checking bare-metal v1.0.0
[INFO] [stderr]     Checking fugit-timer v0.1.3
[INFO] [stdout] error[E0554]: `#![feature]` may not be used on the stable release channel
[INFO] [stdout]  --> /opt/rustwide/cargo-home/registry/src/index.crates.io-6f17d22bba15001f/embedded-io-0.4.0/src/lib.rs:2:32
[INFO] [stdout]   |
[INFO] [stdout] 2 | #![cfg_attr(feature = "async", feature(async_fn_in_trait, impl_trait_projections))]
[INFO] [stdout]   |                                ^^^^^^^^^^^^^^^^^^^^^^^^^^^^^^^^^^^^^^^^^^^^^^^^^^ help: remove the attribute
[INFO] [stdout]   |
[INFO] [stdout]   = help: the feature `impl_trait_projections` has been stable since `1.74.0` and no longer requires an attribute to enable
[INFO] [stdout]   = help: the feature `impl_trait_projections` has been stable since `1.74.0` and no longer requires an attribute to enable
[INFO] [stdout] 
[INFO] [stdout] 
[INFO] [stderr]     Checking rtic-time v1.0.0
[INFO] [stdout] error: aborting due to previous error
[INFO] [stdout] 
[INFO] [stdout] 
[INFO] [stderr]     Checking panic-rtt-target v0.1.2
[INFO] [stdout] For more information about this error, try `rustc --explain E0554`.
[INFO] [stdout] 
[INFO] [stderr] error: could not compile `embedded-io` (lib) due to 2 previous errors
[INFO] [stderr] warning: build failed, waiting for other jobs to finish...
[INFO] [stdout] error[E0554]: `#![feature]` may not be used on the stable release channel
[INFO] [stdout]  --> /opt/rustwide/cargo-home/registry/src/index.crates.io-6f17d22bba15001f/rtic-time-1.0.0/src/lib.rs:9:1
[INFO] [stdout]   |
[INFO] [stdout] 9 | #![feature(async_fn_in_trait)]
[INFO] [stdout]   | ^^^^^^^^^^^^^^^^^^^^^^^^^^^^^^ help: remove the attribute
[INFO] [stdout]   |
[INFO] [stdout]   = help: the feature `async_fn_in_trait` has been stable since `1.75.0` and no longer requires an attribute to enable
[INFO] [stdout] 
[INFO] [stdout] 
[INFO] [stdout] error: aborting due to previous error
[INFO] [stdout] 
[INFO] [stdout] 
[INFO] [stdout] For more information about this error, try `rustc --explain E0554`.
[INFO] [stdout] 
[INFO] [stderr] error: could not compile `rtic-time` (lib) due to 2 previous errors
[INFO] running `Command { std: "docker" "inspect" "a2bc2b379afa6a4cec63d12bfc6e51699d862ef40f9b25452b57d6f392f7ed45", kill_on_drop: false }`
[INFO] running `Command { std: "docker" "rm" "-f" "a2bc2b379afa6a4cec63d12bfc6e51699d862ef40f9b25452b57d6f392f7ed45", kill_on_drop: false }`
[INFO] [stdout] a2bc2b379afa6a4cec63d12bfc6e51699d862ef40f9b25452b57d6f392f7ed45
[INFO] documenting JitterCompany/stm32l4r5-async-playground against beta-2023-12-22 for beta-1.76-rustdoc-1
[INFO] running `Command { std: "git" "clone" "/workspace/cache/git-repos/https%3A%2F%2Fgithub.com%2FJitterCompany%2Fstm32l4r5-async-playground" "/workspace/builds/worker-3-tc2/source", kill_on_drop: false }`
[INFO] [stderr] Cloning into '/workspace/builds/worker-3-tc2/source'...
[INFO] [stderr] done.
[INFO] validating manifest of git repo https://github.com/JitterCompany/stm32l4r5-async-playground on toolchain beta-2023-12-22
[INFO] running `Command { std: CARGO_HOME="/workspace/cargo-home" RUSTUP_HOME="/workspace/rustup-home" "/workspace/cargo-home/bin/cargo" "+beta-2023-12-22" "metadata" "--manifest-path" "Cargo.toml" "--no-deps", kill_on_drop: false }`
[INFO] removed /workspace/builds/worker-3-tc2/source/.cargo/config
[INFO] removed /workspace/builds/worker-3-tc2/source/rust-toolchain.toml
[INFO] started tweaking git repo https://github.com/JitterCompany/stm32l4r5-async-playground
[INFO] finished tweaking git repo https://github.com/JitterCompany/stm32l4r5-async-playground
[INFO] tweaked toml for git repo https://github.com/JitterCompany/stm32l4r5-async-playground written to /workspace/builds/worker-3-tc2/source/Cargo.toml
[INFO] crate git repo https://github.com/JitterCompany/stm32l4r5-async-playground already has a lockfile, it will not be regenerated
[INFO] running `Command { std: CARGO_HOME="/workspace/cargo-home" RUSTUP_HOME="/workspace/rustup-home" "/workspace/cargo-home/bin/cargo" "+beta-2023-12-22" "fetch" "--manifest-path" "Cargo.toml", kill_on_drop: false }`
[INFO] running `Command { std: "docker" "create" "-v" "/var/lib/crater-agent-workspace/builds/worker-3-tc2/target:/opt/rustwide/target:rw,Z" "-v" "/var/lib/crater-agent-workspace/builds/worker-3-tc2/source:/opt/rustwide/workdir:ro,Z" "-v" "/var/lib/crater-agent-workspace/cargo-home:/opt/rustwide/cargo-home:ro,Z" "-v" "/var/lib/crater-agent-workspace/rustup-home:/opt/rustwide/rustup-home:ro,Z" "-e" "SOURCE_DIR=/opt/rustwide/workdir" "-e" "CARGO_TARGET_DIR=/opt/rustwide/target" "-e" "CARGO_HOME=/opt/rustwide/cargo-home" "-e" "RUSTUP_HOME=/opt/rustwide/rustup-home" "-w" "/opt/rustwide/workdir" "-m" "1610612736" "--user" "0:0" "--network" "none" "ghcr.io/rust-lang/crates-build-env/linux@sha256:2788e3201cd34a07e3172128adcd8b3090168a8e3bcc40d7c032b9dda1df7d1c" "/opt/rustwide/cargo-home/bin/cargo" "+beta-2023-12-22" "metadata" "--no-deps" "--format-version=1", kill_on_drop: false }`
[INFO] [stdout] 2b70340a7b9b6b7d958d2c2cea018d8f2bdfd6e244e2a3906e503168065d3222
[INFO] running `Command { std: "docker" "start" "-a" "2b70340a7b9b6b7d958d2c2cea018d8f2bdfd6e244e2a3906e503168065d3222", kill_on_drop: false }`
[INFO] running `Command { std: "docker" "inspect" "2b70340a7b9b6b7d958d2c2cea018d8f2bdfd6e244e2a3906e503168065d3222", kill_on_drop: false }`
[INFO] running `Command { std: "docker" "rm" "-f" "2b70340a7b9b6b7d958d2c2cea018d8f2bdfd6e244e2a3906e503168065d3222", kill_on_drop: false }`
[INFO] [stdout] 2b70340a7b9b6b7d958d2c2cea018d8f2bdfd6e244e2a3906e503168065d3222
[INFO] running `Command { std: "docker" "create" "-v" "/var/lib/crater-agent-workspace/builds/worker-3-tc2/target:/opt/rustwide/target:rw,Z" "-v" "/var/lib/crater-agent-workspace/builds/worker-3-tc2/source:/opt/rustwide/workdir:ro,Z" "-v" "/var/lib/crater-agent-workspace/cargo-home:/opt/rustwide/cargo-home:ro,Z" "-v" "/var/lib/crater-agent-workspace/rustup-home:/opt/rustwide/rustup-home:ro,Z" "-e" "SOURCE_DIR=/opt/rustwide/workdir" "-e" "CARGO_TARGET_DIR=/opt/rustwide/target" "-e" "CARGO_INCREMENTAL=0" "-e" "RUST_BACKTRACE=full" "-e" "RUSTFLAGS=--cap-lints=warn" "-e" "RUSTDOCFLAGS=--cap-lints=warn" "-e" "CARGO_HOME=/opt/rustwide/cargo-home" "-e" "RUSTUP_HOME=/opt/rustwide/rustup-home" "-w" "/opt/rustwide/workdir" "-m" "1610612736" "--user" "0:0" "--network" "none" "ghcr.io/rust-lang/crates-build-env/linux@sha256:2788e3201cd34a07e3172128adcd8b3090168a8e3bcc40d7c032b9dda1df7d1c" "/opt/rustwide/cargo-home/bin/cargo" "+beta-2023-12-22" "doc" "--frozen" "--no-deps" "--document-private-items" "--message-format=json", kill_on_drop: false }`
[INFO] [stdout] 24b9d49008bbaaad15a684b0af9d8c2df0e232175de546f89dc0ad451c00ebc7
[INFO] running `Command { std: "docker" "start" "-a" "24b9d49008bbaaad15a684b0af9d8c2df0e232175de546f89dc0ad451c00ebc7", kill_on_drop: false }`
[INFO] [stderr]    Compiling proc-macro2 v1.0.59
[INFO] [stderr]    Compiling quote v1.0.28
[INFO] [stderr]    Compiling semver-parser v0.7.0
[INFO] [stderr]    Compiling unicode-ident v1.0.9
[INFO] [stderr]     Checking nb v1.1.0
[INFO] [stderr]     Checking critical-section v1.1.1
[INFO] [stderr]    Compiling syn v1.0.109
[INFO] [stderr]    Compiling cortex-m v0.7.7
[INFO] [stderr]    Compiling semver v1.0.17
[INFO] [stderr]     Checking nb v0.1.3
[INFO] [stderr]     Checking void v1.0.2
[INFO] [stderr]     Checking vcell v0.1.3
[INFO] [stderr]     Checking embedded-hal v0.2.7
[INFO] [stderr]    Compiling semver v0.9.0
[INFO] [stderr]     Checking volatile-register v0.2.1
[INFO] [stderr]    Compiling rustc_version v0.2.3
[INFO] [stderr]    Compiling futures-core v0.3.28
[INFO] [stderr]    Compiling futures-task v0.3.28
[INFO] [stderr]     Checking bitfield v0.13.2
[INFO] [stderr]    Compiling indexmap v1.9.3
[INFO] [stderr]    Compiling cortex-m-rt v0.7.3
[INFO] [stderr]    Compiling bare-metal v0.2.5
[INFO] [stderr]    Compiling futures-util v0.3.28
[INFO] [stderr]    Compiling rustc_version v0.4.0
[INFO] [stderr]    Compiling atomic-polyfill v1.0.2
[INFO] [stderr]    Compiling hashbrown v0.12.3
[INFO] [stderr]     Checking byteorder v1.4.3
[INFO] [stderr]    Compiling heapless v0.7.16
[INFO] [stderr]     Checking hash32 v0.2.1
[INFO] [stderr]     Checking spin v0.9.8
[INFO] [stderr]     Checking stable_deref_trait v1.2.0
[INFO] [stderr]     Checking embedded-hal v1.0.0-alpha.10
[INFO] [stderr]    Compiling stm32ral v0.8.0
[INFO] [stderr]    Compiling proc-macro-error-attr v1.0.4
[INFO] [stderr]    Compiling rtic v2.0.0
[INFO] [stderr]     Checking ufmt-write v0.1.0
[INFO] [stderr]    Compiling paste v1.0.12
[INFO] [stderr]     Checking gcd v2.3.0
[INFO] [stderr]    Compiling log v0.4.18
[INFO] [stderr]    Compiling embassy-sync v0.2.0
[INFO] [stderr]     Checking fugit v0.3.6
[INFO] [stderr]     Checking rtt-target v0.3.1
[INFO] [stderr]     Checking rtic-common v1.0.0
[INFO] [stderr]     Checking bare-metal v1.0.0
[INFO] [stderr]     Checking rtic-core v1.0.0
[INFO] [stderr]     Checking embedded-io v0.4.0
[INFO] [stderr]     Checking panic-rtt-target v0.1.2
[INFO] [stderr]     Checking fugit-timer v0.1.3
[INFO] [stdout] error[E0554]: `#![feature]` may not be used on the beta release channel
[INFO] [stdout]  --> /opt/rustwide/cargo-home/registry/src/index.crates.io-6f17d22bba15001f/embedded-io-0.4.0/src/lib.rs:2:32
[INFO] [stdout]   |
[INFO] [stdout] 2 | #![cfg_attr(feature = "async", feature(async_fn_in_trait, impl_trait_projections))]
[INFO] [stdout]   |                                ^^^^^^^^^^^^^^^^^^^^^^^^^^^^^^^^^^^^^^^^^^^^^^^^^^ help: remove the attribute
[INFO] [stdout]   |
[INFO] [stdout]   = help: the feature `impl_trait_projections` has been stable since `1.74.0` and no longer requires an attribute to enable
[INFO] [stdout]   = help: the feature `impl_trait_projections` has been stable since `1.74.0` and no longer requires an attribute to enable
[INFO] [stdout] 
[INFO] [stdout] 
[INFO] [stdout] error: aborting due to 1 previous error
[INFO] [stdout] 
[INFO] [stdout] 
[INFO] [stdout] For more information about this error, try `rustc --explain E0554`.
[INFO] [stdout] 
[INFO] [stderr]     Checking embedded-hal-async v0.2.0-alpha.1
[INFO] [stderr] error: could not compile `embedded-io` (lib) due to 2 previous errors
[INFO] [stderr] warning: build failed, waiting for other jobs to finish...
[INFO] [stdout] error[E0554]: `#![feature]` may not be used on the beta release channel
[INFO] [stdout]  --> /opt/rustwide/cargo-home/registry/src/index.crates.io-6f17d22bba15001f/embedded-hal-async-0.2.0-alpha.1/src/lib.rs:5:1
[INFO] [stdout]   |
[INFO] [stdout] 5 | #![feature(async_fn_in_trait, impl_trait_projections)]
[INFO] [stdout]   | ^^^^^^^^^^^^^^^^^^^^^^^^^^^^^^^^^^^^^^^^^^^^^^^^^^^^^^ help: remove the attribute
[INFO] [stdout]   |
[INFO] [stdout]   = help: the feature `impl_trait_projections` has been stable since `1.74.0` and no longer requires an attribute to enable
[INFO] [stdout]   = help: the feature `impl_trait_projections` has been stable since `1.74.0` and no longer requires an attribute to enable
[INFO] [stdout] 
[INFO] [stdout] 
[INFO] [stdout] error: aborting due to 1 previous error
[INFO] [stdout] 
[INFO] [stdout] 
[INFO] [stdout] For more information about this error, try `rustc --explain E0554`.
[INFO] [stdout] 
[INFO] [stderr] error: could not compile `embedded-hal-async` (lib) due to 2 previous errors
[INFO] running `Command { std: "docker" "inspect" "24b9d49008bbaaad15a684b0af9d8c2df0e232175de546f89dc0ad451c00ebc7", kill_on_drop: false }`
[INFO] running `Command { std: "docker" "rm" "-f" "24b9d49008bbaaad15a684b0af9d8c2df0e232175de546f89dc0ad451c00ebc7", kill_on_drop: false }`
[INFO] [stdout] 24b9d49008bbaaad15a684b0af9d8c2df0e232175de546f89dc0ad451c00ebc7
