[INFO] cloning repository https://github.com/JinxTheGoblin/super-pancake
[INFO] running `Command { std: "git" "-c" "credential.helper=" "-c" "credential.helper=/workspace/cargo-home/bin/git-credential-null" "clone" "--bare" "https://github.com/JinxTheGoblin/super-pancake" "/workspace/cache/git-repos/https%3A%2F%2Fgithub.com%2FJinxTheGoblin%2Fsuper-pancake", kill_on_drop: false }`
[INFO] [stderr] Cloning into bare repository '/workspace/cache/git-repos/https%3A%2F%2Fgithub.com%2FJinxTheGoblin%2Fsuper-pancake'...
[INFO] running `Command { std: "git" "rev-parse" "HEAD", kill_on_drop: false }`
[INFO] [stdout] 1190c1c1980528f83bb632a9dd45a2a98ad44db8
[INFO] documenting JinxTheGoblin/super-pancake against 1.75.0 for beta-1.76-rustdoc-1
[INFO] running `Command { std: "git" "clone" "/workspace/cache/git-repos/https%3A%2F%2Fgithub.com%2FJinxTheGoblin%2Fsuper-pancake" "/workspace/builds/worker-5-tc1/source", kill_on_drop: false }`
[INFO] [stderr] Cloning into '/workspace/builds/worker-5-tc1/source'...
[INFO] [stderr] done.
[INFO] validating manifest of git repo https://github.com/JinxTheGoblin/super-pancake on toolchain 1.75.0
[INFO] running `Command { std: CARGO_HOME="/workspace/cargo-home" RUSTUP_HOME="/workspace/rustup-home" "/workspace/cargo-home/bin/cargo" "+1.75.0" "metadata" "--manifest-path" "Cargo.toml" "--no-deps", kill_on_drop: false }`
[INFO] removed /workspace/builds/worker-5-tc1/source/.cargo/config.toml
[INFO] removed /workspace/builds/worker-5-tc1/source/rust-toolchain.toml
[INFO] started tweaking git repo https://github.com/JinxTheGoblin/super-pancake
[INFO] finished tweaking git repo https://github.com/JinxTheGoblin/super-pancake
[INFO] tweaked toml for git repo https://github.com/JinxTheGoblin/super-pancake written to /workspace/builds/worker-5-tc1/source/Cargo.toml
[INFO] crate git repo https://github.com/JinxTheGoblin/super-pancake already has a lockfile, it will not be regenerated
[INFO] running `Command { std: CARGO_HOME="/workspace/cargo-home" RUSTUP_HOME="/workspace/rustup-home" "/workspace/cargo-home/bin/cargo" "+1.75.0" "fetch" "--manifest-path" "Cargo.toml", kill_on_drop: false }`
[INFO] [stderr]     Updating git repository `https://github.com/BlackPhlox/bevy_dolly`
[INFO] [stderr]     Updating git submodule `https://github.com/BlackPhlox/dolly`
[INFO] [stderr]     Updating crates.io index
[INFO] [stderr]  Downloading crates ...
[INFO] [stderr]   Downloaded rapier3d v0.17.2
[INFO] [stderr]   Downloaded ctor v0.2.0
[INFO] [stderr]   Downloaded bevy_hanabi v0.6.1
[INFO] [stderr]   Downloaded inventory v0.3.5
[INFO] [stderr]   Downloaded typetag-impl v0.2.7
[INFO] [stderr]   Downloaded typetag v0.2.7
[INFO] [stderr]   Downloaded bevy_mod_sysfail_macros v2.0.0
[INFO] [stderr]   Downloaded bevy_mod_sysfail v2.0.0
[INFO] [stderr]   Downloaded winreg v0.11.0
[INFO] [stderr]   Downloaded embed-resource v2.1.1
[INFO] [stderr]   Downloaded bevy_rapier3d v0.21.0
[INFO] [stderr]   Downloaded tracing-chrome v0.7.1
[INFO] [stderr]   Downloaded iyes_progress v0.8.0
[INFO] [stderr]   Downloaded parry3d v0.13.3
[INFO] [stderr]   Downloaded bevy_common_assets v0.6.0
[INFO] [stderr]   Downloaded egui_dock v0.4.2
[INFO] [stderr]   Downloaded bevy_mod_debugdump v0.7.0
[INFO] [stderr]   Downloaded bevy_editor_pls_core v0.3.1
[INFO] [stderr]   Downloaded bevy_editor_pls_default_windows v0.3.1
[INFO] [stderr]   Downloaded bevy_editor_pls v0.3.1
[INFO] [stderr]   Downloaded oxidized_navigation v0.4.0
[INFO] [stderr]   Downloaded spew v0.2.2
[INFO] [stderr]   Downloaded warbler_grass v0.3.2
[INFO] running `Command { std: "docker" "create" "-v" "/var/lib/crater-agent-workspace/builds/worker-5-tc1/target:/opt/rustwide/target:rw,Z" "-v" "/var/lib/crater-agent-workspace/builds/worker-5-tc1/source:/opt/rustwide/workdir:ro,Z" "-v" "/var/lib/crater-agent-workspace/cargo-home:/opt/rustwide/cargo-home:ro,Z" "-v" "/var/lib/crater-agent-workspace/rustup-home:/opt/rustwide/rustup-home:ro,Z" "-e" "SOURCE_DIR=/opt/rustwide/workdir" "-e" "CARGO_TARGET_DIR=/opt/rustwide/target" "-e" "CARGO_HOME=/opt/rustwide/cargo-home" "-e" "RUSTUP_HOME=/opt/rustwide/rustup-home" "-w" "/opt/rustwide/workdir" "-m" "1610612736" "--user" "0:0" "--network" "none" "ghcr.io/rust-lang/crates-build-env/linux@sha256:2788e3201cd34a07e3172128adcd8b3090168a8e3bcc40d7c032b9dda1df7d1c" "/opt/rustwide/cargo-home/bin/cargo" "+1.75.0" "metadata" "--no-deps" "--format-version=1", kill_on_drop: false }`
[INFO] [stdout] abdbc3027eb51b303b86bd98fa00716d656a971ffa484d41c8bab8f9978abaec
[INFO] running `Command { std: "docker" "start" "-a" "abdbc3027eb51b303b86bd98fa00716d656a971ffa484d41c8bab8f9978abaec", kill_on_drop: false }`
[INFO] running `Command { std: "docker" "inspect" "abdbc3027eb51b303b86bd98fa00716d656a971ffa484d41c8bab8f9978abaec", kill_on_drop: false }`
[INFO] running `Command { std: "docker" "rm" "-f" "abdbc3027eb51b303b86bd98fa00716d656a971ffa484d41c8bab8f9978abaec", kill_on_drop: false }`
[INFO] [stdout] abdbc3027eb51b303b86bd98fa00716d656a971ffa484d41c8bab8f9978abaec
[INFO] running `Command { std: "docker" "create" "-v" "/var/lib/crater-agent-workspace/builds/worker-5-tc1/target:/opt/rustwide/target:rw,Z" "-v" "/var/lib/crater-agent-workspace/builds/worker-5-tc1/source:/opt/rustwide/workdir:ro,Z" "-v" "/var/lib/crater-agent-workspace/cargo-home:/opt/rustwide/cargo-home:ro,Z" "-v" "/var/lib/crater-agent-workspace/rustup-home:/opt/rustwide/rustup-home:ro,Z" "-e" "SOURCE_DIR=/opt/rustwide/workdir" "-e" "CARGO_TARGET_DIR=/opt/rustwide/target" "-e" "CARGO_INCREMENTAL=0" "-e" "RUST_BACKTRACE=full" "-e" "RUSTFLAGS=--cap-lints=warn" "-e" "RUSTDOCFLAGS=--cap-lints=warn" "-e" "CARGO_HOME=/opt/rustwide/cargo-home" "-e" "RUSTUP_HOME=/opt/rustwide/rustup-home" "-w" "/opt/rustwide/workdir" "-m" "1610612736" "--user" "0:0" "--network" "none" "ghcr.io/rust-lang/crates-build-env/linux@sha256:2788e3201cd34a07e3172128adcd8b3090168a8e3bcc40d7c032b9dda1df7d1c" "/opt/rustwide/cargo-home/bin/cargo" "+1.75.0" "doc" "--frozen" "--no-deps" "--document-private-items" "--message-format=json", kill_on_drop: false }`
[INFO] [stdout] 2c2144b2e1273da7c9afe5d23eee6842e4db188ff624054a3c6470a29e5c8499
[INFO] running `Command { std: "docker" "start" "-a" "2c2144b2e1273da7c9afe5d23eee6842e4db188ff624054a3c6470a29e5c8499", kill_on_drop: false }`
[INFO] [stderr]    Compiling proc-macro2 v1.0.56
[INFO] [stderr]    Compiling quote v1.0.26
[INFO] [stderr]    Compiling unicode-ident v1.0.8
[INFO] [stderr]    Compiling libc v0.2.141
[INFO] [stderr]    Compiling serde_derive v1.0.159
[INFO] [stderr]    Compiling serde v1.0.159
[INFO] [stderr]     Checking once_cell v1.17.1
[INFO] [stderr]    Compiling syn v1.0.109
[INFO] [stderr]    Compiling version_check v0.9.4
[INFO] [stderr]    Compiling crossbeam-utils v0.8.15
[INFO] [stderr]    Compiling indexmap v1.9.3
[INFO] [stderr]    Compiling hashbrown v0.12.3
[INFO] [stderr]    Compiling log v0.4.17
[INFO] [stderr]    Compiling ahash v0.7.6
[INFO] [stderr]    Compiling winnow v0.4.1
[INFO] [stderr]    Compiling parking_lot_core v0.9.7
[INFO] [stderr]    Compiling memchr v2.5.0
[INFO] [stderr]    Compiling syn v2.0.13
[INFO] [stderr]    Compiling thiserror v1.0.40
[INFO] [stderr]     Checking getrandom v0.2.9
[INFO] [stderr]     Checking fixedbitset v0.4.2
[INFO] [stderr]     Checking pin-project-lite v0.2.9
[INFO] [stderr]    Compiling libm v0.2.6
[INFO] [stderr]    Compiling slab v0.4.8
[INFO] [stderr]    Compiling num-traits v0.2.15
[INFO] [stderr]    Compiling futures-core v0.3.28
[INFO] [stderr]     Checking rustc-hash v1.1.0
[INFO] [stderr]     Checking tracing-core v0.1.30
[INFO] [stderr]     Checking instant v0.1.12
[INFO] [stderr]    Compiling erased-serde v0.3.25
[INFO] [stderr]    Compiling cfg-if v1.0.0
[INFO] [stderr]     Checking event-listener v2.5.3
[INFO] [stderr]     Checking tracing v0.1.37
[INFO] [stderr]     Checking concurrent-queue v2.2.0
[INFO] [stderr]     Checking downcast-rs v1.2.0
[INFO] [stderr]    Compiling bit-vec v0.6.3
[INFO] [stderr]     Checking parking v2.1.0
[INFO] [stderr]     Checking waker-fn v1.1.0
[INFO] [stderr]     Checking futures-io v0.3.28
[INFO] [stderr]    Compiling bit-set v0.5.3
[INFO] [stderr]    Compiling uuid v1.3.1
[INFO] [stderr]     Checking futures-lite v1.13.0
[INFO] [stderr]     Checking async-lock v2.7.0
[INFO] [stderr]     Checking async-task v4.4.0
[INFO] [stderr]     Checking async-channel v1.8.0
[INFO] [stderr]     Checking thread_local v1.1.7
[INFO] [stderr]     Checking bevy_ptr v0.10.1
[INFO] [stderr]     Checking regex-syntax v0.6.29
[INFO] [stderr]     Checking arrayvec v0.7.2
[INFO] [stderr]     Checking aho-corasick v0.7.20
[INFO] [stderr]     Checking overload v0.1.1
[INFO] [stderr]     Checking nu-ansi-term v0.46.0
[INFO] [stderr]     Checking sharded-slab v0.1.4
[INFO] [stderr]     Checking tracing-log v0.1.3
[INFO] [stderr]     Checking crossbeam-channel v0.5.8
[INFO] [stderr]     Checking async-executor v1.5.1
[INFO] [stderr]     Checking bevy_tasks v0.10.1
[INFO] [stderr]    Compiling pkg-config v0.3.26
[INFO] [stderr]    Compiling toml_datetime v0.6.1
[INFO] [stderr]    Compiling serde_spanned v0.6.1
[INFO] [stderr]     Checking num-integer v0.1.45
[INFO] [stderr]     Checking raw-window-handle v0.5.2
[INFO] [stderr]     Checking static_assertions v1.1.0
[INFO] [stderr]    Compiling toml_edit v0.19.8
[INFO] [stderr]     Checking mio v0.8.6
[INFO] [stderr]     Checking libloading v0.7.4
[INFO] [stderr]     Checking num-rational v0.4.1
[INFO] [stderr]    Compiling anyhow v1.0.70
[INFO] [stderr]    Compiling khronos-egl v4.1.0
[INFO] [stderr]    Compiling ash v0.37.2+1.3.238
[INFO] [stderr]     Checking unicode-xid v0.2.4
[INFO] [stderr]     Checking miniz_oxide v0.6.2
[INFO] [stderr]     Checking codespan-reporting v0.11.1
[INFO] [stderr]     Checking pp-rs v0.2.1
[INFO] [stderr]     Checking spirv v0.2.0+1.5.4
[INFO] [stderr]     Checking regex-automata v0.1.10
[INFO] [stderr]     Checking regex v1.7.3
[INFO] [stderr]     Checking inotify-sys v0.1.5
[INFO] [stderr]     Checking gpu-descriptor-types v0.1.1
[INFO] [stderr]     Checking gpu-alloc-types v0.2.0
[INFO] [stderr]     Checking same-file v1.0.6
[INFO] [stderr]     Checking hexf-parse v0.2.1
[INFO] [stderr]     Checking gpu-alloc v0.5.3
[INFO] [stderr]     Checking walkdir v2.3.3
[INFO] [stderr]     Checking flate2 v1.0.25
[INFO] [stderr]     Checking matchers v0.1.0
[INFO] [stderr]     Checking inotify v0.9.6
[INFO] [stderr]    Compiling encase_derive_impl v0.5.0
[INFO] [stderr]    Compiling bytemuck_derive v1.4.1
[INFO] [stderr]    Compiling thiserror-impl v1.0.40
[INFO] [stderr]     Checking fxhash v0.2.1
[INFO] [stderr]     Checking filetime v0.2.21
[INFO] [stderr]     Checking sysinfo v0.28.4
[INFO] [stderr]    Compiling bevy_macro_utils v0.10.1
[INFO] [stderr]     Checking wgpu-types v0.15.2
[INFO] [stderr]     Checking renderdoc-sys v0.7.1
[INFO] [stderr]     Checking glow v0.12.1
[INFO] [stderr]     Checking bytemuck v1.13.1
[INFO] [stderr]     Checking profiling v1.0.7
[INFO] [stderr]     Checking notify v5.1.0
[INFO] [stderr]     Checking png v0.17.7
[INFO] [stderr]     Checking jpeg-decoder v0.3.0
[INFO] [stderr]     Checking twox-hash v1.6.3
[INFO] [stderr]     Checking const_panic v0.2.7
[INFO] [stderr]     Checking ruzstd v0.2.4
[INFO] [stderr]     Checking ktx2 v0.3.0
[INFO] [stderr]     Checking image v0.24.6
[INFO] [stderr]     Checking approx v0.5.1
[INFO] [stderr]     Checking ttf-parser v0.18.1
[INFO] [stderr]    Compiling bevy_utils_proc_macros v0.10.1
[INFO] [stderr]    Compiling bevy_reflect_derive v0.10.1
[INFO] [stderr]    Compiling bevy_ecs_macros v0.10.1
[INFO] [stderr]    Compiling bevy_derive v0.10.1
[INFO] [stderr]    Compiling encase_derive v0.5.0
[INFO] [stderr]    Compiling bevy_encase_derive v0.10.1
[INFO] [stderr]    Compiling bevy_render_macros v0.10.1
[INFO] [stderr]     Checking ab_glyph_rasterizer v0.1.8
[INFO] [stderr]     Checking percent-encoding v2.2.0
[INFO] [stderr]    Compiling xml-rs v0.8.4
[INFO] [stderr]     Checking owned_ttf_parser v0.18.1
[INFO] [stderr]     Checking ab_glyph v0.2.20
[INFO] [stderr]     Checking radsort v0.1.0
[INFO] [stderr]    Compiling wayland-scanner v0.29.5
[INFO] [stderr]    Compiling x11-dl v2.21.0
[INFO] [stderr]    Compiling libudev-sys v0.1.4
[INFO] [stderr]    Compiling serde_json v1.0.95
[INFO] [stderr]    Compiling cfg_aliases v0.1.1
[INFO] [stderr]     Checking euclid v0.22.9
[INFO] [stderr]    Compiling slotmap v1.0.6
[INFO] [stderr]     Checking ryu v1.0.13
[INFO] [stderr]     Checking svg_fmt v0.4.1
[INFO] [stderr]     Checking itoa v1.0.6
[INFO] [stderr]    Compiling inflections v1.1.1
[INFO] [stderr]     Checking vec_map v0.8.2
[INFO] [stderr]     Checking accesskit v0.10.1
[INFO] [stderr]     Checking nix v0.26.2
[INFO] [stderr]     Checking guillotiere v0.6.2
[INFO] [stderr]    Compiling gltf-derive v1.1.0
[INFO] [stderr]     Checking xi-unicode v0.3.0
[INFO] [stderr]    Compiling winit v0.28.3
[INFO] [stderr]    Compiling gilrs v0.10.1
[INFO] [stderr]     Checking rectangle-pack v0.4.2
[INFO] [stderr]     Checking glyph_brush_layout v0.2.3
[INFO] [stderr]     Checking fnv v1.0.7
[INFO] [stderr]     Checking urlencoding v2.1.2
[INFO] [stderr]    Compiling memoffset v0.6.5
[INFO] [stderr]    Compiling ahash v0.8.3
[INFO] [stderr]     Checking tinyvec_macros v0.1.1
[INFO] [stderr]     Checking emath v0.21.0
[INFO] [stderr]     Checking tinyvec v1.6.0
[INFO] [stderr]     Checking ecolor v0.21.0
[INFO] [stderr]     Checking nix v0.24.3
[INFO] [stderr]     Checking taffy v0.3.10
[INFO] [stderr]    Compiling memoffset v0.8.0
[INFO] [stderr]     Checking unicode-bidi v0.3.13
[INFO] [stderr]     Checking nohash-hasher v0.2.0
[INFO] [stderr]     Checking form_urlencoded v1.1.0
[INFO] [stderr]     Checking dirs-sys v0.3.7
[INFO] [stderr]     Checking gethostname v0.2.3
[INFO] [stderr]    Compiling crossbeam-epoch v0.9.14
[INFO] [stderr]    Compiling libm v0.1.4
[INFO] [stderr]     Checking dirs v4.0.0
[INFO] [stderr]     Checking unicode-normalization v0.1.22
[INFO] [stderr]     Checking either v1.8.1
[INFO] [stderr]     Checking smallvec v1.10.0
[INFO] [stderr]     Checking glam v0.23.0
[INFO] [stderr]     Checking parking_lot v0.12.1
[INFO] [stderr]     Checking tracing-subscriber v0.3.16
[INFO] [stderr]     Checking gpu-descriptor v0.2.3
[INFO] [stderr]     Checking petgraph v0.6.3
[INFO] [stderr]     Checking gilrs-core v0.5.4
[INFO] [stderr]     Checking ron v0.8.0
[INFO] [stderr]     Checking epaint v0.21.0
[INFO] [stderr]     Checking gltf-json v1.1.0
[INFO] [stderr]     Checking idna v0.3.0
[INFO] [stderr]     Checking bevy_utils v0.10.1
[INFO] [stderr]     Checking naga v0.11.0
[INFO] [stderr]     Checking bevy_math v0.10.1
[INFO] [stderr]     Checking hexasphere v8.1.0
[INFO] [stderr]     Checking bevy_mikktspace v0.10.1
[INFO] [stderr]     Checking encase v0.5.0
[INFO] [stderr]     Checking bevy_reflect v0.10.1
[INFO] [stderr]     Checking x11rb-protocol v0.10.0
[INFO] [stderr]     Checking url v2.3.1
[INFO] [stderr]     Checking egui v0.21.0
[INFO] [stderr]     Checking accesskit_winit v0.12.4
[INFO] [stderr]    Compiling paste v1.0.12
[INFO] [stderr]    Compiling packed_simd_2 v0.3.8
[INFO] [stderr]     Checking webbrowser v0.8.8
[INFO] [stderr]     Checking symphonia-core v0.5.2
[INFO] [stderr]     Checking safe_arch v0.6.0
[INFO] [stderr]     Checking encoding_rs v0.8.32
[INFO] [stderr]    Compiling typenum v1.16.0
[INFO] [stderr]     Checking wide v0.7.8
[INFO] [stderr]     Checking gltf v1.1.0
[INFO] [stderr]     Checking crossbeam-deque v0.8.3
[INFO] [stderr]     Checking symphonia-metadata v0.5.2
[INFO] [stderr]     Checking num-complex v0.4.3
[INFO] [stderr]    Compiling alsa-sys v0.3.1
[INFO] [stderr]    Compiling crossbeam-queue v0.3.8
[INFO] [stderr]     Checking rawpointer v0.2.1
[INFO] [stderr]    Compiling semver v1.0.17
[INFO] [stderr]     Checking bevy_ecs v0.10.1
[INFO] [stderr]     Checking matrixmultiply v0.3.2
[INFO] [stderr]     Checking symphonia-utils-xiph v0.5.2
[INFO] [stderr]    Compiling nalgebra-macros v0.2.0
[INFO] [stderr]     Checking num_cpus v1.15.0
[INFO] [stderr]     Checking pretty-type-name v1.0.1
[INFO] [stderr]     Checking optional v0.5.0
[INFO] [stderr]     Checking robust v0.2.3
[INFO] [stderr]    Compiling ident_case v1.0.1
[INFO] [stderr]    Compiling strsim v0.10.0
[INFO] [stderr]     Checking spade v2.1.0
[INFO] [stdout] error[E0554]: `#![feature]` may not be used on the stable release channel
[INFO] [stdout]    --> /opt/rustwide/cargo-home/registry/src/index.crates.io-6f17d22bba15001f/packed_simd_2-0.3.8/src/lib.rs:214:1
[INFO] [stdout]     |
[INFO] [stdout] 214 | / #![feature(
[INFO] [stdout] 215 | |     adt_const_params,
[INFO] [stdout] 216 | |     repr_simd,
[INFO] [stdout] 217 | |     rustc_attrs,
[INFO] [stdout] ...   |
[INFO] [stdout] 224 | |     custom_inner_attributes,
[INFO] [stdout] 225 | | )]
[INFO] [stdout]     | |__^
[INFO] [stdout] 
[INFO] [stdout] 
[INFO] [stderr]    Compiling darling_core v0.14.4
[INFO] [stderr]     Checking rayon-core v1.11.0
[INFO] [stdout] error[E0554]: `#![feature]` may not be used on the stable release channel
[INFO] [stdout]    --> /opt/rustwide/cargo-home/registry/src/index.crates.io-6f17d22bba15001f/packed_simd_2-0.3.8/src/lib.rs:219:5
[INFO] [stdout]     |
[INFO] [stdout] 219 |     stdsimd,
[INFO] [stdout]     |     ^^^^^^^
[INFO] [stdout] 
[INFO] [stdout] 
[INFO] [stdout] error[E0554]: `#![feature]` may not be used on the stable release channel
[INFO] [stdout]    --> /opt/rustwide/cargo-home/registry/src/index.crates.io-6f17d22bba15001f/packed_simd_2-0.3.8/src/lib.rs:222:5
[INFO] [stdout]     |
[INFO] [stdout] 222 |     core_intrinsics,
[INFO] [stdout]     |     ^^^^^^^^^^^^^^^
[INFO] [stdout] 
[INFO] [stdout] 
[INFO] [stderr]    Compiling num-derive v0.3.3
[INFO] [stderr]    Compiling bevy-inspector-egui-derive v0.18.1
[INFO] [stderr]     Checking rand_core v0.6.4
[INFO] [stderr]    Compiling cpal v0.15.2
[INFO] [stderr]     Checking x11rb v0.10.1
[INFO] [stderr]    Compiling proc-macro-crate v1.3.1
[INFO] [stdout] error: unrecognized platform-specific intrinsic function: `simd_shuffle2`
[INFO] [stdout]   --> /opt/rustwide/cargo-home/registry/src/index.crates.io-6f17d22bba15001f/packed_simd_2-0.3.8/src/codegen/llvm.rs:10:5
[INFO] [stdout]    |
[INFO] [stdout] 10 |     pub fn simd_shuffle2<T, U>(x: T, y: T, idx: [u32; 2]) -> U;
[INFO] [stdout]    |     ^^^^^^^^^^^^^^^^^^^^^^^^^^^^^^^^^^^^^^^^^^^^^^^^^^^^^^^^^^^
[INFO] [stdout] 
[INFO] [stdout] 
[INFO] [stdout] error: unrecognized platform-specific intrinsic function: `simd_shuffle4`
[INFO] [stdout]   --> /opt/rustwide/cargo-home/registry/src/index.crates.io-6f17d22bba15001f/packed_simd_2-0.3.8/src/codegen/llvm.rs:11:5
[INFO] [stdout]    |
[INFO] [stdout] 11 |     pub fn simd_shuffle4<T, U>(x: T, y: T, idx: [u32; 4]) -> U;
[INFO] [stdout]    |     ^^^^^^^^^^^^^^^^^^^^^^^^^^^^^^^^^^^^^^^^^^^^^^^^^^^^^^^^^^^
[INFO] [stdout] 
[INFO] [stdout] 
[INFO] [stdout] error: unrecognized platform-specific intrinsic function: `simd_shuffle8`
[INFO] [stdout]   --> /opt/rustwide/cargo-home/registry/src/index.crates.io-6f17d22bba15001f/packed_simd_2-0.3.8/src/codegen/llvm.rs:12:5
[INFO] [stdout]    |
[INFO] [stdout] 12 |     pub fn simd_shuffle8<T, U>(x: T, y: T, idx: [u32; 8]) -> U;
[INFO] [stdout]    |     ^^^^^^^^^^^^^^^^^^^^^^^^^^^^^^^^^^^^^^^^^^^^^^^^^^^^^^^^^^^
[INFO] [stdout] 
[INFO] [stdout] 
[INFO] [stdout] error: unrecognized platform-specific intrinsic function: `simd_shuffle16`
[INFO] [stdout]   --> /opt/rustwide/cargo-home/registry/src/index.crates.io-6f17d22bba15001f/packed_simd_2-0.3.8/src/codegen/llvm.rs:13:5
[INFO] [stdout]    |
[INFO] [stdout] 13 |     pub fn simd_shuffle16<T, U>(x: T, y: T, idx: [u32; 16]) -> U;
[INFO] [stdout]    |     ^^^^^^^^^^^^^^^^^^^^^^^^^^^^^^^^^^^^^^^^^^^^^^^^^^^^^^^^^^^^^
[INFO] [stdout] 
[INFO] [stdout] 
[INFO] [stdout] error: unrecognized platform-specific intrinsic function: `simd_shuffle32`
[INFO] [stdout]   --> /opt/rustwide/cargo-home/registry/src/index.crates.io-6f17d22bba15001f/packed_simd_2-0.3.8/src/codegen/llvm.rs:14:5
[INFO] [stdout]    |
[INFO] [stdout] 14 |     pub fn simd_shuffle32<T, U>(x: T, y: T, idx: [u32; 32]) -> U;
[INFO] [stdout]    |     ^^^^^^^^^^^^^^^^^^^^^^^^^^^^^^^^^^^^^^^^^^^^^^^^^^^^^^^^^^^^^
[INFO] [stdout] 
[INFO] [stdout] 
[INFO] [stdout] error: unrecognized platform-specific intrinsic function: `simd_shuffle64`
[INFO] [stdout]   --> /opt/rustwide/cargo-home/registry/src/index.crates.io-6f17d22bba15001f/packed_simd_2-0.3.8/src/codegen/llvm.rs:15:5
[INFO] [stdout]    |
[INFO] [stdout] 15 |     pub fn simd_shuffle64<T, U>(x: T, y: T, idx: [u32; 64]) -> U;
[INFO] [stdout]    |     ^^^^^^^^^^^^^^^^^^^^^^^^^^^^^^^^^^^^^^^^^^^^^^^^^^^^^^^^^^^^^
[INFO] [stdout] 
[INFO] [stdout] 
[INFO] [stderr]     Checking crossbeam v0.8.2
[INFO] [stderr]     Checking arboard v3.2.0
[INFO] [stderr]     Checking alsa v0.7.0
[INFO] [stderr]    Compiling rustc_version v0.4.0
[INFO] [stderr]     Checking rayon v1.7.0
[INFO] [stderr]     Checking symphonia-format-ogg v0.5.2
[INFO] [stderr]     Checking wgpu-hal v0.15.4
[INFO] [stderr]     Checking symphonia-codec-vorbis v0.5.2
[INFO] [stderr]     Checking egui_dock v0.4.2
[INFO] [stderr]    Compiling toml v0.7.3
[INFO] [stderr]    Compiling ghost v0.1.9
[INFO] [stderr]    Compiling ctor v0.2.0
[INFO] [stderr]    Compiling darling_macro v0.14.4
[INFO] [stderr]     Checking bstr v1.4.0
[INFO] [stderr]     Checking dasp_sample v0.11.0
[INFO] [stderr]    Compiling cc v1.0.79
[INFO] [stderr]    Compiling rustversion v1.0.12
[INFO] [stderr]     Checking ppv-lite86 v0.2.17
[INFO] [stderr]     Checking rand_chacha v0.3.1
[INFO] [stderr]    Compiling embed-resource v2.1.1
[INFO] [stderr]     Checking wgpu-core v0.15.1
[INFO] [stderr]    Compiling darling v0.14.4
[INFO] [stderr]     Checking opener v0.5.2
[INFO] [stderr]     Checking inventory v0.3.5
[INFO] [stderr]     Checking symphonia v0.5.2
[INFO] [stderr]    Compiling leafwing_input_manager_macros v0.9.0
[INFO] [stderr]     Checking itertools v0.10.5
[INFO] [stdout] error: aborting due to 9 previous errors
[INFO] [stdout] 
[INFO] [stdout] 
[INFO] [stdout] For more information about this error, try `rustc --explain E0554`.
[INFO] [stdout] 
[INFO] [stderr] error: could not compile `packed_simd_2` (lib) due to 10 previous errors
[INFO] [stderr] warning: build failed, waiting for other jobs to finish...
[INFO] running `Command { std: "docker" "inspect" "2c2144b2e1273da7c9afe5d23eee6842e4db188ff624054a3c6470a29e5c8499", kill_on_drop: false }`
[INFO] running `Command { std: "docker" "rm" "-f" "2c2144b2e1273da7c9afe5d23eee6842e4db188ff624054a3c6470a29e5c8499", kill_on_drop: false }`
[INFO] [stdout] 2c2144b2e1273da7c9afe5d23eee6842e4db188ff624054a3c6470a29e5c8499
[INFO] documenting JinxTheGoblin/super-pancake against beta-2023-12-22 for beta-1.76-rustdoc-1
[INFO] running `Command { std: "git" "clone" "/workspace/cache/git-repos/https%3A%2F%2Fgithub.com%2FJinxTheGoblin%2Fsuper-pancake" "/workspace/builds/worker-5-tc2/source", kill_on_drop: false }`
[INFO] [stderr] Cloning into '/workspace/builds/worker-5-tc2/source'...
[INFO] [stderr] done.
[INFO] validating manifest of git repo https://github.com/JinxTheGoblin/super-pancake on toolchain beta-2023-12-22
[INFO] running `Command { std: CARGO_HOME="/workspace/cargo-home" RUSTUP_HOME="/workspace/rustup-home" "/workspace/cargo-home/bin/cargo" "+beta-2023-12-22" "metadata" "--manifest-path" "Cargo.toml" "--no-deps", kill_on_drop: false }`
[INFO] removed /workspace/builds/worker-5-tc2/source/.cargo/config.toml
[INFO] removed /workspace/builds/worker-5-tc2/source/rust-toolchain.toml
[INFO] started tweaking git repo https://github.com/JinxTheGoblin/super-pancake
[INFO] finished tweaking git repo https://github.com/JinxTheGoblin/super-pancake
[INFO] tweaked toml for git repo https://github.com/JinxTheGoblin/super-pancake written to /workspace/builds/worker-5-tc2/source/Cargo.toml
[INFO] crate git repo https://github.com/JinxTheGoblin/super-pancake already has a lockfile, it will not be regenerated
[INFO] running `Command { std: CARGO_HOME="/workspace/cargo-home" RUSTUP_HOME="/workspace/rustup-home" "/workspace/cargo-home/bin/cargo" "+beta-2023-12-22" "fetch" "--manifest-path" "Cargo.toml", kill_on_drop: false }`
[INFO] running `Command { std: "docker" "create" "-v" "/var/lib/crater-agent-workspace/builds/worker-5-tc2/target:/opt/rustwide/target:rw,Z" "-v" "/var/lib/crater-agent-workspace/builds/worker-5-tc2/source:/opt/rustwide/workdir:ro,Z" "-v" "/var/lib/crater-agent-workspace/cargo-home:/opt/rustwide/cargo-home:ro,Z" "-v" "/var/lib/crater-agent-workspace/rustup-home:/opt/rustwide/rustup-home:ro,Z" "-e" "SOURCE_DIR=/opt/rustwide/workdir" "-e" "CARGO_TARGET_DIR=/opt/rustwide/target" "-e" "CARGO_HOME=/opt/rustwide/cargo-home" "-e" "RUSTUP_HOME=/opt/rustwide/rustup-home" "-w" "/opt/rustwide/workdir" "-m" "1610612736" "--user" "0:0" "--network" "none" "ghcr.io/rust-lang/crates-build-env/linux@sha256:2788e3201cd34a07e3172128adcd8b3090168a8e3bcc40d7c032b9dda1df7d1c" "/opt/rustwide/cargo-home/bin/cargo" "+beta-2023-12-22" "metadata" "--no-deps" "--format-version=1", kill_on_drop: false }`
[INFO] [stdout] ab37d6f54ef7853a270e1f9157dd32043bcc6e6bfd02634096fe75b796af37f4
[INFO] running `Command { std: "docker" "start" "-a" "ab37d6f54ef7853a270e1f9157dd32043bcc6e6bfd02634096fe75b796af37f4", kill_on_drop: false }`
[INFO] running `Command { std: "docker" "inspect" "ab37d6f54ef7853a270e1f9157dd32043bcc6e6bfd02634096fe75b796af37f4", kill_on_drop: false }`
[INFO] running `Command { std: "docker" "rm" "-f" "ab37d6f54ef7853a270e1f9157dd32043bcc6e6bfd02634096fe75b796af37f4", kill_on_drop: false }`
[INFO] [stdout] ab37d6f54ef7853a270e1f9157dd32043bcc6e6bfd02634096fe75b796af37f4
[INFO] running `Command { std: "docker" "create" "-v" "/var/lib/crater-agent-workspace/builds/worker-5-tc2/target:/opt/rustwide/target:rw,Z" "-v" "/var/lib/crater-agent-workspace/builds/worker-5-tc2/source:/opt/rustwide/workdir:ro,Z" "-v" "/var/lib/crater-agent-workspace/cargo-home:/opt/rustwide/cargo-home:ro,Z" "-v" "/var/lib/crater-agent-workspace/rustup-home:/opt/rustwide/rustup-home:ro,Z" "-e" "SOURCE_DIR=/opt/rustwide/workdir" "-e" "CARGO_TARGET_DIR=/opt/rustwide/target" "-e" "CARGO_INCREMENTAL=0" "-e" "RUST_BACKTRACE=full" "-e" "RUSTFLAGS=--cap-lints=warn" "-e" "RUSTDOCFLAGS=--cap-lints=warn" "-e" "CARGO_HOME=/opt/rustwide/cargo-home" "-e" "RUSTUP_HOME=/opt/rustwide/rustup-home" "-w" "/opt/rustwide/workdir" "-m" "1610612736" "--user" "0:0" "--network" "none" "ghcr.io/rust-lang/crates-build-env/linux@sha256:2788e3201cd34a07e3172128adcd8b3090168a8e3bcc40d7c032b9dda1df7d1c" "/opt/rustwide/cargo-home/bin/cargo" "+beta-2023-12-22" "doc" "--frozen" "--no-deps" "--document-private-items" "--message-format=json", kill_on_drop: false }`
[INFO] [stdout] 423b772bba22c2cce2f317839979078a64242c2d53aa9781768a6de906a714eb
[INFO] running `Command { std: "docker" "start" "-a" "423b772bba22c2cce2f317839979078a64242c2d53aa9781768a6de906a714eb", kill_on_drop: false }`
[INFO] [stderr]    Compiling proc-macro2 v1.0.56
[INFO] [stderr]    Compiling unicode-ident v1.0.8
[INFO] [stderr]    Compiling quote v1.0.26
[INFO] [stderr]    Compiling libc v0.2.141
[INFO] [stderr]    Compiling serde_derive v1.0.159
[INFO] [stderr]    Compiling serde v1.0.159
[INFO] [stderr]     Checking once_cell v1.17.1
[INFO] [stderr]    Compiling syn v1.0.109
[INFO] [stderr]    Compiling version_check v0.9.4
[INFO] [stderr]    Compiling crossbeam-utils v0.8.15
[INFO] [stderr]    Compiling indexmap v1.9.3
[INFO] [stderr]    Compiling log v0.4.17
[INFO] [stderr]    Compiling hashbrown v0.12.3
[INFO] [stderr]    Compiling winnow v0.4.1
[INFO] [stderr]    Compiling ahash v0.7.6
[INFO] [stderr]    Compiling parking_lot_core v0.9.7
[INFO] [stderr]    Compiling memchr v2.5.0
[INFO] [stderr]    Compiling thiserror v1.0.40
[INFO] [stderr]    Compiling syn v2.0.13
[INFO] [stderr]    Compiling libm v0.2.6
[INFO] [stderr]     Checking pin-project-lite v0.2.9
[INFO] [stderr]     Checking fixedbitset v0.4.2
[INFO] [stderr]    Compiling num-traits v0.2.15
[INFO] [stderr]    Compiling slab v0.4.8
[INFO] [stderr]     Checking getrandom v0.2.9
[INFO] [stderr]    Compiling futures-core v0.3.28
[INFO] [stderr]     Checking rustc-hash v1.1.0
[INFO] [stderr]     Checking tracing-core v0.1.30
[INFO] [stderr]     Checking instant v0.1.12
[INFO] [stderr]    Compiling cfg-if v1.0.0
[INFO] [stderr]     Checking event-listener v2.5.3
[INFO] [stderr]    Compiling erased-serde v0.3.25
[INFO] [stderr]     Checking tracing v0.1.37
[INFO] [stderr]     Checking concurrent-queue v2.2.0
[INFO] [stderr]     Checking downcast-rs v1.2.0
[INFO] [stderr]     Checking waker-fn v1.1.0
[INFO] [stderr]     Checking parking v2.1.0
[INFO] [stderr]    Compiling bit-vec v0.6.3
[INFO] [stderr]     Checking futures-io v0.3.28
[INFO] [stderr]     Checking async-lock v2.7.0
[INFO] [stderr]     Checking futures-lite v1.13.0
[INFO] [stderr]    Compiling bit-set v0.5.3
[INFO] [stderr]    Compiling uuid v1.3.1
[INFO] [stderr]     Checking async-task v4.4.0
[INFO] [stderr]     Checking async-channel v1.8.0
[INFO] [stderr]     Checking thread_local v1.1.7
[INFO] [stderr]     Checking bevy_ptr v0.10.1
[INFO] [stderr]    Compiling toml_datetime v0.6.1
[INFO] [stderr]    Compiling serde_spanned v0.6.1
[INFO] [stderr]     Checking regex-syntax v0.6.29
[INFO] [stderr]     Checking arrayvec v0.7.2
[INFO] [stderr]     Checking aho-corasick v0.7.20
[INFO] [stderr]    Compiling toml_edit v0.19.8
[INFO] [stderr]     Checking overload v0.1.1
[INFO] [stderr]     Checking tracing-log v0.1.3
[INFO] [stderr]     Checking nu-ansi-term v0.46.0
[INFO] [stderr]     Checking async-executor v1.5.1
[INFO] [stderr]     Checking sharded-slab v0.1.4
[INFO] [stderr]     Checking crossbeam-channel v0.5.8
[INFO] [stderr]     Checking bevy_tasks v0.10.1
[INFO] [stderr]    Compiling pkg-config v0.3.26
[INFO] [stderr]     Checking num-integer v0.1.45
[INFO] [stderr]     Checking raw-window-handle v0.5.2
[INFO] [stderr]     Checking static_assertions v1.1.0
[INFO] [stderr]     Checking mio v0.8.6
[INFO] [stderr]     Checking num-rational v0.4.1
[INFO] [stderr]     Checking libloading v0.7.4
[INFO] [stderr]    Compiling anyhow v1.0.70
[INFO] [stderr]    Compiling ash v0.37.2+1.3.238
[INFO] [stderr]     Checking unicode-xid v0.2.4
[INFO] [stderr]    Compiling khronos-egl v4.1.0
[INFO] [stderr]     Checking codespan-reporting v0.11.1
[INFO] [stderr]     Checking miniz_oxide v0.6.2
[INFO] [stderr]     Checking pp-rs v0.2.1
[INFO] [stderr]     Checking regex-automata v0.1.10
[INFO] [stderr]     Checking regex v1.7.3
[INFO] [stderr]     Checking spirv v0.2.0+1.5.4
[INFO] [stderr]     Checking inotify-sys v0.1.5
[INFO] [stderr]     Checking gpu-descriptor-types v0.1.1
[INFO] [stderr]     Checking gpu-alloc-types v0.2.0
[INFO] [stderr]     Checking same-file v1.0.6
[INFO] [stderr]     Checking hexf-parse v0.2.1
[INFO] [stderr]    Compiling bevy_macro_utils v0.10.1
[INFO] [stderr]     Checking walkdir v2.3.3
[INFO] [stderr]     Checking matchers v0.1.0
[INFO] [stderr]     Checking gpu-alloc v0.5.3
[INFO] [stderr]     Checking flate2 v1.0.25
[INFO] [stderr]     Checking inotify v0.9.6
[INFO] [stderr]    Compiling encase_derive_impl v0.5.0
[INFO] [stderr]     Checking fxhash v0.2.1
[INFO] [stderr]     Checking filetime v0.2.21
[INFO] [stderr]     Checking sysinfo v0.28.4
[INFO] [stderr]    Compiling bytemuck_derive v1.4.1
[INFO] [stderr]    Compiling thiserror-impl v1.0.40
[INFO] [stderr]     Checking wgpu-types v0.15.2
[INFO] [stderr]     Checking glow v0.12.1
[INFO] [stderr]     Checking profiling v1.0.7
[INFO] [stderr]     Checking renderdoc-sys v0.7.1
[INFO] [stderr]     Checking notify v5.1.0
[INFO] [stderr]     Checking png v0.17.7
[INFO] [stderr]    Compiling bevy_utils_proc_macros v0.10.1
[INFO] [stderr]    Compiling bevy_reflect_derive v0.10.1
[INFO] [stderr]     Checking bytemuck v1.13.1
[INFO] [stderr]    Compiling bevy_ecs_macros v0.10.1
[INFO] [stderr]    Compiling bevy_derive v0.10.1
[INFO] [stderr]     Checking jpeg-decoder v0.3.0
[INFO] [stderr]    Compiling encase_derive v0.5.0
[INFO] [stderr]     Checking twox-hash v1.6.3
[INFO] [stderr]     Checking const_panic v0.2.7
[INFO] [stderr]     Checking ruzstd v0.2.4
[INFO] [stderr]     Checking image v0.24.6
[INFO] [stderr]    Compiling bevy_render_macros v0.10.1
[INFO] [stderr]    Compiling bevy_encase_derive v0.10.1
[INFO] [stderr]     Checking ktx2 v0.3.0
[INFO] [stderr]     Checking approx v0.5.1
[INFO] [stderr]     Checking ttf-parser v0.18.1
[INFO] [stderr]     Checking ab_glyph_rasterizer v0.1.8
[INFO] [stderr]     Checking percent-encoding v2.2.0
[INFO] [stderr]     Checking radsort v0.1.0
[INFO] [stderr]    Compiling xml-rs v0.8.4
[INFO] [stderr]    Compiling x11-dl v2.21.0
[INFO] [stderr]    Compiling libudev-sys v0.1.4
[INFO] [stderr]    Compiling serde_json v1.0.95
[INFO] [stderr]    Compiling cfg_aliases v0.1.1
[INFO] [stderr]     Checking euclid v0.22.9
[INFO] [stderr]    Compiling slotmap v1.0.6
[INFO] [stderr]    Compiling wayland-scanner v0.29.5
[INFO] [stderr]     Checking svg_fmt v0.4.1
[INFO] [stderr]     Checking ryu v1.0.13
[INFO] [stderr]     Checking accesskit v0.10.1
[INFO] [stderr]     Checking vec_map v0.8.2
[INFO] [stderr]    Compiling inflections v1.1.1
[INFO] [stderr]     Checking itoa v1.0.6
[INFO] [stderr]     Checking guillotiere v0.6.2
[INFO] [stderr]    Compiling gltf-derive v1.1.0
[INFO] [stderr]     Checking nix v0.26.2
[INFO] [stderr]     Checking xi-unicode v0.3.0
[INFO] [stderr]    Compiling gilrs v0.10.1
[INFO] [stderr]     Checking rectangle-pack v0.4.2
[INFO] [stderr]     Checking owned_ttf_parser v0.18.1
[INFO] [stderr]     Checking ab_glyph v0.2.20
[INFO] [stderr]     Checking fnv v1.0.7
[INFO] [stderr]     Checking urlencoding v2.1.2
[INFO] [stderr]    Compiling winit v0.28.3
[INFO] [stderr]    Compiling memoffset v0.6.5
[INFO] [stderr]     Checking glyph_brush_layout v0.2.3
[INFO] [stderr]    Compiling ahash v0.8.3
[INFO] [stderr]     Checking tinyvec_macros v0.1.1
[INFO] [stderr]     Checking tinyvec v1.6.0
[INFO] [stderr]     Checking taffy v0.3.10
[INFO] [stderr]     Checking ecolor v0.21.0
[INFO] [stderr]     Checking nix v0.24.3
[INFO] [stderr]     Checking emath v0.21.0
[INFO] [stderr]    Compiling memoffset v0.8.0
[INFO] [stderr]     Checking unicode-bidi v0.3.13
[INFO] [stderr]     Checking nohash-hasher v0.2.0
[INFO] [stderr]     Checking form_urlencoded v1.1.0
[INFO] [stderr]     Checking unicode-normalization v0.1.22
[INFO] [stderr]     Checking dirs-sys v0.3.7
[INFO] [stderr]     Checking gethostname v0.2.3
[INFO] [stderr]    Compiling crossbeam-epoch v0.9.14
[INFO] [stderr]    Compiling libm v0.1.4
[INFO] [stderr]     Checking dirs v4.0.0
[INFO] [stderr]    Compiling paste v1.0.12
[INFO] [stderr]     Checking either v1.8.1
[INFO] [stderr]     Checking smallvec v1.10.0
[INFO] [stderr]     Checking glam v0.23.0
[INFO] [stderr]     Checking tracing-subscriber v0.3.16
[INFO] [stderr]     Checking parking_lot v0.12.1
[INFO] [stderr]     Checking gpu-descriptor v0.2.3
[INFO] [stderr]     Checking petgraph v0.6.3
[INFO] [stderr]     Checking gilrs-core v0.5.4
[INFO] [stderr]     Checking ron v0.8.0
[INFO] [stderr]     Checking bevy_math v0.10.1
[INFO] [stderr]     Checking encase v0.5.0
[INFO] [stderr]     Checking bevy_mikktspace v0.10.1
[INFO] [stderr]     Checking hexasphere v8.1.0
[INFO] [stderr]     Checking gltf-json v1.1.0
[INFO] [stderr]     Checking epaint v0.21.0
[INFO] [stderr]     Checking idna v0.3.0
[INFO] [stderr]    Compiling packed_simd_2 v0.3.8
[INFO] [stderr]     Checking url v2.3.1
[INFO] [stderr]     Checking safe_arch v0.6.0
[INFO] [stderr]     Checking bevy_utils v0.10.1
[INFO] [stderr]     Checking naga v0.11.0
[INFO] [stderr]     Checking bevy_reflect v0.10.1
[INFO] [stderr]     Checking accesskit_winit v0.12.4
[INFO] [stderr]     Checking egui v0.21.0
[INFO] [stderr]     Checking webbrowser v0.8.8
[INFO] [stderr]     Checking symphonia-core v0.5.2
[INFO] [stderr]     Checking encoding_rs v0.8.32
[INFO] [stderr]    Compiling typenum v1.16.0
[INFO] [stderr]     Checking x11rb-protocol v0.10.0
[INFO] [stderr]     Checking wide v0.7.8
[INFO] [stderr]     Checking gltf v1.1.0
[INFO] [stderr]     Checking symphonia-metadata v0.5.2
[INFO] [stderr]     Checking crossbeam-deque v0.8.3
[INFO] [stderr]     Checking num-complex v0.4.3
[INFO] [stdout] error[E0554]: `#![feature]` may not be used on the beta release channel
[INFO] [stdout]    --> /opt/rustwide/cargo-home/registry/src/index.crates.io-6f17d22bba15001f/packed_simd_2-0.3.8/src/lib.rs:214:1
[INFO] [stdout]     |
[INFO] [stdout] 214 | / #![feature(
[INFO] [stdout] 215 | |     adt_const_params,
[INFO] [stdout] 216 | |     repr_simd,
[INFO] [stdout] 217 | |     rustc_attrs,
[INFO] [stdout] ...   |
[INFO] [stdout] 224 | |     custom_inner_attributes,
[INFO] [stdout] 225 | | )]
[INFO] [stdout]     | |__^
[INFO] [stdout] 
[INFO] [stdout] 
[INFO] [stderr]    Compiling alsa-sys v0.3.1
[INFO] [stderr]    Compiling semver v1.0.17
[INFO] [stderr]     Checking rawpointer v0.2.1
[INFO] [stderr]    Compiling crossbeam-queue v0.3.8
[INFO] [stderr]     Checking matrixmultiply v0.3.2
[INFO] [stdout] error[E0554]: `#![feature]` may not be used on the beta release channel
[INFO] [stdout]    --> /opt/rustwide/cargo-home/registry/src/index.crates.io-6f17d22bba15001f/packed_simd_2-0.3.8/src/lib.rs:219:5
[INFO] [stdout]     |
[INFO] [stdout] 219 |     stdsimd,
[INFO] [stdout]     |     ^^^^^^^
[INFO] [stdout] 
[INFO] [stdout] 
[INFO] [stdout] error[E0554]: `#![feature]` may not be used on the beta release channel
[INFO] [stdout]    --> /opt/rustwide/cargo-home/registry/src/index.crates.io-6f17d22bba15001f/packed_simd_2-0.3.8/src/lib.rs:222:5
[INFO] [stdout]     |
[INFO] [stdout] 222 |     core_intrinsics,
[INFO] [stdout]     |     ^^^^^^^^^^^^^^^
[INFO] [stdout] 
[INFO] [stdout] 
[INFO] [stderr]     Checking symphonia-utils-xiph v0.5.2
[INFO] [stderr]    Compiling nalgebra-macros v0.2.0
[INFO] [stderr]     Checking bevy_ecs v0.10.1
[INFO] [stderr]     Checking num_cpus v1.15.0
[INFO] [stderr]     Checking pretty-type-name v1.0.1
[INFO] [stderr]     Checking optional v0.5.0
[INFO] [stderr]    Compiling ident_case v1.0.1
[INFO] [stderr]    Compiling strsim v0.10.0
[INFO] [stderr]     Checking robust v0.2.3
[INFO] [stderr]    Compiling darling_core v0.14.4
[INFO] [stderr]     Checking spade v2.1.0
[INFO] [stderr]     Checking rayon-core v1.11.0
[INFO] [stdout] error: unrecognized platform-specific intrinsic function: `simd_shuffle2`
[INFO] [stdout]   --> /opt/rustwide/cargo-home/registry/src/index.crates.io-6f17d22bba15001f/packed_simd_2-0.3.8/src/codegen/llvm.rs:10:5
[INFO] [stdout]    |
[INFO] [stdout] 10 |     pub fn simd_shuffle2<T, U>(x: T, y: T, idx: [u32; 2]) -> U;
[INFO] [stdout]    |     ^^^^^^^^^^^^^^^^^^^^^^^^^^^^^^^^^^^^^^^^^^^^^^^^^^^^^^^^^^^
[INFO] [stdout] 
[INFO] [stdout] 
[INFO] [stdout] error: unrecognized platform-specific intrinsic function: `simd_shuffle4`
[INFO] [stdout]   --> /opt/rustwide/cargo-home/registry/src/index.crates.io-6f17d22bba15001f/packed_simd_2-0.3.8/src/codegen/llvm.rs:11:5
[INFO] [stdout]    |
[INFO] [stdout] 11 |     pub fn simd_shuffle4<T, U>(x: T, y: T, idx: [u32; 4]) -> U;
[INFO] [stdout]    |     ^^^^^^^^^^^^^^^^^^^^^^^^^^^^^^^^^^^^^^^^^^^^^^^^^^^^^^^^^^^
[INFO] [stdout] 
[INFO] [stdout] 
[INFO] [stdout] error: unrecognized platform-specific intrinsic function: `simd_shuffle8`
[INFO] [stdout]   --> /opt/rustwide/cargo-home/registry/src/index.crates.io-6f17d22bba15001f/packed_simd_2-0.3.8/src/codegen/llvm.rs:12:5
[INFO] [stdout]    |
[INFO] [stdout] 12 |     pub fn simd_shuffle8<T, U>(x: T, y: T, idx: [u32; 8]) -> U;
[INFO] [stdout]    |     ^^^^^^^^^^^^^^^^^^^^^^^^^^^^^^^^^^^^^^^^^^^^^^^^^^^^^^^^^^^
[INFO] [stdout] 
[INFO] [stdout] 
[INFO] [stdout] error: unrecognized platform-specific intrinsic function: `simd_shuffle16`
[INFO] [stdout]   --> /opt/rustwide/cargo-home/registry/src/index.crates.io-6f17d22bba15001f/packed_simd_2-0.3.8/src/codegen/llvm.rs:13:5
[INFO] [stdout]    |
[INFO] [stdout] 13 |     pub fn simd_shuffle16<T, U>(x: T, y: T, idx: [u32; 16]) -> U;
[INFO] [stdout]    |     ^^^^^^^^^^^^^^^^^^^^^^^^^^^^^^^^^^^^^^^^^^^^^^^^^^^^^^^^^^^^^
[INFO] [stdout] 
[INFO] [stdout] 
[INFO] [stdout] error: unrecognized platform-specific intrinsic function: `simd_shuffle32`
[INFO] [stdout]   --> /opt/rustwide/cargo-home/registry/src/index.crates.io-6f17d22bba15001f/packed_simd_2-0.3.8/src/codegen/llvm.rs:14:5
[INFO] [stdout]    |
[INFO] [stdout] 14 |     pub fn simd_shuffle32<T, U>(x: T, y: T, idx: [u32; 32]) -> U;
[INFO] [stdout]    |     ^^^^^^^^^^^^^^^^^^^^^^^^^^^^^^^^^^^^^^^^^^^^^^^^^^^^^^^^^^^^^
[INFO] [stdout] 
[INFO] [stdout] 
[INFO] [stdout] error: unrecognized platform-specific intrinsic function: `simd_shuffle64`
[INFO] [stdout]   --> /opt/rustwide/cargo-home/registry/src/index.crates.io-6f17d22bba15001f/packed_simd_2-0.3.8/src/codegen/llvm.rs:15:5
[INFO] [stdout]    |
[INFO] [stdout] 15 |     pub fn simd_shuffle64<T, U>(x: T, y: T, idx: [u32; 64]) -> U;
[INFO] [stdout]    |     ^^^^^^^^^^^^^^^^^^^^^^^^^^^^^^^^^^^^^^^^^^^^^^^^^^^^^^^^^^^^^
[INFO] [stdout] 
[INFO] [stdout] 
[INFO] [stderr]    Compiling num-derive v0.3.3
[INFO] [stderr]    Compiling bevy-inspector-egui-derive v0.18.1
[INFO] [stderr]     Checking rand_core v0.6.4
[INFO] [stderr]    Compiling cpal v0.15.2
[INFO] [stderr]     Checking x11rb v0.10.1
[INFO] [stderr]    Compiling proc-macro-crate v1.3.1
[INFO] [stderr]     Checking wgpu-hal v0.15.4
[INFO] [stderr]     Checking alsa v0.7.0
[INFO] [stderr]    Compiling rustc_version v0.4.0
[INFO] [stderr]     Checking arboard v3.2.0
[INFO] [stderr]     Checking crossbeam v0.8.2
[INFO] [stderr]     Checking rayon v1.7.0
[INFO] [stderr]     Checking symphonia-codec-vorbis v0.5.2
[INFO] [stderr]     Checking symphonia-format-ogg v0.5.2
[INFO] [stderr]    Compiling darling_macro v0.14.4
[INFO] [stderr]     Checking egui_dock v0.4.2
[INFO] [stderr]    Compiling ctor v0.2.0
[INFO] [stderr]    Compiling ghost v0.1.9
[INFO] [stderr]     Checking bstr v1.4.0
[INFO] [stderr]    Compiling toml v0.7.3
[INFO] [stdout] error: aborting due to 9 previous errors
[INFO] [stdout] 
[INFO] [stdout] 
[INFO] [stdout] For more information about this error, try `rustc --explain E0554`.
[INFO] [stdout] 
[INFO] [stderr]     Checking wgpu-core v0.15.1
[INFO] [stderr] error: could not compile `packed_simd_2` (lib) due to 10 previous errors
[INFO] [stderr] warning: build failed, waiting for other jobs to finish...
[INFO] running `Command { std: "docker" "inspect" "423b772bba22c2cce2f317839979078a64242c2d53aa9781768a6de906a714eb", kill_on_drop: false }`
[INFO] running `Command { std: "docker" "rm" "-f" "423b772bba22c2cce2f317839979078a64242c2d53aa9781768a6de906a714eb", kill_on_drop: false }`
[INFO] [stdout] 423b772bba22c2cce2f317839979078a64242c2d53aa9781768a6de906a714eb
