[INFO] cloning repository https://github.com/JellyWX/suggestion-bot-rs
[INFO] running `Command { std: "git" "-c" "credential.helper=" "-c" "credential.helper=/workspace/cargo-home/bin/git-credential-null" "clone" "--bare" "https://github.com/JellyWX/suggestion-bot-rs" "/workspace/cache/git-repos/https%3A%2F%2Fgithub.com%2FJellyWX%2Fsuggestion-bot-rs", kill_on_drop: false }`
[INFO] [stderr] Cloning into bare repository '/workspace/cache/git-repos/https%3A%2F%2Fgithub.com%2FJellyWX%2Fsuggestion-bot-rs'...
[INFO] running `Command { std: "git" "rev-parse" "HEAD", kill_on_drop: false }`
[INFO] [stdout] 57395f3fd8c54b60cce4b5565458db0491ac581f
[INFO] documenting JellyWX/suggestion-bot-rs against 1.75.0 for beta-1.76-rustdoc-1
[INFO] running `Command { std: "git" "clone" "/workspace/cache/git-repos/https%3A%2F%2Fgithub.com%2FJellyWX%2Fsuggestion-bot-rs" "/workspace/builds/worker-4-tc1/source", kill_on_drop: false }`
[INFO] [stderr] Cloning into '/workspace/builds/worker-4-tc1/source'...
[INFO] [stderr] done.
[INFO] validating manifest of git repo https://github.com/JellyWX/suggestion-bot-rs on toolchain 1.75.0
[INFO] running `Command { std: CARGO_HOME="/workspace/cargo-home" RUSTUP_HOME="/workspace/rustup-home" "/workspace/cargo-home/bin/cargo" "+1.75.0" "metadata" "--manifest-path" "Cargo.toml" "--no-deps", kill_on_drop: false }`
[INFO] started tweaking git repo https://github.com/JellyWX/suggestion-bot-rs
[INFO] finished tweaking git repo https://github.com/JellyWX/suggestion-bot-rs
[INFO] tweaked toml for git repo https://github.com/JellyWX/suggestion-bot-rs written to /workspace/builds/worker-4-tc1/source/Cargo.toml
[INFO] crate git repo https://github.com/JellyWX/suggestion-bot-rs already has a lockfile, it will not be regenerated
[INFO] running `Command { std: CARGO_HOME="/workspace/cargo-home" RUSTUP_HOME="/workspace/rustup-home" "/workspace/cargo-home/bin/cargo" "+1.75.0" "fetch" "--manifest-path" "Cargo.toml", kill_on_drop: false }`
[INFO] [stderr]     Updating crates.io index
[INFO] [stderr]  Downloading crates ...
[INFO] [stderr]   Downloaded ryu v0.2.6
[INFO] [stderr]   Downloaded num-bigint v0.2.0
[INFO] [stderr]   Downloaded phf_shared v0.7.23
[INFO] [stderr]   Downloaded security-framework-sys v0.1.16
[INFO] [stderr]   Downloaded hyper-native-tls v0.2.4
[INFO] [stderr]   Downloaded security-framework v0.1.16
[INFO] [stderr]   Downloaded url v1.7.1
[INFO] [stderr]   Downloaded multipart v0.13.6
[INFO] [stderr]   Downloaded unicode-normalization v0.1.7
[INFO] [stderr]   Downloaded serde_json v1.0.32
[INFO] [stderr]   Downloaded openssl v0.9.24
[INFO] [stderr]   Downloaded openssl-sys v0.9.36
[INFO] [stderr]   Downloaded serde v1.0.80
[INFO] [stderr]   Downloaded native-tls v0.1.5
[INFO] [stderr]   Downloaded dotenv v0.9.0
[INFO] [stderr]   Downloaded phf_codegen v0.7.23
[INFO] [stderr]   Downloaded phf v0.7.23
[INFO] [stderr]   Downloaded bit-vec v0.5.0
[INFO] [stderr]   Downloaded evzht9h3nznqzwl v0.0.3
[INFO] [stderr]   Downloaded twox-hash v1.1.1
[INFO] [stderr]   Downloaded named_pipe v0.3.0
[INFO] [stderr]   Downloaded checked v0.5.0
[INFO] [stderr]   Downloaded atoi v0.2.3
[INFO] [stderr]   Downloaded mime_guess v1.8.6
[INFO] [stderr]   Downloaded phf_generator v0.7.23
[INFO] [stderr]   Downloaded mysql_common v0.9.2
[INFO] [stderr]   Downloaded mysql v14.1.0
[INFO] [stderr]   Downloaded serde_derive v1.0.80
[INFO] [stderr]   Downloaded flate2 v1.0.3
[INFO] [stderr]   Downloaded serenity v0.5.9
[INFO] running `Command { std: "docker" "create" "-v" "/var/lib/crater-agent-workspace/builds/worker-4-tc1/target:/opt/rustwide/target:rw,Z" "-v" "/var/lib/crater-agent-workspace/builds/worker-4-tc1/source:/opt/rustwide/workdir:ro,Z" "-v" "/var/lib/crater-agent-workspace/cargo-home:/opt/rustwide/cargo-home:ro,Z" "-v" "/var/lib/crater-agent-workspace/rustup-home:/opt/rustwide/rustup-home:ro,Z" "-e" "SOURCE_DIR=/opt/rustwide/workdir" "-e" "CARGO_TARGET_DIR=/opt/rustwide/target" "-e" "CARGO_HOME=/opt/rustwide/cargo-home" "-e" "RUSTUP_HOME=/opt/rustwide/rustup-home" "-w" "/opt/rustwide/workdir" "-m" "1610612736" "--user" "0:0" "--network" "none" "ghcr.io/rust-lang/crates-build-env/linux@sha256:2788e3201cd34a07e3172128adcd8b3090168a8e3bcc40d7c032b9dda1df7d1c" "/opt/rustwide/cargo-home/bin/cargo" "+1.75.0" "metadata" "--no-deps" "--format-version=1", kill_on_drop: false }`
[INFO] [stdout] 752f61b2a1ca7051d4e04f9858cf66036dd97aa3fff1a4b30846c7138a932002
[INFO] running `Command { std: "docker" "start" "-a" "752f61b2a1ca7051d4e04f9858cf66036dd97aa3fff1a4b30846c7138a932002", kill_on_drop: false }`
[INFO] running `Command { std: "docker" "inspect" "752f61b2a1ca7051d4e04f9858cf66036dd97aa3fff1a4b30846c7138a932002", kill_on_drop: false }`
[INFO] running `Command { std: "docker" "rm" "-f" "752f61b2a1ca7051d4e04f9858cf66036dd97aa3fff1a4b30846c7138a932002", kill_on_drop: false }`
[INFO] [stdout] 752f61b2a1ca7051d4e04f9858cf66036dd97aa3fff1a4b30846c7138a932002
[INFO] running `Command { std: "docker" "create" "-v" "/var/lib/crater-agent-workspace/builds/worker-4-tc1/target:/opt/rustwide/target:rw,Z" "-v" "/var/lib/crater-agent-workspace/builds/worker-4-tc1/source:/opt/rustwide/workdir:ro,Z" "-v" "/var/lib/crater-agent-workspace/cargo-home:/opt/rustwide/cargo-home:ro,Z" "-v" "/var/lib/crater-agent-workspace/rustup-home:/opt/rustwide/rustup-home:ro,Z" "-e" "SOURCE_DIR=/opt/rustwide/workdir" "-e" "CARGO_TARGET_DIR=/opt/rustwide/target" "-e" "CARGO_INCREMENTAL=0" "-e" "RUST_BACKTRACE=full" "-e" "RUSTFLAGS=--cap-lints=warn" "-e" "RUSTDOCFLAGS=--cap-lints=warn" "-e" "CARGO_HOME=/opt/rustwide/cargo-home" "-e" "RUSTUP_HOME=/opt/rustwide/rustup-home" "-w" "/opt/rustwide/workdir" "-m" "1610612736" "--user" "0:0" "--network" "none" "ghcr.io/rust-lang/crates-build-env/linux@sha256:2788e3201cd34a07e3172128adcd8b3090168a8e3bcc40d7c032b9dda1df7d1c" "/opt/rustwide/cargo-home/bin/cargo" "+1.75.0" "doc" "--frozen" "--no-deps" "--document-private-items" "--message-format=json", kill_on_drop: false }`
[INFO] [stdout] a4ac911914cbe028518e65aa07b42f9648e198afd8242bc9dca27de88df855a5
[INFO] running `Command { std: "docker" "start" "-a" "a4ac911914cbe028518e65aa07b42f9648e198afd8242bc9dca27de88df855a5", kill_on_drop: false }`
[INFO] [stderr]    Compiling version_check v0.1.5
[INFO] [stderr]     Checking libc v0.2.43
[INFO] [stderr]     Checking cfg-if v0.1.5
[INFO] [stderr]    Compiling cc v1.0.25
[INFO] [stderr]    Compiling num-traits v0.2.6
[INFO] [stderr]     Checking byteorder v1.2.6
[INFO] [stderr]    Compiling pkg-config v0.3.14
[INFO] [stderr]    Compiling rand_core v0.3.0
[INFO] [stderr]     Checking matches v0.1.8
[INFO] [stderr]    Compiling siphasher v0.2.3
[INFO] [stderr]     Checking unicode-normalization v0.1.7
[INFO] [stderr]     Checking void v1.0.2
[INFO] [stderr]    Compiling httparse v1.3.3
[INFO] [stderr]     Checking ucd-util v0.1.1
[INFO] [stderr]     Checking percent-encoding v1.0.1
[INFO] [stderr]     Checking log v0.4.5
[INFO] [stderr]    Compiling serde v1.0.80
[INFO] [stderr]     Checking unicode-bidi v0.3.4
[INFO] [stderr]     Checking safemem v0.2.0
[INFO] [stderr]     Checking traitobject v0.1.0
[INFO] [stderr]    Compiling rand_core v0.2.2
[INFO] [stderr]    Compiling typenum v1.10.0
[INFO] [stderr]     Checking log v0.3.9
[INFO] [stderr]    Compiling num-integer v0.1.39
[INFO] [stderr]     Checking unreachable v1.0.0
[INFO] [stderr]    Compiling proc-macro2 v0.4.20
[INFO] [stderr]     Checking foreign-types-shared v0.1.1
[INFO] [stderr]    Compiling ryu v0.2.6
[INFO] [stderr]    Compiling openssl v0.9.24
[INFO] [stderr]    Compiling unicase v1.4.2
[INFO] [stderr]    Compiling lazy_static v1.1.0
[INFO] [stderr]    Compiling memchr v2.1.0
[INFO] [stderr]    Compiling rand v0.5.5
[INFO] [stderr]     Checking rand v0.4.3
[INFO] [stderr]     Checking time v0.1.40
[INFO] [stderr]     Checking num_cpus v1.8.0
[INFO] [stderr]     Checking mime v0.2.6
[INFO] [stderr]     Checking foreign-types v0.3.2
[INFO] [stderr]     Checking thread_local v0.3.6
[INFO] [stderr]     Checking smallvec v0.6.5
[INFO] [stderr]    Compiling phf_shared v0.7.23
[INFO] [stderr]     Checking base64 v0.6.0
[INFO] [stderr]     Checking typeable v0.1.2
[INFO] [stderr]     Checking language-tags v0.2.2
[INFO] [stderr]     Checking utf8-ranges v1.0.1
[INFO] [stderr]    Compiling unicode-xid v0.1.0
[INFO] [stderr]     Checking bitflags v1.0.4
[INFO] [stderr]     Checking bitflags v0.9.1
[INFO] [stderr]     Checking aho-corasick v0.6.8
[INFO] [stderr]     Checking arrayref v0.3.5
[INFO] [stderr]     Checking itoa v0.4.3
[INFO] [stderr]    Compiling num-bigint v0.2.0
[INFO] [stderr]     Checking byte-tools v0.2.0
[INFO] [stderr]    Compiling regex v1.0.5
[INFO] [stderr]     Checking lazy_static v0.2.11
[INFO] [stderr]     Checking safemem v0.3.0
[INFO] [stderr]     Checking phf v0.7.23
[INFO] [stderr]     Checking rand v0.3.22
[INFO] [stderr]     Checking block-buffer v0.3.3
[INFO] [stderr]     Checking regex-syntax v0.6.2
[INFO] [stderr]     Checking base64 v0.9.3
[INFO] [stderr]     Checking remove_dir_all v0.5.1
[INFO] [stderr]    Compiling nix v0.11.0
[INFO] [stderr]     Checking fake-simd v0.1.2
[INFO] [stderr]     Checking stable_deref_trait v1.1.1
[INFO] [stderr]    Compiling openssl-sys v0.9.36
[INFO] [stderr]    Compiling miniz-sys v0.1.10
[INFO] [stderr]    Compiling regex v0.2.11
[INFO] [stderr]     Checking owning_ref v0.3.3
[INFO] [stderr]     Checking atoi v0.2.3
[INFO] [stderr]     Checking idna v0.1.5
[INFO] [stderr]    Compiling quote v0.6.8
[INFO] [stderr]     Checking checked v0.5.0
[INFO] [stderr]     Checking tempdir v0.3.7
[INFO] [stderr]     Checking uuid v0.5.1
[INFO] [stderr]    Compiling phf_generator v0.7.23
[INFO] [stderr]     Checking generic-array v0.9.0
[INFO] [stderr]    Compiling syn v0.15.11
[INFO] [stderr]    Compiling phf_codegen v0.7.23
[INFO] [stderr]     Checking parking_lot_core v0.2.14
[INFO] [stderr]     Checking unsafe-any v0.4.2
[INFO] [stderr]     Checking base64 v0.8.0
[INFO] [stderr]     Checking regex-syntax v0.5.6
[INFO] [stderr]     Checking uuid v0.6.5
[INFO] [stderr]     Checking digest v0.7.6
[INFO] [stderr]     Checking bit-vec v0.5.0
[INFO] [stderr]     Checking sha1 v0.2.0
[INFO] [stderr]     Checking antidote v1.0.0
[INFO] [stderr]     Checking sha2 v0.7.1
[INFO] [stderr]    Compiling mime_guess v1.8.6
[INFO] [stderr]     Checking url v1.7.1
[INFO] [stderr]     Checking sha1 v0.6.0
[INFO] [stderr]     Checking parking_lot v0.5.5
[INFO] [stderr]     Checking twox-hash v1.1.1
[INFO] [stderr]     Checking typemap v0.3.3
[INFO] [stderr]     Checking threadpool v1.7.1
[INFO] [stderr] The following warnings were emitted during compilation:
[INFO] [stderr] 
[INFO] [stderr] warning: openssl-sys@0.9.36: /opt/rustwide/target/debug/build/openssl-sys-b7494702d0ba7381/out/expando.c:4:24: error: pasting "RUST_VERSION_OPENSSL_" and "(" does not give a valid preprocessing token
[INFO] [stderr] warning: openssl-sys@0.9.36:     4 | #define VERSION2(n, v) RUST_VERSION_ ## n ## _ ## v
[INFO] [stderr] warning: openssl-sys@0.9.36:       |                        ^~~~~~~~~~~~~
[INFO] [stderr] warning: openssl-sys@0.9.36: /opt/rustwide/target/debug/build/openssl-sys-b7494702d0ba7381/out/expando.c:5:23: note: in expansion of macro 'VERSION2'
[INFO] [stderr] warning: openssl-sys@0.9.36:     5 | #define VERSION(n, v) VERSION2(n, v)
[INFO] [stderr] warning: openssl-sys@0.9.36:       |                       ^~~~~~~~
[INFO] [stderr] warning: openssl-sys@0.9.36: /opt/rustwide/target/debug/build/openssl-sys-b7494702d0ba7381/out/expando.c:7:1: note: in expansion of macro 'VERSION'
[INFO] [stderr] warning: openssl-sys@0.9.36:     7 | VERSION(OPENSSL, OPENSSL_VERSION_NUMBER)
[INFO] [stderr] warning: openssl-sys@0.9.36:       | ^~~~~~~
[INFO] [stderr] 
[INFO] [stderr] error: failed to run custom build command for `openssl-sys v0.9.36`
[INFO] [stderr] note: To improve backtraces for build dependencies, set the CARGO_PROFILE_DEV_BUILD_OVERRIDE_DEBUG=true environment variable to enable debug information generation.
[INFO] [stderr] 
[INFO] [stderr] Caused by:
[INFO] [stderr]   process didn't exit successfully: `/opt/rustwide/target/debug/build/openssl-sys-57fe902641a47f02/build-script-main` (exit status: 101)
[INFO] [stderr]   --- stdout
[INFO] [stderr]   cargo:rerun-if-env-changed=X86_64_UNKNOWN_LINUX_GNU_OPENSSL_LIB_DIR
[INFO] [stderr]   cargo:rerun-if-env-changed=OPENSSL_LIB_DIR
[INFO] [stderr]   cargo:rerun-if-env-changed=X86_64_UNKNOWN_LINUX_GNU_OPENSSL_INCLUDE_DIR
[INFO] [stderr]   cargo:rerun-if-env-changed=OPENSSL_INCLUDE_DIR
[INFO] [stderr]   cargo:rerun-if-env-changed=X86_64_UNKNOWN_LINUX_GNU_OPENSSL_DIR
[INFO] [stderr]   cargo:rerun-if-env-changed=OPENSSL_DIR
[INFO] [stderr]   cargo:rustc-link-lib=ssl
[INFO] [stderr]   cargo:rustc-link-lib=crypto
[INFO] [stderr]   OPT_LEVEL = Some("0")
[INFO] [stderr]   TARGET = Some("x86_64-unknown-linux-gnu")
[INFO] [stderr]   HOST = Some("x86_64-unknown-linux-gnu")
[INFO] [stderr]   CC_x86_64-unknown-linux-gnu = None
[INFO] [stderr]   CC_x86_64_unknown_linux_gnu = None
[INFO] [stderr]   HOST_CC = None
[INFO] [stderr]   CC = None
[INFO] [stderr]   CFLAGS_x86_64-unknown-linux-gnu = None
[INFO] [stderr]   CFLAGS_x86_64_unknown_linux_gnu = None
[INFO] [stderr]   HOST_CFLAGS = None
[INFO] [stderr]   CFLAGS = None
[INFO] [stderr]   DEBUG = Some("true")
[INFO] [stderr]   running: "cc" "-O0" "-ffunction-sections" "-fdata-sections" "-fPIC" "-g" "-fno-omit-frame-pointer" "-m64" "-Wall" "-Wextra" "-E" "/opt/rustwide/target/debug/build/openssl-sys-b7494702d0ba7381/out/expando.c"
[INFO] [stderr]   cargo:warning=/opt/rustwide/target/debug/build/openssl-sys-b7494702d0ba7381/out/expando.c:4:24: error: pasting "RUST_VERSION_OPENSSL_" and "(" does not give a valid preprocessing token
[INFO] [stderr]   cargo:warning=    4 | #define VERSION2(n, v) RUST_VERSION_ ## n ## _ ## v
[INFO] [stderr]   cargo:warning=      |                        ^~~~~~~~~~~~~
[INFO] [stderr]   cargo:warning=/opt/rustwide/target/debug/build/openssl-sys-b7494702d0ba7381/out/expando.c:5:23: note: in expansion of macro 'VERSION2'
[INFO] [stderr]   cargo:warning=    5 | #define VERSION(n, v) VERSION2(n, v)
[INFO] [stderr]   cargo:warning=      |                       ^~~~~~~~
[INFO] [stderr]   cargo:warning=/opt/rustwide/target/debug/build/openssl-sys-b7494702d0ba7381/out/expando.c:7:1: note: in expansion of macro 'VERSION'
[INFO] [stderr]   cargo:warning=    7 | VERSION(OPENSSL, OPENSSL_VERSION_NUMBER)
[INFO] [stderr]   cargo:warning=      | ^~~~~~~
[INFO] [stderr]   exit status: 1
[INFO] [stderr] 
[INFO] [stderr]   --- stderr
[INFO] [stderr]   thread 'main' panicked at /opt/rustwide/cargo-home/registry/src/index.crates.io-6f17d22bba15001f/openssl-sys-0.9.36/build/main.rs:428:13:
[INFO] [stderr] 
[INFO] [stderr]   Header expansion error:
[INFO] [stderr]   Error { kind: ToolExecError, message: "Command \"cc\" \"-O0\" \"-ffunction-sections\" \"-fdata-sections\" \"-fPIC\" \"-g\" \"-fno-omit-frame-pointer\" \"-m64\" \"-Wall\" \"-Wextra\" \"-E\" \"/opt/rustwide/target/debug/build/openssl-sys-b7494702d0ba7381/out/expando.c\" with args \"cc\" did not execute successfully (status code exit status: 1)." }
[INFO] [stderr] 
[INFO] [stderr]   Failed to find OpenSSL development headers.
[INFO] [stderr] 
[INFO] [stderr]   You can try fixing this setting the `OPENSSL_DIR` environment variable
[INFO] [stderr]   pointing to your OpenSSL installation or installing OpenSSL headers package
[INFO] [stderr]   specific to your distribution:
[INFO] [stderr] 
[INFO] [stderr]       # On Ubuntu
[INFO] [stderr]       sudo apt-get install libssl-dev
[INFO] [stderr]       # On Arch Linux
[INFO] [stderr]       sudo pacman -S openssl
[INFO] [stderr]       # On Fedora
[INFO] [stderr]       sudo dnf install openssl-devel
[INFO] [stderr] 
[INFO] [stderr]   See rust-openssl README for more information:
[INFO] [stderr] 
[INFO] [stderr]       https://github.com/sfackler/rust-openssl#linux
[INFO] [stderr] 
[INFO] [stderr]   stack backtrace:
[INFO] [stderr]      0:     0x55bb4e33788c - std::backtrace_rs::backtrace::libunwind::trace::ha637c64ce894333a
[INFO] [stderr]                                  at /rustc/82e1608dfa6e0b5569232559e3d385fea5a93112/library/std/src/../../backtrace/src/backtrace/libunwind.rs:104:5
[INFO] [stderr]      1:     0x55bb4e33788c - std::backtrace_rs::backtrace::trace_unsynchronized::h47f62dea28e0c88d
[INFO] [stderr]                                  at /rustc/82e1608dfa6e0b5569232559e3d385fea5a93112/library/std/src/../../backtrace/src/backtrace/mod.rs:66:5
[INFO] [stderr]      2:     0x55bb4e33788c - std::sys_common::backtrace::_print_fmt::h9eef0abe20ede486
[INFO] [stderr]                                  at /rustc/82e1608dfa6e0b5569232559e3d385fea5a93112/library/std/src/sys_common/backtrace.rs:67:5
[INFO] [stderr]      3:     0x55bb4e33788c - <std::sys_common::backtrace::_print::DisplayBacktrace as core::fmt::Display>::fmt::hed7f999df88cc644
[INFO] [stderr]                                  at /rustc/82e1608dfa6e0b5569232559e3d385fea5a93112/library/std/src/sys_common/backtrace.rs:44:22
[INFO] [stderr]      4:     0x55bb4e35d9c0 - core::fmt::rt::Argument::fmt::h1539a9308b8d058d
[INFO] [stderr]                                  at /rustc/82e1608dfa6e0b5569232559e3d385fea5a93112/library/core/src/fmt/rt.rs:142:9
[INFO] [stderr]      5:     0x55bb4e35d9c0 - core::fmt::write::h3a39390d8560d9c9
[INFO] [stderr]                                  at /rustc/82e1608dfa6e0b5569232559e3d385fea5a93112/library/core/src/fmt/mod.rs:1120:17
[INFO] [stderr]      6:     0x55bb4e3351cf - std::io::Write::write_fmt::h5fc9997dfe05f882
[INFO] [stderr]                                  at /rustc/82e1608dfa6e0b5569232559e3d385fea5a93112/library/std/src/io/mod.rs:1762:15
[INFO] [stderr]      7:     0x55bb4e337674 - std::sys_common::backtrace::_print::h894006fb5c6f3d45
[INFO] [stderr]                                  at /rustc/82e1608dfa6e0b5569232559e3d385fea5a93112/library/std/src/sys_common/backtrace.rs:47:5
[INFO] [stderr]      8:     0x55bb4e337674 - std::sys_common::backtrace::print::h23a2d212c6fff936
[INFO] [stderr]                                  at /rustc/82e1608dfa6e0b5569232559e3d385fea5a93112/library/std/src/sys_common/backtrace.rs:34:9
[INFO] [stderr]      9:     0x55bb4e338e87 - std::panicking::default_hook::{{closure}}::h8a1d2ee00185001a
[INFO] [stderr]     10:     0x55bb4e338bef - std::panicking::default_hook::h6038f2eba384e475
[INFO] [stderr]                                  at /rustc/82e1608dfa6e0b5569232559e3d385fea5a93112/library/std/src/panicking.rs:292:9
[INFO] [stderr]     11:     0x55bb4e339308 - std::panicking::rust_panic_with_hook::h2b5517d590cab22e
[INFO] [stderr]                                  at /rustc/82e1608dfa6e0b5569232559e3d385fea5a93112/library/std/src/panicking.rs:779:13
[INFO] [stderr]     12:     0x55bb4e3391ee - std::panicking::begin_panic_handler::{{closure}}::h233112c06e0ef43e
[INFO] [stderr]                                  at /rustc/82e1608dfa6e0b5569232559e3d385fea5a93112/library/std/src/panicking.rs:657:13
[INFO] [stderr]     13:     0x55bb4e337d56 - std::sys_common::backtrace::__rust_end_short_backtrace::h6e893f24d7ebbff8
[INFO] [stderr]                                  at /rustc/82e1608dfa6e0b5569232559e3d385fea5a93112/library/std/src/sys_common/backtrace.rs:170:18
[INFO] [stderr]     14:     0x55bb4e338f52 - rust_begin_unwind
[INFO] [stderr]                                  at /rustc/82e1608dfa6e0b5569232559e3d385fea5a93112/library/std/src/panicking.rs:645:5
[INFO] [stderr]     15:     0x55bb4e2b7685 - core::panicking::panic_fmt::hbf0e066aabfa482c
[INFO] [stderr]                                  at /rustc/82e1608dfa6e0b5569232559e3d385fea5a93112/library/core/src/panicking.rs:72:14
[INFO] [stderr]     16:     0x55bb4e2be9bb - build_script_main::validate_headers::hdca1269b76bfbbc9
[INFO] [stderr]     17:     0x55bb4e2c4a2f - build_script_main::imp::try_pkg_config::hdb8b91f5ebabdb6f
[INFO] [stderr]     18:     0x55bb4e2c38f4 - build_script_main::imp::find_openssl_dir::he412fac0791e3876
[INFO] [stderr]     19:     0x55bb4e2c3792 - build_script_main::imp::get_openssl::{{closure}}::heec4cc4f2c96876a
[INFO] [stderr]     20:     0x55bb4e2c1579 - core::option::Option<T>::unwrap_or_else::hd08440884f1e5519
[INFO] [stderr]     21:     0x55bb4e2c3591 - build_script_main::imp::get_openssl::h3f593e65febccaa3
[INFO] [stderr]     22:     0x55bb4e2bc4e0 - build_script_main::main::h01fd17d86d9155b5
[INFO] [stderr]     23:     0x55bb4e2c0b53 - core::ops::function::FnOnce::call_once::h241705afca6c1f6e
[INFO] [stderr]     24:     0x55bb4e2b8786 - std::sys_common::backtrace::__rust_begin_short_backtrace::h7d4f40b740664331
[INFO] [stderr]     25:     0x55bb4e2c0429 - std::rt::lang_start::{{closure}}::h6a2e38386ea5e1f6
[INFO] [stderr]     26:     0x55bb4e331717 - core::ops::function::impls::<impl core::ops::function::FnOnce<A> for &F>::call_once::hd95060ecd5e1ca24
[INFO] [stderr]                                  at /rustc/82e1608dfa6e0b5569232559e3d385fea5a93112/library/core/src/ops/function.rs:284:13
[INFO] [stderr]     27:     0x55bb4e331717 - std::panicking::try::do_call::h6e8cf51db32a6e4b
[INFO] [stderr]                                  at /rustc/82e1608dfa6e0b5569232559e3d385fea5a93112/library/std/src/panicking.rs:552:40
[INFO] [stderr]     28:     0x55bb4e331717 - std::panicking::try::h3a52eefe24fe3c29
[INFO] [stderr]                                  at /rustc/82e1608dfa6e0b5569232559e3d385fea5a93112/library/std/src/panicking.rs:516:19
[INFO] [stderr]     29:     0x55bb4e331717 - std::panic::catch_unwind::h24c28c23c02c3841
[INFO] [stderr]                                  at /rustc/82e1608dfa6e0b5569232559e3d385fea5a93112/library/std/src/panic.rs:142:14
[INFO] [stderr]     30:     0x55bb4e331717 - std::rt::lang_start_internal::{{closure}}::h705d3c9cbc06ef47
[INFO] [stderr]                                  at /rustc/82e1608dfa6e0b5569232559e3d385fea5a93112/library/std/src/rt.rs:148:48
[INFO] [stderr]     31:     0x55bb4e331717 - std::panicking::try::do_call::ha21f52ba13158470
[INFO] [stderr]                                  at /rustc/82e1608dfa6e0b5569232559e3d385fea5a93112/library/std/src/panicking.rs:552:40
[INFO] [stderr]     32:     0x55bb4e331717 - std::panicking::try::h5581346bf6aeb1f8
[INFO] [stderr]                                  at /rustc/82e1608dfa6e0b5569232559e3d385fea5a93112/library/std/src/panicking.rs:516:19
[INFO] [stderr]     33:     0x55bb4e331717 - std::panic::catch_unwind::h7919645a6b72e25b
[INFO] [stderr]                                  at /rustc/82e1608dfa6e0b5569232559e3d385fea5a93112/library/std/src/panic.rs:142:14
[INFO] [stderr]     34:     0x55bb4e331717 - std::rt::lang_start_internal::h12de51168669836e
[INFO] [stderr]                                  at /rustc/82e1608dfa6e0b5569232559e3d385fea5a93112/library/std/src/rt.rs:148:20
[INFO] [stderr]     35:     0x55bb4e2c0407 - std::rt::lang_start::h5809ba8f0bea3030
[INFO] [stderr]     36:     0x55bb4e2bf8e5 - main
[INFO] [stderr]     37:     0x7f9d692d2d90 - <unknown>
[INFO] [stderr]     38:     0x7f9d692d2e40 - __libc_start_main
[INFO] [stderr]     39:     0x55bb4e2b7e95 - _start
[INFO] [stderr]     40:                0x0 - <unknown>
[INFO] [stderr] warning: build failed, waiting for other jobs to finish...
[INFO] running `Command { std: "docker" "inspect" "a4ac911914cbe028518e65aa07b42f9648e198afd8242bc9dca27de88df855a5", kill_on_drop: false }`
[INFO] running `Command { std: "docker" "rm" "-f" "a4ac911914cbe028518e65aa07b42f9648e198afd8242bc9dca27de88df855a5", kill_on_drop: false }`
[INFO] [stdout] a4ac911914cbe028518e65aa07b42f9648e198afd8242bc9dca27de88df855a5
