[INFO] cloning repository https://github.com/Jbat1Jumper/fni2stib8
[INFO] running `Command { std: "git" "-c" "credential.helper=" "-c" "credential.helper=/workspace/cargo-home/bin/git-credential-null" "clone" "--bare" "https://github.com/Jbat1Jumper/fni2stib8" "/workspace/cache/git-repos/https%3A%2F%2Fgithub.com%2FJbat1Jumper%2Ffni2stib8", kill_on_drop: false }`
[INFO] [stderr] Cloning into bare repository '/workspace/cache/git-repos/https%3A%2F%2Fgithub.com%2FJbat1Jumper%2Ffni2stib8'...
[INFO] running `Command { std: "git" "rev-parse" "HEAD", kill_on_drop: false }`
[INFO] [stdout] 0a71a544ecf61a31d7fecd89d505f02a2ab97268
[INFO] documenting Jbat1Jumper/fni2stib8 against 1.75.0 for beta-1.76-rustdoc-1
[INFO] running `Command { std: "git" "clone" "/workspace/cache/git-repos/https%3A%2F%2Fgithub.com%2FJbat1Jumper%2Ffni2stib8" "/workspace/builds/worker-6-tc1/source", kill_on_drop: false }`
[INFO] [stderr] Cloning into '/workspace/builds/worker-6-tc1/source'...
[INFO] [stderr] done.
[INFO] validating manifest of git repo https://github.com/Jbat1Jumper/fni2stib8 on toolchain 1.75.0
[INFO] running `Command { std: CARGO_HOME="/workspace/cargo-home" RUSTUP_HOME="/workspace/rustup-home" "/workspace/cargo-home/bin/cargo" "+1.75.0" "metadata" "--manifest-path" "Cargo.toml" "--no-deps", kill_on_drop: false }`
[INFO] started tweaking git repo https://github.com/Jbat1Jumper/fni2stib8
[INFO] finished tweaking git repo https://github.com/Jbat1Jumper/fni2stib8
[INFO] tweaked toml for git repo https://github.com/Jbat1Jumper/fni2stib8 written to /workspace/builds/worker-6-tc1/source/Cargo.toml
[INFO] crate git repo https://github.com/Jbat1Jumper/fni2stib8 already has a lockfile, it will not be regenerated
[INFO] running `Command { std: CARGO_HOME="/workspace/cargo-home" RUSTUP_HOME="/workspace/rustup-home" "/workspace/cargo-home/bin/cargo" "+1.75.0" "fetch" "--manifest-path" "Cargo.toml", kill_on_drop: false }`
[INFO] [stderr] warning: unused manifest key: dependencies.serde.feature
[INFO] [stderr]  Downloading crates ...
[INFO] [stderr]   Downloaded notify v5.0.0-pre.7
[INFO] [stderr]   Downloaded spirv-std-macros v0.4.0-alpha.7
[INFO] [stderr]   Downloaded spirv-types v0.4.0-alpha.7
[INFO] [stderr]   Downloaded atomic_refcell v0.1.7
[INFO] [stderr]   Downloaded tracing-wasm v0.2.0
[INFO] [stderr]   Downloaded emath v0.11.0
[INFO] [stderr]   Downloaded ahash v0.7.2
[INFO] [stderr]   Downloaded euclid v0.22.3
[INFO] [stderr]   Downloaded bevy_egui v0.4.2
[INFO] [stderr]   Downloaded egui v0.11.0
[INFO] [stderr]   Downloaded tracing-subscriber v0.2.18
[INFO] [stderr]   Downloaded ttf-parser v0.12.0
[INFO] [stderr]   Downloaded epaint v0.11.0
[INFO] [stderr]   Downloaded shaderc-sys v0.7.2
[INFO] [stderr]   Downloaded gpu-alloc v0.3.0
[INFO] [stderr]   Downloaded owned_ttf_parser v0.12.0
[INFO] [stderr]   Downloaded ordered-float v2.2.0
[INFO] [stderr]   Downloaded spirv-std v0.4.0-alpha.7
[INFO] [stderr]   Downloaded bevy_asset v0.5.0
[INFO] [stderr]   Downloaded ab_glyph v0.2.10
[INFO] [stderr]   Downloaded inotify v0.9.2
[INFO] [stderr]   Downloaded hexasphere v3.3.0
[INFO] [stderr]   Downloaded shaderc v0.7.2
[INFO] [stderr]   Downloaded fastrand v1.4.1
[INFO] running `Command { std: "docker" "create" "-v" "/var/lib/crater-agent-workspace/builds/worker-6-tc1/target:/opt/rustwide/target:rw,Z" "-v" "/var/lib/crater-agent-workspace/builds/worker-6-tc1/source:/opt/rustwide/workdir:ro,Z" "-v" "/var/lib/crater-agent-workspace/cargo-home:/opt/rustwide/cargo-home:ro,Z" "-v" "/var/lib/crater-agent-workspace/rustup-home:/opt/rustwide/rustup-home:ro,Z" "-e" "SOURCE_DIR=/opt/rustwide/workdir" "-e" "CARGO_TARGET_DIR=/opt/rustwide/target" "-e" "CARGO_HOME=/opt/rustwide/cargo-home" "-e" "RUSTUP_HOME=/opt/rustwide/rustup-home" "-w" "/opt/rustwide/workdir" "-m" "1610612736" "--user" "0:0" "--network" "none" "ghcr.io/rust-lang/crates-build-env/linux@sha256:2788e3201cd34a07e3172128adcd8b3090168a8e3bcc40d7c032b9dda1df7d1c" "/opt/rustwide/cargo-home/bin/cargo" "+1.75.0" "metadata" "--no-deps" "--format-version=1", kill_on_drop: false }`
[INFO] [stdout] 2ebddbee2b4099bde253eed1b6173b671bb320c3a604a255a3b6ecd9aae9f503
[INFO] running `Command { std: "docker" "start" "-a" "2ebddbee2b4099bde253eed1b6173b671bb320c3a604a255a3b6ecd9aae9f503", kill_on_drop: false }`
[INFO] running `Command { std: "docker" "inspect" "2ebddbee2b4099bde253eed1b6173b671bb320c3a604a255a3b6ecd9aae9f503", kill_on_drop: false }`
[INFO] running `Command { std: "docker" "rm" "-f" "2ebddbee2b4099bde253eed1b6173b671bb320c3a604a255a3b6ecd9aae9f503", kill_on_drop: false }`
[INFO] [stdout] 2ebddbee2b4099bde253eed1b6173b671bb320c3a604a255a3b6ecd9aae9f503
[INFO] running `Command { std: "docker" "create" "-v" "/var/lib/crater-agent-workspace/builds/worker-6-tc1/target:/opt/rustwide/target:rw,Z" "-v" "/var/lib/crater-agent-workspace/builds/worker-6-tc1/source:/opt/rustwide/workdir:ro,Z" "-v" "/var/lib/crater-agent-workspace/cargo-home:/opt/rustwide/cargo-home:ro,Z" "-v" "/var/lib/crater-agent-workspace/rustup-home:/opt/rustwide/rustup-home:ro,Z" "-e" "SOURCE_DIR=/opt/rustwide/workdir" "-e" "CARGO_TARGET_DIR=/opt/rustwide/target" "-e" "CARGO_INCREMENTAL=0" "-e" "RUST_BACKTRACE=full" "-e" "RUSTFLAGS=--cap-lints=warn" "-e" "RUSTDOCFLAGS=--cap-lints=warn" "-e" "CARGO_HOME=/opt/rustwide/cargo-home" "-e" "RUSTUP_HOME=/opt/rustwide/rustup-home" "-w" "/opt/rustwide/workdir" "-m" "1610612736" "--user" "0:0" "--network" "none" "ghcr.io/rust-lang/crates-build-env/linux@sha256:2788e3201cd34a07e3172128adcd8b3090168a8e3bcc40d7c032b9dda1df7d1c" "/opt/rustwide/cargo-home/bin/cargo" "+1.75.0" "doc" "--frozen" "--no-deps" "--document-private-items" "--message-format=json", kill_on_drop: false }`
[INFO] [stdout] 66ebf09d07b051c78f6a03286a0eb7ebb6cdba6f35cc0f1b70de1596b48b218f
[INFO] running `Command { std: "docker" "start" "-a" "66ebf09d07b051c78f6a03286a0eb7ebb6cdba6f35cc0f1b70de1596b48b218f", kill_on_drop: false }`
[INFO] [stderr] warning: unused manifest key: dependencies.serde.feature
[INFO] [stderr]    Compiling libc v0.2.94
[INFO] [stderr]    Compiling proc-macro2 v1.0.26
[INFO] [stderr]    Compiling unicode-xid v0.2.2
[INFO] [stderr]    Compiling syn v1.0.65
[INFO] [stderr]    Compiling autocfg v1.0.1
[INFO] [stderr]    Compiling serde_derive v1.0.125
[INFO] [stderr]    Compiling serde v1.0.125
[INFO] [stderr]    Compiling bitflags v1.2.1
[INFO] [stderr]    Compiling libm v0.2.1
[INFO] [stderr]    Compiling num-traits v0.2.14
[INFO] [stderr]    Compiling log v0.4.14
[INFO] [stderr]    Compiling getrandom v0.2.2
[INFO] [stderr]     Checking once_cell v1.7.2
[INFO] [stderr]     Checking instant v0.1.9
[INFO] [stderr]     Checking pin-project-lite v0.2.6
[INFO] [stderr]    Compiling quote v1.0.9
[INFO] [stderr]     Checking tracing-core v0.1.18
[INFO] [stderr]     Checking lock_api v0.4.4
[INFO] [stderr]     Checking fxhash v0.2.1
[INFO] [stderr]    Compiling version_check v0.9.3
[INFO] [stderr]    Compiling memchr v2.4.0
[INFO] [stderr]     Checking slab v0.4.3
[INFO] [stderr]     Checking cache-padded v1.1.1
[INFO] [stderr]     Checking futures-core v0.3.14
[INFO] [stderr]     Checking concurrent-queue v1.2.2
[INFO] [stderr]    Compiling ahash v0.7.2
[INFO] [stderr]     Checking parking v2.0.0
[INFO] [stderr]     Checking futures-io v0.3.14
[INFO] [stderr]     Checking waker-fn v1.1.0
[INFO] [stderr]     Checking fastrand v1.4.1
[INFO] [stderr]     Checking async-task v4.0.3
[INFO] [stderr]     Checking downcast-rs v1.2.0
[INFO] [stderr]     Checking num_cpus v1.13.0
[INFO] [stderr]     Checking ppv-lite86 v0.2.10
[INFO] [stderr]     Checking event-listener v2.5.1
[INFO] [stderr]     Checking futures-lite v1.11.3
[INFO] [stderr]    Compiling crossbeam-utils v0.8.4
[INFO] [stderr]     Checking rand_core v0.6.2
[INFO] [stderr]     Checking async-channel v1.6.1
[INFO] [stderr]    Compiling jobserver v0.1.22
[INFO] [stderr]    Compiling Inflector v0.11.4
[INFO] [stderr]     Checking fixedbitset v0.4.0
[INFO] [stderr]    Compiling cc v1.0.67
[INFO] [stderr]     Checking rand_chacha v0.3.0
[INFO] [stderr]    Compiling num-integer v0.1.44
[INFO] [stderr]    Compiling ryu v1.0.5
[INFO] [stderr]    Compiling pkg-config v0.3.19
[INFO] [stderr]     Checking rand v0.8.3
[INFO] [stderr]    Compiling serde_json v1.0.64
[INFO] [stderr]     Checking itoa v0.4.7
[INFO] [stderr]     Checking async-executor v1.4.1
[INFO] [stderr]     Checking regex-syntax v0.6.25
[INFO] [stderr]     Checking crossbeam-channel v0.5.1
[INFO] [stderr]     Checking spirv_headers v1.5.0
[INFO] [stderr]    Compiling memoffset v0.6.3
[INFO] [stderr]     Checking aho-corasick v0.7.18
[INFO] [stderr]     Checking bevy_tasks v0.5.0
[INFO] [stderr]     Checking chrono v0.4.19
[INFO] [stderr]     Checking tracing-log v0.1.2
[INFO] [stderr]     Checking thread_local v1.1.3
[INFO] [stderr]     Checking sharded-slab v0.1.1
[INFO] [stderr]    Compiling rayon-core v1.9.0
[INFO] [stderr]     Checking crossbeam-epoch v0.9.4
[INFO] [stderr]     Checking ahash v0.4.7
[INFO] [stderr]     Checking base64 v0.13.0
[INFO] [stderr]     Checking crossbeam-deque v0.8.0
[INFO] [stderr]     Checking hashbrown v0.9.1
[INFO] [stderr]     Checking inotify-sys v0.1.5
[INFO] [stderr]    Compiling rayon v1.5.0
[INFO] [stderr]    Compiling indexmap v1.6.2
[INFO] [stderr]    Compiling anyhow v1.0.40
[INFO] [stderr]     Checking walkdir v2.3.2
[INFO] [stderr]     Checking inotify v0.9.2
[INFO] [stderr]     Checking mio v0.7.11
[INFO] [stderr]     Checking filetime v0.2.14
[INFO] [stderr]    Compiling miniz_oxide v0.4.4
[INFO] [stderr]    Compiling crc32fast v1.2.1
[INFO] [stderr]     Checking either v1.6.1
[INFO] [stderr]     Checking anymap v0.12.1
[INFO] [stderr]     Checking adler32 v1.2.0
[INFO] [stderr]     Checking regex-automata v0.1.9
[INFO] [stderr]     Checking regex v1.5.4
[INFO] [stderr]     Checking notify v5.0.0-pre.7
[INFO] [stderr]     Checking raw-window-handle v0.3.3
[INFO] [stderr]    Compiling num-rational v0.3.2
[INFO] [stderr]    Compiling num-iter v0.1.42
[INFO] [stderr]     Checking adler v1.0.2
[INFO] [stderr]     Checking bit-vec v0.6.3
[INFO] [stderr]     Checking weezl v0.1.5
[INFO] [stderr]     Checking fixedbitset v0.2.0
[INFO] [stderr]     Checking petgraph v0.5.1
[INFO] [stderr]     Checking bit-set v0.5.2
[INFO] [stderr]     Checking matchers v0.0.1
[INFO] [stderr]     Checking miniz_oxide v0.3.7
[INFO] [stderr]     Checking deflate v0.8.6
[INFO] [stderr]    Compiling spirv-reflect v0.2.3
[INFO] [stderr]    Compiling bevy-glsl-to-spirv v0.2.1
[INFO] [stderr]     Checking color_quant v1.1.0
[INFO] [stderr]     Checking gif v0.11.2
[INFO] [stderr]     Checking bytemuck v1.5.1
[INFO] [stderr]     Checking png v0.16.8
[INFO] [stderr]     Checking glam v0.14.0
[INFO] [stderr]     Checking scoped_threadpool v0.1.9
[INFO] [stderr]    Compiling spirv_cross v0.23.1
[INFO] [stderr]     Checking nix v0.20.0
[INFO] [stderr]     Checking libloading v0.6.7
[INFO] [stderr]     Checking ab_glyph_rasterizer v0.1.4
[INFO] [stderr]     Checking hex v0.4.3
[INFO] [stderr]    Compiling alsa-sys v0.3.1
[INFO] [stderr]     Checking percent-encoding v2.1.0
[INFO] [stderr]     Checking cfg-if v0.1.10
[INFO] [stderr]    Compiling maybe-uninit v2.0.0
[INFO] [stderr]    Compiling khronos-egl v3.0.2
[INFO] [stderr]     Checking jpeg-decoder v0.1.22
[INFO] [stderr]     Checking net2 v0.2.37
[INFO] [stderr]    Compiling minimp3-sys v0.3.2
[INFO] [stderr]    Compiling x11-dl v2.18.5
[INFO] [stderr]    Compiling libudev-sys v0.1.4
[INFO] [stderr]     Checking tiff v0.6.1
[INFO] [stderr]     Checking iovec v0.1.4
[INFO] [stderr]    Compiling cfg_aliases v0.1.1
[INFO] [stderr]     Checking arrayvec v0.5.2
[INFO] [stderr]     Checking ttf-parser v0.12.0
[INFO] [stderr]    Compiling wgpu-core v0.7.1
[INFO] [stderr]     Checking image v0.23.14
[INFO] [stderr]     Checking mio v0.6.23
[INFO] [stderr]     Checking hexasphere v3.3.0
[INFO] [stderr]     Checking owned_ttf_parser v0.12.0
[INFO] [stderr]     Checking ash v0.31.0
[INFO] [stderr]    Compiling ring v0.16.20
[INFO] [stderr]     Checking euclid v0.22.3
[INFO] [stderr]     Checking gpu-alloc-types v0.2.0
[INFO] [stderr]     Checking gpu-descriptor-types v0.1.1
[INFO] [stderr]    Compiling thiserror-impl v1.0.24
[INFO] [stderr]    Compiling tracing-attributes v0.1.15
[INFO] [stderr]     Checking glow v0.7.2
[INFO] [stderr]    Compiling libm v0.1.4
[INFO] [stderr]     Checking inplace_it v0.3.3
[INFO] [stderr]    Compiling cpal v0.13.3
[INFO] [stderr]     Checking svg_fmt v0.4.1
[INFO] [stderr]     Checking lazycell v1.3.0
[INFO] [stderr]    Compiling inflections v1.1.1
[INFO] [stderr]     Checking mio-extras v2.0.6
[INFO] [stderr]     Checking tracing v0.1.26
[INFO] [stderr]     Checking thiserror v1.0.24
[INFO] [stderr]     Checking guillotiere v0.6.0
[INFO] [stderr]     Checking naga v0.3.2
[INFO] [stderr]     Checking alsa v0.5.0
[INFO] [stderr]    Compiling gltf-derive v0.15.2
[INFO] [stderr]     Checking gpu-descriptor v0.1.1
[INFO] [stderr]     Checking gpu-alloc v0.3.0
[INFO] [stderr]     Checking ab_glyph v0.2.10
[INFO] [stderr]     Checking approx v0.4.0
[INFO] [stderr]     Checking slice-deque v0.3.0
[INFO] [stderr]     Checking wgpu-types v0.7.0
[INFO] [stderr]     Checking untrusted v0.7.1
[INFO] [stderr]     Checking rectangle-pack v0.3.0
[INFO] [stderr]     Checking xi-unicode v0.3.0
[INFO] [stderr]     Checking vec_map v0.8.2
[INFO] [stderr]     Checking copyless v0.1.5
[INFO] [stderr]     Checking glyph_brush_layout v0.2.1
[INFO] [stderr]     Checking minimp3 v0.5.1
[INFO] [stderr]    Compiling xcb v0.8.2
[INFO] [stderr]     Checking tinyvec_macros v0.1.0
[INFO] [stderr]     Checking fnv v1.0.7
[INFO] [stderr]     Checking ttf-parser v0.6.2
[INFO] [stderr]     Checking matches v0.1.8
[INFO] [stderr]     Checking stretch v0.3.2
[INFO] [stderr]     Checking tinyvec v1.2.0
[INFO] [stderr] error: failed to run custom build command for `xcb v0.8.2`
[INFO] [stderr] note: To improve backtraces for build dependencies, set the CARGO_PROFILE_DEV_BUILD_OVERRIDE_DEBUG=true environment variable to enable debug information generation.
[INFO] [stderr] 
[INFO] [stderr] Caused by:
[INFO] [stderr]   process didn't exit successfully: `/opt/rustwide/target/debug/build/xcb-6b2d29f832ec4afc/build-script-build` (exit status: 101)
[INFO] [stderr]   --- stderr
[INFO] [stderr]   error occured in handler:  ('request: ', ('xcb', 'SELinux', 'GetClientContext'))
[INFO] [stderr]   Traceback (most recent call last):
[INFO] [stderr]     File "/opt/rustwide/cargo-home/registry/src/index.crates.io-6f17d22bba15001f/xcb-0.8.2/rs_client.py", line 2448, in <module>
[INFO] [stderr]       module.generate()
[INFO] [stderr]     File "/opt/rustwide/cargo-home/registry/src/index.crates.io-6f17d22bba15001f/xcb-0.8.2/xcbgen/state.py", line 108, in generate
[INFO] [stderr]       self.close()
[INFO] [stderr]     File "/opt/rustwide/cargo-home/registry/src/index.crates.io-6f17d22bba15001f/xcb-0.8.2/rs_client.py", line 296, in rs_close
[INFO] [stderr]       _f.writeout(os.path.join(module.rs_srcdir, "ffi", "%s.rs" % _module_name(_ns.ext_name)))
[INFO] [stderr]     File "/opt/rustwide/cargo-home/registry/src/index.crates.io-6f17d22bba15001f/xcb-0.8.2/rs_client.py", line 114, in writeout
[INFO] [stderr]       with open(path, 'w') as f:
[INFO] [stderr]   OSError: [Errno 30] Read-only file system: '/opt/rustwide/cargo-home/registry/src/index.crates.io-6f17d22bba15001f/xcb-0.8.2/src/ffi/selinux.rs'
[INFO] [stderr]   thread 'main' panicked at /opt/rustwide/cargo-home/registry/src/index.crates.io-6f17d22bba15001f/xcb-0.8.2/build.rs:75:17:
[INFO] [stderr]   processing of /opt/rustwide/cargo-home/registry/src/index.crates.io-6f17d22bba15001f/xcb-0.8.2/xml/xselinux.xml returned non-zero (1)
[INFO] [stderr]   stack backtrace:
[INFO] [stderr]      0:     0x560bcce172cc - std::backtrace_rs::backtrace::libunwind::trace::ha637c64ce894333a
[INFO] [stderr]                                  at /rustc/82e1608dfa6e0b5569232559e3d385fea5a93112/library/std/src/../../backtrace/src/backtrace/libunwind.rs:104:5
[INFO] [stderr]      1:     0x560bcce172cc - std::backtrace_rs::backtrace::trace_unsynchronized::h47f62dea28e0c88d
[INFO] [stderr]                                  at /rustc/82e1608dfa6e0b5569232559e3d385fea5a93112/library/std/src/../../backtrace/src/backtrace/mod.rs:66:5
[INFO] [stderr]      2:     0x560bcce172cc - std::sys_common::backtrace::_print_fmt::h9eef0abe20ede486
[INFO] [stderr]                                  at /rustc/82e1608dfa6e0b5569232559e3d385fea5a93112/library/std/src/sys_common/backtrace.rs:67:5
[INFO] [stderr]      3:     0x560bcce172cc - <std::sys_common::backtrace::_print::DisplayBacktrace as core::fmt::Display>::fmt::hed7f999df88cc644
[INFO] [stderr]                                  at /rustc/82e1608dfa6e0b5569232559e3d385fea5a93112/library/std/src/sys_common/backtrace.rs:44:22
[INFO] [stderr]      4:     0x560bcce3a6c0 - core::fmt::rt::Argument::fmt::h1539a9308b8d058d
[INFO] [stderr]                                  at /rustc/82e1608dfa6e0b5569232559e3d385fea5a93112/library/core/src/fmt/rt.rs:142:9
[INFO] [stderr]      5:     0x560bcce3a6c0 - core::fmt::write::h3a39390d8560d9c9
[INFO] [stderr]                                  at /rustc/82e1608dfa6e0b5569232559e3d385fea5a93112/library/core/src/fmt/mod.rs:1120:17
[INFO] [stderr]      6:     0x560bcce1529f - std::io::Write::write_fmt::h5fc9997dfe05f882
[INFO] [stderr]                                  at /rustc/82e1608dfa6e0b5569232559e3d385fea5a93112/library/std/src/io/mod.rs:1762:15
[INFO] [stderr]      7:     0x560bcce170b4 - std::sys_common::backtrace::_print::h894006fb5c6f3d45
[INFO] [stderr]                                  at /rustc/82e1608dfa6e0b5569232559e3d385fea5a93112/library/std/src/sys_common/backtrace.rs:47:5
[INFO] [stderr]      8:     0x560bcce170b4 - std::sys_common::backtrace::print::h23a2d212c6fff936
[INFO] [stderr]                                  at /rustc/82e1608dfa6e0b5569232559e3d385fea5a93112/library/std/src/sys_common/backtrace.rs:34:9
[INFO] [stderr]      9:     0x560bcce18757 - std::panicking::default_hook::{{closure}}::h8a1d2ee00185001a
[INFO] [stderr]     10:     0x560bcce184bf - std::panicking::default_hook::h6038f2eba384e475
[INFO] [stderr]                                  at /rustc/82e1608dfa6e0b5569232559e3d385fea5a93112/library/std/src/panicking.rs:292:9
[INFO] [stderr]     11:     0x560bcce18bd8 - std::panicking::rust_panic_with_hook::h2b5517d590cab22e
[INFO] [stderr]                                  at /rustc/82e1608dfa6e0b5569232559e3d385fea5a93112/library/std/src/panicking.rs:779:13
[INFO] [stderr]     12:     0x560bcce18abe - std::panicking::begin_panic_handler::{{closure}}::h233112c06e0ef43e
[INFO] [stderr]                                  at /rustc/82e1608dfa6e0b5569232559e3d385fea5a93112/library/std/src/panicking.rs:657:13
[INFO] [stderr]     13:     0x560bcce17796 - std::sys_common::backtrace::__rust_end_short_backtrace::h6e893f24d7ebbff8
[INFO] [stderr]                                  at /rustc/82e1608dfa6e0b5569232559e3d385fea5a93112/library/std/src/sys_common/backtrace.rs:170:18
[INFO] [stderr]     14:     0x560bcce18822 - rust_begin_unwind
[INFO] [stderr]                                  at /rustc/82e1608dfa6e0b5569232559e3d385fea5a93112/library/std/src/panicking.rs:645:5
[INFO] [stderr]     15:     0x560bccdf1285 - core::panicking::panic_fmt::hbf0e066aabfa482c
[INFO] [stderr]                                  at /rustc/82e1608dfa6e0b5569232559e3d385fea5a93112/library/core/src/panicking.rs:72:14
[INFO] [stderr]     16:     0x560bccdf7171 - build_script_build::main::{{closure}}::he12aa9e4181ec097
[INFO] [stderr]     17:     0x560bccdf6065 - build_script_build::visit_xml::hc47b610164704822
[INFO] [stderr]     18:     0x560bccdf6703 - build_script_build::main::h91b6e006128f6a58
[INFO] [stderr]     19:     0x560bccdf2d83 - core::ops::function::FnOnce::call_once::h9d54fc32c5f0458a
[INFO] [stderr]     20:     0x560bccdf1dc6 - std::sys_common::backtrace::__rust_begin_short_backtrace::h605a39bb6b4e223b
[INFO] [stderr]     21:     0x560bccdf2509 - std::rt::lang_start::{{closure}}::hba0fc871b371f13a
[INFO] [stderr]     22:     0x560bcce11fa7 - core::ops::function::impls::<impl core::ops::function::FnOnce<A> for &F>::call_once::hd95060ecd5e1ca24
[INFO] [stderr]                                  at /rustc/82e1608dfa6e0b5569232559e3d385fea5a93112/library/core/src/ops/function.rs:284:13
[INFO] [stderr]     23:     0x560bcce11fa7 - std::panicking::try::do_call::h6e8cf51db32a6e4b
[INFO] [stderr]                                  at /rustc/82e1608dfa6e0b5569232559e3d385fea5a93112/library/std/src/panicking.rs:552:40
[INFO] [stderr]     24:     0x560bcce11fa7 - std::panicking::try::h3a52eefe24fe3c29
[INFO] [stderr]                                  at /rustc/82e1608dfa6e0b5569232559e3d385fea5a93112/library/std/src/panicking.rs:516:19
[INFO] [stderr]     25:     0x560bcce11fa7 - std::panic::catch_unwind::h24c28c23c02c3841
[INFO] [stderr]                                  at /rustc/82e1608dfa6e0b5569232559e3d385fea5a93112/library/std/src/panic.rs:142:14
[INFO] [stderr]     26:     0x560bcce11fa7 - std::rt::lang_start_internal::{{closure}}::h705d3c9cbc06ef47
[INFO] [stderr]                                  at /rustc/82e1608dfa6e0b5569232559e3d385fea5a93112/library/std/src/rt.rs:148:48
[INFO] [stderr]     27:     0x560bcce11fa7 - std::panicking::try::do_call::ha21f52ba13158470
[INFO] [stderr]                                  at /rustc/82e1608dfa6e0b5569232559e3d385fea5a93112/library/std/src/panicking.rs:552:40
[INFO] [stderr]     28:     0x560bcce11fa7 - std::panicking::try::h5581346bf6aeb1f8
[INFO] [stderr]                                  at /rustc/82e1608dfa6e0b5569232559e3d385fea5a93112/library/std/src/panicking.rs:516:19
[INFO] [stderr]     29:     0x560bcce11fa7 - std::panic::catch_unwind::h7919645a6b72e25b
[INFO] [stderr]                                  at /rustc/82e1608dfa6e0b5569232559e3d385fea5a93112/library/std/src/panic.rs:142:14
[INFO] [stderr]     30:     0x560bcce11fa7 - std::rt::lang_start_internal::h12de51168669836e
[INFO] [stderr]                                  at /rustc/82e1608dfa6e0b5569232559e3d385fea5a93112/library/std/src/rt.rs:148:20
[INFO] [stderr]     31:     0x560bccdf24e7 - std::rt::lang_start::hf8dda9e4cf10a259
[INFO] [stderr]     32:     0x560bccdf71f5 - main
[INFO] [stderr]     33:     0x7f67d1109d90 - <unknown>
[INFO] [stderr]     34:     0x7f67d1109e40 - __libc_start_main
[INFO] [stderr]     35:     0x560bccdf19a5 - _start
[INFO] [stderr]     36:                0x0 - <unknown>
[INFO] [stderr] warning: build failed, waiting for other jobs to finish...
[INFO] running `Command { std: "docker" "inspect" "66ebf09d07b051c78f6a03286a0eb7ebb6cdba6f35cc0f1b70de1596b48b218f", kill_on_drop: false }`
[INFO] running `Command { std: "docker" "rm" "-f" "66ebf09d07b051c78f6a03286a0eb7ebb6cdba6f35cc0f1b70de1596b48b218f", kill_on_drop: false }`
[INFO] [stdout] 66ebf09d07b051c78f6a03286a0eb7ebb6cdba6f35cc0f1b70de1596b48b218f
[INFO] documenting Jbat1Jumper/fni2stib8 against beta-2023-12-22 for beta-1.76-rustdoc-1
[INFO] running `Command { std: "git" "clone" "/workspace/cache/git-repos/https%3A%2F%2Fgithub.com%2FJbat1Jumper%2Ffni2stib8" "/workspace/builds/worker-6-tc2/source", kill_on_drop: false }`
[INFO] [stderr] Cloning into '/workspace/builds/worker-6-tc2/source'...
[INFO] [stderr] done.
[INFO] validating manifest of git repo https://github.com/Jbat1Jumper/fni2stib8 on toolchain beta-2023-12-22
[INFO] running `Command { std: CARGO_HOME="/workspace/cargo-home" RUSTUP_HOME="/workspace/rustup-home" "/workspace/cargo-home/bin/cargo" "+beta-2023-12-22" "metadata" "--manifest-path" "Cargo.toml" "--no-deps", kill_on_drop: false }`
[INFO] started tweaking git repo https://github.com/Jbat1Jumper/fni2stib8
[INFO] finished tweaking git repo https://github.com/Jbat1Jumper/fni2stib8
[INFO] tweaked toml for git repo https://github.com/Jbat1Jumper/fni2stib8 written to /workspace/builds/worker-6-tc2/source/Cargo.toml
[INFO] crate git repo https://github.com/Jbat1Jumper/fni2stib8 already has a lockfile, it will not be regenerated
[INFO] running `Command { std: CARGO_HOME="/workspace/cargo-home" RUSTUP_HOME="/workspace/rustup-home" "/workspace/cargo-home/bin/cargo" "+beta-2023-12-22" "fetch" "--manifest-path" "Cargo.toml", kill_on_drop: false }`
[INFO] [stderr] warning: unused manifest key: dependencies.serde.feature
[INFO] running `Command { std: "docker" "create" "-v" "/var/lib/crater-agent-workspace/builds/worker-6-tc2/target:/opt/rustwide/target:rw,Z" "-v" "/var/lib/crater-agent-workspace/builds/worker-6-tc2/source:/opt/rustwide/workdir:ro,Z" "-v" "/var/lib/crater-agent-workspace/cargo-home:/opt/rustwide/cargo-home:ro,Z" "-v" "/var/lib/crater-agent-workspace/rustup-home:/opt/rustwide/rustup-home:ro,Z" "-e" "SOURCE_DIR=/opt/rustwide/workdir" "-e" "CARGO_TARGET_DIR=/opt/rustwide/target" "-e" "CARGO_HOME=/opt/rustwide/cargo-home" "-e" "RUSTUP_HOME=/opt/rustwide/rustup-home" "-w" "/opt/rustwide/workdir" "-m" "1610612736" "--user" "0:0" "--network" "none" "ghcr.io/rust-lang/crates-build-env/linux@sha256:2788e3201cd34a07e3172128adcd8b3090168a8e3bcc40d7c032b9dda1df7d1c" "/opt/rustwide/cargo-home/bin/cargo" "+beta-2023-12-22" "metadata" "--no-deps" "--format-version=1", kill_on_drop: false }`
[INFO] [stdout] 53c43a6dadd26726b507a1c55ddc4e05848bce90134c9f57ca1a1ad460c1d23a
[INFO] running `Command { std: "docker" "start" "-a" "53c43a6dadd26726b507a1c55ddc4e05848bce90134c9f57ca1a1ad460c1d23a", kill_on_drop: false }`
[INFO] running `Command { std: "docker" "inspect" "53c43a6dadd26726b507a1c55ddc4e05848bce90134c9f57ca1a1ad460c1d23a", kill_on_drop: false }`
[INFO] running `Command { std: "docker" "rm" "-f" "53c43a6dadd26726b507a1c55ddc4e05848bce90134c9f57ca1a1ad460c1d23a", kill_on_drop: false }`
[INFO] [stdout] 53c43a6dadd26726b507a1c55ddc4e05848bce90134c9f57ca1a1ad460c1d23a
[INFO] running `Command { std: "docker" "create" "-v" "/var/lib/crater-agent-workspace/builds/worker-6-tc2/target:/opt/rustwide/target:rw,Z" "-v" "/var/lib/crater-agent-workspace/builds/worker-6-tc2/source:/opt/rustwide/workdir:ro,Z" "-v" "/var/lib/crater-agent-workspace/cargo-home:/opt/rustwide/cargo-home:ro,Z" "-v" "/var/lib/crater-agent-workspace/rustup-home:/opt/rustwide/rustup-home:ro,Z" "-e" "SOURCE_DIR=/opt/rustwide/workdir" "-e" "CARGO_TARGET_DIR=/opt/rustwide/target" "-e" "CARGO_INCREMENTAL=0" "-e" "RUST_BACKTRACE=full" "-e" "RUSTFLAGS=--cap-lints=warn" "-e" "RUSTDOCFLAGS=--cap-lints=warn" "-e" "CARGO_HOME=/opt/rustwide/cargo-home" "-e" "RUSTUP_HOME=/opt/rustwide/rustup-home" "-w" "/opt/rustwide/workdir" "-m" "1610612736" "--user" "0:0" "--network" "none" "ghcr.io/rust-lang/crates-build-env/linux@sha256:2788e3201cd34a07e3172128adcd8b3090168a8e3bcc40d7c032b9dda1df7d1c" "/opt/rustwide/cargo-home/bin/cargo" "+beta-2023-12-22" "doc" "--frozen" "--no-deps" "--document-private-items" "--message-format=json", kill_on_drop: false }`
[INFO] [stdout] 8fec0ac378c5048e02803598666cf8c63fa3f4086d3ddba6511a9e276c29d5ef
[INFO] running `Command { std: "docker" "start" "-a" "8fec0ac378c5048e02803598666cf8c63fa3f4086d3ddba6511a9e276c29d5ef", kill_on_drop: false }`
[INFO] [stderr] warning: unused manifest key: dependencies.serde.feature
[INFO] [stderr]    Compiling libc v0.2.94
[INFO] [stderr]    Compiling proc-macro2 v1.0.26
[INFO] [stderr]    Compiling unicode-xid v0.2.2
[INFO] [stderr]    Compiling syn v1.0.65
[INFO] [stderr]    Compiling autocfg v1.0.1
[INFO] [stderr]    Compiling serde_derive v1.0.125
[INFO] [stderr]    Compiling serde v1.0.125
[INFO] [stderr]    Compiling bitflags v1.2.1
[INFO] [stderr]    Compiling libm v0.2.1
[INFO] [stderr]    Compiling num-traits v0.2.14
[INFO] [stderr]    Compiling getrandom v0.2.2
[INFO] [stderr]    Compiling log v0.4.14
[INFO] [stderr]     Checking once_cell v1.7.2
[INFO] [stderr]     Checking instant v0.1.9
[INFO] [stderr]     Checking pin-project-lite v0.2.6
[INFO] [stderr]     Checking tracing-core v0.1.18
[INFO] [stderr]     Checking lock_api v0.4.4
[INFO] [stderr]     Checking fxhash v0.2.1
[INFO] [stderr]    Compiling version_check v0.9.3
[INFO] [stderr]    Compiling quote v1.0.9
[INFO] [stderr]    Compiling memchr v2.4.0
[INFO] [stderr]     Checking slab v0.4.3
[INFO] [stderr]    Compiling ahash v0.7.2
[INFO] [stderr]     Checking cache-padded v1.1.1
[INFO] [stderr]     Checking futures-core v0.3.14
[INFO] [stderr]     Checking concurrent-queue v1.2.2
[INFO] [stderr]     Checking waker-fn v1.1.0
[INFO] [stderr]     Checking futures-io v0.3.14
[INFO] [stderr]     Checking parking v2.0.0
[INFO] [stderr]     Checking fastrand v1.4.1
[INFO] [stderr]     Checking event-listener v2.5.1
[INFO] [stderr]     Checking async-task v4.0.3
[INFO] [stderr]    Compiling jobserver v0.1.22
[INFO] [stderr]     Checking num_cpus v1.13.0
[INFO] [stderr]     Checking futures-lite v1.11.3
[INFO] [stderr]     Checking ppv-lite86 v0.2.10
[INFO] [stderr]    Compiling cc v1.0.67
[INFO] [stderr]     Checking rand_core v0.6.2
[INFO] [stderr]     Checking downcast-rs v1.2.0
[INFO] [stderr]     Checking async-channel v1.6.1
[INFO] [stderr]    Compiling crossbeam-utils v0.8.4
[INFO] [stderr]    Compiling Inflector v0.11.4
[INFO] [stderr]     Checking fixedbitset v0.4.0
[INFO] [stderr]    Compiling num-integer v0.1.44
[INFO] [stderr]     Checking rand_chacha v0.3.0
[INFO] [stderr]    Compiling pkg-config v0.3.19
[INFO] [stderr]     Checking rand v0.8.3
[INFO] [stderr]    Compiling ryu v1.0.5
[INFO] [stderr]     Checking async-executor v1.4.1
[INFO] [stderr]     Checking bevy_tasks v0.5.0
[INFO] [stderr]    Compiling serde_json v1.0.64
[INFO] [stderr]     Checking itoa v0.4.7
[INFO] [stderr]     Checking regex-syntax v0.6.25
[INFO] [stderr]     Checking spirv_headers v1.5.0
[INFO] [stderr]    Compiling memoffset v0.6.3
[INFO] [stderr]     Checking aho-corasick v0.7.18
[INFO] [stderr]     Checking chrono v0.4.19
[INFO] [stderr]     Checking tracing-log v0.1.2
[INFO] [stderr]     Checking crossbeam-channel v0.5.1
[INFO] [stderr]     Checking thread_local v1.1.3
[INFO] [stderr]     Checking sharded-slab v0.1.1
[INFO] [stderr]    Compiling rayon-core v1.9.0
[INFO] [stderr]     Checking crossbeam-epoch v0.9.4
[INFO] [stderr]     Checking ahash v0.4.7
[INFO] [stderr]     Checking base64 v0.13.0
[INFO] [stderr]     Checking inotify-sys v0.1.5
[INFO] [stderr]    Compiling indexmap v1.6.2
[INFO] [stderr]    Compiling rayon v1.5.0
[INFO] [stderr]    Compiling anyhow v1.0.40
[INFO] [stderr]     Checking hashbrown v0.9.1
[INFO] [stderr]     Checking walkdir v2.3.2
[INFO] [stderr]     Checking crossbeam-deque v0.8.0
[INFO] [stderr]     Checking inotify v0.9.2
[INFO] [stderr]     Checking mio v0.7.11
[INFO] [stderr]     Checking filetime v0.2.14
[INFO] [stderr]    Compiling miniz_oxide v0.4.4
[INFO] [stderr]     Checking adler32 v1.2.0
[INFO] [stderr]     Checking anymap v0.12.1
[INFO] [stderr]     Checking either v1.6.1
[INFO] [stderr]    Compiling crc32fast v1.2.1
[INFO] [stderr]     Checking notify v5.0.0-pre.7
[INFO] [stderr]     Checking raw-window-handle v0.3.3
[INFO] [stderr]     Checking regex-automata v0.1.9
[INFO] [stderr]     Checking regex v1.5.4
[INFO] [stderr]    Compiling num-rational v0.3.2
[INFO] [stderr]    Compiling num-iter v0.1.42
[INFO] [stderr]     Checking fixedbitset v0.2.0
[INFO] [stderr]     Checking weezl v0.1.5
[INFO] [stderr]     Checking adler v1.0.2
[INFO] [stderr]     Checking bit-vec v0.6.3
[INFO] [stderr]     Checking petgraph v0.5.1
[INFO] [stderr]     Checking bit-set v0.5.2
[INFO] [stderr]     Checking miniz_oxide v0.3.7
[INFO] [stderr]     Checking deflate v0.8.6
[INFO] [stderr]    Compiling spirv-reflect v0.2.3
[INFO] [stderr]    Compiling bevy-glsl-to-spirv v0.2.1
[INFO] [stderr]     Checking matchers v0.0.1
[INFO] [stderr]     Checking color_quant v1.1.0
[INFO] [stderr]     Checking gif v0.11.2
[INFO] [stderr]     Checking png v0.16.8
[INFO] [stderr]     Checking scoped_threadpool v0.1.9
[INFO] [stderr]     Checking glam v0.14.0
[INFO] [stderr]     Checking bytemuck v1.5.1
[INFO] [stderr]    Compiling spirv_cross v0.23.1
[INFO] [stderr]     Checking nix v0.20.0
[INFO] [stderr]     Checking libloading v0.6.7
[INFO] [stderr]     Checking ab_glyph_rasterizer v0.1.4
[INFO] [stderr]     Checking hex v0.4.3
[INFO] [stderr]    Compiling alsa-sys v0.3.1
[INFO] [stderr]     Checking jpeg-decoder v0.1.22
[INFO] [stderr]     Checking cfg-if v0.1.10
[INFO] [stderr]    Compiling khronos-egl v3.0.2
[INFO] [stderr]     Checking percent-encoding v2.1.0
[INFO] [stderr]    Compiling maybe-uninit v2.0.0
[INFO] [stderr]     Checking net2 v0.2.37
[INFO] [stderr]    Compiling minimp3-sys v0.3.2
[INFO] [stderr]    Compiling libudev-sys v0.1.4
[INFO] [stderr]     Checking tiff v0.6.1
[INFO] [stderr]    Compiling x11-dl v2.18.5
[INFO] [stderr]     Checking iovec v0.1.4
[INFO] [stderr]     Checking arrayvec v0.5.2
[INFO] [stderr]    Compiling cfg_aliases v0.1.1
[INFO] [stderr]    Compiling thiserror-impl v1.0.24
[INFO] [stderr]    Compiling tracing-attributes v0.1.15
[INFO] [stderr]     Checking ttf-parser v0.12.0
[INFO] [stderr]     Checking image v0.23.14
[INFO] [stderr]     Checking hexasphere v3.3.0
[INFO] [stderr]    Compiling wgpu-core v0.7.1
[INFO] [stderr]     Checking mio v0.6.23
[INFO] [stderr]     Checking owned_ttf_parser v0.12.0
[INFO] [stderr]     Checking ash v0.31.0
[INFO] [stderr]    Compiling ring v0.16.20
[INFO] [stderr]     Checking euclid v0.22.3
[INFO] [stderr]     Checking gpu-descriptor-types v0.1.1
[INFO] [stderr]     Checking thiserror v1.0.24
[INFO] [stderr]     Checking gpu-alloc-types v0.2.0
[INFO] [stderr]     Checking naga v0.3.2
[INFO] [stderr]     Checking svg_fmt v0.4.1
[INFO] [stderr]     Checking glow v0.7.2
[INFO] [stderr]     Checking tracing v0.1.26
[INFO] [stderr]    Compiling libm v0.1.4
[INFO] [stderr]     Checking inplace_it v0.3.3
[INFO] [stderr]     Checking lazycell v1.3.0
[INFO] [stderr]    Compiling cpal v0.13.3
[INFO] [stderr]    Compiling inflections v1.1.1
[INFO] [stderr]     Checking mio-extras v2.0.6
[INFO] [stderr]     Checking guillotiere v0.6.0
[INFO] [stderr]    Compiling gltf-derive v0.15.2
[INFO] [stderr]     Checking gpu-descriptor v0.1.1
[INFO] [stderr]     Checking gpu-alloc v0.3.0
[INFO] [stderr]     Checking alsa v0.5.0
[INFO] [stderr]     Checking ab_glyph v0.2.10
[INFO] [stderr]     Checking approx v0.4.0
[INFO] [stderr]     Checking slice-deque v0.3.0
[INFO] [stderr]     Checking wgpu-types v0.7.0
[INFO] [stderr]     Checking gfx-hal v0.7.0
[INFO] [stderr]     Checking untrusted v0.7.1
[INFO] [stderr]     Checking rectangle-pack v0.3.0
[INFO] [stderr]     Checking copyless v0.1.5
[INFO] [stderr]     Checking vec_map v0.8.2
[INFO] [stderr]     Checking xi-unicode v0.3.0
[INFO] [stderr]    Compiling xcb v0.8.2
[INFO] [stderr]     Checking glyph_brush_layout v0.2.1
[INFO] [stderr]     Checking matches v0.1.8
[INFO] [stderr]     Checking tinyvec_macros v0.1.0
[INFO] [stderr]     Checking fnv v1.0.7
[INFO] [stderr]     Checking ttf-parser v0.6.2
[INFO] [stderr]     Checking tinyvec v1.2.0
[INFO] [stderr] error: failed to run custom build command for `xcb v0.8.2`
[INFO] [stderr] note: To improve backtraces for build dependencies, set the CARGO_PROFILE_DEV_BUILD_OVERRIDE_DEBUG=true environment variable to enable debug information generation.
[INFO] [stderr] 
[INFO] [stderr] Caused by:
[INFO] [stderr]   process didn't exit successfully: `/opt/rustwide/target/debug/build/xcb-cd4364a768acdaa9/build-script-build` (exit status: 101)
[INFO] [stderr]   --- stderr
[INFO] [stderr]   error occured in handler:  ('request: ', ('xcb', 'SELinux', 'GetClientContext'))
[INFO] [stderr]   Traceback (most recent call last):
[INFO] [stderr]     File "/opt/rustwide/cargo-home/registry/src/index.crates.io-6f17d22bba15001f/xcb-0.8.2/rs_client.py", line 2448, in <module>
[INFO] [stderr]       module.generate()
[INFO] [stderr]     File "/opt/rustwide/cargo-home/registry/src/index.crates.io-6f17d22bba15001f/xcb-0.8.2/xcbgen/state.py", line 108, in generate
[INFO] [stderr]       self.close()
[INFO] [stderr]     File "/opt/rustwide/cargo-home/registry/src/index.crates.io-6f17d22bba15001f/xcb-0.8.2/rs_client.py", line 296, in rs_close
[INFO] [stderr]       _f.writeout(os.path.join(module.rs_srcdir, "ffi", "%s.rs" % _module_name(_ns.ext_name)))
[INFO] [stderr]     File "/opt/rustwide/cargo-home/registry/src/index.crates.io-6f17d22bba15001f/xcb-0.8.2/rs_client.py", line 114, in writeout
[INFO] [stderr]       with open(path, 'w') as f:
[INFO] [stderr]   OSError: [Errno 30] Read-only file system: '/opt/rustwide/cargo-home/registry/src/index.crates.io-6f17d22bba15001f/xcb-0.8.2/src/ffi/selinux.rs'
[INFO] [stderr]   thread 'main' panicked at /opt/rustwide/cargo-home/registry/src/index.crates.io-6f17d22bba15001f/xcb-0.8.2/build.rs:75:17:
[INFO] [stderr]   processing of /opt/rustwide/cargo-home/registry/src/index.crates.io-6f17d22bba15001f/xcb-0.8.2/xml/xselinux.xml returned non-zero (1)
[INFO] [stderr]   stack backtrace:
[INFO] [stderr]      0:     0x562b7e55f376 - std::backtrace_rs::backtrace::libunwind::trace::h261606ad26a499c1
[INFO] [stderr]                                  at /rustc/0e09125c6c3c2fd70d7de961bcf0e51575235fad/library/std/src/../../backtrace/src/backtrace/libunwind.rs:104:5
[INFO] [stderr]      1:     0x562b7e55f376 - std::backtrace_rs::backtrace::trace_unsynchronized::hd183f0625477fb28
[INFO] [stderr]                                  at /rustc/0e09125c6c3c2fd70d7de961bcf0e51575235fad/library/std/src/../../backtrace/src/backtrace/mod.rs:66:5
[INFO] [stderr]      2:     0x562b7e55f376 - std::sys_common::backtrace::_print_fmt::hd7f8fef21b4eda67
[INFO] [stderr]                                  at /rustc/0e09125c6c3c2fd70d7de961bcf0e51575235fad/library/std/src/sys_common/backtrace.rs:68:5
[INFO] [stderr]      3:     0x562b7e55f376 - <std::sys_common::backtrace::_print::DisplayBacktrace as core::fmt::Display>::fmt::h623d9b51f2f453f1
[INFO] [stderr]                                  at /rustc/0e09125c6c3c2fd70d7de961bcf0e51575235fad/library/std/src/sys_common/backtrace.rs:44:22
[INFO] [stderr]      4:     0x562b7e581aa0 - core::fmt::rt::Argument::fmt::h9f417ac76a86f368
[INFO] [stderr]                                  at /rustc/0e09125c6c3c2fd70d7de961bcf0e51575235fad/library/core/src/fmt/rt.rs:142:9
[INFO] [stderr]      5:     0x562b7e581aa0 - core::fmt::write::hc9b6faf4ac2aeff7
[INFO] [stderr]                                  at /rustc/0e09125c6c3c2fd70d7de961bcf0e51575235fad/library/core/src/fmt/mod.rs:1120:17
[INFO] [stderr]      6:     0x562b7e55d3ef - std::io::Write::write_fmt::hfead1eee52c2e65e
[INFO] [stderr]                                  at /rustc/0e09125c6c3c2fd70d7de961bcf0e51575235fad/library/std/src/io/mod.rs:1810:15
[INFO] [stderr]      7:     0x562b7e55f154 - std::sys_common::backtrace::_print::hd5d66399c7df88a2
[INFO] [stderr]                                  at /rustc/0e09125c6c3c2fd70d7de961bcf0e51575235fad/library/std/src/sys_common/backtrace.rs:47:5
[INFO] [stderr]      8:     0x562b7e55f154 - std::sys_common::backtrace::print::he81ed2da642d37e5
[INFO] [stderr]                                  at /rustc/0e09125c6c3c2fd70d7de961bcf0e51575235fad/library/std/src/sys_common/backtrace.rs:34:9
[INFO] [stderr]      9:     0x562b7e560847 - std::panicking::default_hook::{{closure}}::h85773f4fa117163d
[INFO] [stderr]     10:     0x562b7e5605a9 - std::panicking::default_hook::h6a1694a91d09b278
[INFO] [stderr]                                  at /rustc/0e09125c6c3c2fd70d7de961bcf0e51575235fad/library/std/src/panicking.rs:292:9
[INFO] [stderr]     11:     0x562b7e560cd8 - std::panicking::rust_panic_with_hook::h0a7ad96e90f7145b
[INFO] [stderr]                                  at /rustc/0e09125c6c3c2fd70d7de961bcf0e51575235fad/library/std/src/panicking.rs:779:13
[INFO] [stderr]     12:     0x562b7e560bb2 - std::panicking::begin_panic_handler::{{closure}}::h7919090525c6485e
[INFO] [stderr]                                  at /rustc/0e09125c6c3c2fd70d7de961bcf0e51575235fad/library/std/src/panicking.rs:657:13
[INFO] [stderr]     13:     0x562b7e55f876 - std::sys_common::backtrace::__rust_end_short_backtrace::hf3289479464f7dfe
[INFO] [stderr]                                  at /rustc/0e09125c6c3c2fd70d7de961bcf0e51575235fad/library/std/src/sys_common/backtrace.rs:171:18
[INFO] [stderr]     14:     0x562b7e560910 - rust_begin_unwind
[INFO] [stderr]                                  at /rustc/0e09125c6c3c2fd70d7de961bcf0e51575235fad/library/std/src/panicking.rs:645:5
[INFO] [stderr]     15:     0x562b7e539285 - core::panicking::panic_fmt::hcc9f77c5c132af55
[INFO] [stderr]                                  at /rustc/0e09125c6c3c2fd70d7de961bcf0e51575235fad/library/core/src/panicking.rs:72:14
[INFO] [stderr]     16:     0x562b7e53f141 - build_script_build::main::{{closure}}::h0aa3f35ee6383482
[INFO] [stderr]     17:     0x562b7e53e033 - build_script_build::visit_xml::hde4394d95ae2e2f0
[INFO] [stderr]     18:     0x562b7e53e6d3 - build_script_build::main::hc86143df358257f0
[INFO] [stderr]     19:     0x562b7e53ad13 - core::ops::function::FnOnce::call_once::h0a21bcbd80b894d4
[INFO] [stderr]     20:     0x562b7e539dd6 - std::sys_common::backtrace::__rust_begin_short_backtrace::hff59dafcc569a095
[INFO] [stderr]     21:     0x562b7e53a509 - std::rt::lang_start::{{closure}}::h4cfcc324beb80b16
[INFO] [stderr]     22:     0x562b7e559fd1 - core::ops::function::impls::<impl core::ops::function::FnOnce<A> for &F>::call_once::h4eb4c5e1620f29b0
[INFO] [stderr]                                  at /rustc/0e09125c6c3c2fd70d7de961bcf0e51575235fad/library/core/src/ops/function.rs:284:13
[INFO] [stderr]     23:     0x562b7e559fd1 - std::panicking::try::do_call::h73fd26535faffcdf
[INFO] [stderr]                                  at /rustc/0e09125c6c3c2fd70d7de961bcf0e51575235fad/library/std/src/panicking.rs:552:40
[INFO] [stderr]     24:     0x562b7e559fd1 - std::panicking::try::h77ff1d98f0fb9f39
[INFO] [stderr]                                  at /rustc/0e09125c6c3c2fd70d7de961bcf0e51575235fad/library/std/src/panicking.rs:516:19
[INFO] [stderr]     25:     0x562b7e559fd1 - std::panic::catch_unwind::hab3caf2448b95e37
[INFO] [stderr]                                  at /rustc/0e09125c6c3c2fd70d7de961bcf0e51575235fad/library/std/src/panic.rs:142:14
[INFO] [stderr]     26:     0x562b7e559fd1 - std::rt::lang_start_internal::{{closure}}::h8086711f9c783f78
[INFO] [stderr]                                  at /rustc/0e09125c6c3c2fd70d7de961bcf0e51575235fad/library/std/src/rt.rs:148:48
[INFO] [stderr]     27:     0x562b7e559fd1 - std::panicking::try::do_call::hf920d4dc291cd6ca
[INFO] [stderr]                                  at /rustc/0e09125c6c3c2fd70d7de961bcf0e51575235fad/library/std/src/panicking.rs:552:40
[INFO] [stderr]     28:     0x562b7e559fd1 - std::panicking::try::h2b806ccc0a85db74
[INFO] [stderr]                                  at /rustc/0e09125c6c3c2fd70d7de961bcf0e51575235fad/library/std/src/panicking.rs:516:19
[INFO] [stderr]     29:     0x562b7e559fd1 - std::panic::catch_unwind::h038489539c507df2
[INFO] [stderr]                                  at /rustc/0e09125c6c3c2fd70d7de961bcf0e51575235fad/library/std/src/panic.rs:142:14
[INFO] [stderr]     30:     0x562b7e559fd1 - std::rt::lang_start_internal::h28503b88912e8a5c
[INFO] [stderr]                                  at /rustc/0e09125c6c3c2fd70d7de961bcf0e51575235fad/library/std/src/rt.rs:148:20
[INFO] [stderr]     31:     0x562b7e53a4e7 - std::rt::lang_start::he676197d574517b7
[INFO] [stderr]     32:     0x562b7e53f1c5 - main
[INFO] [stderr]     33:     0x7ff103134d90 - <unknown>
[INFO] [stderr]     34:     0x7ff103134e40 - __libc_start_main
[INFO] [stderr]     35:     0x562b7e5399b5 - _start
[INFO] [stderr]     36:                0x0 - <unknown>
[INFO] [stderr] warning: build failed, waiting for other jobs to finish...
[INFO] running `Command { std: "docker" "inspect" "8fec0ac378c5048e02803598666cf8c63fa3f4086d3ddba6511a9e276c29d5ef", kill_on_drop: false }`
[INFO] running `Command { std: "docker" "rm" "-f" "8fec0ac378c5048e02803598666cf8c63fa3f4086d3ddba6511a9e276c29d5ef", kill_on_drop: false }`
[INFO] [stdout] 8fec0ac378c5048e02803598666cf8c63fa3f4086d3ddba6511a9e276c29d5ef
