[INFO] cloning repository https://github.com/Jbat1Jumper/Twins
[INFO] running `Command { std: "git" "-c" "credential.helper=" "-c" "credential.helper=/workspace/cargo-home/bin/git-credential-null" "clone" "--bare" "https://github.com/Jbat1Jumper/Twins" "/workspace/cache/git-repos/https%3A%2F%2Fgithub.com%2FJbat1Jumper%2FTwins", kill_on_drop: false }`
[INFO] [stderr] Cloning into bare repository '/workspace/cache/git-repos/https%3A%2F%2Fgithub.com%2FJbat1Jumper%2FTwins'...
[INFO] running `Command { std: "git" "rev-parse" "HEAD", kill_on_drop: false }`
[INFO] [stdout] cfec2dc0e69a14b36c621f62beb5a91bbb6cffb8
[INFO] documenting Jbat1Jumper/Twins against 1.75.0 for beta-1.76-rustdoc-1
[INFO] running `Command { std: "git" "clone" "/workspace/cache/git-repos/https%3A%2F%2Fgithub.com%2FJbat1Jumper%2FTwins" "/workspace/builds/worker-0-tc1/source", kill_on_drop: false }`
[INFO] [stderr] Cloning into '/workspace/builds/worker-0-tc1/source'...
[INFO] [stderr] done.
[INFO] validating manifest of git repo https://github.com/Jbat1Jumper/Twins on toolchain 1.75.0
[INFO] running `Command { std: CARGO_HOME="/workspace/cargo-home" RUSTUP_HOME="/workspace/rustup-home" "/workspace/cargo-home/bin/cargo" "+1.75.0" "metadata" "--manifest-path" "Cargo.toml" "--no-deps", kill_on_drop: false }`
[INFO] started tweaking git repo https://github.com/Jbat1Jumper/Twins
[INFO] finished tweaking git repo https://github.com/Jbat1Jumper/Twins
[INFO] tweaked toml for git repo https://github.com/Jbat1Jumper/Twins written to /workspace/builds/worker-0-tc1/source/Cargo.toml
[INFO] running `Command { std: CARGO_HOME="/workspace/cargo-home" RUSTUP_HOME="/workspace/rustup-home" "/workspace/cargo-home/bin/cargo" "+1.75.0" "generate-lockfile" "--manifest-path" "Cargo.toml", kill_on_drop: false }`
[INFO] [stderr]     Updating crates.io index
[INFO] running `Command { std: CARGO_HOME="/workspace/cargo-home" RUSTUP_HOME="/workspace/rustup-home" "/workspace/cargo-home/bin/cargo" "+1.75.0" "fetch" "--manifest-path" "Cargo.toml", kill_on_drop: false }`
[INFO] [stderr]  Downloading crates ...
[INFO] [stderr]   Downloaded gfx_window_sdl v0.8.0
[INFO] [stderr]   Downloaded gfx_device_gl v0.15.5
[INFO] [stderr]   Downloaded smart-default v0.2.0
[INFO] [stderr]   Downloaded alga v0.7.2
[INFO] [stderr]   Downloaded lyon_path v0.10.1
[INFO] [stderr]   Downloaded lyon_geom v0.10.1
[INFO] [stderr]   Downloaded euclid v0.17.3
[INFO] [stderr]   Downloaded lyon_tessellation v0.10.2
[INFO] [stderr]   Downloaded lyon v0.10.2
[INFO] [stderr]   Downloaded ggez v0.4.4
[INFO] [stderr]   Downloaded gfx_glyph v0.10.2
[INFO] [stderr]   Downloaded rodio v0.7.0
[INFO] [stderr]   Downloaded claxon v0.3.3
[INFO] [stderr]   Downloaded nalgebra v0.16.14
[INFO] [stderr]   Downloaded zip v0.3.3
[INFO] running `Command { std: "docker" "create" "-v" "/var/lib/crater-agent-workspace/builds/worker-0-tc1/target:/opt/rustwide/target:rw,Z" "-v" "/var/lib/crater-agent-workspace/builds/worker-0-tc1/source:/opt/rustwide/workdir:ro,Z" "-v" "/var/lib/crater-agent-workspace/cargo-home:/opt/rustwide/cargo-home:ro,Z" "-v" "/var/lib/crater-agent-workspace/rustup-home:/opt/rustwide/rustup-home:ro,Z" "-e" "SOURCE_DIR=/opt/rustwide/workdir" "-e" "CARGO_TARGET_DIR=/opt/rustwide/target" "-e" "CARGO_HOME=/opt/rustwide/cargo-home" "-e" "RUSTUP_HOME=/opt/rustwide/rustup-home" "-w" "/opt/rustwide/workdir" "-m" "1610612736" "--user" "0:0" "--network" "none" "ghcr.io/rust-lang/crates-build-env/linux@sha256:2788e3201cd34a07e3172128adcd8b3090168a8e3bcc40d7c032b9dda1df7d1c" "/opt/rustwide/cargo-home/bin/cargo" "+1.75.0" "metadata" "--no-deps" "--format-version=1", kill_on_drop: false }`
[INFO] [stdout] ed55925a7f71f42b56bee245f38afabc940993bc9ac2325842b41721f46f4ce1
[INFO] running `Command { std: "docker" "start" "-a" "ed55925a7f71f42b56bee245f38afabc940993bc9ac2325842b41721f46f4ce1", kill_on_drop: false }`
[INFO] running `Command { std: "docker" "inspect" "ed55925a7f71f42b56bee245f38afabc940993bc9ac2325842b41721f46f4ce1", kill_on_drop: false }`
[INFO] running `Command { std: "docker" "rm" "-f" "ed55925a7f71f42b56bee245f38afabc940993bc9ac2325842b41721f46f4ce1", kill_on_drop: false }`
[INFO] [stdout] ed55925a7f71f42b56bee245f38afabc940993bc9ac2325842b41721f46f4ce1
[INFO] running `Command { std: "docker" "create" "-v" "/var/lib/crater-agent-workspace/builds/worker-0-tc1/target:/opt/rustwide/target:rw,Z" "-v" "/var/lib/crater-agent-workspace/builds/worker-0-tc1/source:/opt/rustwide/workdir:ro,Z" "-v" "/var/lib/crater-agent-workspace/cargo-home:/opt/rustwide/cargo-home:ro,Z" "-v" "/var/lib/crater-agent-workspace/rustup-home:/opt/rustwide/rustup-home:ro,Z" "-e" "SOURCE_DIR=/opt/rustwide/workdir" "-e" "CARGO_TARGET_DIR=/opt/rustwide/target" "-e" "CARGO_INCREMENTAL=0" "-e" "RUST_BACKTRACE=full" "-e" "RUSTFLAGS=--cap-lints=warn" "-e" "RUSTDOCFLAGS=--cap-lints=warn" "-e" "CARGO_HOME=/opt/rustwide/cargo-home" "-e" "RUSTUP_HOME=/opt/rustwide/rustup-home" "-w" "/opt/rustwide/workdir" "-m" "1610612736" "--user" "0:0" "--network" "none" "ghcr.io/rust-lang/crates-build-env/linux@sha256:2788e3201cd34a07e3172128adcd8b3090168a8e3bcc40d7c032b9dda1df7d1c" "/opt/rustwide/cargo-home/bin/cargo" "+1.75.0" "doc" "--frozen" "--no-deps" "--document-private-items" "--message-format=json", kill_on_drop: false }`
[INFO] [stdout] 651fc2d1cc0cb62c5f8ffe840314dc9ee2a8cdba26424e8a0b850e11ab0779aa
[INFO] running `Command { std: "docker" "start" "-a" "651fc2d1cc0cb62c5f8ffe840314dc9ee2a8cdba26424e8a0b850e11ab0779aa", kill_on_drop: false }`
[INFO] [stderr]    Compiling libc v0.2.151
[INFO] [stderr]    Compiling num-traits v0.2.17
[INFO] [stderr]     Checking cfg-if v1.0.0
[INFO] [stderr]    Compiling proc-macro2 v0.4.30
[INFO] [stderr]    Compiling pkg-config v0.3.28
[INFO] [stderr]     Checking byteorder v1.5.0
[INFO] [stderr]    Compiling syn v0.15.44
[INFO] [stderr]    Compiling num-integer v0.1.45
[INFO] [stderr]     Checking nodrop v0.1.14
[INFO] [stderr]    Compiling khronos_api v2.2.0
[INFO] [stderr]    Compiling crossbeam-utils v0.8.18
[INFO] [stderr]    Compiling arrayvec v0.4.12
[INFO] [stderr]    Compiling num-iter v0.1.43
[INFO] [stderr]    Compiling typenum v1.17.0
[INFO] [stderr]    Compiling xml-rs v0.7.0
[INFO] [stderr]    Compiling log v0.4.20
[INFO] [stderr]     Checking approx v0.1.1
[INFO] [stderr]     Checking draw_state v0.8.0
[INFO] [stderr]    Compiling rayon-core v1.12.0
[INFO] [stderr]    Compiling proc-macro2 v1.0.76
[INFO] [stderr]    Compiling sdl2-sys v0.31.0
[INFO] [stderr]    Compiling matrixmultiply v0.1.15
[INFO] [stderr]     Checking void v1.0.2
[INFO] [stderr]     Checking ppv-lite86 v0.2.17
[INFO] [stderr]     Checking adler32 v1.2.0
[INFO] [stderr]    Compiling unicode-ident v1.0.12
[INFO] [stderr]     Checking unreachable v1.0.0
[INFO] [stderr]     Checking stb_truetype v0.3.1
[INFO] [stderr]    Compiling num-complex v0.2.4
[INFO] [stderr]     Checking tinyvec_macros v0.1.1
[INFO] [stderr]    Compiling num-derive v0.2.5
[INFO] [stderr]     Checking rawpointer v0.1.0
[INFO] [stderr]    Compiling libm v0.1.4
[INFO] [stderr]     Checking memchr v2.7.1
[INFO] [stderr]     Checking either v1.9.0
[INFO] [stderr]    Compiling gl_generator v0.9.0
[INFO] [stderr]    Compiling alsa-sys v0.1.2
[INFO] [stderr]    Compiling serde v1.0.195
[INFO] [stderr]     Checking adler v1.0.2
[INFO] [stderr]     Checking gimli v0.28.1
[INFO] [stderr]     Checking crossbeam-epoch v0.9.17
[INFO] [stderr]     Checking miniz_oxide v0.7.1
[INFO] [stderr]    Compiling quote v0.6.13
[INFO] [stderr]     Checking crossbeam-deque v0.8.4
[INFO] [stderr]     Checking stb_truetype v0.2.8
[INFO] [stderr]     Checking tinyvec v1.6.0
[INFO] [stderr]     Checking deflate v0.7.20
[INFO] [stderr]     Checking inflate v0.4.5
[INFO] [stderr]     Checking ogg v0.4.1
[INFO] [stderr]    Compiling quote v1.0.35
[INFO] [stderr]     Checking object v0.32.2
[INFO] [stderr]     Checking rand v0.4.6
[INFO] [stderr]    Compiling cc v1.0.83
[INFO] [stderr]     Checking getrandom v0.2.11
[INFO] [stderr]     Checking time v0.1.45
[INFO] [stderr]     Checking num-traits v0.1.43
[INFO] [stderr]    Compiling gfx_gl v0.5.0
[INFO] [stderr]     Checking euclid v0.17.3
[INFO] [stderr]     Checking rand_core v0.6.4
[INFO] [stderr]     Checking sid v0.5.2
[INFO] [stderr]     Checking ordered-float v0.5.2
[INFO] [stderr]     Checking num-complex v0.1.43
[INFO] [stderr]     Checking rayon v1.8.0
[INFO] [stderr]     Checking rand_chacha v0.3.1
[INFO] [stderr]     Checking rustc-demangle v0.1.23
[INFO] [stderr]     Checking color_quant v1.1.0
[INFO] [stderr]     Checking lzw v0.10.0
[INFO] [stderr]     Checking rand v0.3.23
[INFO] [stderr]     Checking num v0.1.42
[INFO] [stderr]     Checking rand_core v0.4.2
[INFO] [stderr]     Checking static_assertions v1.1.0
[INFO] [stderr]     Checking fnv v1.0.7
[INFO] [stderr]     Checking linked-hash-map v0.5.6
[INFO] [stderr]     Checking rand v0.8.5
[INFO] [stderr]     Checking lazy_static v0.2.11
[INFO] [stderr]     Checking bitflags v0.7.0
[INFO] [stderr]     Checking cpal v0.8.2
[INFO] [stderr]     Checking rand_core v0.3.1
[INFO] [stderr]     Checking gif v0.10.3
[INFO] [stderr]    Compiling syn v0.11.11
[INFO] [stderr]     Checking sdl2 v0.31.0
[INFO] [stderr]     Checking unicode-normalization v0.1.22
[INFO] [stderr]     Checking alga v0.5.4
[INFO] [stderr]     Checking lyon_geom v0.10.1
[INFO] [stderr]     Checking cgmath v0.14.1
[INFO] [stderr]     Checking rusttype v0.5.2
[INFO] [stderr]     Checking png v0.12.0
[INFO] [stderr]     Checking num-rational v0.1.42
[INFO] [stderr]     Checking generic-array v0.8.4
[INFO] [stderr]     Checking lyon_path v0.10.1
[INFO] [stderr]     Checking msdos_time v0.1.6
[INFO] [stderr]    Compiling syn v2.0.48
[INFO] [stderr]     Checking approx v0.3.2
[INFO] [stderr]     Checking lewton v0.5.2
[INFO] [stderr]     Checking lyon_tessellation v0.10.2
[INFO] [stderr]     Checking twox-hash v1.6.3
[INFO] [stderr]     Checking hound v3.5.1
[INFO] [stderr]    Compiling bzip2-sys v0.1.11+1.0.8
[INFO] [stderr]    Compiling backtrace v0.3.69
[INFO] [stderr]     Checking xdg v2.5.2
[INFO] [stderr]     Checking xi-unicode v0.1.0
[INFO] [stderr]     Checking podio v0.1.7
[INFO] [stderr]     Checking claxon v0.3.3
[INFO] [stderr]     Checking scoped_threadpool v0.1.9
[INFO] [stderr]     Checking app_dirs2 v2.5.5
[INFO] [stderr]     Checking lyon v0.10.2
[INFO] [stderr]     Checking alga v0.7.2
[INFO] [stderr]     Checking nalgebra v0.14.4
[INFO] [stderr]     Checking addr2line v0.21.0
[INFO] [stderr]     Checking rand v0.5.6
[INFO] [stderr]     Checking generic-array v0.11.2
[INFO] [stderr]     Checking fixedbitset v0.1.9
[INFO] [stderr]     Checking ordermap v0.3.5
[INFO] [stderr]    Compiling smart-default v0.2.0
[INFO] [stderr]     Checking rodio v0.7.0
[INFO] [stderr]     Checking petgraph v0.4.13
[INFO] [stderr]    Compiling derivative v1.0.4
[INFO] [stderr]     Checking jpeg-decoder v0.1.22
[INFO] [stderr]     Checking bzip2 v0.3.3
[INFO] [stderr]     Checking nalgebra v0.16.14
[INFO] [stderr]     Checking zip v0.3.3
[INFO] [stdout] error[E0592]: duplicate definitions with name `new`
[INFO] [stdout]    --> /opt/rustwide/cargo-home/registry/src/index.crates.io-6f17d22bba15001f/nalgebra-0.14.4/src/core/construction.rs:510:13
[INFO] [stdout]     |
[INFO] [stdout] 510 |               pub fn new($($args: N),*) -> Self {
[INFO] [stdout]     |               ^^^^^^^^^^^^^^^^^^^^^^^^^^^^^^^^^ duplicate definitions for `new`
[INFO] [stdout] ...
[INFO] [stdout] 522 | / componentwise_constructors_impl!(
[INFO] [stdout] 523 | |     /*
[INFO] [stdout] 524 | |      * Square matrices 1 .. 6.
[INFO] [stdout] 525 | |      */
[INFO] [stdout] ...   |
[INFO] [stdout] 664 | |     U6, U1, x:(0,0), y:(1,0), z:(2,0), w:(3,0), a:(4,0), b:(5,0);
[INFO] [stdout] 665 | | );
[INFO] [stdout]     | |_- in this macro invocation
[INFO] [stdout]     |
[INFO] [stdout]    ::: /opt/rustwide/cargo-home/registry/src/index.crates.io-6f17d22bba15001f/nalgebra-0.14.4/src/core/construction_slice_deprecated.rs:171:13
[INFO] [stdout]     |
[INFO] [stdout] 171 |               pub fn new(data: &'a [N], $($args: usize),*) -> Self {
[INFO] [stdout]     |               ---------------------------------------------------- other definition for `new`
[INFO] [stdout]     |
[INFO] [stdout]     = note: this error originates in the macro `componentwise_constructors_impl` (in Nightly builds, run with -Z macro-backtrace for more info)
[INFO] [stdout] 
[INFO] [stdout] 
[INFO] [stdout] error[E0592]: duplicate definitions with name `new`
[INFO] [stdout]    --> /opt/rustwide/cargo-home/registry/src/index.crates.io-6f17d22bba15001f/nalgebra-0.14.4/src/core/construction.rs:510:13
[INFO] [stdout]     |
[INFO] [stdout] 510 |               pub fn new($($args: N),*) -> Self {
[INFO] [stdout]     |               ^^^^^^^^^^^^^^^^^^^^^^^^^^^^^^^^^ duplicate definitions for `new`
[INFO] [stdout] ...
[INFO] [stdout] 522 | / componentwise_constructors_impl!(
[INFO] [stdout] 523 | |     /*
[INFO] [stdout] 524 | |      * Square matrices 1 .. 6.
[INFO] [stdout] 525 | |      */
[INFO] [stdout] ...   |
[INFO] [stdout] 664 | |     U6, U1, x:(0,0), y:(1,0), z:(2,0), w:(3,0), a:(4,0), b:(5,0);
[INFO] [stdout] 665 | | );
[INFO] [stdout]     | |_- in this macro invocation
[INFO] [stdout]     |
[INFO] [stdout]    ::: /opt/rustwide/cargo-home/registry/src/index.crates.io-6f17d22bba15001f/nalgebra-0.14.4/src/core/construction_slice_deprecated.rs:232:13
[INFO] [stdout]     |
[INFO] [stdout] 232 |               pub fn new(data: &'a mut [N], $($args: usize),*) -> Self {
[INFO] [stdout]     |               -------------------------------------------------------- other definition for `new`
[INFO] [stdout]     |
[INFO] [stdout]     = note: this error originates in the macro `componentwise_constructors_impl` (in Nightly builds, run with -Z macro-backtrace for more info)
[INFO] [stdout] 
[INFO] [stdout] 
[INFO] [stdout] error: aborting due to 2 previous errors
[INFO] [stdout] 
[INFO] [stdout] 
[INFO] [stdout] For more information about this error, try `rustc --explain E0592`.
[INFO] [stdout] 
[INFO] [stderr] error: could not compile `nalgebra` (lib) due to 3 previous errors
[INFO] [stderr] warning: build failed, waiting for other jobs to finish...
[INFO] running `Command { std: "docker" "inspect" "651fc2d1cc0cb62c5f8ffe840314dc9ee2a8cdba26424e8a0b850e11ab0779aa", kill_on_drop: false }`
[INFO] running `Command { std: "docker" "rm" "-f" "651fc2d1cc0cb62c5f8ffe840314dc9ee2a8cdba26424e8a0b850e11ab0779aa", kill_on_drop: false }`
[INFO] [stdout] 651fc2d1cc0cb62c5f8ffe840314dc9ee2a8cdba26424e8a0b850e11ab0779aa
[INFO] documenting Jbat1Jumper/Twins against beta-2023-12-22 for beta-1.76-rustdoc-1
[INFO] running `Command { std: "git" "clone" "/workspace/cache/git-repos/https%3A%2F%2Fgithub.com%2FJbat1Jumper%2FTwins" "/workspace/builds/worker-0-tc2/source", kill_on_drop: false }`
[INFO] [stderr] Cloning into '/workspace/builds/worker-0-tc2/source'...
[INFO] [stderr] done.
[INFO] validating manifest of git repo https://github.com/Jbat1Jumper/Twins on toolchain beta-2023-12-22
[INFO] running `Command { std: CARGO_HOME="/workspace/cargo-home" RUSTUP_HOME="/workspace/rustup-home" "/workspace/cargo-home/bin/cargo" "+beta-2023-12-22" "metadata" "--manifest-path" "Cargo.toml" "--no-deps", kill_on_drop: false }`
[INFO] started tweaking git repo https://github.com/Jbat1Jumper/Twins
[INFO] finished tweaking git repo https://github.com/Jbat1Jumper/Twins
[INFO] tweaked toml for git repo https://github.com/Jbat1Jumper/Twins written to /workspace/builds/worker-0-tc2/source/Cargo.toml
[INFO] running `Command { std: CARGO_HOME="/workspace/cargo-home" RUSTUP_HOME="/workspace/rustup-home" "/workspace/cargo-home/bin/cargo" "+beta-2023-12-22" "generate-lockfile" "--manifest-path" "Cargo.toml", kill_on_drop: false }`
[INFO] [stderr]     Updating crates.io index
[INFO] running `Command { std: CARGO_HOME="/workspace/cargo-home" RUSTUP_HOME="/workspace/rustup-home" "/workspace/cargo-home/bin/cargo" "+beta-2023-12-22" "fetch" "--manifest-path" "Cargo.toml", kill_on_drop: false }`
[INFO] running `Command { std: "docker" "create" "-v" "/var/lib/crater-agent-workspace/builds/worker-0-tc2/target:/opt/rustwide/target:rw,Z" "-v" "/var/lib/crater-agent-workspace/builds/worker-0-tc2/source:/opt/rustwide/workdir:ro,Z" "-v" "/var/lib/crater-agent-workspace/cargo-home:/opt/rustwide/cargo-home:ro,Z" "-v" "/var/lib/crater-agent-workspace/rustup-home:/opt/rustwide/rustup-home:ro,Z" "-e" "SOURCE_DIR=/opt/rustwide/workdir" "-e" "CARGO_TARGET_DIR=/opt/rustwide/target" "-e" "CARGO_HOME=/opt/rustwide/cargo-home" "-e" "RUSTUP_HOME=/opt/rustwide/rustup-home" "-w" "/opt/rustwide/workdir" "-m" "1610612736" "--user" "0:0" "--network" "none" "ghcr.io/rust-lang/crates-build-env/linux@sha256:2788e3201cd34a07e3172128adcd8b3090168a8e3bcc40d7c032b9dda1df7d1c" "/opt/rustwide/cargo-home/bin/cargo" "+beta-2023-12-22" "metadata" "--no-deps" "--format-version=1", kill_on_drop: false }`
[INFO] [stdout] 5031918f04eff6370316645c5360da05efd99864100a6f8adb512c33a2102a89
[INFO] running `Command { std: "docker" "start" "-a" "5031918f04eff6370316645c5360da05efd99864100a6f8adb512c33a2102a89", kill_on_drop: false }`
[INFO] running `Command { std: "docker" "inspect" "5031918f04eff6370316645c5360da05efd99864100a6f8adb512c33a2102a89", kill_on_drop: false }`
[INFO] running `Command { std: "docker" "rm" "-f" "5031918f04eff6370316645c5360da05efd99864100a6f8adb512c33a2102a89", kill_on_drop: false }`
[INFO] [stdout] 5031918f04eff6370316645c5360da05efd99864100a6f8adb512c33a2102a89
[INFO] running `Command { std: "docker" "create" "-v" "/var/lib/crater-agent-workspace/builds/worker-0-tc2/target:/opt/rustwide/target:rw,Z" "-v" "/var/lib/crater-agent-workspace/builds/worker-0-tc2/source:/opt/rustwide/workdir:ro,Z" "-v" "/var/lib/crater-agent-workspace/cargo-home:/opt/rustwide/cargo-home:ro,Z" "-v" "/var/lib/crater-agent-workspace/rustup-home:/opt/rustwide/rustup-home:ro,Z" "-e" "SOURCE_DIR=/opt/rustwide/workdir" "-e" "CARGO_TARGET_DIR=/opt/rustwide/target" "-e" "CARGO_INCREMENTAL=0" "-e" "RUST_BACKTRACE=full" "-e" "RUSTFLAGS=--cap-lints=warn" "-e" "RUSTDOCFLAGS=--cap-lints=warn" "-e" "CARGO_HOME=/opt/rustwide/cargo-home" "-e" "RUSTUP_HOME=/opt/rustwide/rustup-home" "-w" "/opt/rustwide/workdir" "-m" "1610612736" "--user" "0:0" "--network" "none" "ghcr.io/rust-lang/crates-build-env/linux@sha256:2788e3201cd34a07e3172128adcd8b3090168a8e3bcc40d7c032b9dda1df7d1c" "/opt/rustwide/cargo-home/bin/cargo" "+beta-2023-12-22" "doc" "--frozen" "--no-deps" "--document-private-items" "--message-format=json", kill_on_drop: false }`
[INFO] [stdout] 532bc1d9fbe3530078a68997765f38d56057a1479621e98ec026e9217c292dc5
[INFO] running `Command { std: "docker" "start" "-a" "532bc1d9fbe3530078a68997765f38d56057a1479621e98ec026e9217c292dc5", kill_on_drop: false }`
[INFO] [stderr]    Compiling libc v0.2.151
[INFO] [stderr]    Compiling num-traits v0.2.17
[INFO] [stderr]     Checking cfg-if v1.0.0
[INFO] [stderr]    Compiling proc-macro2 v0.4.30
[INFO] [stderr]    Compiling pkg-config v0.3.28
[INFO] [stderr]     Checking byteorder v1.5.0
[INFO] [stderr]    Compiling syn v0.15.44
[INFO] [stderr]    Compiling num-integer v0.1.45
[INFO] [stderr]     Checking nodrop v0.1.14
[INFO] [stderr]    Compiling crossbeam-utils v0.8.18
[INFO] [stderr]    Compiling khronos_api v2.2.0
[INFO] [stderr]    Compiling arrayvec v0.4.12
[INFO] [stderr]    Compiling num-iter v0.1.43
[INFO] [stderr]    Compiling xml-rs v0.7.0
[INFO] [stderr]    Compiling log v0.4.20
[INFO] [stderr]     Checking approx v0.1.1
[INFO] [stderr]    Compiling typenum v1.17.0
[INFO] [stderr]     Checking draw_state v0.8.0
[INFO] [stderr]    Compiling rayon-core v1.12.0
[INFO] [stderr]    Compiling proc-macro2 v1.0.76
[INFO] [stderr]    Compiling sdl2-sys v0.31.0
[INFO] [stderr]    Compiling unicode-ident v1.0.12
[INFO] [stderr]    Compiling matrixmultiply v0.1.15
[INFO] [stderr]     Checking void v1.0.2
[INFO] [stderr]     Checking adler32 v1.2.0
[INFO] [stderr]     Checking ppv-lite86 v0.2.17
[INFO] [stderr]     Checking unreachable v1.0.0
[INFO] [stderr]     Checking stb_truetype v0.3.1
[INFO] [stderr]    Compiling num-complex v0.2.4
[INFO] [stderr]     Checking either v1.9.0
[INFO] [stderr]    Compiling serde v1.0.195
[INFO] [stderr]     Checking adler v1.0.2
[INFO] [stderr]    Compiling gl_generator v0.9.0
[INFO] [stderr]     Checking tinyvec_macros v0.1.1
[INFO] [stderr]     Checking memchr v2.7.1
[INFO] [stderr]    Compiling num-derive v0.2.5
[INFO] [stderr]     Checking rawpointer v0.1.0
[INFO] [stderr]    Compiling alsa-sys v0.1.2
[INFO] [stderr]     Checking gimli v0.28.1
[INFO] [stderr]    Compiling libm v0.1.4
[INFO] [stderr]    Compiling quote v0.6.13
[INFO] [stderr]     Checking crossbeam-epoch v0.9.17
[INFO] [stderr]     Checking tinyvec v1.6.0
[INFO] [stderr]     Checking stb_truetype v0.2.8
[INFO] [stderr]     Checking miniz_oxide v0.7.1
[INFO] [stderr]     Checking crossbeam-deque v0.8.4
[INFO] [stderr]     Checking inflate v0.4.5
[INFO] [stderr]     Checking deflate v0.7.20
[INFO] [stderr]     Checking rand v0.4.6
[INFO] [stderr]     Checking getrandom v0.2.11
[INFO] [stderr]     Checking object v0.32.2
[INFO] [stderr]     Checking rand_core v0.6.4
[INFO] [stderr]    Compiling cc v1.0.83
[INFO] [stderr]     Checking time v0.1.45
[INFO] [stderr]    Compiling gfx_gl v0.5.0
[INFO] [stderr]     Checking rand_chacha v0.3.1
[INFO] [stderr]     Checking num-traits v0.1.43
[INFO] [stderr]     Checking num-complex v0.1.43
[INFO] [stderr]     Checking euclid v0.17.3
[INFO] [stderr]     Checking sid v0.5.2
[INFO] [stderr]     Checking ordered-float v0.5.2
[INFO] [stderr]     Checking rand v0.8.5
[INFO] [stderr]     Checking rayon v1.8.0
[INFO] [stderr]    Compiling quote v1.0.35
[INFO] [stderr]     Checking ogg v0.4.1
[INFO] [stderr]     Checking rand_core v0.4.2
[INFO] [stderr]     Checking rand v0.3.23
[INFO] [stderr]     Checking lazy_static v0.2.11
[INFO] [stderr]     Checking bitflags v0.7.0
[INFO] [stderr]     Checking static_assertions v1.1.0
[INFO] [stderr]     Checking fnv v1.0.7
[INFO] [stderr]     Checking rustc-demangle v0.1.23
[INFO] [stderr]     Checking color_quant v1.1.0
[INFO] [stderr]     Checking linked-hash-map v0.5.6
[INFO] [stderr]     Checking lzw v0.10.0
[INFO] [stderr]     Checking num v0.1.42
[INFO] [stderr]     Checking png v0.12.0
[INFO] [stderr]     Checking unicode-normalization v0.1.22
[INFO] [stderr]     Checking sdl2 v0.31.0
[INFO] [stderr]    Compiling syn v2.0.48
[INFO] [stderr]     Checking gif v0.10.3
[INFO] [stderr]     Checking rusttype v0.5.2
[INFO] [stderr]     Checking lewton v0.5.2
[INFO] [stderr]     Checking lyon_geom v0.10.1
[INFO] [stderr]    Compiling syn v0.11.11
[INFO] [stderr]     Checking alga v0.5.4
[INFO] [stderr]     Checking cpal v0.8.2
[INFO] [stderr]     Checking rand_core v0.3.1
[INFO] [stderr]     Checking num-rational v0.1.42
[INFO] [stderr]     Checking lyon_path v0.10.1
[INFO] [stderr]     Checking twox-hash v1.6.3
[INFO] [stderr]     Checking cgmath v0.14.1
[INFO] [stderr]     Checking generic-array v0.8.4
[INFO] [stderr]     Checking msdos_time v0.1.6
[INFO] [stderr]     Checking approx v0.3.2
[INFO] [stderr]     Checking lyon_tessellation v0.10.2
[INFO] [stderr]     Checking hound v3.5.1
[INFO] [stderr]     Checking scoped_threadpool v0.1.9
[INFO] [stderr]    Compiling bzip2-sys v0.1.11+1.0.8
[INFO] [stderr]    Compiling backtrace v0.3.69
[INFO] [stderr]     Checking claxon v0.3.3
[INFO] [stderr]     Checking podio v0.1.7
[INFO] [stderr]     Checking xi-unicode v0.1.0
[INFO] [stderr]     Checking xdg v2.5.2
[INFO] [stderr]     Checking lyon v0.10.2
[INFO] [stderr]     Checking nalgebra v0.14.4
[INFO] [stderr]     Checking rand v0.5.6
[INFO] [stderr]     Checking addr2line v0.21.0
[INFO] [stderr]     Checking alga v0.7.2
[INFO] [stderr]     Checking generic-array v0.11.2
[INFO] [stderr]     Checking ordermap v0.3.5
[INFO] [stderr]     Checking app_dirs2 v2.5.5
[INFO] [stderr]     Checking fixedbitset v0.1.9
[INFO] [stderr]     Checking petgraph v0.4.13
[INFO] [stderr]    Compiling smart-default v0.2.0
[INFO] [stderr]    Compiling derivative v1.0.4
[INFO] [stderr]     Checking nalgebra v0.16.14
[INFO] [stderr]     Checking bzip2 v0.3.3
[INFO] [stderr]     Checking rodio v0.7.0
[INFO] [stderr]     Checking zip v0.3.3
[INFO] [stderr]     Checking jpeg-decoder v0.1.22
[INFO] [stdout] error[E0592]: duplicate definitions with name `new`
[INFO] [stdout]    --> /opt/rustwide/cargo-home/registry/src/index.crates.io-6f17d22bba15001f/nalgebra-0.14.4/src/core/construction.rs:510:13
[INFO] [stdout]     |
[INFO] [stdout] 510 |               pub fn new($($args: N),*) -> Self {
[INFO] [stdout]     |               ^^^^^^^^^^^^^^^^^^^^^^^^^^^^^^^^^ duplicate definitions for `new`
[INFO] [stdout] ...
[INFO] [stdout] 522 | / componentwise_constructors_impl!(
[INFO] [stdout] 523 | |     /*
[INFO] [stdout] 524 | |      * Square matrices 1 .. 6.
[INFO] [stdout] 525 | |      */
[INFO] [stdout] ...   |
[INFO] [stdout] 664 | |     U6, U1, x:(0,0), y:(1,0), z:(2,0), w:(3,0), a:(4,0), b:(5,0);
[INFO] [stdout] 665 | | );
[INFO] [stdout]     | |_- in this macro invocation
[INFO] [stdout]     |
[INFO] [stdout]    ::: /opt/rustwide/cargo-home/registry/src/index.crates.io-6f17d22bba15001f/nalgebra-0.14.4/src/core/construction_slice_deprecated.rs:171:13
[INFO] [stdout]     |
[INFO] [stdout] 171 |               pub fn new(data: &'a [N], $($args: usize),*) -> Self {
[INFO] [stdout]     |               ---------------------------------------------------- other definition for `new`
[INFO] [stdout]     |
[INFO] [stdout]     = note: this error originates in the macro `componentwise_constructors_impl` (in Nightly builds, run with -Z macro-backtrace for more info)
[INFO] [stdout] 
[INFO] [stdout] 
[INFO] [stdout] error[E0592]: duplicate definitions with name `new`
[INFO] [stdout]    --> /opt/rustwide/cargo-home/registry/src/index.crates.io-6f17d22bba15001f/nalgebra-0.14.4/src/core/construction.rs:510:13
[INFO] [stdout]     |
[INFO] [stdout] 510 |               pub fn new($($args: N),*) -> Self {
[INFO] [stdout]     |               ^^^^^^^^^^^^^^^^^^^^^^^^^^^^^^^^^ duplicate definitions for `new`
[INFO] [stdout] ...
[INFO] [stdout] 522 | / componentwise_constructors_impl!(
[INFO] [stdout] 523 | |     /*
[INFO] [stdout] 524 | |      * Square matrices 1 .. 6.
[INFO] [stdout] 525 | |      */
[INFO] [stdout] ...   |
[INFO] [stdout] 664 | |     U6, U1, x:(0,0), y:(1,0), z:(2,0), w:(3,0), a:(4,0), b:(5,0);
[INFO] [stdout] 665 | | );
[INFO] [stdout]     | |_- in this macro invocation
[INFO] [stdout]     |
[INFO] [stdout]    ::: /opt/rustwide/cargo-home/registry/src/index.crates.io-6f17d22bba15001f/nalgebra-0.14.4/src/core/construction_slice_deprecated.rs:232:13
[INFO] [stdout]     |
[INFO] [stdout] 232 |               pub fn new(data: &'a mut [N], $($args: usize),*) -> Self {
[INFO] [stdout]     |               -------------------------------------------------------- other definition for `new`
[INFO] [stdout]     |
[INFO] [stdout]     = note: this error originates in the macro `componentwise_constructors_impl` (in Nightly builds, run with -Z macro-backtrace for more info)
[INFO] [stdout] 
[INFO] [stdout] 
[INFO] [stdout] error: aborting due to 2 previous errors
[INFO] [stdout] 
[INFO] [stdout] 
[INFO] [stdout] For more information about this error, try `rustc --explain E0592`.
[INFO] [stdout] 
[INFO] [stderr] error: could not compile `nalgebra` (lib) due to 3 previous errors
[INFO] [stderr] warning: build failed, waiting for other jobs to finish...
[INFO] running `Command { std: "docker" "inspect" "532bc1d9fbe3530078a68997765f38d56057a1479621e98ec026e9217c292dc5", kill_on_drop: false }`
[INFO] running `Command { std: "docker" "rm" "-f" "532bc1d9fbe3530078a68997765f38d56057a1479621e98ec026e9217c292dc5", kill_on_drop: false }`
[INFO] [stdout] 532bc1d9fbe3530078a68997765f38d56057a1479621e98ec026e9217c292dc5
