[INFO] cloning repository https://github.com/Jaso55555/bullet-bored
[INFO] running `Command { std: "git" "-c" "credential.helper=" "-c" "credential.helper=/workspace/cargo-home/bin/git-credential-null" "clone" "--bare" "https://github.com/Jaso55555/bullet-bored" "/workspace/cache/git-repos/https%3A%2F%2Fgithub.com%2FJaso55555%2Fbullet-bored", kill_on_drop: false }`
[INFO] [stderr] Cloning into bare repository '/workspace/cache/git-repos/https%3A%2F%2Fgithub.com%2FJaso55555%2Fbullet-bored'...
[INFO] running `Command { std: "git" "rev-parse" "HEAD", kill_on_drop: false }`
[INFO] [stdout] 602f2b9b453ceaafa81c1e996d401753bbc49ca7
[INFO] documenting Jaso55555/bullet-bored against 1.75.0 for beta-1.76-rustdoc-1
[INFO] running `Command { std: "git" "clone" "/workspace/cache/git-repos/https%3A%2F%2Fgithub.com%2FJaso55555%2Fbullet-bored" "/workspace/builds/worker-7-tc1/source", kill_on_drop: false }`
[INFO] [stderr] Cloning into '/workspace/builds/worker-7-tc1/source'...
[INFO] [stderr] done.
[INFO] validating manifest of git repo https://github.com/Jaso55555/bullet-bored on toolchain 1.75.0
[INFO] running `Command { std: CARGO_HOME="/workspace/cargo-home" RUSTUP_HOME="/workspace/rustup-home" "/workspace/cargo-home/bin/cargo" "+1.75.0" "metadata" "--manifest-path" "Cargo.toml" "--no-deps", kill_on_drop: false }`
[INFO] removed /workspace/builds/worker-7-tc1/source/rust-toolchain.toml
[INFO] started tweaking git repo https://github.com/Jaso55555/bullet-bored
[INFO] finished tweaking git repo https://github.com/Jaso55555/bullet-bored
[INFO] tweaked toml for git repo https://github.com/Jaso55555/bullet-bored written to /workspace/builds/worker-7-tc1/source/Cargo.toml
[INFO] crate git repo https://github.com/Jaso55555/bullet-bored already has a lockfile, it will not be regenerated
[INFO] running `Command { std: CARGO_HOME="/workspace/cargo-home" RUSTUP_HOME="/workspace/rustup-home" "/workspace/cargo-home/bin/cargo" "+1.75.0" "fetch" "--manifest-path" "Cargo.toml", kill_on_drop: false }`
[INFO] [stderr]     Updating crates.io index
[INFO] [stderr]  Downloading crates ...
[INFO] [stderr]   Downloaded wfd v0.1.7
[INFO] [stderr]   Downloaded native-dialog v0.6.3
[INFO] [stderr]   Downloaded rhai_codegen v1.5.0
[INFO] [stderr]   Downloaded miniquad v0.3.14
[INFO] [stderr]   Downloaded macroquad v0.3.25
[INFO] [stderr]   Downloaded rhai v1.12.0
[INFO] [stderr]   Downloaded quad-snd v0.2.5
[INFO] running `Command { std: "docker" "create" "-v" "/var/lib/crater-agent-workspace/builds/worker-7-tc1/target:/opt/rustwide/target:rw,Z" "-v" "/var/lib/crater-agent-workspace/builds/worker-7-tc1/source:/opt/rustwide/workdir:ro,Z" "-v" "/var/lib/crater-agent-workspace/cargo-home:/opt/rustwide/cargo-home:ro,Z" "-v" "/var/lib/crater-agent-workspace/rustup-home:/opt/rustwide/rustup-home:ro,Z" "-e" "SOURCE_DIR=/opt/rustwide/workdir" "-e" "CARGO_TARGET_DIR=/opt/rustwide/target" "-e" "CARGO_HOME=/opt/rustwide/cargo-home" "-e" "RUSTUP_HOME=/opt/rustwide/rustup-home" "-w" "/opt/rustwide/workdir" "-m" "1610612736" "--user" "0:0" "--network" "none" "ghcr.io/rust-lang/crates-build-env/linux@sha256:2788e3201cd34a07e3172128adcd8b3090168a8e3bcc40d7c032b9dda1df7d1c" "/opt/rustwide/cargo-home/bin/cargo" "+1.75.0" "metadata" "--no-deps" "--format-version=1", kill_on_drop: false }`
[INFO] [stdout] a7593ad0989dc27e24e079d8e76c6248752b1e4172d588a2470b0d254aa02e80
[INFO] running `Command { std: "docker" "start" "-a" "a7593ad0989dc27e24e079d8e76c6248752b1e4172d588a2470b0d254aa02e80", kill_on_drop: false }`
[INFO] running `Command { std: "docker" "inspect" "a7593ad0989dc27e24e079d8e76c6248752b1e4172d588a2470b0d254aa02e80", kill_on_drop: false }`
[INFO] running `Command { std: "docker" "rm" "-f" "a7593ad0989dc27e24e079d8e76c6248752b1e4172d588a2470b0d254aa02e80", kill_on_drop: false }`
[INFO] [stdout] a7593ad0989dc27e24e079d8e76c6248752b1e4172d588a2470b0d254aa02e80
[INFO] running `Command { std: "docker" "create" "-v" "/var/lib/crater-agent-workspace/builds/worker-7-tc1/target:/opt/rustwide/target:rw,Z" "-v" "/var/lib/crater-agent-workspace/builds/worker-7-tc1/source:/opt/rustwide/workdir:ro,Z" "-v" "/var/lib/crater-agent-workspace/cargo-home:/opt/rustwide/cargo-home:ro,Z" "-v" "/var/lib/crater-agent-workspace/rustup-home:/opt/rustwide/rustup-home:ro,Z" "-e" "SOURCE_DIR=/opt/rustwide/workdir" "-e" "CARGO_TARGET_DIR=/opt/rustwide/target" "-e" "CARGO_INCREMENTAL=0" "-e" "RUST_BACKTRACE=full" "-e" "RUSTFLAGS=--cap-lints=warn" "-e" "RUSTDOCFLAGS=--cap-lints=warn" "-e" "CARGO_HOME=/opt/rustwide/cargo-home" "-e" "RUSTUP_HOME=/opt/rustwide/rustup-home" "-w" "/opt/rustwide/workdir" "-m" "1610612736" "--user" "0:0" "--network" "none" "ghcr.io/rust-lang/crates-build-env/linux@sha256:2788e3201cd34a07e3172128adcd8b3090168a8e3bcc40d7c032b9dda1df7d1c" "/opt/rustwide/cargo-home/bin/cargo" "+1.75.0" "doc" "--frozen" "--no-deps" "--document-private-items" "--message-format=json", kill_on_drop: false }`
[INFO] [stdout] fba816f46de336a3724401bd59ddddf13920667b157a39cee3446785626a837e
[INFO] running `Command { std: "docker" "start" "-a" "fba816f46de336a3724401bd59ddddf13920667b157a39cee3446785626a837e", kill_on_drop: false }`
[INFO] [stderr]    Compiling libc v0.2.139
[INFO] [stderr]    Compiling autocfg v1.1.0
[INFO] [stderr]    Compiling version_check v0.9.4
[INFO] [stderr]     Checking cfg-if v1.0.0
[INFO] [stderr]    Compiling proc-macro2 v1.0.49
[INFO] [stderr]    Compiling unicode-ident v1.0.6
[INFO] [stderr]    Compiling quote v1.0.23
[INFO] [stderr]    Compiling syn v1.0.107
[INFO] [stderr]    Compiling crunchy v0.2.2
[INFO] [stderr]    Compiling maybe-uninit v2.0.0
[INFO] [stderr]     Checking once_cell v1.17.0
[INFO] [stderr]    Compiling proc-macro-hack v0.5.20+deprecated
[INFO] [stderr]    Compiling tiny-keccak v2.0.2
[INFO] [stderr]    Compiling num-traits v0.2.15
[INFO] [stderr]     Checking byteorder v1.4.3
[INFO] [stderr]    Compiling crc32fast v1.3.2
[INFO] [stderr]    Compiling num-integer v0.1.45
[INFO] [stderr]    Compiling ahash v0.7.6
[INFO] [stderr]     Checking adler v1.0.2
[INFO] [stderr]    Compiling quad-alsa-sys v0.3.2
[INFO] [stderr]     Checking miniz_oxide v0.6.2
[INFO] [stderr]    Compiling getrandom v0.2.8
[INFO] [stderr]     Checking smallvec v0.6.14
[INFO] [stderr]     Checking ogg v0.7.1
[INFO] [stderr]    Compiling num-rational v0.4.1
[INFO] [stderr]     Checking bitflags v1.3.2
[INFO] [stderr]     Checking dasp_sample v0.11.0
[INFO] [stderr]     Checking flate2 v1.0.25
[INFO] [stderr]     Checking lewton v0.9.4
[INFO] [stderr]    Compiling smartstring v1.0.1
[INFO] [stderr]     Checking dasp_frame v0.11.0
[INFO] [stderr]    Compiling ahash v0.8.2
[INFO] [stderr]    Compiling miniquad v0.3.14
[INFO] [stderr]     Checking hound v3.5.0
[INFO] [stderr]    Compiling thiserror v1.0.38
[INFO] [stderr]    Compiling quad-snd v0.2.5
[INFO] [stderr]     Checking png v0.17.7
[INFO] [stderr]    Compiling const-random-macro v0.1.15
[INFO] [stderr]     Checking hashbrown v0.11.2
[INFO] [stderr]     Checking audrey v0.3.0
[INFO] [stderr]     Checking dirs-sys-next v0.1.2
[INFO] [stderr]     Checking either v1.8.0
[INFO] [stderr]     Checking ttf-parser v0.15.2
[INFO] [stderr]     Checking static_assertions v1.1.0
[INFO] [stderr]     Checking color_quant v1.1.0
[INFO] [stderr]     Checking cty v0.2.2
[INFO] [stderr]     Checking bytemuck v1.12.3
[INFO] [stderr]     Checking const-random v0.1.15
[INFO] [stderr]     Checking raw-window-handle v0.4.3
[INFO] [stderr]     Checking which v4.3.0
[INFO] [stderr]     Checking dirs-next v2.0.0
[INFO] [stderr]     Checking image v0.24.5
[INFO] [stderr]     Checking bumpalo v3.11.1
[INFO] [stderr]    Compiling macroquad_macro v0.1.7
[INFO] [stderr]     Checking glam v0.21.3
[INFO] [stderr]     Checking smallvec v1.10.0
[INFO] [stderr]     Checking quad-rand v0.2.1
[INFO] [stderr]     Checking fontdue v0.7.2
[INFO] [stderr]     Checking macroquad v0.3.25
[INFO] [stderr]    Compiling thiserror-impl v1.0.38
[INFO] [stderr]    Compiling rhai_codegen v1.5.0
[INFO] [stderr]     Checking rhai v1.12.0
[INFO] [stderr]     Checking native-dialog v0.6.3
[INFO] [stderr]  Documenting bullet-bored v0.1.0 (/opt/rustwide/workdir)
[INFO] [stdout] error[E0554]: `#![feature]` may not be used on the stable release channel
[INFO] [stdout]  --> src/main.rs:1:12
[INFO] [stdout]   |
[INFO] [stdout] 1 | #![feature(drain_filter)]
[INFO] [stdout]   |            ^^^^^^^^^^^^
[INFO] [stdout] 
[INFO] [stdout] 
[INFO] [stdout] error[E0635]: unknown feature `drain_filter`
[INFO] [stdout]  --> src/main.rs:1:12
[INFO] [stdout]   |
[INFO] [stdout] 1 | #![feature(drain_filter)]
[INFO] [stdout]   |            ^^^^^^^^^^^^
[INFO] [stdout] 
[INFO] [stdout] 
[INFO] [stdout] error: aborting due to 2 previous errors
[INFO] [stdout] 
[INFO] [stdout] 
[INFO] [stdout] Some errors have detailed explanations: E0554, E0635.
[INFO] [stdout] 
[INFO] [stdout] For more information about an error, try `rustc --explain E0554`.
[INFO] [stdout] 
[INFO] [stderr] error: could not document `bullet-bored`
[INFO] [stderr] 
[INFO] [stderr] Caused by:
[INFO] [stderr]   process didn't exit successfully: `/opt/rustwide/rustup-home/toolchains/1.75.0-x86_64-unknown-linux-gnu/bin/rustdoc --edition=2021 --crate-type bin --crate-name bullet_bored src/main.rs -o /opt/rustwide/target/doc --error-format=json --json=diagnostic-rendered-ansi,artifacts,future-incompat --document-private-items '-Arustdoc::private-intra-doc-links' -C metadata=1c09ddbaf1b7883a -L dependency=/opt/rustwide/target/debug/deps --extern macroquad=/opt/rustwide/target/debug/deps/libmacroquad-9ae5f7ff9590caaf.rmeta --extern miniquad=/opt/rustwide/target/debug/deps/libminiquad-2f33842a787a08f7.rmeta --extern native_dialog=/opt/rustwide/target/debug/deps/libnative_dialog-c247dbaa4fc19504.rmeta --extern rhai=/opt/rustwide/target/debug/deps/librhai-b3e965726f37c76a.rmeta --cap-lints=warn --crate-version 0.1.0` (exit status: 1)
[INFO] [stderr] warning: build failed, waiting for other jobs to finish...
[INFO] running `Command { std: "docker" "inspect" "fba816f46de336a3724401bd59ddddf13920667b157a39cee3446785626a837e", kill_on_drop: false }`
[INFO] running `Command { std: "docker" "rm" "-f" "fba816f46de336a3724401bd59ddddf13920667b157a39cee3446785626a837e", kill_on_drop: false }`
[INFO] [stdout] fba816f46de336a3724401bd59ddddf13920667b157a39cee3446785626a837e
[INFO] documenting Jaso55555/bullet-bored against beta-2023-12-22 for beta-1.76-rustdoc-1
[INFO] running `Command { std: "git" "clone" "/workspace/cache/git-repos/https%3A%2F%2Fgithub.com%2FJaso55555%2Fbullet-bored" "/workspace/builds/worker-7-tc2/source", kill_on_drop: false }`
[INFO] [stderr] Cloning into '/workspace/builds/worker-7-tc2/source'...
[INFO] [stderr] done.
[INFO] validating manifest of git repo https://github.com/Jaso55555/bullet-bored on toolchain beta-2023-12-22
[INFO] running `Command { std: CARGO_HOME="/workspace/cargo-home" RUSTUP_HOME="/workspace/rustup-home" "/workspace/cargo-home/bin/cargo" "+beta-2023-12-22" "metadata" "--manifest-path" "Cargo.toml" "--no-deps", kill_on_drop: false }`
[INFO] removed /workspace/builds/worker-7-tc2/source/rust-toolchain.toml
[INFO] started tweaking git repo https://github.com/Jaso55555/bullet-bored
[INFO] finished tweaking git repo https://github.com/Jaso55555/bullet-bored
[INFO] tweaked toml for git repo https://github.com/Jaso55555/bullet-bored written to /workspace/builds/worker-7-tc2/source/Cargo.toml
[INFO] crate git repo https://github.com/Jaso55555/bullet-bored already has a lockfile, it will not be regenerated
[INFO] running `Command { std: CARGO_HOME="/workspace/cargo-home" RUSTUP_HOME="/workspace/rustup-home" "/workspace/cargo-home/bin/cargo" "+beta-2023-12-22" "fetch" "--manifest-path" "Cargo.toml", kill_on_drop: false }`
[INFO] running `Command { std: "docker" "create" "-v" "/var/lib/crater-agent-workspace/builds/worker-7-tc2/target:/opt/rustwide/target:rw,Z" "-v" "/var/lib/crater-agent-workspace/builds/worker-7-tc2/source:/opt/rustwide/workdir:ro,Z" "-v" "/var/lib/crater-agent-workspace/cargo-home:/opt/rustwide/cargo-home:ro,Z" "-v" "/var/lib/crater-agent-workspace/rustup-home:/opt/rustwide/rustup-home:ro,Z" "-e" "SOURCE_DIR=/opt/rustwide/workdir" "-e" "CARGO_TARGET_DIR=/opt/rustwide/target" "-e" "CARGO_HOME=/opt/rustwide/cargo-home" "-e" "RUSTUP_HOME=/opt/rustwide/rustup-home" "-w" "/opt/rustwide/workdir" "-m" "1610612736" "--user" "0:0" "--network" "none" "ghcr.io/rust-lang/crates-build-env/linux@sha256:2788e3201cd34a07e3172128adcd8b3090168a8e3bcc40d7c032b9dda1df7d1c" "/opt/rustwide/cargo-home/bin/cargo" "+beta-2023-12-22" "metadata" "--no-deps" "--format-version=1", kill_on_drop: false }`
[INFO] [stdout] dacacebe41711fa8b4662c8cda5f329a702b1add3e7eb7e9b6c475e8a778b48a
[INFO] running `Command { std: "docker" "start" "-a" "dacacebe41711fa8b4662c8cda5f329a702b1add3e7eb7e9b6c475e8a778b48a", kill_on_drop: false }`
[INFO] running `Command { std: "docker" "inspect" "dacacebe41711fa8b4662c8cda5f329a702b1add3e7eb7e9b6c475e8a778b48a", kill_on_drop: false }`
[INFO] running `Command { std: "docker" "rm" "-f" "dacacebe41711fa8b4662c8cda5f329a702b1add3e7eb7e9b6c475e8a778b48a", kill_on_drop: false }`
[INFO] [stdout] dacacebe41711fa8b4662c8cda5f329a702b1add3e7eb7e9b6c475e8a778b48a
[INFO] running `Command { std: "docker" "create" "-v" "/var/lib/crater-agent-workspace/builds/worker-7-tc2/target:/opt/rustwide/target:rw,Z" "-v" "/var/lib/crater-agent-workspace/builds/worker-7-tc2/source:/opt/rustwide/workdir:ro,Z" "-v" "/var/lib/crater-agent-workspace/cargo-home:/opt/rustwide/cargo-home:ro,Z" "-v" "/var/lib/crater-agent-workspace/rustup-home:/opt/rustwide/rustup-home:ro,Z" "-e" "SOURCE_DIR=/opt/rustwide/workdir" "-e" "CARGO_TARGET_DIR=/opt/rustwide/target" "-e" "CARGO_INCREMENTAL=0" "-e" "RUST_BACKTRACE=full" "-e" "RUSTFLAGS=--cap-lints=warn" "-e" "RUSTDOCFLAGS=--cap-lints=warn" "-e" "CARGO_HOME=/opt/rustwide/cargo-home" "-e" "RUSTUP_HOME=/opt/rustwide/rustup-home" "-w" "/opt/rustwide/workdir" "-m" "1610612736" "--user" "0:0" "--network" "none" "ghcr.io/rust-lang/crates-build-env/linux@sha256:2788e3201cd34a07e3172128adcd8b3090168a8e3bcc40d7c032b9dda1df7d1c" "/opt/rustwide/cargo-home/bin/cargo" "+beta-2023-12-22" "doc" "--frozen" "--no-deps" "--document-private-items" "--message-format=json", kill_on_drop: false }`
[INFO] [stdout] 1313951e172427fa28804c3122ad7aea29cf0d9347dd82466ddb0552dfddc461
[INFO] running `Command { std: "docker" "start" "-a" "1313951e172427fa28804c3122ad7aea29cf0d9347dd82466ddb0552dfddc461", kill_on_drop: false }`
[INFO] [stderr]    Compiling libc v0.2.139
[INFO] [stderr]    Compiling autocfg v1.1.0
[INFO] [stderr]     Checking cfg-if v1.0.0
[INFO] [stderr]    Compiling version_check v0.9.4
[INFO] [stderr]    Compiling proc-macro2 v1.0.49
[INFO] [stderr]    Compiling quote v1.0.23
[INFO] [stderr]    Compiling unicode-ident v1.0.6
[INFO] [stderr]    Compiling syn v1.0.107
[INFO] [stderr]    Compiling maybe-uninit v2.0.0
[INFO] [stderr]    Compiling crunchy v0.2.2
[INFO] [stderr]    Compiling crc32fast v1.3.2
[INFO] [stderr]    Compiling tiny-keccak v2.0.2
[INFO] [stderr]    Compiling num-traits v0.2.15
[INFO] [stderr]    Compiling proc-macro-hack v0.5.20+deprecated
[INFO] [stderr]     Checking byteorder v1.4.3
[INFO] [stderr]     Checking once_cell v1.17.0
[INFO] [stderr]    Compiling num-integer v0.1.45
[INFO] [stderr]    Compiling ahash v0.7.6
[INFO] [stderr]     Checking adler v1.0.2
[INFO] [stderr]    Compiling quad-alsa-sys v0.3.2
[INFO] [stderr]     Checking miniz_oxide v0.6.2
[INFO] [stderr]     Checking getrandom v0.2.8
[INFO] [stderr]     Checking smallvec v0.6.14
[INFO] [stderr]     Checking ogg v0.7.1
[INFO] [stderr]    Compiling num-rational v0.4.1
[INFO] [stderr]     Checking dasp_sample v0.11.0
[INFO] [stderr]     Checking bitflags v1.3.2
[INFO] [stderr]     Checking lewton v0.9.4
[INFO] [stderr]     Checking flate2 v1.0.25
[INFO] [stderr]     Checking dasp_frame v0.11.0
[INFO] [stderr]    Compiling smartstring v1.0.1
[INFO] [stderr]    Compiling ahash v0.8.2
[INFO] [stderr]    Compiling miniquad v0.3.14
[INFO] [stderr]    Compiling const-random-macro v0.1.15
[INFO] [stderr]    Compiling thiserror v1.0.38
[INFO] [stderr]    Compiling quad-snd v0.2.5
[INFO] [stderr]     Checking hound v3.5.0
[INFO] [stderr]     Checking png v0.17.7
[INFO] [stderr]     Checking hashbrown v0.11.2
[INFO] [stderr]     Checking audrey v0.3.0
[INFO] [stderr]     Checking const-random v0.1.15
[INFO] [stderr]     Checking dirs-sys-next v0.1.2
[INFO] [stderr]     Checking color_quant v1.1.0
[INFO] [stderr]     Checking ttf-parser v0.15.2
[INFO] [stderr]     Checking static_assertions v1.1.0
[INFO] [stderr]     Checking bytemuck v1.12.3
[INFO] [stderr]     Checking cty v0.2.2
[INFO] [stderr]     Checking either v1.8.0
[INFO] [stderr]     Checking raw-window-handle v0.4.3
[INFO] [stderr]     Checking which v4.3.0
[INFO] [stderr]     Checking dirs-next v2.0.0
[INFO] [stderr]     Checking image v0.24.5
[INFO] [stderr]     Checking glam v0.21.3
[INFO] [stderr]     Checking bumpalo v3.11.1
[INFO] [stderr]    Compiling macroquad_macro v0.1.7
[INFO] [stderr]     Checking smallvec v1.10.0
[INFO] [stderr]     Checking quad-rand v0.2.1
[INFO] [stderr]     Checking fontdue v0.7.2
[INFO] [stderr]     Checking macroquad v0.3.25
[INFO] [stderr]    Compiling thiserror-impl v1.0.38
[INFO] [stderr]    Compiling rhai_codegen v1.5.0
[INFO] [stderr]     Checking rhai v1.12.0
[INFO] [stderr]     Checking native-dialog v0.6.3
[INFO] [stderr]  Documenting bullet-bored v0.1.0 (/opt/rustwide/workdir)
[INFO] [stdout] error[E0554]: `#![feature]` may not be used on the beta release channel
[INFO] [stdout]  --> src/main.rs:1:12
[INFO] [stdout]   |
[INFO] [stdout] 1 | #![feature(drain_filter)]
[INFO] [stdout]   |            ^^^^^^^^^^^^
[INFO] [stdout] 
[INFO] [stdout] 
[INFO] [stdout] error[E0635]: unknown feature `drain_filter`
[INFO] [stdout]  --> src/main.rs:1:12
[INFO] [stdout]   |
[INFO] [stdout] 1 | #![feature(drain_filter)]
[INFO] [stdout]   |            ^^^^^^^^^^^^
[INFO] [stdout] 
[INFO] [stdout] 
[INFO] [stdout] error: aborting due to 2 previous errors
[INFO] [stdout] 
[INFO] [stdout] 
[INFO] [stdout] Some errors have detailed explanations: E0554, E0635.
[INFO] [stdout] 
[INFO] [stdout] For more information about an error, try `rustc --explain E0554`.
[INFO] [stdout] 
[INFO] [stderr] error: could not document `bullet-bored`
[INFO] [stderr] 
[INFO] [stderr] Caused by:
[INFO] [stderr]   process didn't exit successfully: `/opt/rustwide/rustup-home/toolchains/beta-2023-12-22-x86_64-unknown-linux-gnu/bin/rustdoc --edition=2021 --crate-type bin --crate-name bullet_bored src/main.rs -o /opt/rustwide/target/doc --error-format=json --json=diagnostic-rendered-ansi,artifacts,future-incompat --document-private-items '-Arustdoc::private-intra-doc-links' -C metadata=e9d45ceca53209a3 -L dependency=/opt/rustwide/target/debug/deps --extern macroquad=/opt/rustwide/target/debug/deps/libmacroquad-979a61b0c180e69f.rmeta --extern miniquad=/opt/rustwide/target/debug/deps/libminiquad-d21070580efb7b7f.rmeta --extern native_dialog=/opt/rustwide/target/debug/deps/libnative_dialog-30d576363dfd2225.rmeta --extern rhai=/opt/rustwide/target/debug/deps/librhai-48495427fe106e29.rmeta --cap-lints=warn --crate-version 0.1.0` (exit status: 1)
[INFO] [stderr] warning: build failed, waiting for other jobs to finish...
[INFO] running `Command { std: "docker" "inspect" "1313951e172427fa28804c3122ad7aea29cf0d9347dd82466ddb0552dfddc461", kill_on_drop: false }`
[INFO] running `Command { std: "docker" "rm" "-f" "1313951e172427fa28804c3122ad7aea29cf0d9347dd82466ddb0552dfddc461", kill_on_drop: false }`
[INFO] [stdout] 1313951e172427fa28804c3122ad7aea29cf0d9347dd82466ddb0552dfddc461
