[INFO] cloning repository https://github.com/Jark5455/TheProfitTaker
[INFO] running `Command { std: "git" "-c" "credential.helper=" "-c" "credential.helper=/workspace/cargo-home/bin/git-credential-null" "clone" "--bare" "https://github.com/Jark5455/TheProfitTaker" "/workspace/cache/git-repos/https%3A%2F%2Fgithub.com%2FJark5455%2FTheProfitTaker", kill_on_drop: false }`
[INFO] [stderr] Cloning into bare repository '/workspace/cache/git-repos/https%3A%2F%2Fgithub.com%2FJark5455%2FTheProfitTaker'...
[INFO] running `Command { std: "git" "rev-parse" "HEAD", kill_on_drop: false }`
[INFO] [stdout] 614ab626e5d3561642907e4d7557c441092619df
[INFO] documenting Jark5455/TheProfitTaker against 1.75.0 for beta-1.76-rustdoc-1
[INFO] running `Command { std: "git" "clone" "/workspace/cache/git-repos/https%3A%2F%2Fgithub.com%2FJark5455%2FTheProfitTaker" "/workspace/builds/worker-5-tc1/source", kill_on_drop: false }`
[INFO] [stderr] Cloning into '/workspace/builds/worker-5-tc1/source'...
[INFO] [stderr] done.
[INFO] validating manifest of git repo https://github.com/Jark5455/TheProfitTaker on toolchain 1.75.0
[INFO] running `Command { std: CARGO_HOME="/workspace/cargo-home" RUSTUP_HOME="/workspace/rustup-home" "/workspace/cargo-home/bin/cargo" "+1.75.0" "metadata" "--manifest-path" "Cargo.toml" "--no-deps", kill_on_drop: false }`
[INFO] started tweaking git repo https://github.com/Jark5455/TheProfitTaker
[INFO] finished tweaking git repo https://github.com/Jark5455/TheProfitTaker
[INFO] tweaked toml for git repo https://github.com/Jark5455/TheProfitTaker written to /workspace/builds/worker-5-tc1/source/Cargo.toml
[INFO] crate git repo https://github.com/Jark5455/TheProfitTaker already has a lockfile, it will not be regenerated
[INFO] running `Command { std: CARGO_HOME="/workspace/cargo-home" RUSTUP_HOME="/workspace/rustup-home" "/workspace/cargo-home/bin/cargo" "+1.75.0" "fetch" "--manifest-path" "Cargo.toml", kill_on_drop: false }`
[INFO] [stderr]     Updating crates.io index
[INFO] [stderr]  Downloading crates ...
[INFO] [stderr]   Downloaded xxhash-rust v0.8.7
[INFO] [stderr]   Downloaded multiversion-macros v0.7.3
[INFO] [stderr]   Downloaded polars-error v0.35.4
[INFO] [stderr]   Downloaded now v0.1.3
[INFO] [stderr]   Downloaded ref-cast-impl v1.0.21
[INFO] [stderr]   Downloaded target-features v0.1.5
[INFO] [stderr]   Downloaded polars-utils v0.35.4
[INFO] [stderr]   Downloaded polars-json v0.35.4
[INFO] [stderr]   Downloaded polars-row v0.35.4
[INFO] [stderr]   Downloaded multiversion v0.7.3
[INFO] [stderr]   Downloaded streaming-iterator v0.1.9
[INFO] [stderr]   Downloaded atoi_simd v0.15.5
[INFO] [stderr]   Downloaded polars-sql v0.35.4
[INFO] [stderr]   Downloaded argminmax v0.6.1
[INFO] [stderr]   Downloaded polars-io v0.35.4
[INFO] [stderr]   Downloaded simd-json v0.13.4
[INFO] [stderr]   Downloaded polars-core v0.35.4
[INFO] [stderr]   Downloaded ta-lib-sys v0.1.2
[INFO] [stderr]   Downloaded polars-arrow v0.35.4
[INFO] [stderr]   Downloaded polars-plan v0.35.4
[INFO] [stderr]   Downloaded polars-lazy v0.35.4
[INFO] [stderr]   Downloaded polars v0.35.4
[INFO] [stderr]   Downloaded comfy-table v7.1.0
[INFO] [stderr]   Downloaded polars-ops v0.35.4
[INFO] [stderr]   Downloaded polars-pipe v0.35.4
[INFO] [stderr]   Downloaded sqlparser v0.39.0
[INFO] [stderr]   Downloaded polars-time v0.35.4
[INFO] [stderr]   Downloaded ref-cast v1.0.21
[INFO] [stderr]   Downloaded glfw-bindgen v0.1.1
[INFO] running `Command { std: "docker" "create" "-v" "/var/lib/crater-agent-workspace/builds/worker-5-tc1/target:/opt/rustwide/target:rw,Z" "-v" "/var/lib/crater-agent-workspace/builds/worker-5-tc1/source:/opt/rustwide/workdir:ro,Z" "-v" "/var/lib/crater-agent-workspace/cargo-home:/opt/rustwide/cargo-home:ro,Z" "-v" "/var/lib/crater-agent-workspace/rustup-home:/opt/rustwide/rustup-home:ro,Z" "-e" "SOURCE_DIR=/opt/rustwide/workdir" "-e" "CARGO_TARGET_DIR=/opt/rustwide/target" "-e" "CARGO_HOME=/opt/rustwide/cargo-home" "-e" "RUSTUP_HOME=/opt/rustwide/rustup-home" "-w" "/opt/rustwide/workdir" "-m" "1610612736" "--user" "0:0" "--network" "none" "ghcr.io/rust-lang/crates-build-env/linux@sha256:2788e3201cd34a07e3172128adcd8b3090168a8e3bcc40d7c032b9dda1df7d1c" "/opt/rustwide/cargo-home/bin/cargo" "+1.75.0" "metadata" "--no-deps" "--format-version=1", kill_on_drop: false }`
[INFO] [stdout] 72ef6d57b052c47849a7cff22eb2e54f3101c671793b6870a21fc032faa02cd2
[INFO] running `Command { std: "docker" "start" "-a" "72ef6d57b052c47849a7cff22eb2e54f3101c671793b6870a21fc032faa02cd2", kill_on_drop: false }`
[INFO] running `Command { std: "docker" "inspect" "72ef6d57b052c47849a7cff22eb2e54f3101c671793b6870a21fc032faa02cd2", kill_on_drop: false }`
[INFO] running `Command { std: "docker" "rm" "-f" "72ef6d57b052c47849a7cff22eb2e54f3101c671793b6870a21fc032faa02cd2", kill_on_drop: false }`
[INFO] [stdout] 72ef6d57b052c47849a7cff22eb2e54f3101c671793b6870a21fc032faa02cd2
[INFO] running `Command { std: "docker" "create" "-v" "/var/lib/crater-agent-workspace/builds/worker-5-tc1/target:/opt/rustwide/target:rw,Z" "-v" "/var/lib/crater-agent-workspace/builds/worker-5-tc1/source:/opt/rustwide/workdir:ro,Z" "-v" "/var/lib/crater-agent-workspace/cargo-home:/opt/rustwide/cargo-home:ro,Z" "-v" "/var/lib/crater-agent-workspace/rustup-home:/opt/rustwide/rustup-home:ro,Z" "-e" "SOURCE_DIR=/opt/rustwide/workdir" "-e" "CARGO_TARGET_DIR=/opt/rustwide/target" "-e" "CARGO_INCREMENTAL=0" "-e" "RUST_BACKTRACE=full" "-e" "RUSTFLAGS=--cap-lints=warn" "-e" "RUSTDOCFLAGS=--cap-lints=warn" "-e" "CARGO_HOME=/opt/rustwide/cargo-home" "-e" "RUSTUP_HOME=/opt/rustwide/rustup-home" "-w" "/opt/rustwide/workdir" "-m" "1610612736" "--user" "0:0" "--network" "none" "ghcr.io/rust-lang/crates-build-env/linux@sha256:2788e3201cd34a07e3172128adcd8b3090168a8e3bcc40d7c032b9dda1df7d1c" "/opt/rustwide/cargo-home/bin/cargo" "+1.75.0" "doc" "--frozen" "--no-deps" "--document-private-items" "--message-format=json", kill_on_drop: false }`
[INFO] [stdout] f7d7e26634d16725550242bbff335e190ac393fb1971de8eca06982d17721dde
[INFO] running `Command { std: "docker" "start" "-a" "f7d7e26634d16725550242bbff335e190ac393fb1971de8eca06982d17721dde", kill_on_drop: false }`
[INFO] [stderr]    Compiling libc v0.2.151
[INFO] [stderr]    Compiling proc-macro2 v1.0.70
[INFO] [stderr]    Compiling unicode-ident v1.0.12
[INFO] [stderr]    Compiling pkg-config v0.3.27
[INFO] [stderr]    Compiling typenum v1.17.0
[INFO] [stderr]    Compiling generic-array v0.14.7
[INFO] [stderr]    Compiling libm v0.2.8
[INFO] [stderr]    Compiling num-traits v0.2.17
[INFO] [stderr]    Compiling syn v1.0.109
[INFO] [stderr]    Compiling memoffset v0.9.0
[INFO] [stderr]    Compiling ahash v0.8.6
[INFO] [stderr]    Compiling crossbeam-utils v0.8.17
[INFO] [stderr]     Checking once_cell v1.19.0
[INFO] [stderr]     Checking zerocopy v0.7.31
[INFO] [stderr]    Compiling quote v1.0.33
[INFO] [stderr]    Compiling syn v2.0.41
[INFO] [stderr]    Compiling jobserver v0.1.27
[INFO] [stderr]     Checking getrandom v0.2.11
[INFO] [stderr]    Compiling glob v0.3.1
[INFO] [stderr]    Compiling cc v1.0.83
[INFO] [stderr]     Checking crossbeam-epoch v0.9.16
[INFO] [stderr]    Compiling rayon-core v1.12.0
[INFO] [stderr]     Checking ryu v1.0.16
[INFO] [stderr]    Compiling clang-sys v1.6.1
[INFO] [stderr]     Checking memchr v2.6.4
[INFO] [stderr]     Checking crossbeam-deque v0.8.4
[INFO] [stderr]    Compiling thiserror v1.0.50
[INFO] [stderr]     Checking itoa v1.0.10
[INFO] [stderr]    Compiling target-features v0.1.5
[INFO] [stderr]     Checking rand_core v0.6.4
[INFO] [stderr]     Checking aho-corasick v1.1.2
[INFO] [stderr]     Checking either v1.9.0
[INFO] [stderr]    Compiling rustix v0.38.28
[INFO] [stderr]     Checking regex-syntax v0.8.2
[INFO] [stderr]     Checking rayon v1.8.0
[INFO] [stderr]    Compiling crypto-common v0.1.6
[INFO] [stderr]    Compiling smartstring v1.0.1
[INFO] [stderr]    Compiling zstd-sys v2.0.9+zstd.1.5.5
[INFO] [stderr]    Compiling minimal-lexical v0.2.1
[INFO] [stderr]     Checking simdutf8 v0.1.4
[INFO] [stderr]     Checking allocator-api2 v0.2.16
[INFO] [stderr]    Compiling linux-raw-sys v0.4.12
[INFO] [stderr]    Compiling serde v1.0.193
[INFO] [stderr]    Compiling bitflags v2.4.1
[INFO] [stderr]     Checking regex-automata v0.4.3
[INFO] [stderr]    Compiling nom v7.1.3
[INFO] [stderr]     Checking hashbrown v0.14.3
[INFO] [stderr]    Compiling bzip2-sys v0.1.11+1.0.8
[INFO] [stderr]    Compiling libloading v0.7.4
[INFO] [stderr]    Compiling polars-utils v0.35.4
[INFO] [stderr]    Compiling lock_api v0.4.11
[INFO] [stderr]    Compiling subtle v2.5.0
[INFO] [stderr]     Checking equivalent v1.0.1
[INFO] [stderr]    Compiling home v0.5.5
[INFO] [stderr]     Checking iana-time-zone v0.1.58
[INFO] [stderr]    Compiling parking_lot_core v0.9.9
[INFO] [stderr]    Compiling which v4.4.2
[INFO] [stderr]     Checking regex v1.10.2
[INFO] [stderr]     Checking chrono v0.4.31
[INFO] [stderr]    Compiling cexpr v0.6.0
[INFO] [stderr]     Checking indexmap v2.1.0
[INFO] [stderr]    Compiling block-buffer v0.10.4
[INFO] [stderr]     Checking lexical-util v0.8.5
[INFO] [stderr]    Compiling num-integer v0.1.45
[INFO] [stderr]    Compiling thiserror-impl v1.0.50
[INFO] [stderr]    Compiling serde_derive v1.0.193
[INFO] [stderr]    Compiling bytemuck_derive v1.5.0
[INFO] [stderr]    Compiling matrixmultiply v0.3.8
[INFO] [stderr]    Compiling multiversion-macros v0.7.3
[INFO] [stderr]     Checking smallvec v1.11.2
[INFO] [stderr]    Compiling shlex v1.2.0
[INFO] [stderr]    Compiling rustversion v1.0.14
[INFO] [stderr]    Compiling lazycell v1.3.0
[INFO] [stderr]    Compiling rustc-hash v1.1.0
[INFO] [stderr]     Checking scopeguard v1.2.0
[INFO] [stderr]    Compiling log v0.4.20
[INFO] [stderr]    Compiling peeking_take_while v0.1.2
[INFO] [stderr]     Checking rand_chacha v0.3.1
[INFO] [stderr]    Compiling digest v0.10.7
[INFO] [stderr]     Checking dyn-clone v1.0.16
[INFO] [stderr]     Checking ethnum v1.5.0
[INFO] [stderr]     Checking atoi_simd v0.15.5
[INFO] [stderr]     Checking strength_reduce v0.2.4
[INFO] [stderr]     Checking bytemuck v1.14.0
[INFO] [stderr]     Checking streaming-iterator v0.1.9
[INFO] [stderr]     Checking foreign_vec v0.1.0
[INFO] [stderr]    Compiling vcpkg v0.2.15
[INFO] [stderr]    Compiling serde_json v1.0.108
[INFO] [stderr]     Checking polars-error v0.35.4
[INFO] [stderr]     Checking rawpointer v0.2.1
[INFO] [stderr]     Checking fast-float v0.2.0
[INFO] [stderr]    Compiling cpufeatures v0.2.11
[INFO] [stderr]     Checking parking_lot v0.12.1
[INFO] [stderr]     Checking rand v0.8.5
[INFO] [stderr]     Checking num-complex v0.4.4
[INFO] [stderr]     Checking crossterm v0.27.0
[INFO] [stderr]     Checking lexical-parse-integer v0.8.6
[INFO] [stderr]     Checking multiversion v0.7.3
[INFO] [stderr]     Checking polars-arrow v0.35.4
[INFO] [stderr]     Checking ndarray v0.15.6
[INFO] [stderr]     Checking lexical-write-integer v0.8.5
[INFO] [stderr]    Compiling inout v0.1.3
[INFO] [stderr]     Checking hashbrown v0.13.2
[INFO] [stderr]    Compiling strum_macros v0.25.3
[INFO] [stderr]    Compiling polars-core v0.35.4
[INFO] [stderr]    Compiling bitflags v1.3.2
[INFO] [stderr]     Checking unicode-width v0.1.11
[INFO] [stderr]    Compiling ref-cast v1.0.21
[INFO] [stderr]    Compiling anyhow v1.0.75
[INFO] [stderr]    Compiling adler v1.0.2
[INFO] [stderr]    Compiling powerfmt v0.2.0
[INFO] [stderr]     Checking strum v0.25.0
[INFO] [stderr]    Compiling base64ct v1.6.0
[INFO] [stderr]    Compiling deranged v0.3.10
[INFO] [stderr]    Compiling miniz_oxide v0.7.1
[INFO] [stderr]    Compiling password-hash v0.4.2
[INFO] [stderr]     Checking rand_distr v0.4.3
[INFO] [stderr]     Checking lexical-write-float v0.8.5
[INFO] [stderr]    Compiling cipher v0.4.4
[INFO] [stderr]     Checking lexical-parse-float v0.8.5
[INFO] [stderr]    Compiling sha2 v0.10.8
[INFO] [stderr]    Compiling hmac v0.12.1
[INFO] [stderr]    Compiling ref-cast-impl v1.0.21
[INFO] [stderr]    Compiling crc32fast v1.3.2
[INFO] [stderr]     Checking float-cmp v0.9.0
[INFO] [stderr]    Compiling polars-ops v0.35.4
[INFO] [stderr]     Checking xxhash-rust v0.8.7
[INFO] [stderr]    Compiling time-core v0.1.2
[INFO] [stderr]     Checking comfy-table v7.1.0
[INFO] [stderr]    Compiling time v0.3.30
[INFO] [stderr]     Checking lexical-core v0.8.5
[INFO] [stderr]    Compiling pbkdf2 v0.11.0
[INFO] [stderr]    Compiling flate2 v1.0.28
[INFO] [stderr]    Compiling aes v0.8.3
[INFO] [stderr]    Compiling libz-sys v1.1.12
[INFO] [stderr]    Compiling openssl-sys v0.9.97
[INFO] [stderr]    Compiling sha1 v0.10.6
[INFO] [stderr]     Checking argminmax v0.6.1
[INFO] [stderr]    Compiling byteorder v1.5.0
[INFO] [stderr]    Compiling constant_time_eq v0.1.5
[INFO] [stderr]    Compiling prettyplease v0.2.15
[INFO] [stderr]     Checking now v0.1.3
[INFO] [stderr]     Checking atoi v2.0.0
[INFO] [stderr]    Compiling bindgen v0.63.0
[INFO] [stderr]    Compiling bindgen v0.61.0
[INFO] [stderr]     Checking fallible-streaming-iterator v0.1.9
[INFO] [stderr]    Compiling curl-sys v0.4.70+curl-8.5.0
[INFO] [stderr]     Checking memmap2 v0.7.1
[INFO] [stderr]    Compiling polars-plan v0.35.4
[INFO] [stderr]     Checking halfbrown v0.2.4
[INFO] [stderr]     Checking percent-encoding v2.3.1
[INFO] [stderr]     Checking utf8parse v0.2.1
[INFO] [stderr]    Compiling bindgen v0.69.1
[INFO] [stderr]     Checking bytes v1.5.0
[INFO] [stderr]     Checking value-trait v0.8.0
[INFO] [stderr]     Checking anstyle-parse v0.2.3
[INFO] [stderr]     Checking simd-json v0.13.4
[INFO] [stderr]    Compiling cmake v0.1.50
[INFO] [stderr]    Compiling polars-lazy v0.35.4
[INFO] [stderr]     Checking colorchoice v1.0.0
[INFO] [stderr]     Checking anstyle-query v1.0.2
[INFO] [stderr]     Checking polars-row v0.35.4
[INFO] [stderr]     Checking anstyle v1.0.4
[INFO] [stderr]     Checking anstream v0.6.5
[INFO] [stderr]     Checking polars-json v0.35.4
[INFO] [stderr]    Compiling polars v0.35.4
[INFO] [stderr]    Compiling tch v0.14.0
[INFO] [stderr]     Checking clap_lex v0.6.0
[INFO] [stderr]    Compiling curl v0.4.44
[INFO] [stderr]     Checking clap_builder v4.4.11
[INFO] [stderr]     Checking safetensors v0.3.3
[INFO] [stderr]    Compiling clap_derive v4.4.7
[INFO] [stderr]     Checking socket2 v0.4.10
[INFO] [stderr]     Checking half v2.3.1
[INFO] [stderr]     Checking dotenv v0.15.0
[INFO] [stderr]     Checking clap v4.4.11
[INFO] [stderr]    Compiling ta-lib-sys v0.1.2
[INFO] [stderr]    Compiling bzip2 v0.4.4
[INFO] [stderr]    Compiling glfw-bindgen v0.1.1
[INFO] [stderr]    Compiling Milkshake v0.1.0 (/opt/rustwide/workdir)
[INFO] [stderr]     Checking polars-time v0.35.4
[INFO] [stderr]     Checking polars-io v0.35.4
[INFO] [stderr] error: failed to run custom build command for `ta-lib-sys v0.1.2`
[INFO] [stderr] note: To improve backtraces for build dependencies, set the CARGO_PROFILE_DEV_BUILD_OVERRIDE_DEBUG=true environment variable to enable debug information generation.
[INFO] [stderr] 
[INFO] [stderr] Caused by:
[INFO] [stderr]   process didn't exit successfully: `/opt/rustwide/target/debug/build/ta-lib-sys-0352191e1c71c6f8/build-script-build` (exit status: 101)
[INFO] [stderr]   --- stdout
[INFO] [stderr]   cargo:rustc-link-lib=static=ta_lib
[INFO] [stderr]   cargo:rustc-link-search=native=/opt/rustwide/target/debug/build/ta-lib-sys-c355eeb834a8d748/out/lib
[INFO] [stderr] 
[INFO] [stderr]   --- stderr
[INFO] [stderr]   wrapper.h:1:10: fatal error: 'ta-lib/ta_abstract.h' file not found
[INFO] [stderr]   thread 'main' panicked at /opt/rustwide/cargo-home/registry/src/index.crates.io-6f17d22bba15001f/ta-lib-sys-0.1.2/build.rs:83:10:
[INFO] [stderr]   Unable to generate bindings.: ClangDiagnostic("wrapper.h:1:10: fatal error: 'ta-lib/ta_abstract.h' file not found\n")
[INFO] [stderr]   stack backtrace:
[INFO] [stderr]      0:     0x56372bfe570c - std::backtrace_rs::backtrace::libunwind::trace::ha637c64ce894333a
[INFO] [stderr]                                  at /rustc/82e1608dfa6e0b5569232559e3d385fea5a93112/library/std/src/../../backtrace/src/backtrace/libunwind.rs:104:5
[INFO] [stderr]      1:     0x56372bfe570c - std::backtrace_rs::backtrace::trace_unsynchronized::h47f62dea28e0c88d
[INFO] [stderr]                                  at /rustc/82e1608dfa6e0b5569232559e3d385fea5a93112/library/std/src/../../backtrace/src/backtrace/mod.rs:66:5
[INFO] [stderr]      2:     0x56372bfe570c - std::sys_common::backtrace::_print_fmt::h9eef0abe20ede486
[INFO] [stderr]                                  at /rustc/82e1608dfa6e0b5569232559e3d385fea5a93112/library/std/src/sys_common/backtrace.rs:67:5
[INFO] [stderr]      3:     0x56372bfe570c - <std::sys_common::backtrace::_print::DisplayBacktrace as core::fmt::Display>::fmt::hed7f999df88cc644
[INFO] [stderr]                                  at /rustc/82e1608dfa6e0b5569232559e3d385fea5a93112/library/std/src/sys_common/backtrace.rs:44:22
[INFO] [stderr]      4:     0x56372c00fe80 - core::fmt::rt::Argument::fmt::h1539a9308b8d058d
[INFO] [stderr]                                  at /rustc/82e1608dfa6e0b5569232559e3d385fea5a93112/library/core/src/fmt/rt.rs:142:9
[INFO] [stderr]      5:     0x56372c00fe80 - core::fmt::write::h3a39390d8560d9c9
[INFO] [stderr]                                  at /rustc/82e1608dfa6e0b5569232559e3d385fea5a93112/library/core/src/fmt/mod.rs:1120:17
[INFO] [stderr]      6:     0x56372bfe2e2f - std::io::Write::write_fmt::h5fc9997dfe05f882
[INFO] [stderr]                                  at /rustc/82e1608dfa6e0b5569232559e3d385fea5a93112/library/std/src/io/mod.rs:1762:15
[INFO] [stderr]      7:     0x56372bfe54f4 - std::sys_common::backtrace::_print::h894006fb5c6f3d45
[INFO] [stderr]                                  at /rustc/82e1608dfa6e0b5569232559e3d385fea5a93112/library/std/src/sys_common/backtrace.rs:47:5
[INFO] [stderr]      8:     0x56372bfe54f4 - std::sys_common::backtrace::print::h23a2d212c6fff936
[INFO] [stderr]                                  at /rustc/82e1608dfa6e0b5569232559e3d385fea5a93112/library/std/src/sys_common/backtrace.rs:34:9
[INFO] [stderr]      9:     0x56372bfe6af7 - std::panicking::default_hook::{{closure}}::h8a1d2ee00185001a
[INFO] [stderr]     10:     0x56372bfe685f - std::panicking::default_hook::h6038f2eba384e475
[INFO] [stderr]                                  at /rustc/82e1608dfa6e0b5569232559e3d385fea5a93112/library/std/src/panicking.rs:292:9
[INFO] [stderr]     11:     0x56372bfe6f78 - std::panicking::rust_panic_with_hook::h2b5517d590cab22e
[INFO] [stderr]                                  at /rustc/82e1608dfa6e0b5569232559e3d385fea5a93112/library/std/src/panicking.rs:779:13
[INFO] [stderr]     12:     0x56372bfe6e5e - std::panicking::begin_panic_handler::{{closure}}::h233112c06e0ef43e
[INFO] [stderr]                                  at /rustc/82e1608dfa6e0b5569232559e3d385fea5a93112/library/std/src/panicking.rs:657:13
[INFO] [stderr]     13:     0x56372bfe5bd6 - std::sys_common::backtrace::__rust_end_short_backtrace::h6e893f24d7ebbff8
[INFO] [stderr]                                  at /rustc/82e1608dfa6e0b5569232559e3d385fea5a93112/library/std/src/sys_common/backtrace.rs:170:18
[INFO] [stderr]     14:     0x56372bfe6bc2 - rust_begin_unwind
[INFO] [stderr]                                  at /rustc/82e1608dfa6e0b5569232559e3d385fea5a93112/library/std/src/panicking.rs:645:5
[INFO] [stderr]     15:     0x56372ba8f455 - core::panicking::panic_fmt::hbf0e066aabfa482c
[INFO] [stderr]                                  at /rustc/82e1608dfa6e0b5569232559e3d385fea5a93112/library/core/src/panicking.rs:72:14
[INFO] [stderr]     16:     0x56372ba8fa23 - core::result::unwrap_failed::hddb4fea594200c52
[INFO] [stderr]                                  at /rustc/82e1608dfa6e0b5569232559e3d385fea5a93112/library/core/src/result.rs:1653:5
[INFO] [stderr]     17:     0x56372ba910e0 - core::result::Result<T,E>::expect::h746ecb24df59d14e
[INFO] [stderr]     18:     0x56372ba93a95 - build_script_build::main::ha4ea99b621aac71d
[INFO] [stderr]     19:     0x56372ba90823 - core::ops::function::FnOnce::call_once::h36a7fc39a1b0a90d
[INFO] [stderr]     20:     0x56372ba8fdf6 - std::sys_common::backtrace::__rust_begin_short_backtrace::hb9d861acdf955c38
[INFO] [stderr]     21:     0x56372ba904e9 - std::rt::lang_start::{{closure}}::h5a0975d39f571859
[INFO] [stderr]     22:     0x56372bfdec57 - core::ops::function::impls::<impl core::ops::function::FnOnce<A> for &F>::call_once::hd95060ecd5e1ca24
[INFO] [stderr]                                  at /rustc/82e1608dfa6e0b5569232559e3d385fea5a93112/library/core/src/ops/function.rs:284:13
[INFO] [stderr]     23:     0x56372bfdec57 - std::panicking::try::do_call::h6e8cf51db32a6e4b
[INFO] [stderr]                                  at /rustc/82e1608dfa6e0b5569232559e3d385fea5a93112/library/std/src/panicking.rs:552:40
[INFO] [stderr]     24:     0x56372bfdec57 - std::panicking::try::h3a52eefe24fe3c29
[INFO] [stderr]                                  at /rustc/82e1608dfa6e0b5569232559e3d385fea5a93112/library/std/src/panicking.rs:516:19
[INFO] [stderr]     25:     0x56372bfdec57 - std::panic::catch_unwind::h24c28c23c02c3841
[INFO] [stderr]                                  at /rustc/82e1608dfa6e0b5569232559e3d385fea5a93112/library/std/src/panic.rs:142:14
[INFO] [stderr]     26:     0x56372bfdec57 - std::rt::lang_start_internal::{{closure}}::h705d3c9cbc06ef47
[INFO] [stderr]                                  at /rustc/82e1608dfa6e0b5569232559e3d385fea5a93112/library/std/src/rt.rs:148:48
[INFO] [stderr]     27:     0x56372bfdec57 - std::panicking::try::do_call::ha21f52ba13158470
[INFO] [stderr]                                  at /rustc/82e1608dfa6e0b5569232559e3d385fea5a93112/library/std/src/panicking.rs:552:40
[INFO] [stderr]     28:     0x56372bfdec57 - std::panicking::try::h5581346bf6aeb1f8
[INFO] [stderr]                                  at /rustc/82e1608dfa6e0b5569232559e3d385fea5a93112/library/std/src/panicking.rs:516:19
[INFO] [stderr]     29:     0x56372bfdec57 - std::panic::catch_unwind::h7919645a6b72e25b
[INFO] [stderr]                                  at /rustc/82e1608dfa6e0b5569232559e3d385fea5a93112/library/std/src/panic.rs:142:14
[INFO] [stderr]     30:     0x56372bfdec57 - std::rt::lang_start_internal::h12de51168669836e
[INFO] [stderr]                                  at /rustc/82e1608dfa6e0b5569232559e3d385fea5a93112/library/std/src/rt.rs:148:20
[INFO] [stderr]     31:     0x56372ba904c7 - std::rt::lang_start::h2f14b58a4322107d
[INFO] [stderr]     32:     0x56372ba93c05 - main
[INFO] [stderr]     33:     0x7f7c4850ed90 - <unknown>
[INFO] [stderr]     34:     0x7f7c4850ee40 - __libc_start_main
[INFO] [stderr]     35:     0x56372ba8fd25 - _start
[INFO] [stderr]     36:                0x0 - <unknown>
[INFO] [stderr] warning: build failed, waiting for other jobs to finish...
[INFO] [stderr] error: failed to run custom build command for `Milkshake v0.1.0 (/opt/rustwide/workdir)`
[INFO] [stderr] note: To improve backtraces for build dependencies, set the CARGO_PROFILE_DEV_BUILD_OVERRIDE_DEBUG=true environment variable to enable debug information generation.
[INFO] [stderr] 
[INFO] [stderr] Caused by:
[INFO] [stderr]   process didn't exit successfully: `/opt/rustwide/target/debug/build/Milkshake-55b21e585df1c9f6/build-script-build` (exit status: 101)
[INFO] [stderr]   --- stdout
[INFO] [stderr]   cargo:rustc-link-lib=mujoco
[INFO] [stderr]   cargo:rerun-if-changed=src/mujoco/wrapper.h
[INFO] [stderr]   cargo:rerun-if-env-changed=TARGET
[INFO] [stderr]   cargo:rerun-if-env-changed=BINDGEN_EXTRA_CLANG_ARGS_x86_64-unknown-linux-gnu
[INFO] [stderr]   cargo:rerun-if-env-changed=BINDGEN_EXTRA_CLANG_ARGS_x86_64_unknown_linux_gnu
[INFO] [stderr]   cargo:rerun-if-env-changed=BINDGEN_EXTRA_CLANG_ARGS
[INFO] [stderr]   cargo:rerun-if-changed=src/mujoco/wrapper.h
[INFO] [stderr] 
[INFO] [stderr]   --- stderr
[INFO] [stderr]   src/mujoco/wrapper.h:1:10: fatal error: 'mujoco/mujoco.h' file not found
[INFO] [stderr]   thread 'main' panicked at build.rs:15:10:
[INFO] [stderr]   Unable to generate bindings: ClangDiagnostic("src/mujoco/wrapper.h:1:10: fatal error: 'mujoco/mujoco.h' file not found\n")
[INFO] [stderr]   stack backtrace:
[INFO] [stderr]      0:     0x5603506c872c - std::backtrace_rs::backtrace::libunwind::trace::ha637c64ce894333a
[INFO] [stderr]                                  at /rustc/82e1608dfa6e0b5569232559e3d385fea5a93112/library/std/src/../../backtrace/src/backtrace/libunwind.rs:104:5
[INFO] [stderr]      1:     0x5603506c872c - std::backtrace_rs::backtrace::trace_unsynchronized::h47f62dea28e0c88d
[INFO] [stderr]                                  at /rustc/82e1608dfa6e0b5569232559e3d385fea5a93112/library/std/src/../../backtrace/src/backtrace/mod.rs:66:5
[INFO] [stderr]      2:     0x5603506c872c - std::sys_common::backtrace::_print_fmt::h9eef0abe20ede486
[INFO] [stderr]                                  at /rustc/82e1608dfa6e0b5569232559e3d385fea5a93112/library/std/src/sys_common/backtrace.rs:67:5
[INFO] [stderr]      3:     0x5603506c872c - <std::sys_common::backtrace::_print::DisplayBacktrace as core::fmt::Display>::fmt::hed7f999df88cc644
[INFO] [stderr]                                  at /rustc/82e1608dfa6e0b5569232559e3d385fea5a93112/library/std/src/sys_common/backtrace.rs:44:22
[INFO] [stderr]      4:     0x5603506f2ee0 - core::fmt::rt::Argument::fmt::h1539a9308b8d058d
[INFO] [stderr]                                  at /rustc/82e1608dfa6e0b5569232559e3d385fea5a93112/library/core/src/fmt/rt.rs:142:9
[INFO] [stderr]      5:     0x5603506f2ee0 - core::fmt::write::h3a39390d8560d9c9
[INFO] [stderr]                                  at /rustc/82e1608dfa6e0b5569232559e3d385fea5a93112/library/core/src/fmt/mod.rs:1120:17
[INFO] [stderr]      6:     0x5603506c5cff - std::io::Write::write_fmt::h5fc9997dfe05f882
[INFO] [stderr]                                  at /rustc/82e1608dfa6e0b5569232559e3d385fea5a93112/library/std/src/io/mod.rs:1762:15
[INFO] [stderr]      7:     0x5603506c8514 - std::sys_common::backtrace::_print::h894006fb5c6f3d45
[INFO] [stderr]                                  at /rustc/82e1608dfa6e0b5569232559e3d385fea5a93112/library/std/src/sys_common/backtrace.rs:47:5
[INFO] [stderr]      8:     0x5603506c8514 - std::sys_common::backtrace::print::h23a2d212c6fff936
[INFO] [stderr]                                  at /rustc/82e1608dfa6e0b5569232559e3d385fea5a93112/library/std/src/sys_common/backtrace.rs:34:9
[INFO] [stderr]      9:     0x5603506c9b17 - std::panicking::default_hook::{{closure}}::h8a1d2ee00185001a
[INFO] [stderr]     10:     0x5603506c987f - std::panicking::default_hook::h6038f2eba384e475
[INFO] [stderr]                                  at /rustc/82e1608dfa6e0b5569232559e3d385fea5a93112/library/std/src/panicking.rs:292:9
[INFO] [stderr]     11:     0x5603506c9f98 - std::panicking::rust_panic_with_hook::h2b5517d590cab22e
[INFO] [stderr]                                  at /rustc/82e1608dfa6e0b5569232559e3d385fea5a93112/library/std/src/panicking.rs:779:13
[INFO] [stderr]     12:     0x5603506c9e7e - std::panicking::begin_panic_handler::{{closure}}::h233112c06e0ef43e
[INFO] [stderr]                                  at /rustc/82e1608dfa6e0b5569232559e3d385fea5a93112/library/std/src/panicking.rs:657:13
[INFO] [stderr]     13:     0x5603506c8bf6 - std::sys_common::backtrace::__rust_end_short_backtrace::h6e893f24d7ebbff8
[INFO] [stderr]                                  at /rustc/82e1608dfa6e0b5569232559e3d385fea5a93112/library/std/src/sys_common/backtrace.rs:170:18
[INFO] [stderr]     14:     0x5603506c9be2 - rust_begin_unwind
[INFO] [stderr]                                  at /rustc/82e1608dfa6e0b5569232559e3d385fea5a93112/library/std/src/panicking.rs:645:5
[INFO] [stderr]     15:     0x5603501134f5 - core::panicking::panic_fmt::hbf0e066aabfa482c
[INFO] [stderr]                                  at /rustc/82e1608dfa6e0b5569232559e3d385fea5a93112/library/core/src/panicking.rs:72:14
[INFO] [stderr]     16:     0x560350113ac3 - core::result::unwrap_failed::hddb4fea594200c52
[INFO] [stderr]                                  at /rustc/82e1608dfa6e0b5569232559e3d385fea5a93112/library/core/src/result.rs:1653:5
[INFO] [stderr]     17:     0x560350114ea2 - core::result::Result<T,E>::expect::hcb09dca41fc9811f
[INFO] [stderr]     18:     0x560350116787 - build_script_build::main::h831dc33baed3c3c1
[INFO] [stderr]     19:     0x560350114843 - core::ops::function::FnOnce::call_once::h9adf843750223a59
[INFO] [stderr]     20:     0x560350113e96 - std::sys_common::backtrace::__rust_begin_short_backtrace::h060b6ed1668cb5f5
[INFO] [stderr]     21:     0x560350114589 - std::rt::lang_start::{{closure}}::h305a5672979a94c0
[INFO] [stderr]     22:     0x5603506c14b7 - core::ops::function::impls::<impl core::ops::function::FnOnce<A> for &F>::call_once::hd95060ecd5e1ca24
[INFO] [stderr]                                  at /rustc/82e1608dfa6e0b5569232559e3d385fea5a93112/library/core/src/ops/function.rs:284:13
[INFO] [stderr]     23:     0x5603506c14b7 - std::panicking::try::do_call::h6e8cf51db32a6e4b
[INFO] [stderr]                                  at /rustc/82e1608dfa6e0b5569232559e3d385fea5a93112/library/std/src/panicking.rs:552:40
[INFO] [stderr]     24:     0x5603506c14b7 - std::panicking::try::h3a52eefe24fe3c29
[INFO] [stderr]                                  at /rustc/82e1608dfa6e0b5569232559e3d385fea5a93112/library/std/src/panicking.rs:516:19
[INFO] [stderr]     25:     0x5603506c14b7 - std::panic::catch_unwind::h24c28c23c02c3841
[INFO] [stderr]                                  at /rustc/82e1608dfa6e0b5569232559e3d385fea5a93112/library/std/src/panic.rs:142:14
[INFO] [stderr]     26:     0x5603506c14b7 - std::rt::lang_start_internal::{{closure}}::h705d3c9cbc06ef47
[INFO] [stderr]                                  at /rustc/82e1608dfa6e0b5569232559e3d385fea5a93112/library/std/src/rt.rs:148:48
[INFO] [stderr]     27:     0x5603506c14b7 - std::panicking::try::do_call::ha21f52ba13158470
[INFO] [stderr]                                  at /rustc/82e1608dfa6e0b5569232559e3d385fea5a93112/library/std/src/panicking.rs:552:40
[INFO] [stderr]     28:     0x5603506c14b7 - std::panicking::try::h5581346bf6aeb1f8
[INFO] [stderr]                                  at /rustc/82e1608dfa6e0b5569232559e3d385fea5a93112/library/std/src/panicking.rs:516:19
[INFO] [stderr]     29:     0x5603506c14b7 - std::panic::catch_unwind::h7919645a6b72e25b
[INFO] [stderr]                                  at /rustc/82e1608dfa6e0b5569232559e3d385fea5a93112/library/std/src/panic.rs:142:14
[INFO] [stderr]     30:     0x5603506c14b7 - std::rt::lang_start_internal::h12de51168669836e
[INFO] [stderr]                                  at /rustc/82e1608dfa6e0b5569232559e3d385fea5a93112/library/std/src/rt.rs:148:20
[INFO] [stderr]     31:     0x560350114567 - std::rt::lang_start::haa45b45a39ca8c8e
[INFO] [stderr]     32:     0x560350116925 - main
[INFO] [stderr]     33:     0x7f4dd22f1d90 - <unknown>
[INFO] [stderr]     34:     0x7f4dd22f1e40 - __libc_start_main
[INFO] [stderr]     35:     0x560350113dc5 - _start
[INFO] [stderr]     36:                0x0 - <unknown>
[INFO] running `Command { std: "docker" "inspect" "f7d7e26634d16725550242bbff335e190ac393fb1971de8eca06982d17721dde", kill_on_drop: false }`
[INFO] running `Command { std: "docker" "rm" "-f" "f7d7e26634d16725550242bbff335e190ac393fb1971de8eca06982d17721dde", kill_on_drop: false }`
[INFO] [stdout] f7d7e26634d16725550242bbff335e190ac393fb1971de8eca06982d17721dde
[INFO] documenting Jark5455/TheProfitTaker against beta-2023-12-22 for beta-1.76-rustdoc-1
[INFO] running `Command { std: "git" "clone" "/workspace/cache/git-repos/https%3A%2F%2Fgithub.com%2FJark5455%2FTheProfitTaker" "/workspace/builds/worker-5-tc2/source", kill_on_drop: false }`
[INFO] [stderr] Cloning into '/workspace/builds/worker-5-tc2/source'...
[INFO] [stderr] done.
[INFO] validating manifest of git repo https://github.com/Jark5455/TheProfitTaker on toolchain beta-2023-12-22
[INFO] running `Command { std: CARGO_HOME="/workspace/cargo-home" RUSTUP_HOME="/workspace/rustup-home" "/workspace/cargo-home/bin/cargo" "+beta-2023-12-22" "metadata" "--manifest-path" "Cargo.toml" "--no-deps", kill_on_drop: false }`
[INFO] started tweaking git repo https://github.com/Jark5455/TheProfitTaker
[INFO] finished tweaking git repo https://github.com/Jark5455/TheProfitTaker
[INFO] tweaked toml for git repo https://github.com/Jark5455/TheProfitTaker written to /workspace/builds/worker-5-tc2/source/Cargo.toml
[INFO] crate git repo https://github.com/Jark5455/TheProfitTaker already has a lockfile, it will not be regenerated
[INFO] running `Command { std: CARGO_HOME="/workspace/cargo-home" RUSTUP_HOME="/workspace/rustup-home" "/workspace/cargo-home/bin/cargo" "+beta-2023-12-22" "fetch" "--manifest-path" "Cargo.toml", kill_on_drop: false }`
[INFO] running `Command { std: "docker" "create" "-v" "/var/lib/crater-agent-workspace/builds/worker-5-tc2/target:/opt/rustwide/target:rw,Z" "-v" "/var/lib/crater-agent-workspace/builds/worker-5-tc2/source:/opt/rustwide/workdir:ro,Z" "-v" "/var/lib/crater-agent-workspace/cargo-home:/opt/rustwide/cargo-home:ro,Z" "-v" "/var/lib/crater-agent-workspace/rustup-home:/opt/rustwide/rustup-home:ro,Z" "-e" "SOURCE_DIR=/opt/rustwide/workdir" "-e" "CARGO_TARGET_DIR=/opt/rustwide/target" "-e" "CARGO_HOME=/opt/rustwide/cargo-home" "-e" "RUSTUP_HOME=/opt/rustwide/rustup-home" "-w" "/opt/rustwide/workdir" "-m" "1610612736" "--user" "0:0" "--network" "none" "ghcr.io/rust-lang/crates-build-env/linux@sha256:2788e3201cd34a07e3172128adcd8b3090168a8e3bcc40d7c032b9dda1df7d1c" "/opt/rustwide/cargo-home/bin/cargo" "+beta-2023-12-22" "metadata" "--no-deps" "--format-version=1", kill_on_drop: false }`
[INFO] [stdout] c2e7e7c94f58fc1d575e68867c1370efa5062bfab1917df02e4bfbc2f5f3534c
[INFO] running `Command { std: "docker" "start" "-a" "c2e7e7c94f58fc1d575e68867c1370efa5062bfab1917df02e4bfbc2f5f3534c", kill_on_drop: false }`
[INFO] running `Command { std: "docker" "inspect" "c2e7e7c94f58fc1d575e68867c1370efa5062bfab1917df02e4bfbc2f5f3534c", kill_on_drop: false }`
[INFO] running `Command { std: "docker" "rm" "-f" "c2e7e7c94f58fc1d575e68867c1370efa5062bfab1917df02e4bfbc2f5f3534c", kill_on_drop: false }`
[INFO] [stdout] c2e7e7c94f58fc1d575e68867c1370efa5062bfab1917df02e4bfbc2f5f3534c
[INFO] running `Command { std: "docker" "create" "-v" "/var/lib/crater-agent-workspace/builds/worker-5-tc2/target:/opt/rustwide/target:rw,Z" "-v" "/var/lib/crater-agent-workspace/builds/worker-5-tc2/source:/opt/rustwide/workdir:ro,Z" "-v" "/var/lib/crater-agent-workspace/cargo-home:/opt/rustwide/cargo-home:ro,Z" "-v" "/var/lib/crater-agent-workspace/rustup-home:/opt/rustwide/rustup-home:ro,Z" "-e" "SOURCE_DIR=/opt/rustwide/workdir" "-e" "CARGO_TARGET_DIR=/opt/rustwide/target" "-e" "CARGO_INCREMENTAL=0" "-e" "RUST_BACKTRACE=full" "-e" "RUSTFLAGS=--cap-lints=warn" "-e" "RUSTDOCFLAGS=--cap-lints=warn" "-e" "CARGO_HOME=/opt/rustwide/cargo-home" "-e" "RUSTUP_HOME=/opt/rustwide/rustup-home" "-w" "/opt/rustwide/workdir" "-m" "1610612736" "--user" "0:0" "--network" "none" "ghcr.io/rust-lang/crates-build-env/linux@sha256:2788e3201cd34a07e3172128adcd8b3090168a8e3bcc40d7c032b9dda1df7d1c" "/opt/rustwide/cargo-home/bin/cargo" "+beta-2023-12-22" "doc" "--frozen" "--no-deps" "--document-private-items" "--message-format=json", kill_on_drop: false }`
[INFO] [stdout] bff1fa182d1d79d43527fec8bc4b877b7cf50bbf353fdd65e60a5152804d3f06
[INFO] running `Command { std: "docker" "start" "-a" "bff1fa182d1d79d43527fec8bc4b877b7cf50bbf353fdd65e60a5152804d3f06", kill_on_drop: false }`
[INFO] [stderr]    Compiling libc v0.2.151
[INFO] [stderr]    Compiling proc-macro2 v1.0.70
[INFO] [stderr]    Compiling unicode-ident v1.0.12
[INFO] [stderr]    Compiling pkg-config v0.3.27
[INFO] [stderr]    Compiling typenum v1.17.0
[INFO] [stderr]    Compiling generic-array v0.14.7
[INFO] [stderr]    Compiling libm v0.2.8
[INFO] [stderr]    Compiling num-traits v0.2.17
[INFO] [stderr]    Compiling syn v1.0.109
[INFO] [stderr]    Compiling ahash v0.8.6
[INFO] [stderr]    Compiling memoffset v0.9.0
[INFO] [stderr]    Compiling crossbeam-utils v0.8.17
[INFO] [stderr]    Compiling quote v1.0.33
[INFO] [stderr]     Checking zerocopy v0.7.31
[INFO] [stderr]     Checking once_cell v1.19.0
[INFO] [stderr]    Compiling syn v2.0.41
[INFO] [stderr]     Checking getrandom v0.2.11
[INFO] [stderr]    Compiling jobserver v0.1.27
[INFO] [stderr]    Compiling glob v0.3.1
[INFO] [stderr]    Compiling cc v1.0.83
[INFO] [stderr]     Checking crossbeam-epoch v0.9.16
[INFO] [stderr]    Compiling rayon-core v1.12.0
[INFO] [stderr]    Compiling thiserror v1.0.50
[INFO] [stderr]    Compiling clang-sys v1.6.1
[INFO] [stderr]     Checking crossbeam-deque v0.8.4
[INFO] [stderr]    Compiling target-features v0.1.5
[INFO] [stderr]     Checking ryu v1.0.16
[INFO] [stderr]     Checking memchr v2.6.4
[INFO] [stderr]     Checking itoa v1.0.10
[INFO] [stderr]     Checking rand_core v0.6.4
[INFO] [stderr]    Compiling rustix v0.38.28
[INFO] [stderr]     Checking aho-corasick v1.1.2
[INFO] [stderr]     Checking regex-syntax v0.8.2
[INFO] [stderr]     Checking either v1.9.0
[INFO] [stderr]    Compiling crypto-common v0.1.6
[INFO] [stderr]     Checking rayon v1.8.0
[INFO] [stderr]    Compiling smartstring v1.0.1
[INFO] [stderr]    Compiling zstd-sys v2.0.9+zstd.1.5.5
[INFO] [stderr]    Compiling linux-raw-sys v0.4.12
[INFO] [stderr]     Checking simdutf8 v0.1.4
[INFO] [stderr]    Compiling bitflags v2.4.1
[INFO] [stderr]    Compiling serde v1.0.193
[INFO] [stderr]    Compiling minimal-lexical v0.2.1
[INFO] [stderr]     Checking allocator-api2 v0.2.16
[INFO] [stderr]     Checking regex-automata v0.4.3
[INFO] [stderr]    Compiling nom v7.1.3
[INFO] [stderr]     Checking hashbrown v0.14.3
[INFO] [stderr]    Compiling bzip2-sys v0.1.11+1.0.8
[INFO] [stderr]    Compiling libloading v0.7.4
[INFO] [stderr]    Compiling lock_api v0.4.11
[INFO] [stderr]    Compiling polars-utils v0.35.4
[INFO] [stderr]    Compiling home v0.5.5
[INFO] [stderr]     Checking equivalent v1.0.1
[INFO] [stderr]    Compiling parking_lot_core v0.9.9
[INFO] [stderr]     Checking regex v1.10.2
[INFO] [stderr]     Checking iana-time-zone v0.1.58
[INFO] [stderr]    Compiling subtle v2.5.0
[INFO] [stderr]     Checking chrono v0.4.31
[INFO] [stderr]    Compiling which v4.4.2
[INFO] [stderr]    Compiling cexpr v0.6.0
[INFO] [stderr]     Checking indexmap v2.1.0
[INFO] [stderr]    Compiling block-buffer v0.10.4
[INFO] [stderr]     Checking lexical-util v0.8.5
[INFO] [stderr]    Compiling matrixmultiply v0.3.8
[INFO] [stderr]    Compiling num-integer v0.1.45
[INFO] [stderr]    Compiling rustc-hash v1.1.0
[INFO] [stderr]    Compiling shlex v1.2.0
[INFO] [stderr]    Compiling lazycell v1.3.0
[INFO] [stderr]    Compiling thiserror-impl v1.0.50
[INFO] [stderr]    Compiling bytemuck_derive v1.5.0
[INFO] [stderr]    Compiling serde_derive v1.0.193
[INFO] [stderr]    Compiling rustversion v1.0.14
[INFO] [stderr]    Compiling multiversion-macros v0.7.3
[INFO] [stderr]     Checking smallvec v1.11.2
[INFO] [stderr]    Compiling log v0.4.20
[INFO] [stderr]    Compiling peeking_take_while v0.1.2
[INFO] [stderr]     Checking scopeguard v1.2.0
[INFO] [stderr]     Checking rand_chacha v0.3.1
[INFO] [stderr]    Compiling digest v0.10.7
[INFO] [stderr]     Checking foreign_vec v0.1.0
[INFO] [stderr]     Checking strength_reduce v0.2.4
[INFO] [stderr]     Checking dyn-clone v1.0.16
[INFO] [stderr]     Checking rawpointer v0.2.1
[INFO] [stderr]    Compiling cpufeatures v0.2.11
[INFO] [stderr]    Compiling vcpkg v0.2.15
[INFO] [stderr]     Checking fast-float v0.2.0
[INFO] [stderr]    Compiling serde_json v1.0.108
[INFO] [stderr]     Checking atoi_simd v0.15.5
[INFO] [stderr]     Checking ethnum v1.5.0
[INFO] [stderr]     Checking bytemuck v1.14.0
[INFO] [stderr]     Checking streaming-iterator v0.1.9
[INFO] [stderr]     Checking polars-error v0.35.4
[INFO] [stderr]     Checking rand v0.8.5
[INFO] [stderr]     Checking parking_lot v0.12.1
[INFO] [stderr]     Checking num-complex v0.4.4
[INFO] [stderr]     Checking lexical-parse-integer v0.8.6
[INFO] [stderr]     Checking crossterm v0.27.0
[INFO] [stderr]     Checking lexical-write-integer v0.8.5
[INFO] [stderr]     Checking multiversion v0.7.3
[INFO] [stderr]    Compiling inout v0.1.3
[INFO] [stderr]     Checking polars-arrow v0.35.4
[INFO] [stderr]     Checking ndarray v0.15.6
[INFO] [stderr]     Checking hashbrown v0.13.2
[INFO] [stderr]    Compiling polars-core v0.35.4
[INFO] [stderr]    Compiling powerfmt v0.2.0
[INFO] [stderr]     Checking unicode-width v0.1.11
[INFO] [stderr]    Compiling strum_macros v0.25.3
[INFO] [stderr]    Compiling ref-cast v1.0.21
[INFO] [stderr]    Compiling anyhow v1.0.75
[INFO] [stderr]    Compiling adler v1.0.2
[INFO] [stderr]    Compiling bitflags v1.3.2
[INFO] [stderr]     Checking strum v0.25.0
[INFO] [stderr]    Compiling base64ct v1.6.0
[INFO] [stderr]    Compiling miniz_oxide v0.7.1
[INFO] [stderr]    Compiling deranged v0.3.10
[INFO] [stderr]    Compiling password-hash v0.4.2
[INFO] [stderr]     Checking lexical-write-float v0.8.5
[INFO] [stderr]    Compiling cipher v0.4.4
[INFO] [stderr]     Checking rand_distr v0.4.3
[INFO] [stderr]     Checking lexical-parse-float v0.8.5
[INFO] [stderr]    Compiling sha2 v0.10.8
[INFO] [stderr]    Compiling hmac v0.12.1
[INFO] [stderr]    Compiling ref-cast-impl v1.0.21
[INFO] [stderr]    Compiling crc32fast v1.3.2
[INFO] [stderr]     Checking float-cmp v0.9.0
[INFO] [stderr]    Compiling polars-ops v0.35.4
[INFO] [stderr]    Compiling time-core v0.1.2
[INFO] [stderr]     Checking xxhash-rust v0.8.7
[INFO] [stderr]    Compiling time v0.3.30
[INFO] [stderr]    Compiling flate2 v1.0.28
[INFO] [stderr]     Checking lexical-core v0.8.5
[INFO] [stderr]     Checking comfy-table v7.1.0
[INFO] [stderr]    Compiling pbkdf2 v0.11.0
[INFO] [stderr]    Compiling aes v0.8.3
[INFO] [stderr]    Compiling libz-sys v1.1.12
[INFO] [stderr]    Compiling openssl-sys v0.9.97
[INFO] [stderr]    Compiling sha1 v0.10.6
[INFO] [stderr]     Checking argminmax v0.6.1
[INFO] [stderr]    Compiling byteorder v1.5.0
[INFO] [stderr]    Compiling constant_time_eq v0.1.5
[INFO] [stderr]    Compiling prettyplease v0.2.15
[INFO] [stderr]     Checking now v0.1.3
[INFO] [stderr]     Checking atoi v2.0.0
[INFO] [stderr]    Compiling bindgen v0.61.0
[INFO] [stderr]    Compiling bindgen v0.63.0
[INFO] [stderr]     Checking fallible-streaming-iterator v0.1.9
[INFO] [stderr]    Compiling curl-sys v0.4.70+curl-8.5.0
[INFO] [stderr]     Checking memmap2 v0.7.1
[INFO] [stderr]    Compiling polars-plan v0.35.4
[INFO] [stderr]    Compiling bindgen v0.69.1
[INFO] [stderr]     Checking percent-encoding v2.3.1
[INFO] [stderr]     Checking utf8parse v0.2.1
[INFO] [stderr]     Checking bytes v1.5.0
[INFO] [stderr]     Checking anstyle-parse v0.2.3
[INFO] [stderr]    Compiling cmake v0.1.50
[INFO] [stderr]    Compiling polars-lazy v0.35.4
[INFO] [stderr]     Checking halfbrown v0.2.4
[INFO] [stderr]     Checking anstyle v1.0.4
[INFO] [stderr]     Checking anstyle-query v1.0.2
[INFO] [stderr]     Checking colorchoice v1.0.0
[INFO] [stderr]     Checking anstream v0.6.5
[INFO] [stderr]     Checking value-trait v0.8.0
[INFO] [stderr]     Checking polars-row v0.35.4
[INFO] [stderr]     Checking simd-json v0.13.4
[INFO] [stderr]    Compiling polars v0.35.4
[INFO] [stderr]    Compiling curl v0.4.44
[INFO] [stderr]     Checking clap_lex v0.6.0
[INFO] [stderr]    Compiling tch v0.14.0
[INFO] [stderr]     Checking clap_builder v4.4.11
[INFO] [stderr]     Checking safetensors v0.3.3
[INFO] [stderr]     Checking polars-json v0.35.4
[INFO] [stderr]    Compiling clap_derive v4.4.7
[INFO] [stderr]     Checking socket2 v0.4.10
[INFO] [stderr]     Checking half v2.3.1
[INFO] [stderr]     Checking dotenv v0.15.0
[INFO] [stderr]     Checking clap v4.4.11
[INFO] [stderr]    Compiling glfw-bindgen v0.1.1
[INFO] [stderr]    Compiling ta-lib-sys v0.1.2
[INFO] [stderr]    Compiling bzip2 v0.4.4
[INFO] [stderr]    Compiling Milkshake v0.1.0 (/opt/rustwide/workdir)
[INFO] [stderr]     Checking polars-time v0.35.4
[INFO] [stderr] error: failed to run custom build command for `ta-lib-sys v0.1.2`
[INFO] [stderr] note: To improve backtraces for build dependencies, set the CARGO_PROFILE_DEV_BUILD_OVERRIDE_DEBUG=true environment variable to enable debug information generation.
[INFO] [stderr] 
[INFO] [stderr] Caused by:
[INFO] [stderr]   process didn't exit successfully: `/opt/rustwide/target/debug/build/ta-lib-sys-ddf53775e31dee61/build-script-build` (exit status: 101)
[INFO] [stderr]   --- stdout
[INFO] [stderr]   cargo:rustc-link-lib=static=ta_lib
[INFO] [stderr]   cargo:rustc-link-search=native=/opt/rustwide/target/debug/build/ta-lib-sys-7d731b20b6d0bb76/out/lib
[INFO] [stderr] 
[INFO] [stderr]   --- stderr
[INFO] [stderr]   wrapper.h:1:10: fatal error: 'ta-lib/ta_abstract.h' file not found
[INFO] [stderr]   thread 'main' panicked at /opt/rustwide/cargo-home/registry/src/index.crates.io-6f17d22bba15001f/ta-lib-sys-0.1.2/build.rs:83:10:
[INFO] [stderr]   Unable to generate bindings.: ClangDiagnostic("wrapper.h:1:10: fatal error: 'ta-lib/ta_abstract.h' file not found\n")
[INFO] [stderr]   stack backtrace:
[INFO] [stderr]      0:     0x55cd6b239a16 - std::backtrace_rs::backtrace::libunwind::trace::h261606ad26a499c1
[INFO] [stderr]                                  at /rustc/0e09125c6c3c2fd70d7de961bcf0e51575235fad/library/std/src/../../backtrace/src/backtrace/libunwind.rs:104:5
[INFO] [stderr]      1:     0x55cd6b239a16 - std::backtrace_rs::backtrace::trace_unsynchronized::hd183f0625477fb28
[INFO] [stderr]                                  at /rustc/0e09125c6c3c2fd70d7de961bcf0e51575235fad/library/std/src/../../backtrace/src/backtrace/mod.rs:66:5
[INFO] [stderr]      2:     0x55cd6b239a16 - std::sys_common::backtrace::_print_fmt::hd7f8fef21b4eda67
[INFO] [stderr]                                  at /rustc/0e09125c6c3c2fd70d7de961bcf0e51575235fad/library/std/src/sys_common/backtrace.rs:68:5
[INFO] [stderr]      3:     0x55cd6b239a16 - <std::sys_common::backtrace::_print::DisplayBacktrace as core::fmt::Display>::fmt::h623d9b51f2f453f1
[INFO] [stderr]                                  at /rustc/0e09125c6c3c2fd70d7de961bcf0e51575235fad/library/std/src/sys_common/backtrace.rs:44:22
[INFO] [stderr]      4:     0x55cd6b2634a0 - core::fmt::rt::Argument::fmt::h9f417ac76a86f368
[INFO] [stderr]                                  at /rustc/0e09125c6c3c2fd70d7de961bcf0e51575235fad/library/core/src/fmt/rt.rs:142:9
[INFO] [stderr]      5:     0x55cd6b2634a0 - core::fmt::write::hc9b6faf4ac2aeff7
[INFO] [stderr]                                  at /rustc/0e09125c6c3c2fd70d7de961bcf0e51575235fad/library/core/src/fmt/mod.rs:1120:17
[INFO] [stderr]      6:     0x55cd6b2372df - std::io::Write::write_fmt::hfead1eee52c2e65e
[INFO] [stderr]                                  at /rustc/0e09125c6c3c2fd70d7de961bcf0e51575235fad/library/std/src/io/mod.rs:1810:15
[INFO] [stderr]      7:     0x55cd6b2397f4 - std::sys_common::backtrace::_print::hd5d66399c7df88a2
[INFO] [stderr]                                  at /rustc/0e09125c6c3c2fd70d7de961bcf0e51575235fad/library/std/src/sys_common/backtrace.rs:47:5
[INFO] [stderr]      8:     0x55cd6b2397f4 - std::sys_common::backtrace::print::he81ed2da642d37e5
[INFO] [stderr]                                  at /rustc/0e09125c6c3c2fd70d7de961bcf0e51575235fad/library/std/src/sys_common/backtrace.rs:34:9
[INFO] [stderr]      9:     0x55cd6b23aec7 - std::panicking::default_hook::{{closure}}::h85773f4fa117163d
[INFO] [stderr]     10:     0x55cd6b23ac29 - std::panicking::default_hook::h6a1694a91d09b278
[INFO] [stderr]                                  at /rustc/0e09125c6c3c2fd70d7de961bcf0e51575235fad/library/std/src/panicking.rs:292:9
[INFO] [stderr]     11:     0x55cd6b23b358 - std::panicking::rust_panic_with_hook::h0a7ad96e90f7145b
[INFO] [stderr]                                  at /rustc/0e09125c6c3c2fd70d7de961bcf0e51575235fad/library/std/src/panicking.rs:779:13
[INFO] [stderr]     12:     0x55cd6b23b232 - std::panicking::begin_panic_handler::{{closure}}::h7919090525c6485e
[INFO] [stderr]                                  at /rustc/0e09125c6c3c2fd70d7de961bcf0e51575235fad/library/std/src/panicking.rs:657:13
[INFO] [stderr]     13:     0x55cd6b239f16 - std::sys_common::backtrace::__rust_end_short_backtrace::hf3289479464f7dfe
[INFO] [stderr]                                  at /rustc/0e09125c6c3c2fd70d7de961bcf0e51575235fad/library/std/src/sys_common/backtrace.rs:171:18
[INFO] [stderr]     14:     0x55cd6b23af90 - rust_begin_unwind
[INFO] [stderr]                                  at /rustc/0e09125c6c3c2fd70d7de961bcf0e51575235fad/library/std/src/panicking.rs:645:5
[INFO] [stderr]     15:     0x55cd6accc445 - core::panicking::panic_fmt::hcc9f77c5c132af55
[INFO] [stderr]                                  at /rustc/0e09125c6c3c2fd70d7de961bcf0e51575235fad/library/core/src/panicking.rs:72:14
[INFO] [stderr]     16:     0x55cd6accca23 - core::result::unwrap_failed::hbe14f498be1452f9
[INFO] [stderr]                                  at /rustc/0e09125c6c3c2fd70d7de961bcf0e51575235fad/library/core/src/result.rs:1649:5
[INFO] [stderr]     17:     0x55cd6acce1a7 - core::result::Result<T,E>::expect::hcf5a224bfb93c17a
[INFO] [stderr]     18:     0x55cd6acd0b03 - build_script_build::main::h9fca348a66e7edf4
[INFO] [stderr]     19:     0x55cd6accd803 - core::ops::function::FnOnce::call_once::h9df71bc3afd9fa37
[INFO] [stderr]     20:     0x55cd6acccdf6 - std::sys_common::backtrace::__rust_begin_short_backtrace::h411ed0e129f7d19e
[INFO] [stderr]     21:     0x55cd6accd4d9 - std::rt::lang_start::{{closure}}::h9789830bf498bd1f
[INFO] [stderr]     22:     0x55cd6b232e61 - core::ops::function::impls::<impl core::ops::function::FnOnce<A> for &F>::call_once::h4eb4c5e1620f29b0
[INFO] [stderr]                                  at /rustc/0e09125c6c3c2fd70d7de961bcf0e51575235fad/library/core/src/ops/function.rs:284:13
[INFO] [stderr]     23:     0x55cd6b232e61 - std::panicking::try::do_call::h73fd26535faffcdf
[INFO] [stderr]                                  at /rustc/0e09125c6c3c2fd70d7de961bcf0e51575235fad/library/std/src/panicking.rs:552:40
[INFO] [stderr]     24:     0x55cd6b232e61 - std::panicking::try::h77ff1d98f0fb9f39
[INFO] [stderr]                                  at /rustc/0e09125c6c3c2fd70d7de961bcf0e51575235fad/library/std/src/panicking.rs:516:19
[INFO] [stderr]     25:     0x55cd6b232e61 - std::panic::catch_unwind::hab3caf2448b95e37
[INFO] [stderr]                                  at /rustc/0e09125c6c3c2fd70d7de961bcf0e51575235fad/library/std/src/panic.rs:142:14
[INFO] [stderr]     26:     0x55cd6b232e61 - std::rt::lang_start_internal::{{closure}}::h8086711f9c783f78
[INFO] [stderr]                                  at /rustc/0e09125c6c3c2fd70d7de961bcf0e51575235fad/library/std/src/rt.rs:148:48
[INFO] [stderr]     27:     0x55cd6b232e61 - std::panicking::try::do_call::hf920d4dc291cd6ca
[INFO] [stderr]                                  at /rustc/0e09125c6c3c2fd70d7de961bcf0e51575235fad/library/std/src/panicking.rs:552:40
[INFO] [stderr]     28:     0x55cd6b232e61 - std::panicking::try::h2b806ccc0a85db74
[INFO] [stderr]                                  at /rustc/0e09125c6c3c2fd70d7de961bcf0e51575235fad/library/std/src/panicking.rs:516:19
[INFO] [stderr]     29:     0x55cd6b232e61 - std::panic::catch_unwind::h038489539c507df2
[INFO] [stderr]                                  at /rustc/0e09125c6c3c2fd70d7de961bcf0e51575235fad/library/std/src/panic.rs:142:14
[INFO] [stderr]     30:     0x55cd6b232e61 - std::rt::lang_start_internal::h28503b88912e8a5c
[INFO] [stderr]                                  at /rustc/0e09125c6c3c2fd70d7de961bcf0e51575235fad/library/std/src/rt.rs:148:20
[INFO] [stderr]     31:     0x55cd6accd4b7 - std::rt::lang_start::h20e5ab3568ac0802
[INFO] [stderr]     32:     0x55cd6acd0c75 - main
[INFO] [stderr]     33:     0x7f1e98459d90 - <unknown>
[INFO] [stderr]     34:     0x7f1e98459e40 - __libc_start_main
[INFO] [stderr]     35:     0x55cd6acccd25 - _start
[INFO] [stderr]     36:                0x0 - <unknown>
[INFO] [stderr] warning: build failed, waiting for other jobs to finish...
[INFO] [stderr] error: failed to run custom build command for `Milkshake v0.1.0 (/opt/rustwide/workdir)`
[INFO] [stderr] note: To improve backtraces for build dependencies, set the CARGO_PROFILE_DEV_BUILD_OVERRIDE_DEBUG=true environment variable to enable debug information generation.
[INFO] [stderr] 
[INFO] [stderr] Caused by:
[INFO] [stderr]   process didn't exit successfully: `/opt/rustwide/target/debug/build/Milkshake-275417ea84e04905/build-script-build` (exit status: 101)
[INFO] [stderr]   --- stdout
[INFO] [stderr]   cargo:rustc-link-lib=mujoco
[INFO] [stderr]   cargo:rerun-if-changed=src/mujoco/wrapper.h
[INFO] [stderr]   cargo:rerun-if-env-changed=TARGET
[INFO] [stderr]   cargo:rerun-if-env-changed=BINDGEN_EXTRA_CLANG_ARGS_x86_64-unknown-linux-gnu
[INFO] [stderr]   cargo:rerun-if-env-changed=BINDGEN_EXTRA_CLANG_ARGS_x86_64_unknown_linux_gnu
[INFO] [stderr]   cargo:rerun-if-env-changed=BINDGEN_EXTRA_CLANG_ARGS
[INFO] [stderr]   cargo:rerun-if-changed=src/mujoco/wrapper.h
[INFO] [stderr] 
[INFO] [stderr]   --- stderr
[INFO] [stderr]   src/mujoco/wrapper.h:1:10: fatal error: 'mujoco/mujoco.h' file not found
[INFO] [stderr]   thread 'main' panicked at build.rs:15:10:
[INFO] [stderr]   Unable to generate bindings: ClangDiagnostic("src/mujoco/wrapper.h:1:10: fatal error: 'mujoco/mujoco.h' file not found\n")
[INFO] [stderr]   stack backtrace:
[INFO] [stderr]      0:     0x55a5db34b856 - std::backtrace_rs::backtrace::libunwind::trace::h261606ad26a499c1
[INFO] [stderr]                                  at /rustc/0e09125c6c3c2fd70d7de961bcf0e51575235fad/library/std/src/../../backtrace/src/backtrace/libunwind.rs:104:5
[INFO] [stderr]      1:     0x55a5db34b856 - std::backtrace_rs::backtrace::trace_unsynchronized::hd183f0625477fb28
[INFO] [stderr]                                  at /rustc/0e09125c6c3c2fd70d7de961bcf0e51575235fad/library/std/src/../../backtrace/src/backtrace/mod.rs:66:5
[INFO] [stderr]      2:     0x55a5db34b856 - std::sys_common::backtrace::_print_fmt::hd7f8fef21b4eda67
[INFO] [stderr]                                  at /rustc/0e09125c6c3c2fd70d7de961bcf0e51575235fad/library/std/src/sys_common/backtrace.rs:68:5
[INFO] [stderr]      3:     0x55a5db34b856 - <std::sys_common::backtrace::_print::DisplayBacktrace as core::fmt::Display>::fmt::h623d9b51f2f453f1
[INFO] [stderr]                                  at /rustc/0e09125c6c3c2fd70d7de961bcf0e51575235fad/library/std/src/sys_common/backtrace.rs:44:22
[INFO] [stderr]      4:     0x55a5db375320 - core::fmt::rt::Argument::fmt::h9f417ac76a86f368
[INFO] [stderr]                                  at /rustc/0e09125c6c3c2fd70d7de961bcf0e51575235fad/library/core/src/fmt/rt.rs:142:9
[INFO] [stderr]      5:     0x55a5db375320 - core::fmt::write::hc9b6faf4ac2aeff7
[INFO] [stderr]                                  at /rustc/0e09125c6c3c2fd70d7de961bcf0e51575235fad/library/core/src/fmt/mod.rs:1120:17
[INFO] [stderr]      6:     0x55a5db348fcf - std::io::Write::write_fmt::hfead1eee52c2e65e
[INFO] [stderr]                                  at /rustc/0e09125c6c3c2fd70d7de961bcf0e51575235fad/library/std/src/io/mod.rs:1810:15
[INFO] [stderr]      7:     0x55a5db34b634 - std::sys_common::backtrace::_print::hd5d66399c7df88a2
[INFO] [stderr]                                  at /rustc/0e09125c6c3c2fd70d7de961bcf0e51575235fad/library/std/src/sys_common/backtrace.rs:47:5
[INFO] [stderr]      8:     0x55a5db34b634 - std::sys_common::backtrace::print::he81ed2da642d37e5
[INFO] [stderr]                                  at /rustc/0e09125c6c3c2fd70d7de961bcf0e51575235fad/library/std/src/sys_common/backtrace.rs:34:9
[INFO] [stderr]      9:     0x55a5db34cd07 - std::panicking::default_hook::{{closure}}::h85773f4fa117163d
[INFO] [stderr]     10:     0x55a5db34ca69 - std::panicking::default_hook::h6a1694a91d09b278
[INFO] [stderr]                                  at /rustc/0e09125c6c3c2fd70d7de961bcf0e51575235fad/library/std/src/panicking.rs:292:9
[INFO] [stderr]     11:     0x55a5db34d198 - std::panicking::rust_panic_with_hook::h0a7ad96e90f7145b
[INFO] [stderr]                                  at /rustc/0e09125c6c3c2fd70d7de961bcf0e51575235fad/library/std/src/panicking.rs:779:13
[INFO] [stderr]     12:     0x55a5db34d072 - std::panicking::begin_panic_handler::{{closure}}::h7919090525c6485e
[INFO] [stderr]                                  at /rustc/0e09125c6c3c2fd70d7de961bcf0e51575235fad/library/std/src/panicking.rs:657:13
[INFO] [stderr]     13:     0x55a5db34bd56 - std::sys_common::backtrace::__rust_end_short_backtrace::hf3289479464f7dfe
[INFO] [stderr]                                  at /rustc/0e09125c6c3c2fd70d7de961bcf0e51575235fad/library/std/src/sys_common/backtrace.rs:171:18
[INFO] [stderr]     14:     0x55a5db34cdd0 - rust_begin_unwind
[INFO] [stderr]                                  at /rustc/0e09125c6c3c2fd70d7de961bcf0e51575235fad/library/std/src/panicking.rs:645:5
[INFO] [stderr]     15:     0x55a5dad804f5 - core::panicking::panic_fmt::hcc9f77c5c132af55
[INFO] [stderr]                                  at /rustc/0e09125c6c3c2fd70d7de961bcf0e51575235fad/library/core/src/panicking.rs:72:14
[INFO] [stderr]     16:     0x55a5dad80ad3 - core::result::unwrap_failed::hbe14f498be1452f9
[INFO] [stderr]                                  at /rustc/0e09125c6c3c2fd70d7de961bcf0e51575235fad/library/core/src/result.rs:1649:5
[INFO] [stderr]     17:     0x55a5dad81ea0 - core::result::Result<T,E>::expect::h354b05eda3346a85
[INFO] [stderr]     18:     0x55a5dad837f7 - build_script_build::main::h03f67386451cf579
[INFO] [stderr]     19:     0x55a5dad81833 - core::ops::function::FnOnce::call_once::h99602352b2475606
[INFO] [stderr]     20:     0x55a5dad80ea6 - std::sys_common::backtrace::__rust_begin_short_backtrace::h45a2471c1c17f1a4
[INFO] [stderr]     21:     0x55a5dad81589 - std::rt::lang_start::{{closure}}::h579883b981de8a70
[INFO] [stderr]     22:     0x55a5db3444e1 - core::ops::function::impls::<impl core::ops::function::FnOnce<A> for &F>::call_once::h4eb4c5e1620f29b0
[INFO] [stderr]                                  at /rustc/0e09125c6c3c2fd70d7de961bcf0e51575235fad/library/core/src/ops/function.rs:284:13
[INFO] [stderr]     23:     0x55a5db3444e1 - std::panicking::try::do_call::h73fd26535faffcdf
[INFO] [stderr]                                  at /rustc/0e09125c6c3c2fd70d7de961bcf0e51575235fad/library/std/src/panicking.rs:552:40
[INFO] [stderr]     24:     0x55a5db3444e1 - std::panicking::try::h77ff1d98f0fb9f39
[INFO] [stderr]                                  at /rustc/0e09125c6c3c2fd70d7de961bcf0e51575235fad/library/std/src/panicking.rs:516:19
[INFO] [stderr]     25:     0x55a5db3444e1 - std::panic::catch_unwind::hab3caf2448b95e37
[INFO] [stderr]                                  at /rustc/0e09125c6c3c2fd70d7de961bcf0e51575235fad/library/std/src/panic.rs:142:14
[INFO] [stderr]     26:     0x55a5db3444e1 - std::rt::lang_start_internal::{{closure}}::h8086711f9c783f78
[INFO] [stderr]                                  at /rustc/0e09125c6c3c2fd70d7de961bcf0e51575235fad/library/std/src/rt.rs:148:48
[INFO] [stderr]     27:     0x55a5db3444e1 - std::panicking::try::do_call::hf920d4dc291cd6ca
[INFO] [stderr]                                  at /rustc/0e09125c6c3c2fd70d7de961bcf0e51575235fad/library/std/src/panicking.rs:552:40
[INFO] [stderr]     28:     0x55a5db3444e1 - std::panicking::try::h2b806ccc0a85db74
[INFO] [stderr]                                  at /rustc/0e09125c6c3c2fd70d7de961bcf0e51575235fad/library/std/src/panicking.rs:516:19
[INFO] [stderr]     29:     0x55a5db3444e1 - std::panic::catch_unwind::h038489539c507df2
[INFO] [stderr]                                  at /rustc/0e09125c6c3c2fd70d7de961bcf0e51575235fad/library/std/src/panic.rs:142:14
[INFO] [stderr]     30:     0x55a5db3444e1 - std::rt::lang_start_internal::h28503b88912e8a5c
[INFO] [stderr]                                  at /rustc/0e09125c6c3c2fd70d7de961bcf0e51575235fad/library/std/src/rt.rs:148:20
[INFO] [stderr]     31:     0x55a5dad81567 - std::rt::lang_start::hbb7181aa49214946
[INFO] [stderr]     32:     0x55a5dad83985 - main
[INFO] [stderr]     33:     0x7fd4befa0d90 - <unknown>
[INFO] [stderr]     34:     0x7fd4befa0e40 - __libc_start_main
[INFO] [stderr]     35:     0x55a5dad80dd5 - _start
[INFO] [stderr]     36:                0x0 - <unknown>
[INFO] running `Command { std: "docker" "inspect" "bff1fa182d1d79d43527fec8bc4b877b7cf50bbf353fdd65e60a5152804d3f06", kill_on_drop: false }`
[INFO] running `Command { std: "docker" "rm" "-f" "bff1fa182d1d79d43527fec8bc4b877b7cf50bbf353fdd65e60a5152804d3f06", kill_on_drop: false }`
[INFO] [stdout] bff1fa182d1d79d43527fec8bc4b877b7cf50bbf353fdd65e60a5152804d3f06
