[INFO] cloning repository https://github.com/Japabu/banjotjanbot
[INFO] running `Command { std: "git" "-c" "credential.helper=" "-c" "credential.helper=/workspace/cargo-home/bin/git-credential-null" "clone" "--bare" "https://github.com/Japabu/banjotjanbot" "/workspace/cache/git-repos/https%3A%2F%2Fgithub.com%2FJapabu%2Fbanjotjanbot", kill_on_drop: false }`
[INFO] [stderr] Cloning into bare repository '/workspace/cache/git-repos/https%3A%2F%2Fgithub.com%2FJapabu%2Fbanjotjanbot'...
[INFO] running `Command { std: "git" "rev-parse" "HEAD", kill_on_drop: false }`
[INFO] [stdout] 44bb2897fc1c9cb544b2645ebb1043033d2fae3f
[INFO] documenting Japabu/banjotjanbot against 1.75.0 for beta-1.76-rustdoc-1
[INFO] running `Command { std: "git" "clone" "/workspace/cache/git-repos/https%3A%2F%2Fgithub.com%2FJapabu%2Fbanjotjanbot" "/workspace/builds/worker-6-tc1/source", kill_on_drop: false }`
[INFO] [stderr] Cloning into '/workspace/builds/worker-6-tc1/source'...
[INFO] [stderr] done.
[INFO] validating manifest of git repo https://github.com/Japabu/banjotjanbot on toolchain 1.75.0
[INFO] running `Command { std: CARGO_HOME="/workspace/cargo-home" RUSTUP_HOME="/workspace/rustup-home" "/workspace/cargo-home/bin/cargo" "+1.75.0" "metadata" "--manifest-path" "Cargo.toml" "--no-deps", kill_on_drop: false }`
[INFO] started tweaking git repo https://github.com/Japabu/banjotjanbot
[INFO] finished tweaking git repo https://github.com/Japabu/banjotjanbot
[INFO] tweaked toml for git repo https://github.com/Japabu/banjotjanbot written to /workspace/builds/worker-6-tc1/source/Cargo.toml
[INFO] crate git repo https://github.com/Japabu/banjotjanbot already has a lockfile, it will not be regenerated
[INFO] running `Command { std: CARGO_HOME="/workspace/cargo-home" RUSTUP_HOME="/workspace/rustup-home" "/workspace/cargo-home/bin/cargo" "+1.75.0" "fetch" "--manifest-path" "Cargo.toml", kill_on_drop: false }`
[INFO] running `Command { std: "docker" "create" "-v" "/var/lib/crater-agent-workspace/builds/worker-6-tc1/target:/opt/rustwide/target:rw,Z" "-v" "/var/lib/crater-agent-workspace/builds/worker-6-tc1/source:/opt/rustwide/workdir:ro,Z" "-v" "/var/lib/crater-agent-workspace/cargo-home:/opt/rustwide/cargo-home:ro,Z" "-v" "/var/lib/crater-agent-workspace/rustup-home:/opt/rustwide/rustup-home:ro,Z" "-e" "SOURCE_DIR=/opt/rustwide/workdir" "-e" "CARGO_TARGET_DIR=/opt/rustwide/target" "-e" "CARGO_HOME=/opt/rustwide/cargo-home" "-e" "RUSTUP_HOME=/opt/rustwide/rustup-home" "-w" "/opt/rustwide/workdir" "-m" "1610612736" "--user" "0:0" "--network" "none" "ghcr.io/rust-lang/crates-build-env/linux@sha256:2788e3201cd34a07e3172128adcd8b3090168a8e3bcc40d7c032b9dda1df7d1c" "/opt/rustwide/cargo-home/bin/cargo" "+1.75.0" "metadata" "--no-deps" "--format-version=1", kill_on_drop: false }`
[INFO] [stdout] e5452b83c8c4969861eda40b45abcf27fd59fd46156dec237e75d5fb88d04fb0
[INFO] running `Command { std: "docker" "start" "-a" "e5452b83c8c4969861eda40b45abcf27fd59fd46156dec237e75d5fb88d04fb0", kill_on_drop: false }`
[INFO] running `Command { std: "docker" "inspect" "e5452b83c8c4969861eda40b45abcf27fd59fd46156dec237e75d5fb88d04fb0", kill_on_drop: false }`
[INFO] running `Command { std: "docker" "rm" "-f" "e5452b83c8c4969861eda40b45abcf27fd59fd46156dec237e75d5fb88d04fb0", kill_on_drop: false }`
[INFO] [stdout] e5452b83c8c4969861eda40b45abcf27fd59fd46156dec237e75d5fb88d04fb0
[INFO] running `Command { std: "docker" "create" "-v" "/var/lib/crater-agent-workspace/builds/worker-6-tc1/target:/opt/rustwide/target:rw,Z" "-v" "/var/lib/crater-agent-workspace/builds/worker-6-tc1/source:/opt/rustwide/workdir:ro,Z" "-v" "/var/lib/crater-agent-workspace/cargo-home:/opt/rustwide/cargo-home:ro,Z" "-v" "/var/lib/crater-agent-workspace/rustup-home:/opt/rustwide/rustup-home:ro,Z" "-e" "SOURCE_DIR=/opt/rustwide/workdir" "-e" "CARGO_TARGET_DIR=/opt/rustwide/target" "-e" "CARGO_INCREMENTAL=0" "-e" "RUST_BACKTRACE=full" "-e" "RUSTFLAGS=--cap-lints=warn" "-e" "RUSTDOCFLAGS=--cap-lints=warn" "-e" "CARGO_HOME=/opt/rustwide/cargo-home" "-e" "RUSTUP_HOME=/opt/rustwide/rustup-home" "-w" "/opt/rustwide/workdir" "-m" "1610612736" "--user" "0:0" "--network" "none" "ghcr.io/rust-lang/crates-build-env/linux@sha256:2788e3201cd34a07e3172128adcd8b3090168a8e3bcc40d7c032b9dda1df7d1c" "/opt/rustwide/cargo-home/bin/cargo" "+1.75.0" "doc" "--frozen" "--no-deps" "--document-private-items" "--message-format=json", kill_on_drop: false }`
[INFO] [stdout] ca13633c56210ec8d0af15e3a8ae388c4d144355baf11d16802b44d6674b09ab
[INFO] running `Command { std: "docker" "start" "-a" "ca13633c56210ec8d0af15e3a8ae388c4d144355baf11d16802b44d6674b09ab", kill_on_drop: false }`
[INFO] [stderr]    Compiling libc v0.2.121
[INFO] [stderr]    Compiling crossbeam-epoch v0.9.8
[INFO] [stderr]    Compiling rayon-core v1.9.1
[INFO] [stderr]    Compiling rayon v1.5.1
[INFO] [stderr]     Checking crossbeam-channel v0.5.4
[INFO] [stderr]     Checking crossbeam-deque v0.8.1
[INFO] [stderr]     Checking getrandom v0.2.6
[INFO] [stderr]     Checking num_cpus v1.13.1
[INFO] [stderr]     Checking rand_core v0.6.3
[INFO] [stderr]     Checking rand_chacha v0.3.1
[INFO] [stderr]     Checking rand v0.8.5
[INFO] [stderr]     Checking chessai v0.1.0 (/opt/rustwide/workdir)
[INFO] [stderr]  Documenting chessai v0.1.0 (/opt/rustwide/workdir)
[INFO] [stdout] error[E0554]: `#![feature]` may not be used on the stable release channel
[INFO] [stdout]  --> src/lib.rs:1:1
[INFO] [stdout]   |
[INFO] [stdout] 1 | #![feature(let_chains)]
[INFO] [stdout]   | ^^^^^^^^^^^^^^^^^^^^^^^
[INFO] [stdout] 
[INFO] [stdout] 
[INFO] [stdout] error[E0554]: `#![feature]` may not be used on the stable release channel
[INFO] [stdout]  --> src/lib.rs:2:1
[INFO] [stdout]   |
[INFO] [stdout] 2 | #![feature(adt_const_params)]
[INFO] [stdout]   | ^^^^^^^^^^^^^^^^^^^^^^^^^^^^^
[INFO] [stdout] 
[INFO] [stdout] 
[INFO] [stdout] warning: the feature `adt_const_params` is incomplete and may not be safe to use and/or cause compiler crashes
[INFO] [stdout]  --> src/lib.rs:2:12
[INFO] [stdout]   |
[INFO] [stdout] 2 | #![feature(adt_const_params)]
[INFO] [stdout]   |            ^^^^^^^^^^^^^^^^
[INFO] [stdout]   |
[INFO] [stdout]   = note: see issue #95174 <https://github.com/rust-lang/rust/issues/95174> for more information
[INFO] [stdout]   = note: `#[warn(incomplete_features)]` on by default
[INFO] [stdout] 
[INFO] [stdout] 
[INFO] [stdout] error[E0554]: `#![feature]` may not be used on the stable release channel
[INFO] [stdout]  --> src/lib.rs:1:1
[INFO] [stdout]   |
[INFO] [stdout] 1 | #![feature(let_chains)]
[INFO] [stdout]   | ^^^^^^^^^^^^^^^^^^^^^^^
[INFO] [stdout] 
[INFO] [stdout] 
[INFO] [stdout] error[E0554]: `#![feature]` may not be used on the stable release channel
[INFO] [stdout]  --> src/lib.rs:2:1
[INFO] [stdout]   |
[INFO] [stdout] 2 | #![feature(adt_const_params)]
[INFO] [stdout]   | ^^^^^^^^^^^^^^^^^^^^^^^^^^^^^
[INFO] [stdout] 
[INFO] [stdout] 
[INFO] [stdout] warning: the feature `adt_const_params` is incomplete and may not be safe to use and/or cause compiler crashes
[INFO] [stdout]  --> src/lib.rs:2:12
[INFO] [stdout]   |
[INFO] [stdout] 2 | #![feature(adt_const_params)]
[INFO] [stdout]   |            ^^^^^^^^^^^^^^^^
[INFO] [stdout]   |
[INFO] [stdout]   = note: see issue #95174 <https://github.com/rust-lang/rust/issues/95174> for more information
[INFO] [stdout]   = note: `#[warn(incomplete_features)]` on by default
[INFO] [stdout] 
[INFO] [stdout] 
[INFO] [stdout] error[E0741]: `chess_engine::search::NodeType` must implement `ConstParamTy` to be used as the type of a const generic parameter
[INFO] [stdout]   --> src/chess_engine/search.rs:29:32
[INFO] [stdout]    |
[INFO] [stdout] 29 |     fn search<const NODE_TYPE: NodeType>(&self, state: &mut ChessState, mut alpha: i32, mut beta: i32, depth_left: i32, ply: u32) -> i32 {
[INFO] [stdout]    |                                ^^^^^^^^
[INFO] [stdout]    |
[INFO] [stdout] help: add `#[derive(ConstParamTy)]` to the struct
[INFO] [stdout]    |
[INFO] [stdout] 21 + #[derive(ConstParamTy)]
[INFO] [stdout] 22 | enum NodeType {
[INFO] [stdout]    |
[INFO] [stdout] 
[INFO] [stdout] 
[INFO] [stdout] error[E0741]: `NodeType` must implement `ConstParamTy` to be used as the type of a const generic parameter
[INFO] [stdout]   --> src/chess_engine/search.rs:29:32
[INFO] [stdout]    |
[INFO] [stdout] 29 |     fn search<const NODE_TYPE: NodeType>(&self, state: &mut ChessState, mut alpha: i32, mut beta: i32, depth_left: i32, ply: u32) -> i32 {
[INFO] [stdout]    |                                ^^^^^^^^
[INFO] [stdout]    |
[INFO] [stdout] help: add `#[derive(ConstParamTy)]` to the struct
[INFO] [stdout]    |
[INFO] [stdout] 21 + #[derive(ConstParamTy)]
[INFO] [stdout] 22 | enum NodeType {
[INFO] [stdout]    |
[INFO] [stdout] 
[INFO] [stdout] 
[INFO] [stdout] error: aborting due to 3 previous errors; 1 warning emitted
[INFO] [stdout] 
[INFO] [stdout] 
[INFO] [stdout] Some errors have detailed explanations: E0554, E0741.
[INFO] [stdout] 
[INFO] [stdout] For more information about an error, try `rustc --explain E0554`.
[INFO] [stdout] 
[INFO] [stdout] error: aborting due to 3 previous errors; 1 warning emitted
[INFO] [stdout] 
[INFO] [stdout] 
[INFO] [stdout] Some errors have detailed explanations: E0554, E0741.
[INFO] [stdout] 
[INFO] [stdout] For more information about an error, try `rustc --explain E0554`.
[INFO] [stdout] 
[INFO] [stderr] error: could not compile `chessai` (lib) due to 4 previous errors; 1 warning emitted
[INFO] [stderr] warning: build failed, waiting for other jobs to finish...
[INFO] [stderr] error: could not document `chessai`
[INFO] [stderr] 
[INFO] [stderr] Caused by:
[INFO] [stderr]   process didn't exit successfully: `/opt/rustwide/rustup-home/toolchains/1.75.0-x86_64-unknown-linux-gnu/bin/rustdoc --edition=2021 --crate-type lib --crate-name chessai src/lib.rs -o /opt/rustwide/target/doc --error-format=json --json=diagnostic-rendered-ansi,artifacts,future-incompat --document-private-items -C metadata=fdd404ef46a715a0 -L dependency=/opt/rustwide/target/debug/deps --extern byteorder=/opt/rustwide/target/debug/deps/libbyteorder-bba791da55bdcfe7.rmeta --extern rand=/opt/rustwide/target/debug/deps/librand-feda6f48be59ca4c.rmeta --extern rayon=/opt/rustwide/target/debug/deps/librayon-5162f457f68b6010.rmeta --cap-lints=warn --crate-version 0.1.0` (exit status: 1)
[INFO] running `Command { std: "docker" "inspect" "ca13633c56210ec8d0af15e3a8ae388c4d144355baf11d16802b44d6674b09ab", kill_on_drop: false }`
[INFO] running `Command { std: "docker" "rm" "-f" "ca13633c56210ec8d0af15e3a8ae388c4d144355baf11d16802b44d6674b09ab", kill_on_drop: false }`
[INFO] [stdout] ca13633c56210ec8d0af15e3a8ae388c4d144355baf11d16802b44d6674b09ab
[INFO] documenting Japabu/banjotjanbot against beta-2023-12-22 for beta-1.76-rustdoc-1
[INFO] running `Command { std: "git" "clone" "/workspace/cache/git-repos/https%3A%2F%2Fgithub.com%2FJapabu%2Fbanjotjanbot" "/workspace/builds/worker-6-tc2/source", kill_on_drop: false }`
[INFO] [stderr] Cloning into '/workspace/builds/worker-6-tc2/source'...
[INFO] [stderr] done.
[INFO] validating manifest of git repo https://github.com/Japabu/banjotjanbot on toolchain beta-2023-12-22
[INFO] running `Command { std: CARGO_HOME="/workspace/cargo-home" RUSTUP_HOME="/workspace/rustup-home" "/workspace/cargo-home/bin/cargo" "+beta-2023-12-22" "metadata" "--manifest-path" "Cargo.toml" "--no-deps", kill_on_drop: false }`
[INFO] started tweaking git repo https://github.com/Japabu/banjotjanbot
[INFO] finished tweaking git repo https://github.com/Japabu/banjotjanbot
[INFO] tweaked toml for git repo https://github.com/Japabu/banjotjanbot written to /workspace/builds/worker-6-tc2/source/Cargo.toml
[INFO] crate git repo https://github.com/Japabu/banjotjanbot already has a lockfile, it will not be regenerated
[INFO] running `Command { std: CARGO_HOME="/workspace/cargo-home" RUSTUP_HOME="/workspace/rustup-home" "/workspace/cargo-home/bin/cargo" "+beta-2023-12-22" "fetch" "--manifest-path" "Cargo.toml", kill_on_drop: false }`
[INFO] running `Command { std: "docker" "create" "-v" "/var/lib/crater-agent-workspace/builds/worker-6-tc2/target:/opt/rustwide/target:rw,Z" "-v" "/var/lib/crater-agent-workspace/builds/worker-6-tc2/source:/opt/rustwide/workdir:ro,Z" "-v" "/var/lib/crater-agent-workspace/cargo-home:/opt/rustwide/cargo-home:ro,Z" "-v" "/var/lib/crater-agent-workspace/rustup-home:/opt/rustwide/rustup-home:ro,Z" "-e" "SOURCE_DIR=/opt/rustwide/workdir" "-e" "CARGO_TARGET_DIR=/opt/rustwide/target" "-e" "CARGO_HOME=/opt/rustwide/cargo-home" "-e" "RUSTUP_HOME=/opt/rustwide/rustup-home" "-w" "/opt/rustwide/workdir" "-m" "1610612736" "--user" "0:0" "--network" "none" "ghcr.io/rust-lang/crates-build-env/linux@sha256:2788e3201cd34a07e3172128adcd8b3090168a8e3bcc40d7c032b9dda1df7d1c" "/opt/rustwide/cargo-home/bin/cargo" "+beta-2023-12-22" "metadata" "--no-deps" "--format-version=1", kill_on_drop: false }`
[INFO] [stdout] 09f0b8a33bbd00fd834a6b358b503740568f3ebba9d14359d7d18e4c7a996425
[INFO] running `Command { std: "docker" "start" "-a" "09f0b8a33bbd00fd834a6b358b503740568f3ebba9d14359d7d18e4c7a996425", kill_on_drop: false }`
[INFO] running `Command { std: "docker" "inspect" "09f0b8a33bbd00fd834a6b358b503740568f3ebba9d14359d7d18e4c7a996425", kill_on_drop: false }`
[INFO] running `Command { std: "docker" "rm" "-f" "09f0b8a33bbd00fd834a6b358b503740568f3ebba9d14359d7d18e4c7a996425", kill_on_drop: false }`
[INFO] [stdout] 09f0b8a33bbd00fd834a6b358b503740568f3ebba9d14359d7d18e4c7a996425
[INFO] running `Command { std: "docker" "create" "-v" "/var/lib/crater-agent-workspace/builds/worker-6-tc2/target:/opt/rustwide/target:rw,Z" "-v" "/var/lib/crater-agent-workspace/builds/worker-6-tc2/source:/opt/rustwide/workdir:ro,Z" "-v" "/var/lib/crater-agent-workspace/cargo-home:/opt/rustwide/cargo-home:ro,Z" "-v" "/var/lib/crater-agent-workspace/rustup-home:/opt/rustwide/rustup-home:ro,Z" "-e" "SOURCE_DIR=/opt/rustwide/workdir" "-e" "CARGO_TARGET_DIR=/opt/rustwide/target" "-e" "CARGO_INCREMENTAL=0" "-e" "RUST_BACKTRACE=full" "-e" "RUSTFLAGS=--cap-lints=warn" "-e" "RUSTDOCFLAGS=--cap-lints=warn" "-e" "CARGO_HOME=/opt/rustwide/cargo-home" "-e" "RUSTUP_HOME=/opt/rustwide/rustup-home" "-w" "/opt/rustwide/workdir" "-m" "1610612736" "--user" "0:0" "--network" "none" "ghcr.io/rust-lang/crates-build-env/linux@sha256:2788e3201cd34a07e3172128adcd8b3090168a8e3bcc40d7c032b9dda1df7d1c" "/opt/rustwide/cargo-home/bin/cargo" "+beta-2023-12-22" "doc" "--frozen" "--no-deps" "--document-private-items" "--message-format=json", kill_on_drop: false }`
[INFO] [stdout] 00dedc406fe984ffa99997ac7c2c2968196350db6b67593664369eb8fc2b412b
[INFO] running `Command { std: "docker" "start" "-a" "00dedc406fe984ffa99997ac7c2c2968196350db6b67593664369eb8fc2b412b", kill_on_drop: false }`
[INFO] [stderr]    Compiling libc v0.2.121
[INFO] [stderr]    Compiling crossbeam-epoch v0.9.8
[INFO] [stderr]    Compiling rayon-core v1.9.1
[INFO] [stderr]    Compiling rayon v1.5.1
[INFO] [stderr]     Checking crossbeam-channel v0.5.4
[INFO] [stderr]     Checking crossbeam-deque v0.8.1
[INFO] [stderr]     Checking getrandom v0.2.6
[INFO] [stderr]     Checking num_cpus v1.13.1
[INFO] [stderr]     Checking rand_core v0.6.3
[INFO] [stderr]     Checking rand_chacha v0.3.1
[INFO] [stderr]     Checking rand v0.8.5
[INFO] [stderr]     Checking chessai v0.1.0 (/opt/rustwide/workdir)
[INFO] [stderr]  Documenting chessai v0.1.0 (/opt/rustwide/workdir)
[INFO] [stdout] error[E0554]: `#![feature]` may not be used on the beta release channel
[INFO] [stdout]  --> src/lib.rs:1:1
[INFO] [stdout]   |
[INFO] [stdout] 1 | #![feature(let_chains)]
[INFO] [stdout]   | ^^^^^^^^^^^^^^^^^^^^^^^
[INFO] [stdout] 
[INFO] [stdout] 
[INFO] [stdout] error[E0554]: `#![feature]` may not be used on the beta release channel
[INFO] [stdout]  --> src/lib.rs:2:1
[INFO] [stdout]   |
[INFO] [stdout] 2 | #![feature(adt_const_params)]
[INFO] [stdout]   | ^^^^^^^^^^^^^^^^^^^^^^^^^^^^^
[INFO] [stdout] 
[INFO] [stdout] 
[INFO] [stdout] warning: the feature `adt_const_params` is incomplete and may not be safe to use and/or cause compiler crashes
[INFO] [stdout]  --> src/lib.rs:2:12
[INFO] [stdout]   |
[INFO] [stdout] 2 | #![feature(adt_const_params)]
[INFO] [stdout]   |            ^^^^^^^^^^^^^^^^
[INFO] [stdout]   |
[INFO] [stdout]   = note: see issue #95174 <https://github.com/rust-lang/rust/issues/95174> for more information
[INFO] [stdout]   = note: `#[warn(incomplete_features)]` on by default
[INFO] [stdout] 
[INFO] [stdout] 
[INFO] [stdout] error[E0554]: `#![feature]` may not be used on the beta release channel
[INFO] [stdout]  --> src/lib.rs:1:1
[INFO] [stdout]   |
[INFO] [stdout] 1 | #![feature(let_chains)]
[INFO] [stdout]   | ^^^^^^^^^^^^^^^^^^^^^^^
[INFO] [stdout] 
[INFO] [stdout] 
[INFO] [stdout] error[E0554]: `#![feature]` may not be used on the beta release channel
[INFO] [stdout]  --> src/lib.rs:2:1
[INFO] [stdout]   |
[INFO] [stdout] 2 | #![feature(adt_const_params)]
[INFO] [stdout]   | ^^^^^^^^^^^^^^^^^^^^^^^^^^^^^
[INFO] [stdout] 
[INFO] [stdout] 
[INFO] [stdout] warning: the feature `adt_const_params` is incomplete and may not be safe to use and/or cause compiler crashes
[INFO] [stdout]  --> src/lib.rs:2:12
[INFO] [stdout]   |
[INFO] [stdout] 2 | #![feature(adt_const_params)]
[INFO] [stdout]   |            ^^^^^^^^^^^^^^^^
[INFO] [stdout]   |
[INFO] [stdout]   = note: see issue #95174 <https://github.com/rust-lang/rust/issues/95174> for more information
[INFO] [stdout]   = note: `#[warn(incomplete_features)]` on by default
[INFO] [stdout] 
[INFO] [stdout] 
[INFO] [stdout] error[E0741]: `chess_engine::search::NodeType` must implement `ConstParamTy` to be used as the type of a const generic parameter
[INFO] [stdout]   --> src/chess_engine/search.rs:29:32
[INFO] [stdout]    |
[INFO] [stdout] 29 |     fn search<const NODE_TYPE: NodeType>(&self, state: &mut ChessState, mut alpha: i32, mut beta: i32, depth_left: i32, ply: u32) -> i32 {
[INFO] [stdout]    |                                ^^^^^^^^
[INFO] [stdout]    |
[INFO] [stdout] help: add `#[derive(ConstParamTy)]` to the struct
[INFO] [stdout]    |
[INFO] [stdout] 21 + #[derive(ConstParamTy)]
[INFO] [stdout] 22 | enum NodeType {
[INFO] [stdout]    |
[INFO] [stdout] 
[INFO] [stdout] 
[INFO] [stdout] error[E0741]: `NodeType` must implement `ConstParamTy` to be used as the type of a const generic parameter
[INFO] [stdout]   --> src/chess_engine/search.rs:29:32
[INFO] [stdout]    |
[INFO] [stdout] 29 |     fn search<const NODE_TYPE: NodeType>(&self, state: &mut ChessState, mut alpha: i32, mut beta: i32, depth_left: i32, ply: u32) -> i32 {
[INFO] [stdout]    |                                ^^^^^^^^
[INFO] [stdout]    |
[INFO] [stdout] help: add `#[derive(ConstParamTy)]` to the struct
[INFO] [stdout]    |
[INFO] [stdout] 21 + #[derive(ConstParamTy)]
[INFO] [stdout] 22 | enum NodeType {
[INFO] [stdout]    |
[INFO] [stdout] 
[INFO] [stdout] 
[INFO] [stdout] error: aborting due to 3 previous errors; 1 warning emitted
[INFO] [stdout] 
[INFO] [stdout] 
[INFO] [stdout] Some errors have detailed explanations: E0554, E0741.
[INFO] [stdout] 
[INFO] [stdout] For more information about an error, try `rustc --explain E0554`.
[INFO] [stdout] 
[INFO] [stdout] error: aborting due to 3 previous errors; 1 warning emitted
[INFO] [stdout] 
[INFO] [stdout] 
[INFO] [stdout] Some errors have detailed explanations: E0554, E0741.
[INFO] [stdout] 
[INFO] [stdout] For more information about an error, try `rustc --explain E0554`.
[INFO] [stdout] 
[INFO] [stderr] error: could not compile `chessai` (lib) due to 4 previous errors; 1 warning emitted
[INFO] [stderr] warning: build failed, waiting for other jobs to finish...
[INFO] [stderr] error: could not document `chessai`
[INFO] [stderr] 
[INFO] [stderr] Caused by:
[INFO] [stderr]   process didn't exit successfully: `/opt/rustwide/rustup-home/toolchains/beta-2023-12-22-x86_64-unknown-linux-gnu/bin/rustdoc --edition=2021 --crate-type lib --crate-name chessai src/lib.rs -o /opt/rustwide/target/doc --error-format=json --json=diagnostic-rendered-ansi,artifacts,future-incompat --document-private-items -C metadata=2599c1d51f4828a7 -L dependency=/opt/rustwide/target/debug/deps --extern byteorder=/opt/rustwide/target/debug/deps/libbyteorder-7f3f94c08ca4d767.rmeta --extern rand=/opt/rustwide/target/debug/deps/librand-f2f3316b73ceebd8.rmeta --extern rayon=/opt/rustwide/target/debug/deps/librayon-1b9caa5e77e238da.rmeta --cap-lints=warn --crate-version 0.1.0` (exit status: 1)
[INFO] running `Command { std: "docker" "inspect" "00dedc406fe984ffa99997ac7c2c2968196350db6b67593664369eb8fc2b412b", kill_on_drop: false }`
[INFO] running `Command { std: "docker" "rm" "-f" "00dedc406fe984ffa99997ac7c2c2968196350db6b67593664369eb8fc2b412b", kill_on_drop: false }`
[INFO] [stdout] 00dedc406fe984ffa99997ac7c2c2968196350db6b67593664369eb8fc2b412b
