[INFO] cloning repository https://github.com/Janmajayamall/ObliviousMessageRetrieval
[INFO] running `Command { std: "git" "-c" "credential.helper=" "-c" "credential.helper=/workspace/cargo-home/bin/git-credential-null" "clone" "--bare" "https://github.com/Janmajayamall/ObliviousMessageRetrieval" "/workspace/cache/git-repos/https%3A%2F%2Fgithub.com%2FJanmajayamall%2FObliviousMessageRetrieval", kill_on_drop: false }`
[INFO] [stderr] Cloning into bare repository '/workspace/cache/git-repos/https%3A%2F%2Fgithub.com%2FJanmajayamall%2FObliviousMessageRetrieval'...
[INFO] running `Command { std: "git" "rev-parse" "HEAD", kill_on_drop: false }`
[INFO] [stdout] d4e7e8d883396887a89f99eaf5193a6ce06ce363
[INFO] documenting Janmajayamall/ObliviousMessageRetrieval against 1.75.0 for beta-1.76-rustdoc-1
[INFO] running `Command { std: "git" "clone" "/workspace/cache/git-repos/https%3A%2F%2Fgithub.com%2FJanmajayamall%2FObliviousMessageRetrieval" "/workspace/builds/worker-6-tc1/source", kill_on_drop: false }`
[INFO] [stderr] Cloning into '/workspace/builds/worker-6-tc1/source'...
[INFO] [stderr] done.
[INFO] validating manifest of git repo https://github.com/Janmajayamall/ObliviousMessageRetrieval on toolchain 1.75.0
[INFO] running `Command { std: CARGO_HOME="/workspace/cargo-home" RUSTUP_HOME="/workspace/rustup-home" "/workspace/cargo-home/bin/cargo" "+1.75.0" "metadata" "--manifest-path" "Cargo.toml" "--no-deps", kill_on_drop: false }`
[INFO] started tweaking git repo https://github.com/Janmajayamall/ObliviousMessageRetrieval
[INFO] finished tweaking git repo https://github.com/Janmajayamall/ObliviousMessageRetrieval
[INFO] tweaked toml for git repo https://github.com/Janmajayamall/ObliviousMessageRetrieval written to /workspace/builds/worker-6-tc1/source/Cargo.toml
[INFO] crate git repo https://github.com/Janmajayamall/ObliviousMessageRetrieval already has a lockfile, it will not be regenerated
[INFO] running `Command { std: CARGO_HOME="/workspace/cargo-home" RUSTUP_HOME="/workspace/rustup-home" "/workspace/cargo-home/bin/cargo" "+1.75.0" "fetch" "--manifest-path" "Cargo.toml", kill_on_drop: false }`
[INFO] [stderr]     Updating git repository `https://github.com/Janmajayamall/bfv.git`
[INFO] [stderr]     Updating crates.io index
[INFO] [stderr]     Updating git repository `https://github.com/Janmajayamall/hexl-rs.git`
[INFO] [stderr]     Updating git submodule `https://github.com/Janmajayamall/hexl.git`
[INFO] [stderr]  Downloading crates ...
[INFO] [stderr]   Downloaded mimalloc-rust v0.2.1
[INFO] [stderr]   Downloaded aligned-vec v0.5.0
[INFO] [stderr]   Downloaded mimalloc-rust-sys v1.7.9-source
[INFO] [stderr]   Downloaded pulp v0.11.11
[INFO] [stderr]   Downloaded concrete-ntt v0.1.0
[INFO] running `Command { std: "docker" "create" "-v" "/var/lib/crater-agent-workspace/builds/worker-6-tc1/target:/opt/rustwide/target:rw,Z" "-v" "/var/lib/crater-agent-workspace/builds/worker-6-tc1/source:/opt/rustwide/workdir:ro,Z" "-v" "/var/lib/crater-agent-workspace/cargo-home:/opt/rustwide/cargo-home:ro,Z" "-v" "/var/lib/crater-agent-workspace/rustup-home:/opt/rustwide/rustup-home:ro,Z" "-e" "SOURCE_DIR=/opt/rustwide/workdir" "-e" "CARGO_TARGET_DIR=/opt/rustwide/target" "-e" "CARGO_HOME=/opt/rustwide/cargo-home" "-e" "RUSTUP_HOME=/opt/rustwide/rustup-home" "-w" "/opt/rustwide/workdir" "-m" "1610612736" "--user" "0:0" "--network" "none" "ghcr.io/rust-lang/crates-build-env/linux@sha256:2788e3201cd34a07e3172128adcd8b3090168a8e3bcc40d7c032b9dda1df7d1c" "/opt/rustwide/cargo-home/bin/cargo" "+1.75.0" "metadata" "--no-deps" "--format-version=1", kill_on_drop: false }`
[INFO] [stdout] e4fe5652200626d5e985fba2b5e697e8ff142654c8152559538e60974d911ab3
[INFO] running `Command { std: "docker" "start" "-a" "e4fe5652200626d5e985fba2b5e697e8ff142654c8152559538e60974d911ab3", kill_on_drop: false }`
[INFO] running `Command { std: "docker" "inspect" "e4fe5652200626d5e985fba2b5e697e8ff142654c8152559538e60974d911ab3", kill_on_drop: false }`
[INFO] running `Command { std: "docker" "rm" "-f" "e4fe5652200626d5e985fba2b5e697e8ff142654c8152559538e60974d911ab3", kill_on_drop: false }`
[INFO] [stdout] e4fe5652200626d5e985fba2b5e697e8ff142654c8152559538e60974d911ab3
[INFO] running `Command { std: "docker" "create" "-v" "/var/lib/crater-agent-workspace/builds/worker-6-tc1/target:/opt/rustwide/target:rw,Z" "-v" "/var/lib/crater-agent-workspace/builds/worker-6-tc1/source:/opt/rustwide/workdir:ro,Z" "-v" "/var/lib/crater-agent-workspace/cargo-home:/opt/rustwide/cargo-home:ro,Z" "-v" "/var/lib/crater-agent-workspace/rustup-home:/opt/rustwide/rustup-home:ro,Z" "-e" "SOURCE_DIR=/opt/rustwide/workdir" "-e" "CARGO_TARGET_DIR=/opt/rustwide/target" "-e" "CARGO_INCREMENTAL=0" "-e" "RUST_BACKTRACE=full" "-e" "RUSTFLAGS=--cap-lints=warn" "-e" "RUSTDOCFLAGS=--cap-lints=warn" "-e" "CARGO_HOME=/opt/rustwide/cargo-home" "-e" "RUSTUP_HOME=/opt/rustwide/rustup-home" "-w" "/opt/rustwide/workdir" "-m" "1610612736" "--user" "0:0" "--network" "none" "ghcr.io/rust-lang/crates-build-env/linux@sha256:2788e3201cd34a07e3172128adcd8b3090168a8e3bcc40d7c032b9dda1df7d1c" "/opt/rustwide/cargo-home/bin/cargo" "+1.75.0" "doc" "--frozen" "--no-deps" "--document-private-items" "--message-format=json", kill_on_drop: false }`
[INFO] [stdout] 298fd01f63857434a29bce7e14945a0fb439e9ea9a82b3debd75dd2a5ef4df56
[INFO] running `Command { std: "docker" "start" "-a" "298fd01f63857434a29bce7e14945a0fb439e9ea9a82b3debd75dd2a5ef4df56", kill_on_drop: false }`
[INFO] [stderr]    Compiling libc v0.2.147
[INFO] [stderr]    Compiling proc-macro2 v1.0.66
[INFO] [stderr]    Compiling unicode-ident v1.0.11
[INFO] [stderr]    Compiling syn v1.0.109
[INFO] [stderr]    Compiling libm v0.2.7
[INFO] [stderr]    Compiling num-traits v0.2.16
[INFO] [stderr]    Compiling either v1.9.0
[INFO] [stderr]    Compiling regex-syntax v0.7.4
[INFO] [stderr]    Compiling anyhow v1.0.72
[INFO] [stderr]    Compiling itertools v0.10.5
[INFO] [stderr]    Compiling crossbeam-utils v0.8.16
[INFO] [stderr]     Checking getrandom v0.2.10
[INFO] [stderr]     Checking rand_core v0.6.4
[INFO] [stderr]    Compiling log v0.4.19
[INFO] [stderr]    Compiling quote v1.0.32
[INFO] [stderr]    Compiling which v4.4.0
[INFO] [stderr]    Compiling memoffset v0.9.0
[INFO] [stderr]    Compiling indexmap v1.9.3
[INFO] [stderr]    Compiling memchr v2.5.0
[INFO] [stderr]    Compiling rustix v0.38.7
[INFO] [stderr]    Compiling glob v0.3.1
[INFO] [stderr]     Checking rand_chacha v0.3.1
[INFO] [stderr]    Compiling cc v1.0.82
[INFO] [stderr]    Compiling crossbeam-epoch v0.9.15
[INFO] [stderr]    Compiling prettyplease v0.1.25
[INFO] [stderr]    Compiling clang-sys v1.6.1
[INFO] [stderr]    Compiling bytes v1.4.0
[INFO] [stderr]    Compiling hashbrown v0.12.3
[INFO] [stderr]     Checking num-integer v0.1.45
[INFO] [stderr]    Compiling bitflags v2.3.3
[INFO] [stderr]     Checking bytemuck v1.13.1
[INFO] [stderr]    Compiling regex-automata v0.3.6
[INFO] [stderr]    Compiling linux-raw-sys v0.4.5
[INFO] [stderr]     Checking rand v0.8.5
[INFO] [stderr]    Compiling matrixmultiply v0.3.7
[INFO] [stderr]     Checking scopeguard v1.2.0
[INFO] [stderr]    Compiling fastrand v2.0.0
[INFO] [stderr]    Compiling minimal-lexical v0.2.1
[INFO] [stderr]    Compiling fixedbitset v0.4.2
[INFO] [stderr]     Checking num-complex v0.4.3
[INFO] [stderr]    Compiling petgraph v0.6.3
[INFO] [stderr]    Compiling nom v7.1.3
[INFO] [stderr]    Compiling libloading v0.7.4
[INFO] [stderr]    Compiling multimap v0.8.3
[INFO] [stderr]     Checking rawpointer v0.2.1
[INFO] [stderr]    Compiling rayon-core v1.11.0
[INFO] [stderr]    Compiling bindgen v0.63.0
[INFO] [stderr]    Compiling regex v1.9.3
[INFO] [stderr]     Checking crossbeam-deque v0.8.3
[INFO] [stderr]    Compiling link-cplusplus v1.0.9
[INFO] [stderr]     Checking crossbeam-channel v0.5.8
[INFO] [stderr]    Compiling tempfile v3.7.1
[INFO] [stderr]     Checking num_cpus v1.16.0
[INFO] [stderr]    Compiling rustc-hash v1.1.0
[INFO] [stderr]    Compiling lazycell v1.3.0
[INFO] [stderr]    Compiling peeking_take_while v0.1.2
[INFO] [stderr]    Compiling cexpr v0.6.0
[INFO] [stderr]    Compiling shlex v1.1.0
[INFO] [stderr]     Checking safe_arch v0.7.1
[INFO] [stderr]    Compiling cmake v0.1.50
[INFO] [stderr]    Compiling num-rational v0.4.1
[INFO] [stderr]    Compiling num-iter v0.1.43
[INFO] [stderr]    Compiling serde v1.0.183
[INFO] [stderr]    Compiling typenum v1.16.0
[INFO] [stderr]     Checking spin v0.5.2
[INFO] [stderr]     Checking lazy_static v1.4.0
[INFO] [stderr]     Checking rayon v1.7.0
[INFO] [stderr]     Checking wide v0.7.11
[INFO] [stderr]     Checking approx v0.5.1
[INFO] [stderr]    Compiling num-bigint v0.4.3
[INFO] [stderr]    Compiling num-bigint-dig v0.8.4
[INFO] [stderr]     Checking rand_distr v0.4.3
[INFO] [stderr]     Checking simba v0.6.0
[INFO] [stderr]     Checking pulp v0.11.11
[INFO] [stderr]     Checking aligned-vec v0.5.0
[INFO] [stderr]     Checking smallvec v1.11.0
[INFO] [stderr]     Checking subtle v2.5.0
[INFO] [stderr]     Checking concrete-ntt v0.1.0
[INFO] [stderr]     Checking crypto-bigint v0.4.9
[INFO] [stderr]     Checking ndarray v0.15.6
[INFO] [stderr]    Compiling prost-derive v0.11.9
[INFO] [stderr]    Compiling nalgebra-macros v0.1.0
[INFO] [stderr]     Checking traits v0.1.0 (https://github.com/Janmajayamall/bfv.git?branch=main#3de3c56b)
[INFO] [stderr]     Checking same-file v1.0.6
[INFO] [stderr]    Compiling seq-macro v0.3.5
[INFO] [stderr]     Checking walkdir v2.3.3
[INFO] [stderr]    Compiling prost v0.11.9
[INFO] [stderr]    Compiling prost-types v0.11.9
[INFO] [stderr]    Compiling prost-build v0.11.9
[INFO] [stderr]    Compiling hexl-rs v0.1.0 (https://github.com/Janmajayamall/hexl-rs.git#c2d23d6a)
[INFO] [stderr]    Compiling bfv v0.1.0 (https://github.com/Janmajayamall/bfv.git?branch=main#3de3c56b)
[INFO] [stderr]    Compiling omr v0.1.0 (/opt/rustwide/workdir)
[INFO] [stderr]     Checking nalgebra v0.29.0
[INFO] [stderr] error: failed to run custom build command for `bfv v0.1.0 (https://github.com/Janmajayamall/bfv.git?branch=main#3de3c56b)`
[INFO] [stderr] note: To improve backtraces for build dependencies, set the CARGO_PROFILE_DEV_BUILD_OVERRIDE_DEBUG=true environment variable to enable debug information generation.
[INFO] [stderr] 
[INFO] [stderr] Caused by:
[INFO] [stderr]   process didn't exit successfully: `/opt/rustwide/target/debug/build/bfv-c651fa97291654c8/build-script-build` (exit status: 1)
[INFO] [stderr]   --- stderr
[INFO] [stderr]   Error: Custom { kind: Other, error: "protoc failed: bfv.proto: This file contains proto3 optional fields, but --experimental_allow_proto3_optional was not set.\n" }
[INFO] [stderr] warning: build failed, waiting for other jobs to finish...
[INFO] [stderr] error: failed to run custom build command for `hexl-rs v0.1.0 (https://github.com/Janmajayamall/hexl-rs.git#c2d23d6a)`
[INFO] [stderr] note: To improve backtraces for build dependencies, set the CARGO_PROFILE_DEV_BUILD_OVERRIDE_DEBUG=true environment variable to enable debug information generation.
[INFO] [stderr] 
[INFO] [stderr] Caused by:
[INFO] [stderr]   process didn't exit successfully: `/opt/rustwide/target/debug/build/hexl-rs-62d35e8c1117f51e/build-script-build` (exit status: 101)
[INFO] [stderr]   --- stdout
[INFO] [stderr]   CMAKE_TOOLCHAIN_FILE_x86_64-unknown-linux-gnu = None
[INFO] [stderr]   CMAKE_TOOLCHAIN_FILE_x86_64_unknown_linux_gnu = None
[INFO] [stderr]   HOST_CMAKE_TOOLCHAIN_FILE = None
[INFO] [stderr]   CMAKE_TOOLCHAIN_FILE = None
[INFO] [stderr]   CMAKE_GENERATOR_x86_64-unknown-linux-gnu = None
[INFO] [stderr]   CMAKE_GENERATOR_x86_64_unknown_linux_gnu = None
[INFO] [stderr]   HOST_CMAKE_GENERATOR = None
[INFO] [stderr]   CMAKE_GENERATOR = None
[INFO] [stderr]   CMAKE_PREFIX_PATH_x86_64-unknown-linux-gnu = None
[INFO] [stderr]   CMAKE_PREFIX_PATH_x86_64_unknown_linux_gnu = None
[INFO] [stderr]   HOST_CMAKE_PREFIX_PATH = None
[INFO] [stderr]   CMAKE_PREFIX_PATH = None
[INFO] [stderr]   CMAKE_x86_64-unknown-linux-gnu = None
[INFO] [stderr]   CMAKE_x86_64_unknown_linux_gnu = None
[INFO] [stderr]   HOST_CMAKE = None
[INFO] [stderr]   CMAKE = None
[INFO] [stderr]   running: cd "/opt/rustwide/target/debug/build/hexl-rs-3b5d117b02125939/out/build" && CMAKE_PREFIX_PATH="" "cmake" "/opt/rustwide/cargo-home/git/checkouts/hexl-rs-39a46375debaffb1/c2d23d6/hexl" "-DCMAKE_BUILD_TYPE=Release" "-DCMAKE_INSTALL_PREFIX=/opt/rustwide/target/debug/build/hexl-rs-3b5d117b02125939/out" "-DCMAKE_C_FLAGS= -ffunction-sections -fdata-sections -fPIC -m64" "-DCMAKE_C_COMPILER=/usr/bin/cc" "-DCMAKE_CXX_FLAGS= -ffunction-sections -fdata-sections -fPIC -m64" "-DCMAKE_CXX_COMPILER=/usr/bin/c++" "-DCMAKE_ASM_FLAGS= -ffunction-sections -fdata-sections -fPIC -m64" "-DCMAKE_ASM_COMPILER=/usr/bin/cc"
[INFO] [stderr]   -- The C compiler identification is GNU 11.4.0
[INFO] [stderr]   -- The CXX compiler identification is GNU 11.4.0
[INFO] [stderr]   -- Detecting C compiler ABI info
[INFO] [stderr]   -- Detecting C compiler ABI info - done
[INFO] [stderr]   -- Check for working C compiler: /usr/bin/cc - skipped
[INFO] [stderr]   -- Detecting C compile features
[INFO] [stderr]   -- Detecting C compile features - done
[INFO] [stderr]   -- Detecting CXX compiler ABI info
[INFO] [stderr]   -- Detecting CXX compiler ABI info - done
[INFO] [stderr]   -- Check for working CXX compiler: /usr/bin/c++ - skipped
[INFO] [stderr]   -- Detecting CXX compile features
[INFO] [stderr]   -- Detecting CXX compile features - done
[INFO] [stderr]   -- CMAKE_BUILD_TYPE:              Release
[INFO] [stderr]   -- CMAKE_C_COMPILER:              /usr/bin/cc
[INFO] [stderr]   -- CMAKE_CXX_COMPILER:            /usr/bin/c++
[INFO] [stderr]   -- HEXL_BENCHMARK:                ON
[INFO] [stderr]   -- HEXL_COVERAGE:                 OFF
[INFO] [stderr]   -- HEXL_DEBUG:                    OFF
[INFO] [stderr]   -- HEXL_DOCS:                     OFF
[INFO] [stderr]   -- HEXL_EXPERIMENTAL:             OFF
[INFO] [stderr]   -- HEXL_SHARED_LIB:               OFF
[INFO] [stderr]   -- HEXL_TESTING:                  ON
[INFO] [stderr]   -- HEXL_TREAT_WARNING_AS_ERROR:   OFF
[INFO] [stderr]   -- HEXL_FPGA_COMPATIBILITY:       0
[INFO] [stderr]   -- CMAKE_CXX_FLAGS_DEBUG -g
[INFO] [stderr]   -- CMAKE_CXX_FLAGS_RELEASE -O3 -DNDEBUG
[INFO] [stderr]   -- CMAKE_CXX_FLAGS_MINSIZEREL -Os -DNDEBUG
[INFO] [stderr]   -- CMAKE_CXX_FLAGS_RELWITHDEBINFO -O2 -g -DNDEBUG
[INFO] [stderr]   -- CMAKE_CXX_FLAGS  -ffunction-sections -fdata-sections -fPIC -m64
[INFO] [stderr]   -- Compile flag not found: HEXL_HAS_AVX512DQ
[INFO] [stderr]   -- Compile flag not found: HEXL_HAS_AVX512IFMA
[INFO] [stderr]   -- Compile flag not found: HEXL_HAS_AVX512VBMI2
[INFO] [stderr]   -- Setting HEXL_HAS_AVX256
[INFO] [stderr]   -- CMAKE_INSTALL_LIBDIR:     lib
[INFO] [stderr]   -- CMAKE_INSTALL_INCLUDEDIR: include
[INFO] [stderr]   -- CMAKE_INSTALL_PREFIX:     /opt/rustwide/target/debug/build/hexl-rs-3b5d117b02125939/out
[INFO] [stderr]   -- Could NOT find CpuFeatures (missing: CpuFeatures_DIR)
[INFO] [stderr]   -- CpuFeatures: pre-installed CpuFeatures not found
[INFO] [stderr]   -- Configuring done
[INFO] [stderr]   -- Generating done
[INFO] [stderr]   -- Build files have been written to: /opt/rustwide/target/debug/build/hexl-rs-3b5d117b02125939/out/build/cmake/third-party/cpu-features/cpu-features-download
[INFO] [stderr]   [ 11%] Creating directories for 'cpu_features'
[INFO] [stderr]   [ 22%] Performing download step (git clone) for 'cpu_features'
[INFO] [stderr]   -- Had to git clone more than once:
[INFO] [stderr]             3 times.
[INFO] [stderr]   -- Configuring incomplete, errors occurred!
[INFO] [stderr]   See also "/opt/rustwide/target/debug/build/hexl-rs-3b5d117b02125939/out/build/CMakeFiles/CMakeOutput.log".
[INFO] [stderr] 
[INFO] [stderr]   --- stderr
[INFO] [stderr]   Cloning into 'cpu-features-src'...
[INFO] [stderr]   fatal: unable to access 'https://github.com/google/cpu_features.git/': Could not resolve host: github.com
[INFO] [stderr]   Cloning into 'cpu-features-src'...
[INFO] [stderr]   fatal: unable to access 'https://github.com/google/cpu_features.git/': Could not resolve host: github.com
[INFO] [stderr]   Cloning into 'cpu-features-src'...
[INFO] [stderr]   fatal: unable to access 'https://github.com/google/cpu_features.git/': Could not resolve host: github.com
[INFO] [stderr]   CMake Error at cpu-features-download/cpu_features-prefix/tmp/cpu_features-gitclone.cmake:31 (message):
[INFO] [stderr]     Failed to clone repository: 'https://github.com/google/cpu_features.git'
[INFO] [stderr] 
[INFO] [stderr] 
[INFO] [stderr]   gmake[2]: *** [CMakeFiles/cpu_features.dir/build.make:99: cpu_features-prefix/src/cpu_features-stamp/cpu_features-download] Error 1
[INFO] [stderr]   gmake[1]: *** [CMakeFiles/Makefile2:83: CMakeFiles/cpu_features.dir/all] Error 2
[INFO] [stderr]   gmake: *** [Makefile:91: all] Error 2
[INFO] [stderr]   CMake Error at cmake/third-party/cpu-features/CMakeLists.txt:16 (message):
[INFO] [stderr]     Build step for cpu-features failed: 2
[INFO] [stderr] 
[INFO] [stderr] 
[INFO] [stderr]   thread 'main' panicked at /opt/rustwide/cargo-home/registry/src/index.crates.io-6f17d22bba15001f/cmake-0.1.50/src/lib.rs:1098:5:
[INFO] [stderr] 
[INFO] [stderr]   command did not execute successfully, got: exit status: 1
[INFO] [stderr] 
[INFO] [stderr]   build script failed, must exit now
[INFO] [stderr]   stack backtrace:
[INFO] [stderr]      0:     0x55a06b8fda2c - std::backtrace_rs::backtrace::libunwind::trace::ha637c64ce894333a
[INFO] [stderr]                                  at /rustc/82e1608dfa6e0b5569232559e3d385fea5a93112/library/std/src/../../backtrace/src/backtrace/libunwind.rs:104:5
[INFO] [stderr]      1:     0x55a06b8fda2c - std::backtrace_rs::backtrace::trace_unsynchronized::h47f62dea28e0c88d
[INFO] [stderr]                                  at /rustc/82e1608dfa6e0b5569232559e3d385fea5a93112/library/std/src/../../backtrace/src/backtrace/mod.rs:66:5
[INFO] [stderr]      2:     0x55a06b8fda2c - std::sys_common::backtrace::_print_fmt::h9eef0abe20ede486
[INFO] [stderr]                                  at /rustc/82e1608dfa6e0b5569232559e3d385fea5a93112/library/std/src/sys_common/backtrace.rs:67:5
[INFO] [stderr]      3:     0x55a06b8fda2c - <std::sys_common::backtrace::_print::DisplayBacktrace as core::fmt::Display>::fmt::hed7f999df88cc644
[INFO] [stderr]                                  at /rustc/82e1608dfa6e0b5569232559e3d385fea5a93112/library/std/src/sys_common/backtrace.rs:44:22
[INFO] [stderr]      4:     0x55a06b929830 - core::fmt::rt::Argument::fmt::h1539a9308b8d058d
[INFO] [stderr]                                  at /rustc/82e1608dfa6e0b5569232559e3d385fea5a93112/library/core/src/fmt/rt.rs:142:9
[INFO] [stderr]      5:     0x55a06b929830 - core::fmt::write::h3a39390d8560d9c9
[INFO] [stderr]                                  at /rustc/82e1608dfa6e0b5569232559e3d385fea5a93112/library/core/src/fmt/mod.rs:1120:17
[INFO] [stderr]      6:     0x55a06b8fad7f - std::io::Write::write_fmt::h5fc9997dfe05f882
[INFO] [stderr]                                  at /rustc/82e1608dfa6e0b5569232559e3d385fea5a93112/library/std/src/io/mod.rs:1762:15
[INFO] [stderr]      7:     0x55a06b8fd814 - std::sys_common::backtrace::_print::h894006fb5c6f3d45
[INFO] [stderr]                                  at /rustc/82e1608dfa6e0b5569232559e3d385fea5a93112/library/std/src/sys_common/backtrace.rs:47:5
[INFO] [stderr]      8:     0x55a06b8fd814 - std::sys_common::backtrace::print::h23a2d212c6fff936
[INFO] [stderr]                                  at /rustc/82e1608dfa6e0b5569232559e3d385fea5a93112/library/std/src/sys_common/backtrace.rs:34:9
[INFO] [stderr]      9:     0x55a06b8ff027 - std::panicking::default_hook::{{closure}}::h8a1d2ee00185001a
[INFO] [stderr]     10:     0x55a06b8fed8f - std::panicking::default_hook::h6038f2eba384e475
[INFO] [stderr]                                  at /rustc/82e1608dfa6e0b5569232559e3d385fea5a93112/library/std/src/panicking.rs:292:9
[INFO] [stderr]     11:     0x55a06b8ff4a8 - std::panicking::rust_panic_with_hook::h2b5517d590cab22e
[INFO] [stderr]                                  at /rustc/82e1608dfa6e0b5569232559e3d385fea5a93112/library/std/src/panicking.rs:779:13
[INFO] [stderr]     12:     0x55a06b8ff38e - std::panicking::begin_panic_handler::{{closure}}::h233112c06e0ef43e
[INFO] [stderr]                                  at /rustc/82e1608dfa6e0b5569232559e3d385fea5a93112/library/std/src/panicking.rs:657:13
[INFO] [stderr]     13:     0x55a06b8fdef6 - std::sys_common::backtrace::__rust_end_short_backtrace::h6e893f24d7ebbff8
[INFO] [stderr]                                  at /rustc/82e1608dfa6e0b5569232559e3d385fea5a93112/library/std/src/sys_common/backtrace.rs:170:18
[INFO] [stderr]     14:     0x55a06b8ff0f2 - rust_begin_unwind
[INFO] [stderr]                                  at /rustc/82e1608dfa6e0b5569232559e3d385fea5a93112/library/std/src/panicking.rs:645:5
[INFO] [stderr]     15:     0x55a06b3547b5 - core::panicking::panic_fmt::hbf0e066aabfa482c
[INFO] [stderr]                                  at /rustc/82e1608dfa6e0b5569232559e3d385fea5a93112/library/core/src/panicking.rs:72:14
[INFO] [stderr]     16:     0x55a06b8999f1 - cmake::fail::h8431a1a4a257edaa
[INFO] [stderr]     17:     0x55a06b899177 - cmake::run::h3663e7bd27b6bba0
[INFO] [stderr]     18:     0x55a06b8952c6 - cmake::Config::build::h21c5ead8df0044be
[INFO] [stderr]     19:     0x55a06b35861b - build_script_build::main::he983cd87017645d8
[INFO] [stderr]     20:     0x55a06b355b03 - core::ops::function::FnOnce::call_once::hf126ec0c193e2bbf
[INFO] [stderr]     21:     0x55a06b355156 - std::sys_common::backtrace::__rust_begin_short_backtrace::h2eeed5a891f0095e
[INFO] [stderr]     22:     0x55a06b355819 - std::rt::lang_start::{{closure}}::he159a997b7853a36
[INFO] [stderr]     23:     0x55a06b8f6687 - core::ops::function::impls::<impl core::ops::function::FnOnce<A> for &F>::call_once::hd95060ecd5e1ca24
[INFO] [stderr]                                  at /rustc/82e1608dfa6e0b5569232559e3d385fea5a93112/library/core/src/ops/function.rs:284:13
[INFO] [stderr]     24:     0x55a06b8f6687 - std::panicking::try::do_call::h6e8cf51db32a6e4b
[INFO] [stderr]                                  at /rustc/82e1608dfa6e0b5569232559e3d385fea5a93112/library/std/src/panicking.rs:552:40
[INFO] [stderr]     25:     0x55a06b8f6687 - std::panicking::try::h3a52eefe24fe3c29
[INFO] [stderr]                                  at /rustc/82e1608dfa6e0b5569232559e3d385fea5a93112/library/std/src/panicking.rs:516:19
[INFO] [stderr]     26:     0x55a06b8f6687 - std::panic::catch_unwind::h24c28c23c02c3841
[INFO] [stderr]                                  at /rustc/82e1608dfa6e0b5569232559e3d385fea5a93112/library/std/src/panic.rs:142:14
[INFO] [stderr]     27:     0x55a06b8f6687 - std::rt::lang_start_internal::{{closure}}::h705d3c9cbc06ef47
[INFO] [stderr]                                  at /rustc/82e1608dfa6e0b5569232559e3d385fea5a93112/library/std/src/rt.rs:148:48
[INFO] [stderr]     28:     0x55a06b8f6687 - std::panicking::try::do_call::ha21f52ba13158470
[INFO] [stderr]                                  at /rustc/82e1608dfa6e0b5569232559e3d385fea5a93112/library/std/src/panicking.rs:552:40
[INFO] [stderr]     29:     0x55a06b8f6687 - std::panicking::try::h5581346bf6aeb1f8
[INFO] [stderr]                                  at /rustc/82e1608dfa6e0b5569232559e3d385fea5a93112/library/std/src/panicking.rs:516:19
[INFO] [stderr]     30:     0x55a06b8f6687 - std::panic::catch_unwind::h7919645a6b72e25b
[INFO] [stderr]                                  at /rustc/82e1608dfa6e0b5569232559e3d385fea5a93112/library/std/src/panic.rs:142:14
[INFO] [stderr]     31:     0x55a06b8f6687 - std::rt::lang_start_internal::h12de51168669836e
[INFO] [stderr]                                  at /rustc/82e1608dfa6e0b5569232559e3d385fea5a93112/library/std/src/rt.rs:148:20
[INFO] [stderr]     32:     0x55a06b3557f7 - std::rt::lang_start::h9bcc69fc0a6283dd
[INFO] [stderr]     33:     0x55a06b358ed5 - main
[INFO] [stderr]     34:     0x7f7cee145d90 - <unknown>
[INFO] [stderr]     35:     0x7f7cee145e40 - __libc_start_main
[INFO] [stderr]     36:     0x55a06b355085 - _start
[INFO] [stderr]     37:                0x0 - <unknown>
[INFO] running `Command { std: "docker" "inspect" "298fd01f63857434a29bce7e14945a0fb439e9ea9a82b3debd75dd2a5ef4df56", kill_on_drop: false }`
[INFO] running `Command { std: "docker" "rm" "-f" "298fd01f63857434a29bce7e14945a0fb439e9ea9a82b3debd75dd2a5ef4df56", kill_on_drop: false }`
[INFO] [stdout] 298fd01f63857434a29bce7e14945a0fb439e9ea9a82b3debd75dd2a5ef4df56
