[INFO] cloning repository https://github.com/JanMH/mi5-coding-challenge
[INFO] running `Command { std: "git" "-c" "credential.helper=" "-c" "credential.helper=/workspace/cargo-home/bin/git-credential-null" "clone" "--bare" "https://github.com/JanMH/mi5-coding-challenge" "/workspace/cache/git-repos/https%3A%2F%2Fgithub.com%2FJanMH%2Fmi5-coding-challenge", kill_on_drop: false }`
[INFO] [stderr] Cloning into bare repository '/workspace/cache/git-repos/https%3A%2F%2Fgithub.com%2FJanMH%2Fmi5-coding-challenge'...
[INFO] running `Command { std: "git" "rev-parse" "HEAD", kill_on_drop: false }`
[INFO] [stdout] b5e688f96c71d0a84304d0b4d788dbe8abdc27d0
[INFO] documenting JanMH/mi5-coding-challenge against 1.75.0 for beta-1.76-rustdoc-1
[INFO] running `Command { std: "git" "clone" "/workspace/cache/git-repos/https%3A%2F%2Fgithub.com%2FJanMH%2Fmi5-coding-challenge" "/workspace/builds/worker-7-tc1/source", kill_on_drop: false }`
[INFO] [stderr] Cloning into '/workspace/builds/worker-7-tc1/source'...
[INFO] [stderr] done.
[INFO] validating manifest of git repo https://github.com/JanMH/mi5-coding-challenge on toolchain 1.75.0
[INFO] running `Command { std: CARGO_HOME="/workspace/cargo-home" RUSTUP_HOME="/workspace/rustup-home" "/workspace/cargo-home/bin/cargo" "+1.75.0" "metadata" "--manifest-path" "Cargo.toml" "--no-deps", kill_on_drop: false }`
[INFO] started tweaking git repo https://github.com/JanMH/mi5-coding-challenge
[INFO] finished tweaking git repo https://github.com/JanMH/mi5-coding-challenge
[INFO] tweaked toml for git repo https://github.com/JanMH/mi5-coding-challenge written to /workspace/builds/worker-7-tc1/source/Cargo.toml
[INFO] crate git repo https://github.com/JanMH/mi5-coding-challenge already has a lockfile, it will not be regenerated
[INFO] running `Command { std: CARGO_HOME="/workspace/cargo-home" RUSTUP_HOME="/workspace/rustup-home" "/workspace/cargo-home/bin/cargo" "+1.75.0" "fetch" "--manifest-path" "Cargo.toml", kill_on_drop: false }`
[INFO] [stderr]  Downloading crates ...
[INFO] [stderr]   Downloaded jpeg-decoder v0.1.6
[INFO] [stderr]   Downloaded color_quant v1.0.0
[INFO] [stderr]   Downloaded enum_primitive v0.1.0
[INFO] [stderr]   Downloaded gcc v0.3.35
[INFO] [stderr]   Downloaded deque v0.3.1
[INFO] [stderr]   Downloaded gif v0.9.0
[INFO] [stderr]   Downloaded miniz-sys v0.1.7
[INFO] [stderr]   Downloaded image v0.10.3
[INFO] [stderr]   Downloaded scoped_threadpool v0.1.7
[INFO] [stderr]   Downloaded rayon v0.4.0
[INFO] [stderr]   Downloaded flate2 v0.2.14
[INFO] running `Command { std: "docker" "create" "-v" "/var/lib/crater-agent-workspace/builds/worker-7-tc1/target:/opt/rustwide/target:rw,Z" "-v" "/var/lib/crater-agent-workspace/builds/worker-7-tc1/source:/opt/rustwide/workdir:ro,Z" "-v" "/var/lib/crater-agent-workspace/cargo-home:/opt/rustwide/cargo-home:ro,Z" "-v" "/var/lib/crater-agent-workspace/rustup-home:/opt/rustwide/rustup-home:ro,Z" "-e" "SOURCE_DIR=/opt/rustwide/workdir" "-e" "CARGO_TARGET_DIR=/opt/rustwide/target" "-e" "CARGO_HOME=/opt/rustwide/cargo-home" "-e" "RUSTUP_HOME=/opt/rustwide/rustup-home" "-w" "/opt/rustwide/workdir" "-m" "1610612736" "--user" "0:0" "--network" "none" "ghcr.io/rust-lang/crates-build-env/linux@sha256:2788e3201cd34a07e3172128adcd8b3090168a8e3bcc40d7c032b9dda1df7d1c" "/opt/rustwide/cargo-home/bin/cargo" "+1.75.0" "metadata" "--no-deps" "--format-version=1", kill_on_drop: false }`
[INFO] [stdout] da50515ca30786d45dc642982fe4a4734ae17d8b68df8e5197ae5ce71668ba25
[INFO] running `Command { std: "docker" "start" "-a" "da50515ca30786d45dc642982fe4a4734ae17d8b68df8e5197ae5ce71668ba25", kill_on_drop: false }`
[INFO] running `Command { std: "docker" "inspect" "da50515ca30786d45dc642982fe4a4734ae17d8b68df8e5197ae5ce71668ba25", kill_on_drop: false }`
[INFO] running `Command { std: "docker" "rm" "-f" "da50515ca30786d45dc642982fe4a4734ae17d8b68df8e5197ae5ce71668ba25", kill_on_drop: false }`
[INFO] [stdout] da50515ca30786d45dc642982fe4a4734ae17d8b68df8e5197ae5ce71668ba25
[INFO] running `Command { std: "docker" "create" "-v" "/var/lib/crater-agent-workspace/builds/worker-7-tc1/target:/opt/rustwide/target:rw,Z" "-v" "/var/lib/crater-agent-workspace/builds/worker-7-tc1/source:/opt/rustwide/workdir:ro,Z" "-v" "/var/lib/crater-agent-workspace/cargo-home:/opt/rustwide/cargo-home:ro,Z" "-v" "/var/lib/crater-agent-workspace/rustup-home:/opt/rustwide/rustup-home:ro,Z" "-e" "SOURCE_DIR=/opt/rustwide/workdir" "-e" "CARGO_TARGET_DIR=/opt/rustwide/target" "-e" "CARGO_INCREMENTAL=0" "-e" "RUST_BACKTRACE=full" "-e" "RUSTFLAGS=--cap-lints=warn" "-e" "RUSTDOCFLAGS=--cap-lints=warn" "-e" "CARGO_HOME=/opt/rustwide/cargo-home" "-e" "RUSTUP_HOME=/opt/rustwide/rustup-home" "-w" "/opt/rustwide/workdir" "-m" "1610612736" "--user" "0:0" "--network" "none" "ghcr.io/rust-lang/crates-build-env/linux@sha256:2788e3201cd34a07e3172128adcd8b3090168a8e3bcc40d7c032b9dda1df7d1c" "/opt/rustwide/cargo-home/bin/cargo" "+1.75.0" "doc" "--frozen" "--no-deps" "--document-private-items" "--message-format=json", kill_on_drop: false }`
[INFO] [stdout] bda4701584f7f275d0b30aa509145d850d00e7b98d636ccef59bb32eff0eadd5
[INFO] running `Command { std: "docker" "start" "-a" "bda4701584f7f275d0b30aa509145d850d00e7b98d636ccef59bb32eff0eadd5", kill_on_drop: false }`
[INFO] [stderr]     Checking libc v0.2.16
[INFO] [stderr]     Checking num-traits v0.1.35
[INFO] [stderr]    Compiling gcc v0.3.35
[INFO] [stderr]     Checking rustc-serialize v0.3.19
[INFO] [stderr]     Checking bitflags v0.7.0
[INFO] [stderr]     Checking lzw v0.10.0
[INFO] [stderr]     Checking byteorder v0.5.3
[INFO] [stderr]     Checking inflate v0.1.1
[INFO] [stderr]     Checking color_quant v1.0.0
[INFO] [stderr]     Checking scoped_threadpool v0.1.7
[INFO] [stderr]     Checking glob v0.2.11
[INFO] [stdout] error[E0642]: patterns aren't allowed in functions without bodies
[INFO] [stdout]    --> /opt/rustwide/cargo-home/registry/src/index.crates.io-6f17d22bba15001f/rustc-serialize-0.3.19/src/serialize.rs:147:45
[INFO] [stdout]     |
[INFO] [stdout] 147 | ...                   &f_name: &str,
[INFO] [stdout]     |                       ^^^^^^^ pattern not allowed in function without body
[INFO] [stdout] 
[INFO] [stdout] 
[INFO] [stderr]     Checking gif v0.9.0
[INFO] [stderr]     Checking rand v0.3.14
[INFO] [stderr]     Checking num-integer v0.1.32
[INFO] [stderr]     Checking num_cpus v0.2.13
[INFO] [stderr]     Checking num-iter v0.1.32
[INFO] [stderr]    Compiling miniz-sys v0.1.7
[INFO] [stderr]     Checking num v0.1.35
[INFO] [stderr]     Checking enum_primitive v0.1.0
[INFO] [stderr]     Checking deque v0.3.1
[INFO] [stderr]     Checking rayon v0.4.0
[INFO] [stdout] error: aborting due to previous error
[INFO] [stdout] 
[INFO] [stdout] 
[INFO] [stdout] For more information about this error, try `rustc --explain E0642`.
[INFO] [stdout] 
[INFO] [stderr] error: could not compile `rustc-serialize` (lib) due to 2 previous errors; 1 warning emitted
[INFO] [stderr] warning: build failed, waiting for other jobs to finish...
[INFO] running `Command { std: "docker" "inspect" "bda4701584f7f275d0b30aa509145d850d00e7b98d636ccef59bb32eff0eadd5", kill_on_drop: false }`
[INFO] running `Command { std: "docker" "rm" "-f" "bda4701584f7f275d0b30aa509145d850d00e7b98d636ccef59bb32eff0eadd5", kill_on_drop: false }`
[INFO] [stdout] bda4701584f7f275d0b30aa509145d850d00e7b98d636ccef59bb32eff0eadd5
[INFO] documenting JanMH/mi5-coding-challenge against beta-2023-12-22 for beta-1.76-rustdoc-1
[INFO] running `Command { std: "git" "clone" "/workspace/cache/git-repos/https%3A%2F%2Fgithub.com%2FJanMH%2Fmi5-coding-challenge" "/workspace/builds/worker-7-tc2/source", kill_on_drop: false }`
[INFO] [stderr] Cloning into '/workspace/builds/worker-7-tc2/source'...
[INFO] [stderr] done.
[INFO] validating manifest of git repo https://github.com/JanMH/mi5-coding-challenge on toolchain beta-2023-12-22
[INFO] running `Command { std: CARGO_HOME="/workspace/cargo-home" RUSTUP_HOME="/workspace/rustup-home" "/workspace/cargo-home/bin/cargo" "+beta-2023-12-22" "metadata" "--manifest-path" "Cargo.toml" "--no-deps", kill_on_drop: false }`
[INFO] started tweaking git repo https://github.com/JanMH/mi5-coding-challenge
[INFO] finished tweaking git repo https://github.com/JanMH/mi5-coding-challenge
[INFO] tweaked toml for git repo https://github.com/JanMH/mi5-coding-challenge written to /workspace/builds/worker-7-tc2/source/Cargo.toml
[INFO] crate git repo https://github.com/JanMH/mi5-coding-challenge already has a lockfile, it will not be regenerated
[INFO] running `Command { std: CARGO_HOME="/workspace/cargo-home" RUSTUP_HOME="/workspace/rustup-home" "/workspace/cargo-home/bin/cargo" "+beta-2023-12-22" "fetch" "--manifest-path" "Cargo.toml", kill_on_drop: false }`
[INFO] running `Command { std: "docker" "create" "-v" "/var/lib/crater-agent-workspace/builds/worker-7-tc2/target:/opt/rustwide/target:rw,Z" "-v" "/var/lib/crater-agent-workspace/builds/worker-7-tc2/source:/opt/rustwide/workdir:ro,Z" "-v" "/var/lib/crater-agent-workspace/cargo-home:/opt/rustwide/cargo-home:ro,Z" "-v" "/var/lib/crater-agent-workspace/rustup-home:/opt/rustwide/rustup-home:ro,Z" "-e" "SOURCE_DIR=/opt/rustwide/workdir" "-e" "CARGO_TARGET_DIR=/opt/rustwide/target" "-e" "CARGO_HOME=/opt/rustwide/cargo-home" "-e" "RUSTUP_HOME=/opt/rustwide/rustup-home" "-w" "/opt/rustwide/workdir" "-m" "1610612736" "--user" "0:0" "--network" "none" "ghcr.io/rust-lang/crates-build-env/linux@sha256:2788e3201cd34a07e3172128adcd8b3090168a8e3bcc40d7c032b9dda1df7d1c" "/opt/rustwide/cargo-home/bin/cargo" "+beta-2023-12-22" "metadata" "--no-deps" "--format-version=1", kill_on_drop: false }`
[INFO] [stdout] 8826c1e3507e0e6d0c37891c0a9b2f182c6dc95a78f4a1d8ac0777006260e3b9
[INFO] running `Command { std: "docker" "start" "-a" "8826c1e3507e0e6d0c37891c0a9b2f182c6dc95a78f4a1d8ac0777006260e3b9", kill_on_drop: false }`
[INFO] running `Command { std: "docker" "inspect" "8826c1e3507e0e6d0c37891c0a9b2f182c6dc95a78f4a1d8ac0777006260e3b9", kill_on_drop: false }`
[INFO] running `Command { std: "docker" "rm" "-f" "8826c1e3507e0e6d0c37891c0a9b2f182c6dc95a78f4a1d8ac0777006260e3b9", kill_on_drop: false }`
[INFO] [stdout] 8826c1e3507e0e6d0c37891c0a9b2f182c6dc95a78f4a1d8ac0777006260e3b9
[INFO] running `Command { std: "docker" "create" "-v" "/var/lib/crater-agent-workspace/builds/worker-7-tc2/target:/opt/rustwide/target:rw,Z" "-v" "/var/lib/crater-agent-workspace/builds/worker-7-tc2/source:/opt/rustwide/workdir:ro,Z" "-v" "/var/lib/crater-agent-workspace/cargo-home:/opt/rustwide/cargo-home:ro,Z" "-v" "/var/lib/crater-agent-workspace/rustup-home:/opt/rustwide/rustup-home:ro,Z" "-e" "SOURCE_DIR=/opt/rustwide/workdir" "-e" "CARGO_TARGET_DIR=/opt/rustwide/target" "-e" "CARGO_INCREMENTAL=0" "-e" "RUST_BACKTRACE=full" "-e" "RUSTFLAGS=--cap-lints=warn" "-e" "RUSTDOCFLAGS=--cap-lints=warn" "-e" "CARGO_HOME=/opt/rustwide/cargo-home" "-e" "RUSTUP_HOME=/opt/rustwide/rustup-home" "-w" "/opt/rustwide/workdir" "-m" "1610612736" "--user" "0:0" "--network" "none" "ghcr.io/rust-lang/crates-build-env/linux@sha256:2788e3201cd34a07e3172128adcd8b3090168a8e3bcc40d7c032b9dda1df7d1c" "/opt/rustwide/cargo-home/bin/cargo" "+beta-2023-12-22" "doc" "--frozen" "--no-deps" "--document-private-items" "--message-format=json", kill_on_drop: false }`
[INFO] [stdout] 116e20e588c1068ae3a8d8441d4e83dbd86c3a90ef6b81d5099d714ae27a49bd
[INFO] running `Command { std: "docker" "start" "-a" "116e20e588c1068ae3a8d8441d4e83dbd86c3a90ef6b81d5099d714ae27a49bd", kill_on_drop: false }`
[INFO] [stderr]     Checking libc v0.2.16
[INFO] [stderr]     Checking num-traits v0.1.35
[INFO] [stderr]    Compiling gcc v0.3.35
[INFO] [stderr]     Checking rustc-serialize v0.3.19
[INFO] [stderr]     Checking color_quant v1.0.0
[INFO] [stderr]     Checking lzw v0.10.0
[INFO] [stderr]     Checking inflate v0.1.1
[INFO] [stderr]     Checking byteorder v0.5.3
[INFO] [stderr]     Checking bitflags v0.7.0
[INFO] [stderr]     Checking scoped_threadpool v0.1.7
[INFO] [stdout] error[E0642]: patterns aren't allowed in functions without bodies
[INFO] [stdout]    --> /opt/rustwide/cargo-home/registry/src/index.crates.io-6f17d22bba15001f/rustc-serialize-0.3.19/src/serialize.rs:147:45
[INFO] [stdout]     |
[INFO] [stdout] 147 | ...                   &f_name: &str,
[INFO] [stdout]     |                       ^^^^^^^ pattern not allowed in function without body
[INFO] [stdout] 
[INFO] [stdout] 
[INFO] [stderr]     Checking gif v0.9.0
[INFO] [stderr]     Checking glob v0.2.11
[INFO] [stderr]     Checking rand v0.3.14
[INFO] [stdout] error[E0310]: the parameter type `T` may not live long enough
[INFO] [stdout]    --> /opt/rustwide/cargo-home/registry/src/index.crates.io-6f17d22bba15001f/rustc-serialize-0.3.19/src/serialize.rs:454:5
[INFO] [stdout]     |
[INFO] [stdout] 454 |     fn decode<D: Decoder>(d: &mut D) -> Result<Cow<'static, T>, D::Error> {
[INFO] [stdout]     |     ^^^^^^^^^^^^^^^^^^^^^^^^^^^^^^^^^^^^^^^^^^^^^^^^^^^^^^^^^^^^^^^^^^^^^
[INFO] [stdout]     |     |
[INFO] [stdout]     |     the parameter type `T` must be valid for the static lifetime...
[INFO] [stdout]     |     ...so that the type `T` will meet its required lifetime bounds...
[INFO] [stdout]     |
[INFO] [stdout] note: ...that is required by this bound
[INFO] [stdout]    --> /rustc/0e09125c6c3c2fd70d7de961bcf0e51575235fad/library/alloc/src/borrow.rs:180:30
[INFO] [stdout] help: consider adding an explicit lifetime bound
[INFO] [stdout]     |
[INFO] [stdout] 450 | impl<'a, T: ?Sized + 'static> Decodable for Cow<'a, T>
[INFO] [stdout]     |                    +++++++++
[INFO] [stdout] 
[INFO] [stdout] 
[INFO] [stderr]     Checking num_cpus v0.2.13
[INFO] [stderr]     Checking num-integer v0.1.32
[INFO] [stderr]    Compiling miniz-sys v0.1.7
[INFO] [stderr]     Checking num-iter v0.1.32
[INFO] [stderr]     Checking num v0.1.35
[INFO] [stderr]     Checking enum_primitive v0.1.0
[INFO] [stderr]     Checking deque v0.3.1
[INFO] [stderr]     Checking rayon v0.4.0
[INFO] [stdout] error: aborting due to 2 previous errors
[INFO] [stdout] 
[INFO] [stdout] 
[INFO] [stdout] Some errors have detailed explanations: E0310, E0642.
[INFO] [stdout] 
[INFO] [stdout] For more information about an error, try `rustc --explain E0310`.
[INFO] [stdout] 
[INFO] [stderr] error: could not compile `rustc-serialize` (lib) due to 3 previous errors
[INFO] [stderr] warning: build failed, waiting for other jobs to finish...
[INFO] running `Command { std: "docker" "inspect" "116e20e588c1068ae3a8d8441d4e83dbd86c3a90ef6b81d5099d714ae27a49bd", kill_on_drop: false }`
[INFO] running `Command { std: "docker" "rm" "-f" "116e20e588c1068ae3a8d8441d4e83dbd86c3a90ef6b81d5099d714ae27a49bd", kill_on_drop: false }`
[INFO] [stdout] 116e20e588c1068ae3a8d8441d4e83dbd86c3a90ef6b81d5099d714ae27a49bd
