[INFO] cloning repository https://github.com/JamesPatrickGill/the-outdoors
[INFO] running `Command { std: "git" "-c" "credential.helper=" "-c" "credential.helper=/workspace/cargo-home/bin/git-credential-null" "clone" "--bare" "https://github.com/JamesPatrickGill/the-outdoors" "/workspace/cache/git-repos/https%3A%2F%2Fgithub.com%2FJamesPatrickGill%2Fthe-outdoors", kill_on_drop: false }`
[INFO] [stderr] Cloning into bare repository '/workspace/cache/git-repos/https%3A%2F%2Fgithub.com%2FJamesPatrickGill%2Fthe-outdoors'...
[INFO] running `Command { std: "git" "rev-parse" "HEAD", kill_on_drop: false }`
[INFO] [stdout] 10691ff1c3d4317f06fed5f886d1394265c916fc
[INFO] documenting JamesPatrickGill/the-outdoors against 1.75.0 for beta-1.76-rustdoc-1
[INFO] running `Command { std: "git" "clone" "/workspace/cache/git-repos/https%3A%2F%2Fgithub.com%2FJamesPatrickGill%2Fthe-outdoors" "/workspace/builds/worker-7-tc1/source", kill_on_drop: false }`
[INFO] [stderr] Cloning into '/workspace/builds/worker-7-tc1/source'...
[INFO] [stderr] done.
[INFO] validating manifest of git repo https://github.com/JamesPatrickGill/the-outdoors on toolchain 1.75.0
[INFO] running `Command { std: CARGO_HOME="/workspace/cargo-home" RUSTUP_HOME="/workspace/rustup-home" "/workspace/cargo-home/bin/cargo" "+1.75.0" "metadata" "--manifest-path" "Cargo.toml" "--no-deps", kill_on_drop: false }`
[INFO] started tweaking git repo https://github.com/JamesPatrickGill/the-outdoors
[INFO] finished tweaking git repo https://github.com/JamesPatrickGill/the-outdoors
[INFO] tweaked toml for git repo https://github.com/JamesPatrickGill/the-outdoors written to /workspace/builds/worker-7-tc1/source/Cargo.toml
[INFO] crate git repo https://github.com/JamesPatrickGill/the-outdoors already has a lockfile, it will not be regenerated
[INFO] running `Command { std: CARGO_HOME="/workspace/cargo-home" RUSTUP_HOME="/workspace/rustup-home" "/workspace/cargo-home/bin/cargo" "+1.75.0" "fetch" "--manifest-path" "Cargo.toml", kill_on_drop: false }`
[INFO] [stderr]     Updating crates.io index
[INFO] [stderr]  Downloading crates ...
[INFO] [stderr]   Downloaded thiserror v1.0.13
[INFO] [stderr]   Downloaded amethyst_animation v0.10.0
[INFO] [stderr]   Downloaded type-map v0.3.0
[INFO] [stderr]   Downloaded vergen v3.1.0
[INFO] [stderr]   Downloaded unic-langid-macros v0.8.0
[INFO] [stderr]   Downloaded amethyst_core v0.10.0
[INFO] [stderr]   Downloaded unic-langid-impl v0.8.0
[INFO] [stderr]   Downloaded rendy v0.4.1
[INFO] [stderr]   Downloaded intl-memoizer v0.4.0
[INFO] [stderr]   Downloaded rendy-frame v0.4.1
[INFO] [stderr]   Downloaded rendy-descriptor v0.4.1
[INFO] [stderr]   Downloaded amethyst_error v0.5.0
[INFO] [stderr]   Downloaded unic-langid v0.8.0
[INFO] [stderr]   Downloaded proc-macro-crate v0.1.4
[INFO] [stderr]   Downloaded inventory-impl v0.1.5
[INFO] [stderr]   Downloaded rendy-shader v0.4.1
[INFO] [stderr]   Downloaded rendy-memory v0.4.1
[INFO] [stderr]   Downloaded amethyst_input v0.11.0
[INFO] [stderr]   Downloaded paste-impl v0.1.9
[INFO] [stderr]   Downloaded laminar v0.3.2
[INFO] [stderr]   Downloaded lyon_geom v0.14.1
[INFO] [stderr]   Downloaded euclid v0.20.8
[INFO] [stderr]   Downloaded servo-freetype-sys v4.0.5
[INFO] [stderr]   Downloaded servo-fontconfig-sys v4.0.9
[INFO] [stderr]   Downloaded paste v0.1.9
[INFO] [stderr]   Downloaded spirv_cross v0.15.0
[INFO] [stderr]   Downloaded amethyst_audio v0.10.0
[INFO] [stderr]   Downloaded amethyst_rendy v0.5.0
[INFO] [stderr]   Downloaded lexical v2.2.2
[INFO] [stderr]   Downloaded amethyst v0.15.0
[INFO] [stderr]   Downloaded gfx-hal v0.3.1
[INFO] [stderr]   Downloaded font-kit v0.5.0
[INFO] [stderr]   Downloaded gfx-backend-metal v0.3.3
[INFO] [stderr]   Downloaded fluent-bundle v0.11.0
[INFO] [stderr]   Downloaded fluent-syntax v0.9.3
[INFO] [stderr]   Downloaded amethyst_ui v0.10.0
[INFO] [stderr]   Downloaded rendy-command v0.4.1
[INFO] [stderr]   Downloaded rental v0.5.5
[INFO] [stderr]   Downloaded err-derive v0.2.3
[INFO] [stderr]   Downloaded metal v0.16.0
[INFO] [stderr]   Downloaded amethyst_derive v0.8.0
[INFO] [stderr]   Downloaded amethyst_network v0.8.0
[INFO] [stderr]   Downloaded fluent-langneg v0.12.1
[INFO] [stderr]   Downloaded tinystr v0.3.2
[INFO] [stderr]   Downloaded servo-fontconfig v0.4.0
[INFO] [stderr]   Downloaded erased-serde v0.3.11
[INFO] [stderr]   Downloaded rendy-factory v0.4.1
[INFO] [stderr]   Downloaded minterpolate v0.4.0
[INFO] [stderr]   Downloaded ghost v0.1.1
[INFO] [stderr]   Downloaded lyon_path v0.14.0
[INFO] [stderr]   Downloaded inventory v0.1.5
[INFO] [stderr]   Downloaded intl_pluralrules v6.0.0
[INFO] [stderr]   Downloaded core-text v15.0.0
[INFO] [stderr]   Downloaded wavefront_obj v6.0.0
[INFO] [stderr]   Downloaded thiserror-impl v1.0.13
[INFO] [stderr]   Downloaded amethyst_assets v0.11.0
[INFO] [stderr]   Downloaded alga_derive v0.9.2
[INFO] [stderr]   Downloaded rendy-texture v0.4.1
[INFO] [stderr]   Downloaded proc-macro-hack v0.5.14
[INFO] [stderr]   Downloaded rendy-graph v0.4.1
[INFO] [stderr]   Downloaded specs-hierarchy v0.6.0
[INFO] [stderr]   Downloaded genmesh v0.6.2
[INFO] [stderr]   Downloaded serde_bytes v0.11.3
[INFO] [stderr]   Downloaded rendy-mesh v0.4.1
[INFO] [stderr]   Downloaded freetype v0.4.1
[INFO] [stderr]   Downloaded dwrote v0.9.0
[INFO] [stderr]   Downloaded rendy-util v0.4.1
[INFO] [stderr]   Downloaded amethyst_utils v0.10.0
[INFO] [stderr]   Downloaded amethyst_locale v0.9.0
[INFO] [stderr]   Downloaded edit-distance v2.1.0
[INFO] [stderr]   Downloaded rendy-wsi v0.4.1
[INFO] [stderr]   Downloaded fluent v0.11.0
[INFO] [stderr]   Downloaded unic-langid-macros-impl v0.8.0
[INFO] [stderr]   Downloaded rendy-resource v0.4.1
[INFO] [stderr]   Downloaded glsl-layout v0.3.2
[INFO] [stderr]   Downloaded amethyst_controls v0.9.0
[INFO] [stderr]   Downloaded rendy-chain v0.4.1
[INFO] [stderr]   Downloaded shred-derive v0.6.2
[INFO] [stderr]   Downloaded glsl-layout-derive v0.3.2
[INFO] [stderr]   Downloaded amethyst_config v0.14.0
[INFO] [stderr]   Downloaded amethyst_window v0.5.0
[INFO] [stderr]   Downloaded raw-window-handle v0.1.2
[INFO] [stderr]   Downloaded rustc_version_runtime v0.1.5
[INFO] running `Command { std: "docker" "create" "-v" "/var/lib/crater-agent-workspace/builds/worker-7-tc1/target:/opt/rustwide/target:rw,Z" "-v" "/var/lib/crater-agent-workspace/builds/worker-7-tc1/source:/opt/rustwide/workdir:ro,Z" "-v" "/var/lib/crater-agent-workspace/cargo-home:/opt/rustwide/cargo-home:ro,Z" "-v" "/var/lib/crater-agent-workspace/rustup-home:/opt/rustwide/rustup-home:ro,Z" "-e" "SOURCE_DIR=/opt/rustwide/workdir" "-e" "CARGO_TARGET_DIR=/opt/rustwide/target" "-e" "CARGO_HOME=/opt/rustwide/cargo-home" "-e" "RUSTUP_HOME=/opt/rustwide/rustup-home" "-w" "/opt/rustwide/workdir" "-m" "1610612736" "--user" "0:0" "--network" "none" "ghcr.io/rust-lang/crates-build-env/linux@sha256:2788e3201cd34a07e3172128adcd8b3090168a8e3bcc40d7c032b9dda1df7d1c" "/opt/rustwide/cargo-home/bin/cargo" "+1.75.0" "metadata" "--no-deps" "--format-version=1", kill_on_drop: false }`
[INFO] [stdout] 5fd29e14c112ccd91427ceb547b9dee25e7a729ac9214fa3a42b34255b62bf36
[INFO] running `Command { std: "docker" "start" "-a" "5fd29e14c112ccd91427ceb547b9dee25e7a729ac9214fa3a42b34255b62bf36", kill_on_drop: false }`
[INFO] running `Command { std: "docker" "inspect" "5fd29e14c112ccd91427ceb547b9dee25e7a729ac9214fa3a42b34255b62bf36", kill_on_drop: false }`
[INFO] running `Command { std: "docker" "rm" "-f" "5fd29e14c112ccd91427ceb547b9dee25e7a729ac9214fa3a42b34255b62bf36", kill_on_drop: false }`
[INFO] [stdout] 5fd29e14c112ccd91427ceb547b9dee25e7a729ac9214fa3a42b34255b62bf36
[INFO] running `Command { std: "docker" "create" "-v" "/var/lib/crater-agent-workspace/builds/worker-7-tc1/target:/opt/rustwide/target:rw,Z" "-v" "/var/lib/crater-agent-workspace/builds/worker-7-tc1/source:/opt/rustwide/workdir:ro,Z" "-v" "/var/lib/crater-agent-workspace/cargo-home:/opt/rustwide/cargo-home:ro,Z" "-v" "/var/lib/crater-agent-workspace/rustup-home:/opt/rustwide/rustup-home:ro,Z" "-e" "SOURCE_DIR=/opt/rustwide/workdir" "-e" "CARGO_TARGET_DIR=/opt/rustwide/target" "-e" "CARGO_INCREMENTAL=0" "-e" "RUST_BACKTRACE=full" "-e" "RUSTFLAGS=--cap-lints=warn" "-e" "RUSTDOCFLAGS=--cap-lints=warn" "-e" "CARGO_HOME=/opt/rustwide/cargo-home" "-e" "RUSTUP_HOME=/opt/rustwide/rustup-home" "-w" "/opt/rustwide/workdir" "-m" "1610612736" "--user" "0:0" "--network" "none" "ghcr.io/rust-lang/crates-build-env/linux@sha256:2788e3201cd34a07e3172128adcd8b3090168a8e3bcc40d7c032b9dda1df7d1c" "/opt/rustwide/cargo-home/bin/cargo" "+1.75.0" "doc" "--frozen" "--no-deps" "--document-private-items" "--message-format=json", kill_on_drop: false }`
[INFO] [stdout] f8dc8b40fc6db22685c3c86be9c16eb38e6d27673849c794987266a9f6f7081d
[INFO] running `Command { std: "docker" "start" "-a" "f8dc8b40fc6db22685c3c86be9c16eb38e6d27673849c794987266a9f6f7081d", kill_on_drop: false }`
[INFO] [stderr]    Compiling libc v0.2.68
[INFO] [stderr]    Compiling proc-macro2 v1.0.9
[INFO] [stderr]    Compiling syn v1.0.17
[INFO] [stderr]    Compiling serde v1.0.105
[INFO] [stderr]    Compiling cc v1.0.50
[INFO] [stderr]    Compiling byteorder v1.3.4
[INFO] [stderr]    Compiling maybe-uninit v2.0.0
[INFO] [stderr]    Compiling proc-macro2 v0.4.30
[INFO] [stderr]    Compiling unicode-xid v0.1.0
[INFO] [stderr]    Compiling num-traits v0.2.11
[INFO] [stderr]    Compiling crossbeam-utils v0.7.2
[INFO] [stderr]    Compiling log v0.4.8
[INFO] [stderr]    Compiling memoffset v0.5.4
[INFO] [stderr]    Compiling num-integer v0.1.42
[INFO] [stderr]    Compiling crossbeam-epoch v0.8.2
[INFO] [stderr]    Compiling pkg-config v0.3.17
[INFO] [stderr]    Compiling rayon-core v1.7.0
[INFO] [stderr]     Checking either v1.5.3
[INFO] [stderr]    Compiling syn v0.15.44
[INFO] [stderr]     Checking arrayvec v0.5.1
[INFO] [stderr]    Compiling num-bigint v0.2.6
[INFO] [stderr]    Compiling num-rational v0.2.4
[INFO] [stderr]     Checking rustc-demangle v0.1.16
[INFO] [stderr]    Compiling cfg-if v0.1.10
[INFO] [stderr]    Compiling proc-macro-hack v0.5.14
[INFO] [stderr]    Compiling xml-rs v0.8.0
[INFO] [stderr]    Compiling num-iter v0.1.40
[INFO] [stderr]     Checking stb_truetype v0.3.1
[INFO] [stderr]     Checking lock_api v0.3.3
[INFO] [stderr]    Compiling num-derive v0.2.5
[INFO] [stderr]     Checking linked-hash-map v0.5.2
[INFO] [stderr]    Compiling quote v0.6.13
[INFO] [stderr]     Checking adler32 v1.0.4
[INFO] [stderr]    Compiling nix v0.14.1
[INFO] [stderr]    Compiling version_check v0.9.1
[INFO] [stderr]    Compiling quote v1.0.3
[INFO] [stderr]     Checking crossbeam-queue v0.2.1
[INFO] [stderr]     Checking approx v0.3.2
[INFO] [stderr]    Compiling wayland-scanner v0.21.13
[INFO] [stderr]     Checking num_cpus v1.12.0
[INFO] [stderr]     Checking ordered-float v1.0.2
[INFO] [stderr]     Checking rustc-hash v1.1.0
[INFO] [stderr]     Checking crossbeam-deque v0.7.3
[INFO] [stderr]     Checking fxhash v0.2.1
[INFO] [stderr]     Checking lzw v0.10.0
[INFO] [stderr]     Checking void v1.0.2
[INFO] [stderr]    Compiling memchr v2.3.3
[INFO] [stderr]     Checking atom v0.3.5
[INFO] [stderr]    Compiling getrandom v0.1.14
[INFO] [stderr]     Checking deflate v0.7.20
[INFO] [stderr]     Checking inflate v0.4.5
[INFO] [stderr]    Compiling backtrace-sys v0.1.35
[INFO] [stderr]    Compiling libloading v0.5.2
[INFO] [stderr]     Checking rusttype v0.8.2
[INFO] [stderr]    Compiling arrayvec v0.4.12
[INFO] [stderr]     Checking same-file v1.0.6
[INFO] [stderr]    Compiling parking_lot_core v0.6.2
[INFO] [stderr]    Compiling failure_derive v0.1.7
[INFO] [stderr]     Checking walkdir v2.3.1
[INFO] [stderr]    Compiling ryu v1.0.3
[INFO] [stderr]     Checking nodrop v0.1.14
[INFO] [stderr]     Checking rayon v1.3.0
[INFO] [stderr]     Checking color_quant v1.0.1
[INFO] [stderr]     Checking downcast-rs v1.1.1
[INFO] [stderr]     Checking rusttype v0.7.9
[INFO] [stderr]     Checking line_drawing v0.7.0
[INFO] [stderr]    Compiling x11-dl v2.18.5
[INFO] [stderr]    Compiling parking_lot v0.9.0
[INFO] [stderr]     Checking gif v0.10.3
[INFO] [stderr]    Compiling core-foundation-sys v0.6.2
[INFO] [stderr]     Checking xdg v2.2.0
[INFO] [stderr]     Checking dlib v0.4.1
[INFO] [stderr]     Checking png v0.14.1
[INFO] [stderr]     Checking wayland-sys v0.21.13
[INFO] [stderr]    Compiling objc_exception v0.1.2
[INFO] [stderr]     Checking memmap v0.7.0
[INFO] [stderr]     Checking crossbeam-utils v0.6.6
[INFO] [stderr]     Checking rand_core v0.5.1
[INFO] [stderr]     Checking raw-window-handle v0.3.3
[INFO] [stderr]    Compiling rand_core v0.4.2
[INFO] [stderr]     Checking foreign-types-shared v0.1.1
[INFO] [stderr]     Checking core-foundation v0.6.4
[INFO] [stderr]     Checking andrew v0.2.1
[INFO] [stderr]     Checking foreign-types v0.3.2
[INFO] [stderr]     Checking malloc_buf v0.0.6
[INFO] [stderr]     Checking time v0.1.42
[INFO] [stderr] The following warnings were emitted during compilation:
[INFO] [stderr] 
[INFO] [stderr] warning: objc_exception@0.1.2: cc: fatal error: cannot execute 'cc1obj': execvp: No such file or directory
[INFO] [stderr] warning: objc_exception@0.1.2: compilation terminated.
[INFO] [stderr] 
[INFO] [stderr] error: failed to run custom build command for `objc_exception v0.1.2`
[INFO] [stderr] note: To improve backtraces for build dependencies, set the CARGO_PROFILE_DEV_BUILD_OVERRIDE_DEBUG=true environment variable to enable debug information generation.
[INFO] [stderr] 
[INFO] [stderr] Caused by:
[INFO] [stderr]   process didn't exit successfully: `/opt/rustwide/target/debug/build/objc_exception-7a2a2d852bc11ad1/build-script-build` (exit status: 1)
[INFO] [stderr]   --- stdout
[INFO] [stderr]   TARGET = Some("x86_64-unknown-linux-gnu")
[INFO] [stderr]   OPT_LEVEL = Some("0")
[INFO] [stderr]   HOST = Some("x86_64-unknown-linux-gnu")
[INFO] [stderr]   CC_x86_64-unknown-linux-gnu = None
[INFO] [stderr]   CC_x86_64_unknown_linux_gnu = None
[INFO] [stderr]   HOST_CC = None
[INFO] [stderr]   CC = None
[INFO] [stderr]   CFLAGS_x86_64-unknown-linux-gnu = None
[INFO] [stderr]   CFLAGS_x86_64_unknown_linux_gnu = None
[INFO] [stderr]   HOST_CFLAGS = None
[INFO] [stderr]   CFLAGS = None
[INFO] [stderr]   CRATE_CC_NO_DEFAULTS = None
[INFO] [stderr]   DEBUG = Some("true")
[INFO] [stderr]   CARGO_CFG_TARGET_FEATURE = Some("fxsr,sse,sse2")
[INFO] [stderr]   running: "cc" "-O0" "-ffunction-sections" "-fdata-sections" "-fPIC" "-g" "-fno-omit-frame-pointer" "-m64" "-Wall" "-Wextra" "-o" "/opt/rustwide/target/debug/build/objc_exception-74dd31be9365da47/out/extern/exception.o" "-c" "extern/exception.m"
[INFO] [stderr]   cargo:warning=cc: fatal error: cannot execute 'cc1obj': execvp: No such file or directory
[INFO] [stderr]   cargo:warning=compilation terminated.
[INFO] [stderr]   exit status: 1
[INFO] [stderr] 
[INFO] [stderr]   --- stderr
[INFO] [stderr] 
[INFO] [stderr] 
[INFO] [stderr]   error occurred: Command "cc" "-O0" "-ffunction-sections" "-fdata-sections" "-fPIC" "-g" "-fno-omit-frame-pointer" "-m64" "-Wall" "-Wextra" "-o" "/opt/rustwide/target/debug/build/objc_exception-74dd31be9365da47/out/extern/exception.o" "-c" "extern/exception.m" with args "cc" did not execute successfully (status code exit status: 1).
[INFO] [stderr] 
[INFO] [stderr] 
[INFO] [stderr] warning: build failed, waiting for other jobs to finish...
[INFO] running `Command { std: "docker" "inspect" "f8dc8b40fc6db22685c3c86be9c16eb38e6d27673849c794987266a9f6f7081d", kill_on_drop: false }`
[INFO] running `Command { std: "docker" "rm" "-f" "f8dc8b40fc6db22685c3c86be9c16eb38e6d27673849c794987266a9f6f7081d", kill_on_drop: false }`
[INFO] [stdout] f8dc8b40fc6db22685c3c86be9c16eb38e6d27673849c794987266a9f6f7081d
[INFO] documenting JamesPatrickGill/the-outdoors against beta-2023-12-22 for beta-1.76-rustdoc-1
[INFO] running `Command { std: "git" "clone" "/workspace/cache/git-repos/https%3A%2F%2Fgithub.com%2FJamesPatrickGill%2Fthe-outdoors" "/workspace/builds/worker-7-tc2/source", kill_on_drop: false }`
[INFO] [stderr] Cloning into '/workspace/builds/worker-7-tc2/source'...
[INFO] [stderr] done.
[INFO] validating manifest of git repo https://github.com/JamesPatrickGill/the-outdoors on toolchain beta-2023-12-22
[INFO] running `Command { std: CARGO_HOME="/workspace/cargo-home" RUSTUP_HOME="/workspace/rustup-home" "/workspace/cargo-home/bin/cargo" "+beta-2023-12-22" "metadata" "--manifest-path" "Cargo.toml" "--no-deps", kill_on_drop: false }`
[INFO] started tweaking git repo https://github.com/JamesPatrickGill/the-outdoors
[INFO] finished tweaking git repo https://github.com/JamesPatrickGill/the-outdoors
[INFO] tweaked toml for git repo https://github.com/JamesPatrickGill/the-outdoors written to /workspace/builds/worker-7-tc2/source/Cargo.toml
[INFO] crate git repo https://github.com/JamesPatrickGill/the-outdoors already has a lockfile, it will not be regenerated
[INFO] running `Command { std: CARGO_HOME="/workspace/cargo-home" RUSTUP_HOME="/workspace/rustup-home" "/workspace/cargo-home/bin/cargo" "+beta-2023-12-22" "fetch" "--manifest-path" "Cargo.toml", kill_on_drop: false }`
[INFO] running `Command { std: "docker" "create" "-v" "/var/lib/crater-agent-workspace/builds/worker-7-tc2/target:/opt/rustwide/target:rw,Z" "-v" "/var/lib/crater-agent-workspace/builds/worker-7-tc2/source:/opt/rustwide/workdir:ro,Z" "-v" "/var/lib/crater-agent-workspace/cargo-home:/opt/rustwide/cargo-home:ro,Z" "-v" "/var/lib/crater-agent-workspace/rustup-home:/opt/rustwide/rustup-home:ro,Z" "-e" "SOURCE_DIR=/opt/rustwide/workdir" "-e" "CARGO_TARGET_DIR=/opt/rustwide/target" "-e" "CARGO_HOME=/opt/rustwide/cargo-home" "-e" "RUSTUP_HOME=/opt/rustwide/rustup-home" "-w" "/opt/rustwide/workdir" "-m" "1610612736" "--user" "0:0" "--network" "none" "ghcr.io/rust-lang/crates-build-env/linux@sha256:2788e3201cd34a07e3172128adcd8b3090168a8e3bcc40d7c032b9dda1df7d1c" "/opt/rustwide/cargo-home/bin/cargo" "+beta-2023-12-22" "metadata" "--no-deps" "--format-version=1", kill_on_drop: false }`
[INFO] [stdout] b2da36b2bdb1092d026df9d352f6ce6416a8bab3ed346bfa762e142a2fb05db6
[INFO] running `Command { std: "docker" "start" "-a" "b2da36b2bdb1092d026df9d352f6ce6416a8bab3ed346bfa762e142a2fb05db6", kill_on_drop: false }`
[INFO] running `Command { std: "docker" "inspect" "b2da36b2bdb1092d026df9d352f6ce6416a8bab3ed346bfa762e142a2fb05db6", kill_on_drop: false }`
[INFO] running `Command { std: "docker" "rm" "-f" "b2da36b2bdb1092d026df9d352f6ce6416a8bab3ed346bfa762e142a2fb05db6", kill_on_drop: false }`
[INFO] [stdout] b2da36b2bdb1092d026df9d352f6ce6416a8bab3ed346bfa762e142a2fb05db6
[INFO] running `Command { std: "docker" "create" "-v" "/var/lib/crater-agent-workspace/builds/worker-7-tc2/target:/opt/rustwide/target:rw,Z" "-v" "/var/lib/crater-agent-workspace/builds/worker-7-tc2/source:/opt/rustwide/workdir:ro,Z" "-v" "/var/lib/crater-agent-workspace/cargo-home:/opt/rustwide/cargo-home:ro,Z" "-v" "/var/lib/crater-agent-workspace/rustup-home:/opt/rustwide/rustup-home:ro,Z" "-e" "SOURCE_DIR=/opt/rustwide/workdir" "-e" "CARGO_TARGET_DIR=/opt/rustwide/target" "-e" "CARGO_INCREMENTAL=0" "-e" "RUST_BACKTRACE=full" "-e" "RUSTFLAGS=--cap-lints=warn" "-e" "RUSTDOCFLAGS=--cap-lints=warn" "-e" "CARGO_HOME=/opt/rustwide/cargo-home" "-e" "RUSTUP_HOME=/opt/rustwide/rustup-home" "-w" "/opt/rustwide/workdir" "-m" "1610612736" "--user" "0:0" "--network" "none" "ghcr.io/rust-lang/crates-build-env/linux@sha256:2788e3201cd34a07e3172128adcd8b3090168a8e3bcc40d7c032b9dda1df7d1c" "/opt/rustwide/cargo-home/bin/cargo" "+beta-2023-12-22" "doc" "--frozen" "--no-deps" "--document-private-items" "--message-format=json", kill_on_drop: false }`
[INFO] [stdout] 86b71bea4ac3e21a11c032f73345dca410788957b853150970d69dc5dec89d1a
[INFO] running `Command { std: "docker" "start" "-a" "86b71bea4ac3e21a11c032f73345dca410788957b853150970d69dc5dec89d1a", kill_on_drop: false }`
[INFO] [stderr]    Compiling libc v0.2.68
[INFO] [stderr]    Compiling proc-macro2 v1.0.9
[INFO] [stderr]    Compiling syn v1.0.17
[INFO] [stderr]    Compiling serde v1.0.105
[INFO] [stderr]    Compiling cc v1.0.50
[INFO] [stderr]    Compiling byteorder v1.3.4
[INFO] [stderr]    Compiling maybe-uninit v2.0.0
[INFO] [stderr]    Compiling proc-macro2 v0.4.30
[INFO] [stderr]    Compiling unicode-xid v0.1.0
[INFO] [stderr]    Compiling num-traits v0.2.11
[INFO] [stderr]    Compiling crossbeam-utils v0.7.2
[INFO] [stderr]    Compiling log v0.4.8
[INFO] [stderr]    Compiling memoffset v0.5.4
[INFO] [stderr]    Compiling num-integer v0.1.42
[INFO] [stderr]    Compiling crossbeam-epoch v0.8.2
[INFO] [stderr]    Compiling pkg-config v0.3.17
[INFO] [stderr]    Compiling rayon-core v1.7.0
[INFO] [stderr]     Checking either v1.5.3
[INFO] [stderr]    Compiling syn v0.15.44
[INFO] [stderr]     Checking arrayvec v0.5.1
[INFO] [stderr]    Compiling num-bigint v0.2.6
[INFO] [stderr]    Compiling num-rational v0.2.4
[INFO] [stderr]     Checking rustc-demangle v0.1.16
[INFO] [stderr]    Compiling cfg-if v0.1.10
[INFO] [stderr]    Compiling proc-macro-hack v0.5.14
[INFO] [stderr]    Compiling xml-rs v0.8.0
[INFO] [stderr]    Compiling num-iter v0.1.40
[INFO] [stderr]     Checking lock_api v0.3.3
[INFO] [stderr]     Checking linked-hash-map v0.5.2
[INFO] [stderr]     Checking rustc-hash v1.1.0
[INFO] [stderr]     Checking stb_truetype v0.3.1
[INFO] [stderr]     Checking adler32 v1.0.4
[INFO] [stderr]    Compiling nix v0.14.1
[INFO] [stderr]    Compiling num-derive v0.2.5
[INFO] [stderr]     Checking crossbeam-queue v0.2.1
[INFO] [stderr]    Compiling version_check v0.9.1
[INFO] [stderr]    Compiling quote v0.6.13
[INFO] [stderr]    Compiling quote v1.0.3
[INFO] [stderr]     Checking num_cpus v1.12.0
[INFO] [stderr]    Compiling wayland-scanner v0.21.13
[INFO] [stderr]     Checking fxhash v0.2.1
[INFO] [stderr]     Checking crossbeam-deque v0.7.3
[INFO] [stderr]     Checking lzw v0.10.0
[INFO] [stderr]     Checking atom v0.3.5
[INFO] [stderr]     Checking void v1.0.2
[INFO] [stderr]    Compiling memchr v2.3.3
[INFO] [stderr]    Compiling backtrace-sys v0.1.35
[INFO] [stderr]    Compiling libloading v0.5.2
[INFO] [stderr]    Compiling getrandom v0.1.14
[INFO] [stderr]     Checking approx v0.3.2
[INFO] [stderr]     Checking ordered-float v1.0.2
[INFO] [stderr]     Checking deflate v0.7.20
[INFO] [stderr]     Checking inflate v0.4.5
[INFO] [stderr]    Compiling arrayvec v0.4.12
[INFO] [stderr]     Checking rusttype v0.8.2
[INFO] [stderr]     Checking same-file v1.0.6
[INFO] [stderr]    Compiling parking_lot_core v0.6.2
[INFO] [stderr]     Checking nodrop v0.1.14
[INFO] [stderr]     Checking walkdir v2.3.1
[INFO] [stderr]     Checking rayon v1.3.0
[INFO] [stderr]     Checking downcast-rs v1.1.1
[INFO] [stderr]    Compiling failure_derive v0.1.7
[INFO] [stderr]     Checking color_quant v1.0.1
[INFO] [stderr]    Compiling ryu v1.0.3
[INFO] [stderr]     Checking line_drawing v0.7.0
[INFO] [stderr]    Compiling x11-dl v2.18.5
[INFO] [stderr]    Compiling parking_lot v0.9.0
[INFO] [stderr]     Checking rusttype v0.7.9
[INFO] [stderr]     Checking dlib v0.4.1
[INFO] [stderr]     Checking gif v0.10.3
[INFO] [stderr]     Checking xdg v2.2.0
[INFO] [stderr]     Checking wayland-sys v0.21.13
[INFO] [stderr]    Compiling core-foundation-sys v0.6.2
[INFO] [stderr]     Checking png v0.14.1
[INFO] [stderr]    Compiling objc_exception v0.1.2
[INFO] [stderr]     Checking memmap v0.7.0
[INFO] [stderr]     Checking crossbeam-utils v0.6.6
[INFO] [stderr]     Checking raw-window-handle v0.3.3
[INFO] [stderr]     Checking rand_core v0.5.1
[INFO] [stderr]    Compiling rand_core v0.4.2
[INFO] [stderr]     Checking foreign-types-shared v0.1.1
[INFO] [stderr]     Checking foreign-types v0.3.2
[INFO] [stderr]     Checking andrew v0.2.1
[INFO] [stderr]     Checking malloc_buf v0.0.6
[INFO] [stderr]     Checking time v0.1.42
[INFO] [stderr]     Checking rand_chacha v0.2.2
[INFO] [stderr]    Compiling const-random-macro v0.1.8
[INFO] [stderr]     Checking core-foundation v0.6.4
[INFO] [stderr] The following warnings were emitted during compilation:
[INFO] [stderr] 
[INFO] [stderr] warning: objc_exception@0.1.2: cc: fatal error: cannot execute 'cc1obj': execvp: No such file or directory
[INFO] [stderr] warning: objc_exception@0.1.2: compilation terminated.
[INFO] [stderr] 
[INFO] [stderr] error: failed to run custom build command for `objc_exception v0.1.2`
[INFO] [stderr] note: To improve backtraces for build dependencies, set the CARGO_PROFILE_DEV_BUILD_OVERRIDE_DEBUG=true environment variable to enable debug information generation.
[INFO] [stderr] 
[INFO] [stderr] Caused by:
[INFO] [stderr]   process didn't exit successfully: `/opt/rustwide/target/debug/build/objc_exception-1213793b0ff8748d/build-script-build` (exit status: 1)
[INFO] [stderr]   --- stdout
[INFO] [stderr]   TARGET = Some("x86_64-unknown-linux-gnu")
[INFO] [stderr]   OPT_LEVEL = Some("0")
[INFO] [stderr]   HOST = Some("x86_64-unknown-linux-gnu")
[INFO] [stderr]   CC_x86_64-unknown-linux-gnu = None
[INFO] [stderr]   CC_x86_64_unknown_linux_gnu = None
[INFO] [stderr]   HOST_CC = None
[INFO] [stderr]   CC = None
[INFO] [stderr]   CFLAGS_x86_64-unknown-linux-gnu = None
[INFO] [stderr]   CFLAGS_x86_64_unknown_linux_gnu = None
[INFO] [stderr]   HOST_CFLAGS = None
[INFO] [stderr]   CFLAGS = None
[INFO] [stderr]   CRATE_CC_NO_DEFAULTS = None
[INFO] [stderr]   DEBUG = Some("true")
[INFO] [stderr]   CARGO_CFG_TARGET_FEATURE = Some("fxsr,sse,sse2")
[INFO] [stderr]   running: "cc" "-O0" "-ffunction-sections" "-fdata-sections" "-fPIC" "-g" "-fno-omit-frame-pointer" "-m64" "-Wall" "-Wextra" "-o" "/opt/rustwide/target/debug/build/objc_exception-2646777408013b1c/out/extern/exception.o" "-c" "extern/exception.m"
[INFO] [stderr]   cargo:warning=cc: fatal error: cannot execute 'cc1obj': execvp: No such file or directory
[INFO] [stderr]   cargo:warning=compilation terminated.
[INFO] [stderr]   exit status: 1
[INFO] [stderr] 
[INFO] [stderr]   --- stderr
[INFO] [stderr] 
[INFO] [stderr] 
[INFO] [stderr]   error occurred: Command "cc" "-O0" "-ffunction-sections" "-fdata-sections" "-fPIC" "-g" "-fno-omit-frame-pointer" "-m64" "-Wall" "-Wextra" "-o" "/opt/rustwide/target/debug/build/objc_exception-2646777408013b1c/out/extern/exception.o" "-c" "extern/exception.m" with args "cc" did not execute successfully (status code exit status: 1).
[INFO] [stderr] 
[INFO] [stderr] 
[INFO] [stderr] warning: build failed, waiting for other jobs to finish...
[INFO] running `Command { std: "docker" "inspect" "86b71bea4ac3e21a11c032f73345dca410788957b853150970d69dc5dec89d1a", kill_on_drop: false }`
[INFO] running `Command { std: "docker" "rm" "-f" "86b71bea4ac3e21a11c032f73345dca410788957b853150970d69dc5dec89d1a", kill_on_drop: false }`
[INFO] [stdout] 86b71bea4ac3e21a11c032f73345dca410788957b853150970d69dc5dec89d1a
