[INFO] cloning repository https://github.com/JaSpa/sat-checker
[INFO] running `Command { std: "git" "-c" "credential.helper=" "-c" "credential.helper=/workspace/cargo-home/bin/git-credential-null" "clone" "--bare" "https://github.com/JaSpa/sat-checker" "/workspace/cache/git-repos/https%3A%2F%2Fgithub.com%2FJaSpa%2Fsat-checker", kill_on_drop: false }`
[INFO] [stderr] Cloning into bare repository '/workspace/cache/git-repos/https%3A%2F%2Fgithub.com%2FJaSpa%2Fsat-checker'...
[INFO] running `Command { std: "git" "rev-parse" "HEAD", kill_on_drop: false }`
[INFO] [stdout] 1e8a685e254b6dfefd5c09170911ff26b8120de1
[INFO] documenting JaSpa/sat-checker against 1.75.0 for beta-1.76-rustdoc-1
[INFO] running `Command { std: "git" "clone" "/workspace/cache/git-repos/https%3A%2F%2Fgithub.com%2FJaSpa%2Fsat-checker" "/workspace/builds/worker-0-tc1/source", kill_on_drop: false }`
[INFO] [stderr] Cloning into '/workspace/builds/worker-0-tc1/source'...
[INFO] [stderr] done.
[INFO] validating manifest of git repo https://github.com/JaSpa/sat-checker on toolchain 1.75.0
[INFO] running `Command { std: CARGO_HOME="/workspace/cargo-home" RUSTUP_HOME="/workspace/rustup-home" "/workspace/cargo-home/bin/cargo" "+1.75.0" "metadata" "--manifest-path" "Cargo.toml" "--no-deps", kill_on_drop: false }`
[INFO] started tweaking git repo https://github.com/JaSpa/sat-checker
[INFO] finished tweaking git repo https://github.com/JaSpa/sat-checker
[INFO] tweaked toml for git repo https://github.com/JaSpa/sat-checker written to /workspace/builds/worker-0-tc1/source/Cargo.toml
[INFO] crate git repo https://github.com/JaSpa/sat-checker already has a lockfile, it will not be regenerated
[INFO] running `Command { std: CARGO_HOME="/workspace/cargo-home" RUSTUP_HOME="/workspace/rustup-home" "/workspace/cargo-home/bin/cargo" "+1.75.0" "fetch" "--manifest-path" "Cargo.toml", kill_on_drop: false }`
[INFO] [stderr]     Updating crates.io index
[INFO] [stderr]  Downloading crates ...
[INFO] [stderr]   Downloaded clap v4.3.15
[INFO] [stderr]   Downloaded cpp_common v0.5.8
[INFO] [stderr]   Downloaded cpp_macros v0.5.8
[INFO] [stderr]   Downloaded cpp_build v0.5.8
[INFO] [stderr]   Downloaded cpp v0.5.8
[INFO] [stderr]   Downloaded clap_builder v4.3.15
[INFO] [stderr]   Downloaded random_word v0.4.1
[INFO] [stderr]   Downloaded sorted-vec v0.8.2
[INFO] [stderr]   Downloaded these v2.0.0
[INFO] running `Command { std: "docker" "create" "-v" "/var/lib/crater-agent-workspace/builds/worker-0-tc1/target:/opt/rustwide/target:rw,Z" "-v" "/var/lib/crater-agent-workspace/builds/worker-0-tc1/source:/opt/rustwide/workdir:ro,Z" "-v" "/var/lib/crater-agent-workspace/cargo-home:/opt/rustwide/cargo-home:ro,Z" "-v" "/var/lib/crater-agent-workspace/rustup-home:/opt/rustwide/rustup-home:ro,Z" "-e" "SOURCE_DIR=/opt/rustwide/workdir" "-e" "CARGO_TARGET_DIR=/opt/rustwide/target" "-e" "CARGO_HOME=/opt/rustwide/cargo-home" "-e" "RUSTUP_HOME=/opt/rustwide/rustup-home" "-w" "/opt/rustwide/workdir" "-m" "1610612736" "--user" "0:0" "--network" "none" "ghcr.io/rust-lang/crates-build-env/linux@sha256:2788e3201cd34a07e3172128adcd8b3090168a8e3bcc40d7c032b9dda1df7d1c" "/opt/rustwide/cargo-home/bin/cargo" "+1.75.0" "metadata" "--no-deps" "--format-version=1", kill_on_drop: false }`
[INFO] [stdout] 6522b79c98a31d5b392d93605ae964487e01852e704aba85feab4c3533751d0d
[INFO] running `Command { std: "docker" "start" "-a" "6522b79c98a31d5b392d93605ae964487e01852e704aba85feab4c3533751d0d", kill_on_drop: false }`
[INFO] running `Command { std: "docker" "inspect" "6522b79c98a31d5b392d93605ae964487e01852e704aba85feab4c3533751d0d", kill_on_drop: false }`
[INFO] running `Command { std: "docker" "rm" "-f" "6522b79c98a31d5b392d93605ae964487e01852e704aba85feab4c3533751d0d", kill_on_drop: false }`
[INFO] [stdout] 6522b79c98a31d5b392d93605ae964487e01852e704aba85feab4c3533751d0d
[INFO] running `Command { std: "docker" "create" "-v" "/var/lib/crater-agent-workspace/builds/worker-0-tc1/target:/opt/rustwide/target:rw,Z" "-v" "/var/lib/crater-agent-workspace/builds/worker-0-tc1/source:/opt/rustwide/workdir:ro,Z" "-v" "/var/lib/crater-agent-workspace/cargo-home:/opt/rustwide/cargo-home:ro,Z" "-v" "/var/lib/crater-agent-workspace/rustup-home:/opt/rustwide/rustup-home:ro,Z" "-e" "SOURCE_DIR=/opt/rustwide/workdir" "-e" "CARGO_TARGET_DIR=/opt/rustwide/target" "-e" "CARGO_INCREMENTAL=0" "-e" "RUST_BACKTRACE=full" "-e" "RUSTFLAGS=--cap-lints=warn" "-e" "RUSTDOCFLAGS=--cap-lints=warn" "-e" "CARGO_HOME=/opt/rustwide/cargo-home" "-e" "RUSTUP_HOME=/opt/rustwide/rustup-home" "-w" "/opt/rustwide/workdir" "-m" "1610612736" "--user" "0:0" "--network" "none" "ghcr.io/rust-lang/crates-build-env/linux@sha256:2788e3201cd34a07e3172128adcd8b3090168a8e3bcc40d7c032b9dda1df7d1c" "/opt/rustwide/cargo-home/bin/cargo" "+1.75.0" "doc" "--frozen" "--no-deps" "--document-private-items" "--message-format=json", kill_on_drop: false }`
[INFO] [stdout] d0ac75b9998bf932725f35b1c14ca86bdcc3b635fe6c98d518012a480fc27ea5
[INFO] running `Command { std: "docker" "start" "-a" "d0ac75b9998bf932725f35b1c14ca86bdcc3b635fe6c98d518012a480fc27ea5", kill_on_drop: false }`
[INFO] [stderr]    Compiling libc v0.2.147
[INFO] [stderr]    Compiling proc-macro2 v1.0.66
[INFO] [stderr]    Compiling unicode-ident v1.0.11
[INFO] [stderr]     Checking once_cell v1.18.0
[INFO] [stderr]    Compiling cc v1.0.79
[INFO] [stderr]    Compiling memchr v2.5.0
[INFO] [stderr]    Compiling rustix v0.38.4
[INFO] [stderr]    Compiling io-lifetimes v1.0.11
[INFO] [stderr]     Checking linux-raw-sys v0.4.3
[INFO] [stderr]     Checking bitflags v2.3.3
[INFO] [stderr]    Compiling rustix v0.37.23
[INFO] [stderr]     Checking pin-project-lite v0.2.10
[INFO] [stderr]     Checking utf8parse v0.2.1
[INFO] [stderr]    Compiling regex-syntax v0.7.4
[INFO] [stderr]     Checking linux-raw-sys v0.3.8
[INFO] [stderr]     Checking sharded-slab v0.1.4
[INFO] [stderr]     Checking anstyle-query v1.0.0
[INFO] [stderr]     Checking anstyle-parse v0.2.1
[INFO] [stderr]     Checking anstyle v1.0.1
[INFO] [stderr]     Checking colorchoice v1.0.0
[INFO] [stderr]     Checking tracing-core v0.1.31
[INFO] [stderr]     Checking thread_local v1.1.7
[INFO] [stderr]     Checking adler v1.0.2
[INFO] [stderr]     Checking miniz_oxide v0.7.1
[INFO] [stderr]    Compiling ahash v0.8.3
[INFO] [stderr]     Checking ppv-lite86 v0.2.17
[INFO] [stderr]     Checking strsim v0.10.0
[INFO] [stderr]    Compiling aho-corasick v1.0.2
[INFO] [stderr]     Checking tracing v0.1.37
[INFO] [stderr]    Compiling unicode-xid v0.2.4
[INFO] [stderr]    Compiling eyre v0.6.8
[INFO] [stderr]    Compiling heck v0.4.1
[INFO] [stderr]    Compiling paste v1.0.14
[INFO] [stderr]     Checking clap_lex v0.5.0
[INFO] [stderr]     Checking gimli v0.27.3
[INFO] [stderr]     Checking tracing-subscriber v0.3.17
[INFO] [stderr]     Checking object v0.31.1
[INFO] [stderr]    Compiling aho-corasick v0.7.20
[INFO] [stderr]    Compiling tokio v1.29.1
[INFO] [stderr]    Compiling num-traits v0.2.15
[INFO] [stderr]    Compiling async-trait v0.1.71
[INFO] [stderr]    Compiling quote v1.0.31
[INFO] [stderr]     Checking indenter v0.3.3
[INFO] [stderr]     Checking owo-colors v3.5.0
[INFO] [stderr]     Checking rustc-demangle v0.1.23
[INFO] [stderr]    Compiling futures-core v0.3.28
[INFO] [stderr]    Compiling syn v2.0.26
[INFO] [stderr]     Checking is-terminal v0.4.9
[INFO] [stderr]     Checking anstream v0.3.2
[INFO] [stderr]     Checking bytes v1.4.0
[INFO] [stderr]    Compiling backtrace v0.3.68
[INFO] [stderr]     Checking sorted-vec v0.8.2
[INFO] [stderr]     Checking either v1.8.1
[INFO] [stderr]     Checking these v2.0.0
[INFO] [stderr]     Checking tracing-error v0.2.0
[INFO] [stderr]     Checking getrandom v0.2.10
[INFO] [stderr]     Checking signal-hook-registry v1.4.1
[INFO] [stderr]     Checking mio v0.8.8
[INFO] [stderr]     Checking rand_core v0.6.4
[INFO] [stderr]     Checking color-spantrace v0.2.0
[INFO] [stderr]     Checking rand_chacha v0.3.1
[INFO] [stderr]    Compiling regex-automata v0.3.3
[INFO] [stderr]     Checking rand v0.8.5
[INFO] [stderr]     Checking addr2line v0.20.0
[INFO] [stderr]     Checking random_word v0.4.1
[INFO] [stderr]     Checking terminal_size v0.2.6
[INFO] [stderr]     Checking clap_builder v4.3.15
[INFO] [stderr]     Checking color-eyre v0.6.2
[INFO] [stderr]    Compiling regex v1.9.1
[INFO] [stderr]    Compiling cpp_common v0.5.8
[INFO] [stderr]    Compiling cpp_build v0.5.8
[INFO] [stderr]    Compiling clap_derive v4.3.12
[INFO] [stderr]    Compiling minisat-instance v0.1.0 (/opt/rustwide/workdir/instance)
[INFO] [stderr]    Compiling cpp_macros v0.5.8
[INFO] [stderr]    Compiling tokio-macros v2.1.0
[INFO] [stderr]     Checking cpp v0.5.8
[INFO] [stderr] The following warnings were emitted during compilation:
[INFO] [stderr] 
[INFO] [stderr] warning: minisat-instance@0.1.0: src/main.rs:127:18: fatal error: minisat/core/Dimacs.h: No such file or directory
[INFO] [stderr] warning: minisat-instance@0.1.0:   127 |         #include <minisat/core/Dimacs.h>
[INFO] [stderr] warning: minisat-instance@0.1.0:       |                  ^~~~~~~~~~~~~~~~~~~~~~~
[INFO] [stderr] warning: minisat-instance@0.1.0: compilation terminated.
[INFO] [stderr] 
[INFO] [stderr] error: failed to run custom build command for `minisat-instance v0.1.0 (/opt/rustwide/workdir/instance)`
[INFO] [stderr] note: To improve backtraces for build dependencies, set the CARGO_PROFILE_DEV_BUILD_OVERRIDE_DEBUG=true environment variable to enable debug information generation.
[INFO] [stderr] 
[INFO] [stderr] Caused by:
[INFO] [stderr]   process didn't exit successfully: `/opt/rustwide/target/debug/build/minisat-instance-fd5063c85aee7ff3/build-script-build` (exit status: 1)
[INFO] [stderr]   --- stdout
[INFO] [stderr]   TARGET = Some("x86_64-unknown-linux-gnu")
[INFO] [stderr]   OPT_LEVEL = Some("0")
[INFO] [stderr]   HOST = Some("x86_64-unknown-linux-gnu")
[INFO] [stderr]   cargo:rerun-if-env-changed=CXX_x86_64-unknown-linux-gnu
[INFO] [stderr]   CXX_x86_64-unknown-linux-gnu = None
[INFO] [stderr]   cargo:rerun-if-env-changed=CXX_x86_64_unknown_linux_gnu
[INFO] [stderr]   CXX_x86_64_unknown_linux_gnu = None
[INFO] [stderr]   cargo:rerun-if-env-changed=HOST_CXX
[INFO] [stderr]   HOST_CXX = None
[INFO] [stderr]   cargo:rerun-if-env-changed=CXX
[INFO] [stderr]   CXX = None
[INFO] [stderr]   cargo:rerun-if-env-changed=CXXFLAGS_x86_64-unknown-linux-gnu
[INFO] [stderr]   CXXFLAGS_x86_64-unknown-linux-gnu = None
[INFO] [stderr]   cargo:rerun-if-env-changed=CXXFLAGS_x86_64_unknown_linux_gnu
[INFO] [stderr]   CXXFLAGS_x86_64_unknown_linux_gnu = None
[INFO] [stderr]   cargo:rerun-if-env-changed=HOST_CXXFLAGS
[INFO] [stderr]   HOST_CXXFLAGS = None
[INFO] [stderr]   cargo:rerun-if-env-changed=CXXFLAGS
[INFO] [stderr]   CXXFLAGS = None
[INFO] [stderr]   cargo:rerun-if-env-changed=CRATE_CC_NO_DEFAULTS
[INFO] [stderr]   CRATE_CC_NO_DEFAULTS = None
[INFO] [stderr]   DEBUG = Some("true")
[INFO] [stderr]   CARGO_CFG_TARGET_FEATURE = Some("fxsr,sse,sse2")
[INFO] [stderr]   running: "c++" "-O0" "-ffunction-sections" "-fdata-sections" "-fPIC" "-gdwarf-4" "-fno-omit-frame-pointer" "-m64" "-I" "/opt/rustwide/workdir/instance" "-Wall" "-Wextra" "-std=c++17" "-o" "/opt/rustwide/target/debug/build/minisat-instance-ecf6eb355450ded1/out/4a0f079715501d55-cpp_closures.o" "-c" "/opt/rustwide/target/debug/build/minisat-instance-ecf6eb355450ded1/out/rust_cpp/cpp_closures.cpp"
[INFO] [stderr]   cargo:warning=src/main.rs:127:18: fatal error: minisat/core/Dimacs.h: No such file or directory
[INFO] [stderr]   cargo:warning=  127 |         #include <minisat/core/Dimacs.h>
[INFO] [stderr]   cargo:warning=      |                  ^~~~~~~~~~~~~~~~~~~~~~~
[INFO] [stderr]   cargo:warning=compilation terminated.
[INFO] [stderr]   exit status: 1
[INFO] [stderr] 
[INFO] [stderr]   --- stderr
[INFO] [stderr] 
[INFO] [stderr] 
[INFO] [stderr]   error occurred: ToolExecError: Command "c++" "-O0" "-ffunction-sections" "-fdata-sections" "-fPIC" "-gdwarf-4" "-fno-omit-frame-pointer" "-m64" "-I" "/opt/rustwide/workdir/instance" "-Wall" "-Wextra" "-std=c++17" "-o" "/opt/rustwide/target/debug/build/minisat-instance-ecf6eb355450ded1/out/4a0f079715501d55-cpp_closures.o" "-c" "/opt/rustwide/target/debug/build/minisat-instance-ecf6eb355450ded1/out/rust_cpp/cpp_closures.cpp" with args "c++" did not execute successfully (status code exit status: 1).
[INFO] [stderr] 
[INFO] [stderr] 
[INFO] [stderr] warning: build failed, waiting for other jobs to finish...
[INFO] running `Command { std: "docker" "inspect" "d0ac75b9998bf932725f35b1c14ca86bdcc3b635fe6c98d518012a480fc27ea5", kill_on_drop: false }`
[INFO] running `Command { std: "docker" "rm" "-f" "d0ac75b9998bf932725f35b1c14ca86bdcc3b635fe6c98d518012a480fc27ea5", kill_on_drop: false }`
[INFO] [stdout] d0ac75b9998bf932725f35b1c14ca86bdcc3b635fe6c98d518012a480fc27ea5
[INFO] documenting JaSpa/sat-checker against beta-2023-12-22 for beta-1.76-rustdoc-1
[INFO] running `Command { std: "git" "clone" "/workspace/cache/git-repos/https%3A%2F%2Fgithub.com%2FJaSpa%2Fsat-checker" "/workspace/builds/worker-0-tc2/source", kill_on_drop: false }`
[INFO] [stderr] Cloning into '/workspace/builds/worker-0-tc2/source'...
[INFO] [stderr] done.
[INFO] validating manifest of git repo https://github.com/JaSpa/sat-checker on toolchain beta-2023-12-22
[INFO] running `Command { std: CARGO_HOME="/workspace/cargo-home" RUSTUP_HOME="/workspace/rustup-home" "/workspace/cargo-home/bin/cargo" "+beta-2023-12-22" "metadata" "--manifest-path" "Cargo.toml" "--no-deps", kill_on_drop: false }`
[INFO] started tweaking git repo https://github.com/JaSpa/sat-checker
[INFO] finished tweaking git repo https://github.com/JaSpa/sat-checker
[INFO] tweaked toml for git repo https://github.com/JaSpa/sat-checker written to /workspace/builds/worker-0-tc2/source/Cargo.toml
[INFO] crate git repo https://github.com/JaSpa/sat-checker already has a lockfile, it will not be regenerated
[INFO] running `Command { std: CARGO_HOME="/workspace/cargo-home" RUSTUP_HOME="/workspace/rustup-home" "/workspace/cargo-home/bin/cargo" "+beta-2023-12-22" "fetch" "--manifest-path" "Cargo.toml", kill_on_drop: false }`
[INFO] running `Command { std: "docker" "create" "-v" "/var/lib/crater-agent-workspace/builds/worker-0-tc2/target:/opt/rustwide/target:rw,Z" "-v" "/var/lib/crater-agent-workspace/builds/worker-0-tc2/source:/opt/rustwide/workdir:ro,Z" "-v" "/var/lib/crater-agent-workspace/cargo-home:/opt/rustwide/cargo-home:ro,Z" "-v" "/var/lib/crater-agent-workspace/rustup-home:/opt/rustwide/rustup-home:ro,Z" "-e" "SOURCE_DIR=/opt/rustwide/workdir" "-e" "CARGO_TARGET_DIR=/opt/rustwide/target" "-e" "CARGO_HOME=/opt/rustwide/cargo-home" "-e" "RUSTUP_HOME=/opt/rustwide/rustup-home" "-w" "/opt/rustwide/workdir" "-m" "1610612736" "--user" "0:0" "--network" "none" "ghcr.io/rust-lang/crates-build-env/linux@sha256:2788e3201cd34a07e3172128adcd8b3090168a8e3bcc40d7c032b9dda1df7d1c" "/opt/rustwide/cargo-home/bin/cargo" "+beta-2023-12-22" "metadata" "--no-deps" "--format-version=1", kill_on_drop: false }`
[INFO] [stdout] 753be4a98d43364e765e08981104f8049fd4251f7635b90767fde2350b3ed8d7
[INFO] running `Command { std: "docker" "start" "-a" "753be4a98d43364e765e08981104f8049fd4251f7635b90767fde2350b3ed8d7", kill_on_drop: false }`
[INFO] running `Command { std: "docker" "inspect" "753be4a98d43364e765e08981104f8049fd4251f7635b90767fde2350b3ed8d7", kill_on_drop: false }`
[INFO] running `Command { std: "docker" "rm" "-f" "753be4a98d43364e765e08981104f8049fd4251f7635b90767fde2350b3ed8d7", kill_on_drop: false }`
[INFO] [stdout] 753be4a98d43364e765e08981104f8049fd4251f7635b90767fde2350b3ed8d7
[INFO] running `Command { std: "docker" "create" "-v" "/var/lib/crater-agent-workspace/builds/worker-0-tc2/target:/opt/rustwide/target:rw,Z" "-v" "/var/lib/crater-agent-workspace/builds/worker-0-tc2/source:/opt/rustwide/workdir:ro,Z" "-v" "/var/lib/crater-agent-workspace/cargo-home:/opt/rustwide/cargo-home:ro,Z" "-v" "/var/lib/crater-agent-workspace/rustup-home:/opt/rustwide/rustup-home:ro,Z" "-e" "SOURCE_DIR=/opt/rustwide/workdir" "-e" "CARGO_TARGET_DIR=/opt/rustwide/target" "-e" "CARGO_INCREMENTAL=0" "-e" "RUST_BACKTRACE=full" "-e" "RUSTFLAGS=--cap-lints=warn" "-e" "RUSTDOCFLAGS=--cap-lints=warn" "-e" "CARGO_HOME=/opt/rustwide/cargo-home" "-e" "RUSTUP_HOME=/opt/rustwide/rustup-home" "-w" "/opt/rustwide/workdir" "-m" "1610612736" "--user" "0:0" "--network" "none" "ghcr.io/rust-lang/crates-build-env/linux@sha256:2788e3201cd34a07e3172128adcd8b3090168a8e3bcc40d7c032b9dda1df7d1c" "/opt/rustwide/cargo-home/bin/cargo" "+beta-2023-12-22" "doc" "--frozen" "--no-deps" "--document-private-items" "--message-format=json", kill_on_drop: false }`
[INFO] [stdout] 2c2caf7da8f1dc5efe0dd6377e5ce3267580994113c98dff92a2193893f5aecb
[INFO] running `Command { std: "docker" "start" "-a" "2c2caf7da8f1dc5efe0dd6377e5ce3267580994113c98dff92a2193893f5aecb", kill_on_drop: false }`
[INFO] [stderr]    Compiling libc v0.2.147
[INFO] [stderr]    Compiling proc-macro2 v1.0.66
[INFO] [stderr]    Compiling unicode-ident v1.0.11
[INFO] [stderr]     Checking once_cell v1.18.0
[INFO] [stderr]    Compiling cc v1.0.79
[INFO] [stderr]    Compiling io-lifetimes v1.0.11
[INFO] [stderr]    Compiling rustix v0.38.4
[INFO] [stderr]     Checking bitflags v2.3.3
[INFO] [stderr]    Compiling rustix v0.37.23
[INFO] [stderr]     Checking linux-raw-sys v0.4.3
[INFO] [stderr]    Compiling memchr v2.5.0
[INFO] [stderr]     Checking pin-project-lite v0.2.10
[INFO] [stderr]     Checking linux-raw-sys v0.3.8
[INFO] [stderr]    Compiling regex-syntax v0.7.4
[INFO] [stderr]     Checking utf8parse v0.2.1
[INFO] [stderr]     Checking sharded-slab v0.1.4
[INFO] [stderr]     Checking colorchoice v1.0.0
[INFO] [stderr]     Checking anstyle-parse v0.2.1
[INFO] [stderr]     Checking anstyle-query v1.0.0
[INFO] [stderr]     Checking anstyle v1.0.1
[INFO] [stderr]     Checking tracing-core v0.1.31
[INFO] [stderr]     Checking thread_local v1.1.7
[INFO] [stderr]     Checking adler v1.0.2
[INFO] [stderr]     Checking miniz_oxide v0.7.1
[INFO] [stderr]    Compiling ahash v0.8.3
[INFO] [stderr]    Compiling heck v0.4.1
[INFO] [stderr]    Compiling paste v1.0.14
[INFO] [stderr]     Checking strsim v0.10.0
[INFO] [stderr]    Compiling aho-corasick v1.0.2
[INFO] [stderr]     Checking tracing v0.1.37
[INFO] [stderr]    Compiling eyre v0.6.8
[INFO] [stderr]     Checking gimli v0.27.3
[INFO] [stderr]     Checking clap_lex v0.5.0
[INFO] [stderr]    Compiling unicode-xid v0.2.4
[INFO] [stderr]     Checking ppv-lite86 v0.2.17
[INFO] [stderr]     Checking object v0.31.1
[INFO] [stderr]     Checking tracing-subscriber v0.3.17
[INFO] [stderr]    Compiling aho-corasick v0.7.20
[INFO] [stderr]    Compiling num-traits v0.2.15
[INFO] [stderr]    Compiling tokio v1.29.1
[INFO] [stderr]     Checking rustc-demangle v0.1.23
[INFO] [stderr]    Compiling futures-core v0.3.28
[INFO] [stderr]    Compiling quote v1.0.31
[INFO] [stderr]    Compiling async-trait v0.1.71
[INFO] [stderr]     Checking indenter v0.3.3
[INFO] [stderr]     Checking owo-colors v3.5.0
[INFO] [stderr]     Checking is-terminal v0.4.9
[INFO] [stderr]    Compiling syn v2.0.26
[INFO] [stderr]     Checking anstream v0.3.2
[INFO] [stderr]     Checking bytes v1.4.0
[INFO] [stderr]     Checking sorted-vec v0.8.2
[INFO] [stderr]    Compiling backtrace v0.3.68
[INFO] [stderr]     Checking these v2.0.0
[INFO] [stderr]     Checking either v1.8.1
[INFO] [stderr]     Checking tracing-error v0.2.0
[INFO] [stderr]     Checking getrandom v0.2.10
[INFO] [stderr]     Checking mio v0.8.8
[INFO] [stderr]     Checking signal-hook-registry v1.4.1
[INFO] [stderr]     Checking color-spantrace v0.2.0
[INFO] [stderr]     Checking rand_core v0.6.4
[INFO] [stderr]     Checking rand_chacha v0.3.1
[INFO] [stderr]    Compiling regex-automata v0.3.3
[INFO] [stderr]     Checking rand v0.8.5
[INFO] [stderr]     Checking addr2line v0.20.0
[INFO] [stderr]     Checking terminal_size v0.2.6
[INFO] [stderr]     Checking random_word v0.4.1
[INFO] [stderr]     Checking clap_builder v4.3.15
[INFO] [stderr]     Checking color-eyre v0.6.2
[INFO] [stderr]    Compiling regex v1.9.1
[INFO] [stderr]    Compiling cpp_common v0.5.8
[INFO] [stderr]    Compiling cpp_build v0.5.8
[INFO] [stderr]    Compiling clap_derive v4.3.12
[INFO] [stderr]    Compiling minisat-instance v0.1.0 (/opt/rustwide/workdir/instance)
[INFO] [stderr]    Compiling cpp_macros v0.5.8
[INFO] [stderr]    Compiling tokio-macros v2.1.0
[INFO] [stderr]     Checking cpp v0.5.8
[INFO] [stderr] The following warnings were emitted during compilation:
[INFO] [stderr] 
[INFO] [stderr] warning: minisat-instance@0.1.0: src/main.rs:127:18: fatal error: minisat/core/Dimacs.h: No such file or directory
[INFO] [stderr] warning: minisat-instance@0.1.0:   127 |         #include <minisat/core/Dimacs.h>
[INFO] [stderr] warning: minisat-instance@0.1.0:       |                  ^~~~~~~~~~~~~~~~~~~~~~~
[INFO] [stderr] warning: minisat-instance@0.1.0: compilation terminated.
[INFO] [stderr] 
[INFO] [stderr] error: failed to run custom build command for `minisat-instance v0.1.0 (/opt/rustwide/workdir/instance)`
[INFO] [stderr] note: To improve backtraces for build dependencies, set the CARGO_PROFILE_DEV_BUILD_OVERRIDE_DEBUG=true environment variable to enable debug information generation.
[INFO] [stderr] 
[INFO] [stderr] Caused by:
[INFO] [stderr]   process didn't exit successfully: `/opt/rustwide/target/debug/build/minisat-instance-e3233ea2e2990ec8/build-script-build` (exit status: 1)
[INFO] [stderr]   --- stdout
[INFO] [stderr]   TARGET = Some("x86_64-unknown-linux-gnu")
[INFO] [stderr]   OPT_LEVEL = Some("0")
[INFO] [stderr]   HOST = Some("x86_64-unknown-linux-gnu")
[INFO] [stderr]   cargo:rerun-if-env-changed=CXX_x86_64-unknown-linux-gnu
[INFO] [stderr]   CXX_x86_64-unknown-linux-gnu = None
[INFO] [stderr]   cargo:rerun-if-env-changed=CXX_x86_64_unknown_linux_gnu
[INFO] [stderr]   CXX_x86_64_unknown_linux_gnu = None
[INFO] [stderr]   cargo:rerun-if-env-changed=HOST_CXX
[INFO] [stderr]   HOST_CXX = None
[INFO] [stderr]   cargo:rerun-if-env-changed=CXX
[INFO] [stderr]   CXX = None
[INFO] [stderr]   cargo:rerun-if-env-changed=CXXFLAGS_x86_64-unknown-linux-gnu
[INFO] [stderr]   CXXFLAGS_x86_64-unknown-linux-gnu = None
[INFO] [stderr]   cargo:rerun-if-env-changed=CXXFLAGS_x86_64_unknown_linux_gnu
[INFO] [stderr]   CXXFLAGS_x86_64_unknown_linux_gnu = None
[INFO] [stderr]   cargo:rerun-if-env-changed=HOST_CXXFLAGS
[INFO] [stderr]   HOST_CXXFLAGS = None
[INFO] [stderr]   cargo:rerun-if-env-changed=CXXFLAGS
[INFO] [stderr]   CXXFLAGS = None
[INFO] [stderr]   cargo:rerun-if-env-changed=CRATE_CC_NO_DEFAULTS
[INFO] [stderr]   CRATE_CC_NO_DEFAULTS = None
[INFO] [stderr]   DEBUG = Some("true")
[INFO] [stderr]   CARGO_CFG_TARGET_FEATURE = Some("fxsr,sse,sse2")
[INFO] [stderr]   running: "c++" "-O0" "-ffunction-sections" "-fdata-sections" "-fPIC" "-gdwarf-4" "-fno-omit-frame-pointer" "-m64" "-I" "/opt/rustwide/workdir/instance" "-Wall" "-Wextra" "-std=c++17" "-o" "/opt/rustwide/target/debug/build/minisat-instance-2d81c9dca8cc18c0/out/29dcfa44c83cb81b-cpp_closures.o" "-c" "/opt/rustwide/target/debug/build/minisat-instance-2d81c9dca8cc18c0/out/rust_cpp/cpp_closures.cpp"
[INFO] [stderr]   cargo:warning=src/main.rs:127:18: fatal error: minisat/core/Dimacs.h: No such file or directory
[INFO] [stderr]   cargo:warning=  127 |         #include <minisat/core/Dimacs.h>
[INFO] [stderr]   cargo:warning=      |                  ^~~~~~~~~~~~~~~~~~~~~~~
[INFO] [stderr]   cargo:warning=compilation terminated.
[INFO] [stderr]   exit status: 1
[INFO] [stderr] 
[INFO] [stderr]   --- stderr
[INFO] [stderr] 
[INFO] [stderr] 
[INFO] [stderr]   error occurred: ToolExecError: Command "c++" "-O0" "-ffunction-sections" "-fdata-sections" "-fPIC" "-gdwarf-4" "-fno-omit-frame-pointer" "-m64" "-I" "/opt/rustwide/workdir/instance" "-Wall" "-Wextra" "-std=c++17" "-o" "/opt/rustwide/target/debug/build/minisat-instance-2d81c9dca8cc18c0/out/29dcfa44c83cb81b-cpp_closures.o" "-c" "/opt/rustwide/target/debug/build/minisat-instance-2d81c9dca8cc18c0/out/rust_cpp/cpp_closures.cpp" with args "c++" did not execute successfully (status code exit status: 1).
[INFO] [stderr] 
[INFO] [stderr] 
[INFO] [stderr] warning: build failed, waiting for other jobs to finish...
[INFO] running `Command { std: "docker" "inspect" "2c2caf7da8f1dc5efe0dd6377e5ce3267580994113c98dff92a2193893f5aecb", kill_on_drop: false }`
[INFO] running `Command { std: "docker" "rm" "-f" "2c2caf7da8f1dc5efe0dd6377e5ce3267580994113c98dff92a2193893f5aecb", kill_on_drop: false }`
[INFO] [stdout] 2c2caf7da8f1dc5efe0dd6377e5ce3267580994113c98dff92a2193893f5aecb
