[INFO] cloning repository https://github.com/JShermanK1/infochallenge
[INFO] running `Command { std: "git" "-c" "credential.helper=" "-c" "credential.helper=/workspace/cargo-home/bin/git-credential-null" "clone" "--bare" "https://github.com/JShermanK1/infochallenge" "/workspace/cache/git-repos/https%3A%2F%2Fgithub.com%2FJShermanK1%2Finfochallenge", kill_on_drop: false }`
[INFO] [stderr] Cloning into bare repository '/workspace/cache/git-repos/https%3A%2F%2Fgithub.com%2FJShermanK1%2Finfochallenge'...
[INFO] running `Command { std: "git" "rev-parse" "HEAD", kill_on_drop: false }`
[INFO] [stdout] 8d028ec70278f2ab1d6f025efec9e94328061172
[INFO] documenting JShermanK1/infochallenge against 1.75.0 for beta-1.76-rustdoc-1
[INFO] running `Command { std: "git" "clone" "/workspace/cache/git-repos/https%3A%2F%2Fgithub.com%2FJShermanK1%2Finfochallenge" "/workspace/builds/worker-7-tc1/source", kill_on_drop: false }`
[INFO] [stderr] Cloning into '/workspace/builds/worker-7-tc1/source'...
[INFO] [stderr] done.
[INFO] validating manifest of git repo https://github.com/JShermanK1/infochallenge on toolchain 1.75.0
[INFO] running `Command { std: CARGO_HOME="/workspace/cargo-home" RUSTUP_HOME="/workspace/rustup-home" "/workspace/cargo-home/bin/cargo" "+1.75.0" "metadata" "--manifest-path" "Cargo.toml" "--no-deps", kill_on_drop: false }`
[INFO] started tweaking git repo https://github.com/JShermanK1/infochallenge
[INFO] finished tweaking git repo https://github.com/JShermanK1/infochallenge
[INFO] tweaked toml for git repo https://github.com/JShermanK1/infochallenge written to /workspace/builds/worker-7-tc1/source/Cargo.toml
[INFO] crate git repo https://github.com/JShermanK1/infochallenge already has a lockfile, it will not be regenerated
[INFO] running `Command { std: CARGO_HOME="/workspace/cargo-home" RUSTUP_HOME="/workspace/rustup-home" "/workspace/cargo-home/bin/cargo" "+1.75.0" "fetch" "--manifest-path" "Cargo.toml", kill_on_drop: false }`
[INFO] [stderr]     Updating crates.io index
[INFO] [stderr]  Downloading crates ...
[INFO] [stderr]   Downloaded polars-pipe v0.28.0
[INFO] [stderr]   Downloaded polars-ops v0.28.0
[INFO] [stderr]   Downloaded enum_dispatch v0.3.11
[INFO] [stderr]   Downloaded target-features v0.1.3
[INFO] [stderr]   Downloaded multiversion-macros v0.7.1
[INFO] [stderr]   Downloaded polars-io v0.28.0
[INFO] [stderr]   Downloaded arrow2 v0.17.0
[INFO] [stderr]   Downloaded polars-core v0.28.0
[INFO] [stderr]   Downloaded polars-lazy v0.28.0
[INFO] [stderr]   Downloaded polars-plan v0.28.0
[INFO] [stderr]   Downloaded polars-time v0.28.0
[INFO] [stderr]   Downloaded polars v0.28.0
[INFO] [stderr]   Downloaded sync_file v0.2.6
[INFO] [stderr]   Downloaded noodles v0.35.0
[INFO] [stderr]   Downloaded polars-row v0.28.0
[INFO] [stderr]   Downloaded multiversion v0.7.1
[INFO] [stderr]   Downloaded polars-utils v0.28.0
[INFO] [stderr]   Downloaded polars-error v0.28.0
[INFO] [stderr]   Downloaded noodles-bgzf v0.20.0
[INFO] [stderr]   Downloaded polars-arrow v0.28.0
[INFO] [stderr]   Downloaded noodles-tabix v0.18.0
[INFO] [stderr]   Downloaded noodles-bcf v0.23.0
[INFO] [stderr]   Downloaded noodles-csi v0.15.0
[INFO] [stderr]   Downloaded noodles-vcf v0.27.0
[INFO] running `Command { std: "docker" "create" "-v" "/var/lib/crater-agent-workspace/builds/worker-7-tc1/target:/opt/rustwide/target:rw,Z" "-v" "/var/lib/crater-agent-workspace/builds/worker-7-tc1/source:/opt/rustwide/workdir:ro,Z" "-v" "/var/lib/crater-agent-workspace/cargo-home:/opt/rustwide/cargo-home:ro,Z" "-v" "/var/lib/crater-agent-workspace/rustup-home:/opt/rustwide/rustup-home:ro,Z" "-e" "SOURCE_DIR=/opt/rustwide/workdir" "-e" "CARGO_TARGET_DIR=/opt/rustwide/target" "-e" "CARGO_HOME=/opt/rustwide/cargo-home" "-e" "RUSTUP_HOME=/opt/rustwide/rustup-home" "-w" "/opt/rustwide/workdir" "-m" "1610612736" "--user" "0:0" "--network" "none" "ghcr.io/rust-lang/crates-build-env/linux@sha256:2788e3201cd34a07e3172128adcd8b3090168a8e3bcc40d7c032b9dda1df7d1c" "/opt/rustwide/cargo-home/bin/cargo" "+1.75.0" "metadata" "--no-deps" "--format-version=1", kill_on_drop: false }`
[INFO] [stdout] e918ad8af45ac27d2b6a1aaa370cba35ac61faf5951c35362aa38a3b3354032a
[INFO] running `Command { std: "docker" "start" "-a" "e918ad8af45ac27d2b6a1aaa370cba35ac61faf5951c35362aa38a3b3354032a", kill_on_drop: false }`
[INFO] running `Command { std: "docker" "inspect" "e918ad8af45ac27d2b6a1aaa370cba35ac61faf5951c35362aa38a3b3354032a", kill_on_drop: false }`
[INFO] running `Command { std: "docker" "rm" "-f" "e918ad8af45ac27d2b6a1aaa370cba35ac61faf5951c35362aa38a3b3354032a", kill_on_drop: false }`
[INFO] [stdout] e918ad8af45ac27d2b6a1aaa370cba35ac61faf5951c35362aa38a3b3354032a
[INFO] running `Command { std: "docker" "create" "-v" "/var/lib/crater-agent-workspace/builds/worker-7-tc1/target:/opt/rustwide/target:rw,Z" "-v" "/var/lib/crater-agent-workspace/builds/worker-7-tc1/source:/opt/rustwide/workdir:ro,Z" "-v" "/var/lib/crater-agent-workspace/cargo-home:/opt/rustwide/cargo-home:ro,Z" "-v" "/var/lib/crater-agent-workspace/rustup-home:/opt/rustwide/rustup-home:ro,Z" "-e" "SOURCE_DIR=/opt/rustwide/workdir" "-e" "CARGO_TARGET_DIR=/opt/rustwide/target" "-e" "CARGO_INCREMENTAL=0" "-e" "RUST_BACKTRACE=full" "-e" "RUSTFLAGS=--cap-lints=warn" "-e" "RUSTDOCFLAGS=--cap-lints=warn" "-e" "CARGO_HOME=/opt/rustwide/cargo-home" "-e" "RUSTUP_HOME=/opt/rustwide/rustup-home" "-w" "/opt/rustwide/workdir" "-m" "1610612736" "--user" "0:0" "--network" "none" "ghcr.io/rust-lang/crates-build-env/linux@sha256:2788e3201cd34a07e3172128adcd8b3090168a8e3bcc40d7c032b9dda1df7d1c" "/opt/rustwide/cargo-home/bin/cargo" "+1.75.0" "doc" "--frozen" "--no-deps" "--document-private-items" "--message-format=json", kill_on_drop: false }`
[INFO] [stdout] 95d147661af77ef75fbb827977c90f86e98afa3558f27f76d053465507df4526
[INFO] running `Command { std: "docker" "start" "-a" "95d147661af77ef75fbb827977c90f86e98afa3558f27f76d053465507df4526", kill_on_drop: false }`
[INFO] [stderr]    Compiling libc v0.2.141
[INFO] [stderr]    Compiling crossbeam-utils v0.8.15
[INFO] [stderr]    Compiling futures-task v0.3.28
[INFO] [stderr]    Compiling futures-channel v0.3.28
[INFO] [stderr]    Compiling futures-util v0.3.28
[INFO] [stderr]    Compiling log v0.4.17
[INFO] [stderr]     Checking static_assertions v1.1.0
[INFO] [stderr]     Checking futures-io v0.3.28
[INFO] [stderr]    Compiling libm v0.2.6
[INFO] [stderr]    Compiling num-traits v0.2.15
[INFO] [stderr]    Compiling syn v1.0.109
[INFO] [stderr]    Compiling memoffset v0.8.0
[INFO] [stderr]    Compiling syn v2.0.13
[INFO] [stderr]    Compiling pkg-config v0.3.26
[INFO] [stderr]    Compiling crossbeam-epoch v0.9.14
[INFO] [stderr]     Checking lexical-util v0.8.5
[INFO] [stderr]    Compiling target-features v0.1.3
[INFO] [stderr]    Compiling semver v1.0.17
[INFO] [stderr]     Checking either v1.8.1
[INFO] [stderr]    Compiling serde_derive v1.0.159
[INFO] [stderr]    Compiling indexmap v1.9.3
[INFO] [stderr]     Checking crossbeam-channel v0.5.7
[INFO] [stderr]    Compiling rayon-core v1.11.0
[INFO] [stderr]    Compiling serde v1.0.159
[INFO] [stderr]    Compiling tokio v1.27.0
[INFO] [stderr]     Checking hashbrown v0.12.3
[INFO] [stderr]     Checking crossbeam-deque v0.8.3
[INFO] [stderr]    Compiling rustc_version v0.4.0
[INFO] [stderr]     Checking lexical-write-integer v0.8.5
[INFO] [stderr]     Checking lexical-parse-integer v0.8.6
[INFO] [stderr]     Checking array-init-cursor v0.2.0
[INFO] [stderr]    Compiling signal-hook v0.3.15
[INFO] [stderr]     Checking aho-corasick v0.7.20
[INFO] [stderr]    Compiling smartstring v1.0.1
[INFO] [stderr]     Checking planus v0.3.1
[INFO] [stderr]     Checking dyn-clone v1.0.11
[INFO] [stderr]     Checking hash_hasher v2.0.3
[INFO] [stderr]     Checking lexical-parse-float v0.8.5
[INFO] [stderr]     Checking lexical-write-float v0.8.5
[INFO] [stderr]     Checking simdutf8 v0.1.4
[INFO] [stderr]     Checking ethnum v1.3.2
[INFO] [stderr]    Compiling arrow2 v0.17.0
[INFO] [stderr]     Checking foreign_vec v0.1.0
[INFO] [stderr]     Checking strength_reduce v0.2.4
[INFO] [stderr]     Checking regex-syntax v0.6.29
[INFO] [stderr]    Compiling rustversion v1.0.12
[INFO] [stderr]    Compiling heck v0.4.1
[INFO] [stderr]    Compiling jobserver v0.1.26
[INFO] [stderr]     Checking unicode-width v0.1.10
[INFO] [stderr]     Checking strum v0.24.1
[INFO] [stderr]     Checking xxhash-rust v0.8.6
[INFO] [stderr]     Checking miniz_oxide v0.6.2
[INFO] [stderr]     Checking tracing v0.1.37
[INFO] [stderr]    Compiling io-lifetimes v1.0.10
[INFO] [stderr]    Compiling rustix v0.37.11
[INFO] [stderr]    Compiling cc v1.0.79
[INFO] [stderr]     Checking linux-raw-sys v0.3.1
[INFO] [stderr]     Checking noodles-core v0.11.0
[INFO] [stderr]     Checking lexical-core v0.8.5
[INFO] [stderr]     Checking fast-float v0.2.0
[INFO] [stderr]     Checking bit-vec v0.6.3
[INFO] [stderr]     Checking utf8parse v0.2.1
[INFO] [stderr]     Checking anstyle v0.3.5
[INFO] [stderr]     Checking lexical v6.1.1
[INFO] [stderr]     Checking flate2 v1.0.25
[INFO] [stderr]     Checking concolor-query v0.3.3
[INFO] [stderr]     Checking concolor-override v1.0.0
[INFO] [stderr]     Checking anstyle-parse v0.1.1
[INFO] [stderr]    Compiling polars v0.28.0
[INFO] [stderr]     Checking strsim v0.10.0
[INFO] [stderr]     Checking clap_lex v0.4.1
[INFO] [stderr]     Checking glob v0.3.1
[INFO] [stderr]     Checking num_cpus v1.15.0
[INFO] [stderr]     Checking signal-hook-registry v1.4.1
[INFO] [stderr]     Checking mio v0.8.6
[INFO] [stderr]     Checking parking_lot_core v0.9.7
[INFO] [stderr]     Checking getrandom v0.2.8
[INFO] [stderr]     Checking num-integer v0.1.45
[INFO] [stderr]     Checking socket2 v0.4.9
[INFO] [stderr]     Checking sysinfo v0.28.4
[INFO] [stderr]     Checking atoi v2.0.0
[INFO] [stderr]     Checking dirs-sys v0.3.7
[INFO] [stderr]     Checking ahash v0.8.3
[INFO] [stderr]     Checking parking_lot v0.12.1
[INFO] [stderr]     Checking rand_core v0.6.4
[INFO] [stderr]     Checking dirs v4.0.0
[INFO] [stderr]     Checking chrono v0.4.24
[INFO] [stderr]     Checking memmap2 v0.5.10
[INFO] [stderr]     Checking signal-hook-mio v0.2.3
[INFO] [stderr]     Checking itertools v0.10.5
[INFO] [stderr]     Checking sync_file v0.2.6
[INFO] [stderr]     Checking rayon v1.7.0
[INFO] [stderr]     Checking crossterm v0.25.0
[INFO] [stderr]     Checking rand_chacha v0.3.1
[INFO] [stderr]     Checking rand v0.8.5
[INFO] [stderr]    Compiling zstd-sys v2.0.8+zstd.1.5.5
[INFO] [stderr]    Compiling lz4-sys v1.9.4
[INFO] [stderr]    Compiling libdeflate-sys v0.12.0
[INFO] [stderr]     Checking regex v1.7.3
[INFO] [stderr]     Checking now v0.1.3
[INFO] [stderr]     Checking rand_distr v0.4.3
[INFO] [stderr]     Checking is-terminal v0.4.7
[INFO] [stderr]    Compiling futures-macro v0.3.28
[INFO] [stderr]    Compiling bytemuck_derive v1.4.1
[INFO] [stderr]    Compiling tokio-macros v2.0.0
[INFO] [stderr]    Compiling thiserror-impl v1.0.40
[INFO] [stderr]    Compiling async-trait v0.1.68
[INFO] [stderr]     Checking anstream v0.2.6
[INFO] [stderr]     Checking libdeflater v0.12.0
[INFO] [stderr]     Checking clap_builder v4.2.1
[INFO] [stderr]     Checking polars-utils v0.28.0
[INFO] [stderr]     Checking hashbrown v0.13.2
[INFO] [stderr]     Checking bytemuck v1.13.1
[INFO] [stderr]    Compiling multiversion-macros v0.7.1
[INFO] [stderr]    Compiling strum_macros v0.24.3
[INFO] [stderr]     Checking thiserror v1.0.40
[INFO] [stderr]    Compiling enum_dispatch v0.3.11
[INFO] [stderr]     Checking clap v4.2.1
[INFO] [stderr]     Checking multiversion v0.7.1
[INFO] [stderr]     Checking comfy-table v6.1.4
[INFO] [stderr]     Checking futures-executor v0.3.28
[INFO] [stderr]     Checking futures v0.3.28
[INFO] [stderr]    Compiling zstd-safe v6.0.5+zstd.1.5.4
[INFO] [stderr]     Checking zstd v0.12.3+zstd.1.5.2
[INFO] [stderr]     Checking tokio-util v0.7.7
[INFO] [stderr]     Checking noodles-bgzf v0.20.0
[INFO] [stderr]     Checking noodles-csi v0.15.0
[INFO] [stderr]     Checking noodles-tabix v0.18.0
[INFO] [stderr]     Checking lz4 v1.24.0
[INFO] [stderr]     Checking noodles-vcf v0.27.0
[INFO] [stderr]     Checking arrow-format v0.8.1
[INFO] [stderr]     Checking noodles-bcf v0.23.0
[INFO] [stderr]     Checking noodles v0.35.0
[INFO] [stdout] error[E0554]: `#![feature]` may not be used on the stable release channel
[INFO] [stdout]   --> /opt/rustwide/cargo-home/registry/src/index.crates.io-6f17d22bba15001f/arrow2-0.17.0/src/lib.rs:14:39
[INFO] [stdout]    |
[INFO] [stdout] 14 | #![cfg_attr(feature = "simd", feature(portable_simd))]
[INFO] [stdout]    |                                       ^^^^^^^^^^^^^
[INFO] [stdout] 
[INFO] [stdout] 
[INFO] [stdout] error: aborting due to previous error
[INFO] [stdout] 
[INFO] [stdout] 
[INFO] [stdout] For more information about this error, try `rustc --explain E0554`.
[INFO] [stdout] 
[INFO] [stderr] error: could not compile `arrow2` (lib) due to 2 previous errors
[INFO] running `Command { std: "docker" "inspect" "95d147661af77ef75fbb827977c90f86e98afa3558f27f76d053465507df4526", kill_on_drop: false }`
[INFO] running `Command { std: "docker" "rm" "-f" "95d147661af77ef75fbb827977c90f86e98afa3558f27f76d053465507df4526", kill_on_drop: false }`
[INFO] [stdout] 95d147661af77ef75fbb827977c90f86e98afa3558f27f76d053465507df4526
[INFO] documenting JShermanK1/infochallenge against beta-2023-12-22 for beta-1.76-rustdoc-1
[INFO] running `Command { std: "git" "clone" "/workspace/cache/git-repos/https%3A%2F%2Fgithub.com%2FJShermanK1%2Finfochallenge" "/workspace/builds/worker-7-tc2/source", kill_on_drop: false }`
[INFO] [stderr] Cloning into '/workspace/builds/worker-7-tc2/source'...
[INFO] [stderr] done.
[INFO] validating manifest of git repo https://github.com/JShermanK1/infochallenge on toolchain beta-2023-12-22
[INFO] running `Command { std: CARGO_HOME="/workspace/cargo-home" RUSTUP_HOME="/workspace/rustup-home" "/workspace/cargo-home/bin/cargo" "+beta-2023-12-22" "metadata" "--manifest-path" "Cargo.toml" "--no-deps", kill_on_drop: false }`
[INFO] started tweaking git repo https://github.com/JShermanK1/infochallenge
[INFO] finished tweaking git repo https://github.com/JShermanK1/infochallenge
[INFO] tweaked toml for git repo https://github.com/JShermanK1/infochallenge written to /workspace/builds/worker-7-tc2/source/Cargo.toml
[INFO] crate git repo https://github.com/JShermanK1/infochallenge already has a lockfile, it will not be regenerated
[INFO] running `Command { std: CARGO_HOME="/workspace/cargo-home" RUSTUP_HOME="/workspace/rustup-home" "/workspace/cargo-home/bin/cargo" "+beta-2023-12-22" "fetch" "--manifest-path" "Cargo.toml", kill_on_drop: false }`
[INFO] running `Command { std: "docker" "create" "-v" "/var/lib/crater-agent-workspace/builds/worker-7-tc2/target:/opt/rustwide/target:rw,Z" "-v" "/var/lib/crater-agent-workspace/builds/worker-7-tc2/source:/opt/rustwide/workdir:ro,Z" "-v" "/var/lib/crater-agent-workspace/cargo-home:/opt/rustwide/cargo-home:ro,Z" "-v" "/var/lib/crater-agent-workspace/rustup-home:/opt/rustwide/rustup-home:ro,Z" "-e" "SOURCE_DIR=/opt/rustwide/workdir" "-e" "CARGO_TARGET_DIR=/opt/rustwide/target" "-e" "CARGO_HOME=/opt/rustwide/cargo-home" "-e" "RUSTUP_HOME=/opt/rustwide/rustup-home" "-w" "/opt/rustwide/workdir" "-m" "1610612736" "--user" "0:0" "--network" "none" "ghcr.io/rust-lang/crates-build-env/linux@sha256:2788e3201cd34a07e3172128adcd8b3090168a8e3bcc40d7c032b9dda1df7d1c" "/opt/rustwide/cargo-home/bin/cargo" "+beta-2023-12-22" "metadata" "--no-deps" "--format-version=1", kill_on_drop: false }`
[INFO] [stdout] b44f327e5f2e3d9021b03ec49c00c9fa905ecd0b673026fd9480243c341fb404
[INFO] running `Command { std: "docker" "start" "-a" "b44f327e5f2e3d9021b03ec49c00c9fa905ecd0b673026fd9480243c341fb404", kill_on_drop: false }`
[INFO] running `Command { std: "docker" "inspect" "b44f327e5f2e3d9021b03ec49c00c9fa905ecd0b673026fd9480243c341fb404", kill_on_drop: false }`
[INFO] running `Command { std: "docker" "rm" "-f" "b44f327e5f2e3d9021b03ec49c00c9fa905ecd0b673026fd9480243c341fb404", kill_on_drop: false }`
[INFO] [stdout] b44f327e5f2e3d9021b03ec49c00c9fa905ecd0b673026fd9480243c341fb404
[INFO] running `Command { std: "docker" "create" "-v" "/var/lib/crater-agent-workspace/builds/worker-7-tc2/target:/opt/rustwide/target:rw,Z" "-v" "/var/lib/crater-agent-workspace/builds/worker-7-tc2/source:/opt/rustwide/workdir:ro,Z" "-v" "/var/lib/crater-agent-workspace/cargo-home:/opt/rustwide/cargo-home:ro,Z" "-v" "/var/lib/crater-agent-workspace/rustup-home:/opt/rustwide/rustup-home:ro,Z" "-e" "SOURCE_DIR=/opt/rustwide/workdir" "-e" "CARGO_TARGET_DIR=/opt/rustwide/target" "-e" "CARGO_INCREMENTAL=0" "-e" "RUST_BACKTRACE=full" "-e" "RUSTFLAGS=--cap-lints=warn" "-e" "RUSTDOCFLAGS=--cap-lints=warn" "-e" "CARGO_HOME=/opt/rustwide/cargo-home" "-e" "RUSTUP_HOME=/opt/rustwide/rustup-home" "-w" "/opt/rustwide/workdir" "-m" "1610612736" "--user" "0:0" "--network" "none" "ghcr.io/rust-lang/crates-build-env/linux@sha256:2788e3201cd34a07e3172128adcd8b3090168a8e3bcc40d7c032b9dda1df7d1c" "/opt/rustwide/cargo-home/bin/cargo" "+beta-2023-12-22" "doc" "--frozen" "--no-deps" "--document-private-items" "--message-format=json", kill_on_drop: false }`
[INFO] [stdout] 78fa289b244679743e5a7ef6ecc1bab19e05b7bc6f24b45a50660c06db709e9f
[INFO] running `Command { std: "docker" "start" "-a" "78fa289b244679743e5a7ef6ecc1bab19e05b7bc6f24b45a50660c06db709e9f", kill_on_drop: false }`
[INFO] [stderr]    Compiling libc v0.2.141
[INFO] [stderr]    Compiling crossbeam-utils v0.8.15
[INFO] [stderr]    Compiling futures-channel v0.3.28
[INFO] [stderr]    Compiling futures-task v0.3.28
[INFO] [stderr]    Compiling futures-util v0.3.28
[INFO] [stderr]     Checking futures-io v0.3.28
[INFO] [stderr]    Compiling log v0.4.17
[INFO] [stderr]     Checking static_assertions v1.1.0
[INFO] [stderr]    Compiling libm v0.2.6
[INFO] [stderr]    Compiling num-traits v0.2.15
[INFO] [stderr]    Compiling syn v1.0.109
[INFO] [stderr]    Compiling syn v2.0.13
[INFO] [stderr]    Compiling memoffset v0.8.0
[INFO] [stderr]    Compiling pkg-config v0.3.26
[INFO] [stderr]    Compiling crossbeam-epoch v0.9.14
[INFO] [stderr]     Checking lexical-util v0.8.5
[INFO] [stderr]    Compiling semver v1.0.17
[INFO] [stderr]    Compiling target-features v0.1.3
[INFO] [stderr]     Checking either v1.8.1
[INFO] [stderr]    Compiling serde_derive v1.0.159
[INFO] [stderr]    Compiling indexmap v1.9.3
[INFO] [stderr]    Compiling rayon-core v1.11.0
[INFO] [stderr]    Compiling serde v1.0.159
[INFO] [stderr]    Compiling tokio v1.27.0
[INFO] [stderr]     Checking lexical-parse-integer v0.8.6
[INFO] [stderr]     Checking crossbeam-channel v0.5.7
[INFO] [stderr]     Checking lexical-write-integer v0.8.5
[INFO] [stderr]     Checking lexical-parse-float v0.8.5
[INFO] [stderr]    Compiling rustc_version v0.4.0
[INFO] [stderr]     Checking hashbrown v0.12.3
[INFO] [stderr]     Checking array-init-cursor v0.2.0
[INFO] [stderr]    Compiling signal-hook v0.3.15
[INFO] [stderr]     Checking planus v0.3.1
[INFO] [stderr]     Checking aho-corasick v0.7.20
[INFO] [stderr]    Compiling smartstring v1.0.1
[INFO] [stderr]     Checking lexical-write-float v0.8.5
[INFO] [stderr]     Checking crossbeam-deque v0.8.3
[INFO] [stderr]    Compiling jobserver v0.1.26
[INFO] [stderr]     Checking ethnum v1.3.2
[INFO] [stderr]    Compiling arrow2 v0.17.0
[INFO] [stderr]     Checking regex-syntax v0.6.29
[INFO] [stderr]     Checking dyn-clone v1.0.11
[INFO] [stderr]    Compiling rustversion v1.0.12
[INFO] [stderr]     Checking lexical-core v0.8.5
[INFO] [stderr]     Checking hash_hasher v2.0.3
[INFO] [stderr]     Checking foreign_vec v0.1.0
[INFO] [stderr]     Checking simdutf8 v0.1.4
[INFO] [stderr]     Checking strength_reduce v0.2.4
[INFO] [stderr]    Compiling cc v1.0.79
[INFO] [stderr]    Compiling heck v0.4.1
[INFO] [stderr]     Checking strum v0.24.1
[INFO] [stderr]     Checking unicode-width v0.1.10
[INFO] [stderr]     Checking xxhash-rust v0.8.6
[INFO] [stderr]     Checking miniz_oxide v0.6.2
[INFO] [stderr]     Checking tracing v0.1.37
[INFO] [stderr]    Compiling io-lifetimes v1.0.10
[INFO] [stderr]    Compiling rustix v0.37.11
[INFO] [stderr]     Checking lexical v6.1.1
[INFO] [stderr]     Checking bit-vec v0.6.3
[INFO] [stderr]     Checking noodles-core v0.11.0
[INFO] [stderr]     Checking num-integer v0.1.45
[INFO] [stderr]     Checking atoi v2.0.0
[INFO] [stderr]     Checking fast-float v0.2.0
[INFO] [stderr]     Checking linux-raw-sys v0.3.1
[INFO] [stderr]     Checking utf8parse v0.2.1
[INFO] [stderr]     Checking concolor-override v1.0.0
[INFO] [stderr]     Checking concolor-query v0.3.3
[INFO] [stderr]     Checking anstyle v0.3.5
[INFO] [stderr]     Checking anstyle-parse v0.1.1
[INFO] [stderr]    Compiling polars v0.28.0
[INFO] [stderr]     Checking num_cpus v1.15.0
[INFO] [stderr]     Checking signal-hook-registry v1.4.1
[INFO] [stderr]     Checking parking_lot_core v0.9.7
[INFO] [stderr]     Checking mio v0.8.6
[INFO] [stderr]     Checking getrandom v0.2.8
[INFO] [stderr]     Checking socket2 v0.4.9
[INFO] [stderr]     Checking sysinfo v0.28.4
[INFO] [stderr]     Checking chrono v0.4.24
[INFO] [stderr]     Checking flate2 v1.0.25
[INFO] [stderr]     Checking parking_lot v0.12.1
[INFO] [stderr]     Checking dirs-sys v0.3.7
[INFO] [stderr]     Checking ahash v0.8.3
[INFO] [stderr]     Checking rand_core v0.6.4
[INFO] [stderr]     Checking dirs v4.0.0
[INFO] [stderr]     Checking memmap2 v0.5.10
[INFO] [stderr]     Checking signal-hook-mio v0.2.3
[INFO] [stderr]     Checking glob v0.3.1
[INFO] [stderr]     Checking strsim v0.10.0
[INFO] [stderr]     Checking rand_chacha v0.3.1
[INFO] [stderr]     Checking crossterm v0.25.0
[INFO] [stderr]     Checking clap_lex v0.4.1
[INFO] [stderr]     Checking rayon v1.7.0
[INFO] [stderr]     Checking itertools v0.10.5
[INFO] [stderr]     Checking sync_file v0.2.6
[INFO] [stderr]     Checking rand v0.8.5
[INFO] [stderr]    Compiling zstd-sys v2.0.8+zstd.1.5.5
[INFO] [stderr]    Compiling lz4-sys v1.9.4
[INFO] [stderr]    Compiling libdeflate-sys v0.12.0
[INFO] [stderr]     Checking regex v1.7.3
[INFO] [stderr]     Checking now v0.1.3
[INFO] [stderr]     Checking rand_distr v0.4.3
[INFO] [stderr]     Checking is-terminal v0.4.7
[INFO] [stderr]     Checking anstream v0.2.6
[INFO] [stderr]     Checking libdeflater v0.12.0
[INFO] [stderr]     Checking clap_builder v4.2.1
[INFO] [stderr]    Compiling futures-macro v0.3.28
[INFO] [stderr]    Compiling bytemuck_derive v1.4.1
[INFO] [stderr]    Compiling tokio-macros v2.0.0
[INFO] [stderr]    Compiling thiserror-impl v1.0.40
[INFO] [stderr]     Checking polars-utils v0.28.0
[INFO] [stderr]     Checking hashbrown v0.13.2
[INFO] [stderr]    Compiling async-trait v0.1.68
[INFO] [stderr]     Checking clap v4.2.1
[INFO] [stderr]     Checking bytemuck v1.13.1
[INFO] [stderr]    Compiling multiversion-macros v0.7.1
[INFO] [stderr]    Compiling strum_macros v0.24.3
[INFO] [stderr]    Compiling enum_dispatch v0.3.11
[INFO] [stderr]     Checking thiserror v1.0.40
[INFO] [stderr]    Compiling zstd-safe v6.0.5+zstd.1.5.4
[INFO] [stderr]     Checking zstd v0.12.3+zstd.1.5.2
[INFO] [stderr]     Checking comfy-table v6.1.4
[INFO] [stderr]     Checking multiversion v0.7.1
[INFO] [stderr]     Checking futures-executor v0.3.28
[INFO] [stderr]     Checking futures v0.3.28
[INFO] [stderr]     Checking lz4 v1.24.0
[INFO] [stderr]     Checking tokio-util v0.7.7
[INFO] [stderr]     Checking noodles-bgzf v0.20.0
[INFO] [stderr]     Checking noodles-csi v0.15.0
[INFO] [stderr]     Checking arrow-format v0.8.1
[INFO] [stderr]     Checking noodles-tabix v0.18.0
[INFO] [stderr]     Checking noodles-vcf v0.27.0
[INFO] [stderr]     Checking noodles-bcf v0.23.0
[INFO] [stderr]     Checking noodles v0.35.0
[INFO] [stdout] error[E0432]: unresolved import `std::simd::SimdPartialEq`
[INFO] [stdout]  --> /opt/rustwide/cargo-home/registry/src/index.crates.io-6f17d22bba15001f/arrow2-0.17.0/src/types/simd/packed.rs:4:5
[INFO] [stdout]   |
[INFO] [stdout] 4 |     SimdPartialEq,
[INFO] [stdout]   |     ^^^^^^^^^^^^^ no `SimdPartialEq` in `simd`
[INFO] [stdout]   |
[INFO] [stdout]   = help: consider importing one of these items instead:
[INFO] [stdout]           core::simd::prelude::SimdPartialEq
[INFO] [stdout]           std::simd::prelude::SimdPartialEq
[INFO] [stdout] 
[INFO] [stdout] 
[INFO] [stdout] error[E0432]: unresolved imports `std::simd::SimdFloat`, `std::simd::SimdInt`, `std::simd::SimdOrd`, `std::simd::SimdUint`
[INFO] [stdout]  --> /opt/rustwide/cargo-home/registry/src/index.crates.io-6f17d22bba15001f/arrow2-0.17.0/src/compute/aggregate/simd/packed.rs:1:17
[INFO] [stdout]   |
[INFO] [stdout] 1 | use std::simd::{SimdFloat as _, SimdInt as _, SimdOrd as _, SimdUint as _};
[INFO] [stdout]   |                 ---------^^^^^  ^^^^^^^^^^^^  ^^^^^^^^^^^^  ^^^^^^^^^^^^^ no `SimdUint` in `simd`
[INFO] [stdout]   |                 |               |             |
[INFO] [stdout]   |                 |               |             no `SimdOrd` in `simd`
[INFO] [stdout]   |                 |               no `SimdInt` in `simd`
[INFO] [stdout]   |                 no `SimdFloat` in `simd`
[INFO] [stdout]   |                 help: a similar name exists in the module: `StdFloat`
[INFO] [stdout]   |
[INFO] [stdout]   = help: consider importing one of these items instead:
[INFO] [stdout]           core::simd::prelude::SimdFloat
[INFO] [stdout]           std::simd::prelude::SimdFloat
[INFO] [stdout]   = help: consider importing one of these items instead:
[INFO] [stdout]           core::simd::prelude::SimdInt
[INFO] [stdout]           std::simd::prelude::SimdInt
[INFO] [stdout]   = help: consider importing one of these items instead:
[INFO] [stdout]           core::simd::prelude::SimdOrd
[INFO] [stdout]           crate::compute::aggregate::SimdOrd
[INFO] [stdout]           std::simd::prelude::SimdOrd
[INFO] [stdout]   = help: consider importing one of these items instead:
[INFO] [stdout]           core::simd::prelude::SimdUint
[INFO] [stdout]           std::simd::prelude::SimdUint
[INFO] [stdout] 
[INFO] [stdout] 
[INFO] [stdout] error[E0432]: unresolved imports `std::simd::SimdPartialEq`, `std::simd::SimdPartialOrd`, `std::simd::ToBitMask`
[INFO] [stdout]  --> /opt/rustwide/cargo-home/registry/src/index.crates.io-6f17d22bba15001f/arrow2-0.17.0/src/compute/comparison/simd/packed.rs:2:17
[INFO] [stdout]   |
[INFO] [stdout] 2 | use std::simd::{SimdPartialEq, SimdPartialOrd, ToBitMask};
[INFO] [stdout]   |                 ^^^^^^^^^^^^^  ^^^^^^^^^^^^^^  ^^^^^^^^^ no `ToBitMask` in `simd`
[INFO] [stdout]   |                 |              |
[INFO] [stdout]   |                 |              no `SimdPartialOrd` in `simd`
[INFO] [stdout]   |                 no `SimdPartialEq` in `simd`
[INFO] [stdout]   |
[INFO] [stdout]   = help: consider importing one of these items instead:
[INFO] [stdout]           core::simd::prelude::SimdPartialEq
[INFO] [stdout]           crate::types::simd::SimdPartialEq
[INFO] [stdout]           std::simd::prelude::SimdPartialEq
[INFO] [stdout]   = help: consider importing one of these items instead:
[INFO] [stdout]           core::simd::prelude::SimdPartialOrd
[INFO] [stdout]           std::simd::prelude::SimdPartialOrd
[INFO] [stdout] 
[INFO] [stdout] 
[INFO] [stdout] error[E0554]: `#![feature]` may not be used on the beta release channel
[INFO] [stdout]   --> /opt/rustwide/cargo-home/registry/src/index.crates.io-6f17d22bba15001f/arrow2-0.17.0/src/lib.rs:14:39
[INFO] [stdout]    |
[INFO] [stdout] 14 | #![cfg_attr(feature = "simd", feature(portable_simd))]
[INFO] [stdout]    |                                       ^^^^^^^^^^^^^
[INFO] [stdout] 
[INFO] [stdout] 
[INFO] [stdout] error[E0599]: no method named `simd_eq` found for struct `std::simd::Simd` in the current scope
[INFO] [stdout]   --> /opt/rustwide/cargo-home/registry/src/index.crates.io-6f17d22bba15001f/arrow2-0.17.0/src/types/simd/packed.rs:78:21
[INFO] [stdout]    |
[INFO] [stdout] 78 |     (idx & vecmask).simd_eq(idx)
[INFO] [stdout]    |                     ^^^^^^^ method not found in `Simd<u64, 8>`
[INFO] [stdout]   --> /rustc/0e09125c6c3c2fd70d7de961bcf0e51575235fad/library/core/src/../../portable-simd/crates/core_simd/src/simd/cmp/eq.rs:14:8
[INFO] [stdout]    |
[INFO] [stdout]    = note: the method is available for `std::simd::Simd<u64, 8>` here
[INFO] [stdout]    |
[INFO] [stdout]    = help: items from traits can only be used if the trait is in scope
[INFO] [stdout] help: the following trait is implemented but not in scope; perhaps add a `use` for it:
[INFO] [stdout]    |
[INFO] [stdout] 1  + use std::simd::cmp::SimdPartialEq;
[INFO] [stdout]    |
[INFO] [stdout] 
[INFO] [stdout] 
[INFO] [stdout] error[E0599]: no method named `simd_eq` found for struct `std::simd::Simd` in the current scope
[INFO] [stdout]   --> /opt/rustwide/cargo-home/registry/src/index.crates.io-6f17d22bba15001f/arrow2-0.17.0/src/types/simd/packed.rs:88:21
[INFO] [stdout]    |
[INFO] [stdout] 88 |     (idx & vecmask).simd_eq(idx)
[INFO] [stdout]    |                     ^^^^^^^ method not found in `Simd<u32, 16>`
[INFO] [stdout]   --> /rustc/0e09125c6c3c2fd70d7de961bcf0e51575235fad/library/core/src/../../portable-simd/crates/core_simd/src/simd/cmp/eq.rs:14:8
[INFO] [stdout]    |
[INFO] [stdout]    = note: the method is available for `std::simd::Simd<u32, 16>` here
[INFO] [stdout]    |
[INFO] [stdout]    = help: items from traits can only be used if the trait is in scope
[INFO] [stdout] help: the following trait is implemented but not in scope; perhaps add a `use` for it:
[INFO] [stdout]    |
[INFO] [stdout] 1  + use std::simd::cmp::SimdPartialEq;
[INFO] [stdout]    |
[INFO] [stdout] 
[INFO] [stdout] 
[INFO] [stdout] error[E0599]: no method named `simd_eq` found for struct `std::simd::Simd` in the current scope
[INFO] [stdout]    --> /opt/rustwide/cargo-home/registry/src/index.crates.io-6f17d22bba15001f/arrow2-0.17.0/src/types/simd/packed.rs:113:29
[INFO] [stdout]     |
[INFO] [stdout] 113 |     (idx & left & vecmask1).simd_eq(idx) | (idx & right & vecmask2).simd_eq(idx)
[INFO] [stdout]     |                             ^^^^^^^ method not found in `Simd<u16, 32>`
[INFO] [stdout]    --> /rustc/0e09125c6c3c2fd70d7de961bcf0e51575235fad/library/core/src/../../portable-simd/crates/core_simd/src/simd/cmp/eq.rs:14:8
[INFO] [stdout]     |
[INFO] [stdout]     = note: the method is available for `std::simd::Simd<u16, 32>` here
[INFO] [stdout]     |
[INFO] [stdout]     = help: items from traits can only be used if the trait is in scope
[INFO] [stdout] help: the following trait is implemented but not in scope; perhaps add a `use` for it:
[INFO] [stdout]     |
[INFO] [stdout] 1   + use std::simd::cmp::SimdPartialEq;
[INFO] [stdout]     |
[INFO] [stdout] 
[INFO] [stdout] 
[INFO] [stdout] error[E0599]: no method named `simd_eq` found for struct `std::simd::Simd` in the current scope
[INFO] [stdout]    --> /opt/rustwide/cargo-home/registry/src/index.crates.io-6f17d22bba15001f/arrow2-0.17.0/src/types/simd/packed.rs:113:69
[INFO] [stdout]     |
[INFO] [stdout] 113 |     (idx & left & vecmask1).simd_eq(idx) | (idx & right & vecmask2).simd_eq(idx)
[INFO] [stdout]     |                                                                     ^^^^^^^ method not found in `Simd<u16, 32>`
[INFO] [stdout]    --> /rustc/0e09125c6c3c2fd70d7de961bcf0e51575235fad/library/core/src/../../portable-simd/crates/core_simd/src/simd/cmp/eq.rs:14:8
[INFO] [stdout]     |
[INFO] [stdout]     = note: the method is available for `std::simd::Simd<u16, 32>` here
[INFO] [stdout]     |
[INFO] [stdout]     = help: items from traits can only be used if the trait is in scope
[INFO] [stdout] help: the following trait is implemented but not in scope; perhaps add a `use` for it:
[INFO] [stdout]     |
[INFO] [stdout] 1   + use std::simd::cmp::SimdPartialEq;
[INFO] [stdout]     |
[INFO] [stdout] 
[INFO] [stdout] 
[INFO] [stdout] error[E0599]: no method named `simd_eq` found for struct `std::simd::Simd` in the current scope
[INFO] [stdout]    --> /opt/rustwide/cargo-home/registry/src/index.crates.io-6f17d22bba15001f/arrow2-0.17.0/src/types/simd/packed.rs:170:50
[INFO] [stdout]     |
[INFO] [stdout] 170 |         result |= (idxs[i] & u8x64::splat(a[i])).simd_eq(idx)
[INFO] [stdout]     |                                                  ^^^^^^^ method not found in `Simd<u8, 64>`
[INFO] [stdout]    --> /rustc/0e09125c6c3c2fd70d7de961bcf0e51575235fad/library/core/src/../../portable-simd/crates/core_simd/src/simd/cmp/eq.rs:14:8
[INFO] [stdout]     |
[INFO] [stdout]     = note: the method is available for `std::simd::Simd<u8, 64>` here
[INFO] [stdout]     |
[INFO] [stdout]     = help: items from traits can only be used if the trait is in scope
[INFO] [stdout] help: the following trait is implemented but not in scope; perhaps add a `use` for it:
[INFO] [stdout]     |
[INFO] [stdout] 1   + use std::simd::cmp::SimdPartialEq;
[INFO] [stdout]     |
[INFO] [stdout] 
[INFO] [stdout] 
[INFO] [stdout] error[E0599]: no method named `reduce_sum` found for struct `std::simd::Simd` in the current scope
[INFO] [stdout]   --> /opt/rustwide/cargo-home/registry/src/index.crates.io-6f17d22bba15001f/arrow2-0.17.0/src/compute/aggregate/simd/packed.rs:19:24
[INFO] [stdout]    |
[INFO] [stdout] 19 | simd_sum!(f32x16, f32, reduce_sum);
[INFO] [stdout]    |                        ^^^^^^^^^^ method not found in `Simd<f32, 16>`
[INFO] [stdout]   --> /rustc/0e09125c6c3c2fd70d7de961bcf0e51575235fad/library/core/src/../../portable-simd/crates/core_simd/src/simd/num/float.rs:169:8
[INFO] [stdout]    |
[INFO] [stdout]    = note: the method is available for `std::simd::Simd<f32, 16>` here
[INFO] [stdout]    |
[INFO] [stdout]    = help: items from traits can only be used if the trait is in scope
[INFO] [stdout] help: the following trait is implemented but not in scope; perhaps add a `use` for it:
[INFO] [stdout]    |
[INFO] [stdout] 1  + use std::simd::num::SimdFloat;
[INFO] [stdout]    |
[INFO] [stdout] 
[INFO] [stdout] 
[INFO] [stdout] error[E0599]: no method named `reduce_sum` found for struct `std::simd::Simd` in the current scope
[INFO] [stdout]   --> /opt/rustwide/cargo-home/registry/src/index.crates.io-6f17d22bba15001f/arrow2-0.17.0/src/compute/aggregate/simd/packed.rs:20:23
[INFO] [stdout]    |
[INFO] [stdout] 20 | simd_sum!(f64x8, f64, reduce_sum);
[INFO] [stdout]    |                       ^^^^^^^^^^ method not found in `Simd<f64, 8>`
[INFO] [stdout]   --> /rustc/0e09125c6c3c2fd70d7de961bcf0e51575235fad/library/core/src/../../portable-simd/crates/core_simd/src/simd/num/float.rs:169:8
[INFO] [stdout]    |
[INFO] [stdout]    = note: the method is available for `std::simd::Simd<f64, 8>` here
[INFO] [stdout]    |
[INFO] [stdout]    = help: items from traits can only be used if the trait is in scope
[INFO] [stdout] help: the following trait is implemented but not in scope; perhaps add a `use` for it:
[INFO] [stdout]    |
[INFO] [stdout] 1  + use std::simd::num::SimdFloat;
[INFO] [stdout]    |
[INFO] [stdout] 
[INFO] [stdout] 
[INFO] [stdout] error[E0599]: no method named `reduce_sum` found for struct `std::simd::Simd` in the current scope
[INFO] [stdout]   --> /opt/rustwide/cargo-home/registry/src/index.crates.io-6f17d22bba15001f/arrow2-0.17.0/src/compute/aggregate/simd/packed.rs:21:22
[INFO] [stdout]    |
[INFO] [stdout] 21 | simd_sum!(u8x64, u8, reduce_sum);
[INFO] [stdout]    |                      ^^^^^^^^^^ method not found in `Simd<u8, 64>`
[INFO] [stdout]   --> /rustc/0e09125c6c3c2fd70d7de961bcf0e51575235fad/library/core/src/../../portable-simd/crates/core_simd/src/simd/num/uint.rs:61:8
[INFO] [stdout]    |
[INFO] [stdout]    = note: the method is available for `std::simd::Simd<u8, 64>` here
[INFO] [stdout]    |
[INFO] [stdout]    = help: items from traits can only be used if the trait is in scope
[INFO] [stdout] help: the following trait is implemented but not in scope; perhaps add a `use` for it:
[INFO] [stdout]    |
[INFO] [stdout] 1  + use std::simd::num::SimdUint;
[INFO] [stdout]    |
[INFO] [stdout] 
[INFO] [stdout] 
[INFO] [stdout] error[E0599]: no method named `reduce_sum` found for struct `std::simd::Simd` in the current scope
[INFO] [stdout]   --> /opt/rustwide/cargo-home/registry/src/index.crates.io-6f17d22bba15001f/arrow2-0.17.0/src/compute/aggregate/simd/packed.rs:22:24
[INFO] [stdout]    |
[INFO] [stdout] 22 | simd_sum!(u16x32, u16, reduce_sum);
[INFO] [stdout]    |                        ^^^^^^^^^^ method not found in `Simd<u16, 32>`
[INFO] [stdout]   --> /rustc/0e09125c6c3c2fd70d7de961bcf0e51575235fad/library/core/src/../../portable-simd/crates/core_simd/src/simd/num/uint.rs:61:8
[INFO] [stdout]    |
[INFO] [stdout]    = note: the method is available for `std::simd::Simd<u16, 32>` here
[INFO] [stdout]    |
[INFO] [stdout]    = help: items from traits can only be used if the trait is in scope
[INFO] [stdout] help: the following trait is implemented but not in scope; perhaps add a `use` for it:
[INFO] [stdout]    |
[INFO] [stdout] 1  + use std::simd::num::SimdUint;
[INFO] [stdout]    |
[INFO] [stdout] 
[INFO] [stdout] 
[INFO] [stdout] error[E0599]: no method named `reduce_sum` found for struct `std::simd::Simd` in the current scope
[INFO] [stdout]   --> /opt/rustwide/cargo-home/registry/src/index.crates.io-6f17d22bba15001f/arrow2-0.17.0/src/compute/aggregate/simd/packed.rs:23:24
[INFO] [stdout]    |
[INFO] [stdout] 23 | simd_sum!(u32x16, u32, reduce_sum);
[INFO] [stdout]    |                        ^^^^^^^^^^ method not found in `Simd<u32, 16>`
[INFO] [stdout]   --> /rustc/0e09125c6c3c2fd70d7de961bcf0e51575235fad/library/core/src/../../portable-simd/crates/core_simd/src/simd/num/uint.rs:61:8
[INFO] [stdout]    |
[INFO] [stdout]    = note: the method is available for `std::simd::Simd<u32, 16>` here
[INFO] [stdout]    |
[INFO] [stdout]    = help: items from traits can only be used if the trait is in scope
[INFO] [stdout] help: the following trait is implemented but not in scope; perhaps add a `use` for it:
[INFO] [stdout]    |
[INFO] [stdout] 1  + use std::simd::num::SimdUint;
[INFO] [stdout]    |
[INFO] [stdout] 
[INFO] [stdout] 
[INFO] [stdout] error[E0599]: no method named `reduce_sum` found for struct `std::simd::Simd` in the current scope
[INFO] [stdout]   --> /opt/rustwide/cargo-home/registry/src/index.crates.io-6f17d22bba15001f/arrow2-0.17.0/src/compute/aggregate/simd/packed.rs:24:23
[INFO] [stdout]    |
[INFO] [stdout] 24 | simd_sum!(u64x8, u64, reduce_sum);
[INFO] [stdout]    |                       ^^^^^^^^^^ method not found in `Simd<u64, 8>`
[INFO] [stdout]   --> /rustc/0e09125c6c3c2fd70d7de961bcf0e51575235fad/library/core/src/../../portable-simd/crates/core_simd/src/simd/num/uint.rs:61:8
[INFO] [stdout]    |
[INFO] [stdout]    = note: the method is available for `std::simd::Simd<u64, 8>` here
[INFO] [stdout]    |
[INFO] [stdout]    = help: items from traits can only be used if the trait is in scope
[INFO] [stdout] help: the following trait is implemented but not in scope; perhaps add a `use` for it:
[INFO] [stdout]    |
[INFO] [stdout] 1  + use std::simd::num::SimdUint;
[INFO] [stdout]    |
[INFO] [stdout] 
[INFO] [stdout] 
[INFO] [stdout] error[E0599]: no method named `reduce_sum` found for struct `std::simd::Simd` in the current scope
[INFO] [stdout]   --> /opt/rustwide/cargo-home/registry/src/index.crates.io-6f17d22bba15001f/arrow2-0.17.0/src/compute/aggregate/simd/packed.rs:25:22
[INFO] [stdout]    |
[INFO] [stdout] 25 | simd_sum!(i8x64, i8, reduce_sum);
[INFO] [stdout]    |                      ^^^^^^^^^^ method not found in `Simd<i8, 64>`
[INFO] [stdout]   --> /rustc/0e09125c6c3c2fd70d7de961bcf0e51575235fad/library/core/src/../../portable-simd/crates/core_simd/src/simd/num/int.rs:142:8
[INFO] [stdout]    |
[INFO] [stdout]    = note: the method is available for `std::simd::Simd<i8, 64>` here
[INFO] [stdout]    |
[INFO] [stdout]    = help: items from traits can only be used if the trait is in scope
[INFO] [stdout] help: the following trait is implemented but not in scope; perhaps add a `use` for it:
[INFO] [stdout]    |
[INFO] [stdout] 1  + use std::simd::num::SimdInt;
[INFO] [stdout]    |
[INFO] [stdout] 
[INFO] [stdout] 
[INFO] [stdout] error[E0599]: no method named `reduce_sum` found for struct `std::simd::Simd` in the current scope
[INFO] [stdout]   --> /opt/rustwide/cargo-home/registry/src/index.crates.io-6f17d22bba15001f/arrow2-0.17.0/src/compute/aggregate/simd/packed.rs:26:24
[INFO] [stdout]    |
[INFO] [stdout] 26 | simd_sum!(i16x32, i16, reduce_sum);
[INFO] [stdout]    |                        ^^^^^^^^^^ method not found in `Simd<i16, 32>`
[INFO] [stdout]   --> /rustc/0e09125c6c3c2fd70d7de961bcf0e51575235fad/library/core/src/../../portable-simd/crates/core_simd/src/simd/num/int.rs:142:8
[INFO] [stdout]    |
[INFO] [stdout]    = note: the method is available for `std::simd::Simd<i16, 32>` here
[INFO] [stdout]    |
[INFO] [stdout]    = help: items from traits can only be used if the trait is in scope
[INFO] [stdout] help: the following trait is implemented but not in scope; perhaps add a `use` for it:
[INFO] [stdout]    |
[INFO] [stdout] 1  + use std::simd::num::SimdInt;
[INFO] [stdout]    |
[INFO] [stdout] 
[INFO] [stdout] 
[INFO] [stdout] error[E0599]: no method named `reduce_sum` found for struct `std::simd::Simd` in the current scope
[INFO] [stdout]   --> /opt/rustwide/cargo-home/registry/src/index.crates.io-6f17d22bba15001f/arrow2-0.17.0/src/compute/aggregate/simd/packed.rs:27:24
[INFO] [stdout]    |
[INFO] [stdout] 27 | simd_sum!(i32x16, i32, reduce_sum);
[INFO] [stdout]    |                        ^^^^^^^^^^ method not found in `Simd<i32, 16>`
[INFO] [stdout]   --> /rustc/0e09125c6c3c2fd70d7de961bcf0e51575235fad/library/core/src/../../portable-simd/crates/core_simd/src/simd/num/int.rs:142:8
[INFO] [stdout]    |
[INFO] [stdout]    = note: the method is available for `std::simd::Simd<i32, 16>` here
[INFO] [stdout]    |
[INFO] [stdout]    = help: items from traits can only be used if the trait is in scope
[INFO] [stdout] help: the following trait is implemented but not in scope; perhaps add a `use` for it:
[INFO] [stdout]    |
[INFO] [stdout] 1  + use std::simd::num::SimdInt;
[INFO] [stdout]    |
[INFO] [stdout] 
[INFO] [stdout] 
[INFO] [stdout] error[E0599]: no method named `reduce_sum` found for struct `std::simd::Simd` in the current scope
[INFO] [stdout]   --> /opt/rustwide/cargo-home/registry/src/index.crates.io-6f17d22bba15001f/arrow2-0.17.0/src/compute/aggregate/simd/packed.rs:28:23
[INFO] [stdout]    |
[INFO] [stdout] 28 | simd_sum!(i64x8, i64, reduce_sum);
[INFO] [stdout]    |                       ^^^^^^^^^^ method not found in `Simd<i64, 8>`
[INFO] [stdout]   --> /rustc/0e09125c6c3c2fd70d7de961bcf0e51575235fad/library/core/src/../../portable-simd/crates/core_simd/src/simd/num/int.rs:142:8
[INFO] [stdout]    |
[INFO] [stdout]    = note: the method is available for `std::simd::Simd<i64, 8>` here
[INFO] [stdout]    |
[INFO] [stdout]    = help: items from traits can only be used if the trait is in scope
[INFO] [stdout] help: the following trait is implemented but not in scope; perhaps add a `use` for it:
[INFO] [stdout]    |
[INFO] [stdout] 1  + use std::simd::num::SimdInt;
[INFO] [stdout]    |
[INFO] [stdout] 
[INFO] [stdout] 
[INFO] [stdout] error[E0599]: no method named `reduce_max` found for struct `std::simd::Simd` in the current scope
[INFO] [stdout]    --> /opt/rustwide/cargo-home/registry/src/index.crates.io-6f17d22bba15001f/arrow2-0.17.0/src/compute/aggregate/simd/packed.rs:38:22
[INFO] [stdout]     |
[INFO] [stdout] 38  |                 self.reduce_max()
[INFO] [stdout]     |                      ^^^^^^^^^^ method not found in `Simd<u8, 64>`
[INFO] [stdout] ...
[INFO] [stdout] 108 | simd_ord_int!(u8x64, u8);
[INFO] [stdout]     | ------------------------ in this macro invocation
[INFO] [stdout]    --> /rustc/0e09125c6c3c2fd70d7de961bcf0e51575235fad/library/core/src/../../portable-simd/crates/core_simd/src/simd/num/uint.rs:67:8
[INFO] [stdout]     |
[INFO] [stdout]     = note: the method is available for `std::simd::Simd<u8, 64>` here
[INFO] [stdout]     |
[INFO] [stdout]     = help: items from traits can only be used if the trait is in scope
[INFO] [stdout]     = note: this error originates in the macro `simd_ord_int` (in Nightly builds, run with -Z macro-backtrace for more info)
[INFO] [stdout] help: the following trait is implemented but not in scope; perhaps add a `use` for it:
[INFO] [stdout]     |
[INFO] [stdout] 1   + use std::simd::num::SimdUint;
[INFO] [stdout]     |
[INFO] [stdout] 
[INFO] [stdout] 
[INFO] [stdout] error[E0599]: no method named `reduce_min` found for struct `std::simd::Simd` in the current scope
[INFO] [stdout]    --> /opt/rustwide/cargo-home/registry/src/index.crates.io-6f17d22bba15001f/arrow2-0.17.0/src/compute/aggregate/simd/packed.rs:43:22
[INFO] [stdout]     |
[INFO] [stdout] 43  |                 self.reduce_min()
[INFO] [stdout]     |                      ^^^^^^^^^^ method not found in `Simd<u8, 64>`
[INFO] [stdout] ...
[INFO] [stdout] 108 | simd_ord_int!(u8x64, u8);
[INFO] [stdout]     | ------------------------ in this macro invocation
[INFO] [stdout]    --> /rustc/0e09125c6c3c2fd70d7de961bcf0e51575235fad/library/core/src/../../portable-simd/crates/core_simd/src/simd/num/uint.rs:70:8
[INFO] [stdout]     |
[INFO] [stdout]     = note: the method is available for `std::simd::Simd<u8, 64>` here
[INFO] [stdout]     |
[INFO] [stdout]     = help: items from traits can only be used if the trait is in scope
[INFO] [stdout]     = note: this error originates in the macro `simd_ord_int` (in Nightly builds, run with -Z macro-backtrace for more info)
[INFO] [stdout] help: the following trait is implemented but not in scope; perhaps add a `use` for it:
[INFO] [stdout]     |
[INFO] [stdout] 1   + use std::simd::num::SimdUint;
[INFO] [stdout]     |
[INFO] [stdout] 
[INFO] [stdout] 
[INFO] [stdout] error[E0599]: no method named `simd_max` found for struct `std::simd::Simd` in the current scope
[INFO] [stdout]    --> /opt/rustwide/cargo-home/registry/src/index.crates.io-6f17d22bba15001f/arrow2-0.17.0/src/compute/aggregate/simd/packed.rs:48:22
[INFO] [stdout]     |
[INFO] [stdout] 48  |                 self.simd_max(x)
[INFO] [stdout]     |                      ^^^^^^^^ method not found in `Simd<u8, 64>`
[INFO] [stdout] ...
[INFO] [stdout] 108 | simd_ord_int!(u8x64, u8);
[INFO] [stdout]     | ------------------------ in this macro invocation
[INFO] [stdout]    --> /rustc/0e09125c6c3c2fd70d7de961bcf0e51575235fad/library/core/src/../../portable-simd/crates/core_simd/src/simd/cmp/ord.rs:31:8
[INFO] [stdout]     |
[INFO] [stdout]     = note: the method is available for `std::simd::Simd<u8, 64>` here
[INFO] [stdout]     |
[INFO] [stdout]     = help: items from traits can only be used if the trait is in scope
[INFO] [stdout]     = note: this error originates in the macro `simd_ord_int` (in Nightly builds, run with -Z macro-backtrace for more info)
[INFO] [stdout] help: the following trait is implemented but not in scope; perhaps add a `use` for it:
[INFO] [stdout]     |
[INFO] [stdout] 1   + use std::simd::cmp::SimdOrd;
[INFO] [stdout]     |
[INFO] [stdout] 
[INFO] [stdout] 
[INFO] [stdout] error[E0599]: no method named `simd_min` found for struct `std::simd::Simd` in the current scope
[INFO] [stdout]    --> /opt/rustwide/cargo-home/registry/src/index.crates.io-6f17d22bba15001f/arrow2-0.17.0/src/compute/aggregate/simd/packed.rs:53:22
[INFO] [stdout]     |
[INFO] [stdout] 53  |                 self.simd_min(x)
[INFO] [stdout]     |                      ^^^^^^^^ method not found in `Simd<u8, 64>`
[INFO] [stdout] ...
[INFO] [stdout] 108 | simd_ord_int!(u8x64, u8);
[INFO] [stdout]     | ------------------------ in this macro invocation
[INFO] [stdout]    --> /rustc/0e09125c6c3c2fd70d7de961bcf0e51575235fad/library/core/src/../../portable-simd/crates/core_simd/src/simd/cmp/ord.rs:35:8
[INFO] [stdout]     |
[INFO] [stdout]     = note: the method is available for `std::simd::Simd<u8, 64>` here
[INFO] [stdout]     |
[INFO] [stdout]     = help: items from traits can only be used if the trait is in scope
[INFO] [stdout]     = note: this error originates in the macro `simd_ord_int` (in Nightly builds, run with -Z macro-backtrace for more info)
[INFO] [stdout] help: the following trait is implemented but not in scope; perhaps add a `use` for it:
[INFO] [stdout]     |
[INFO] [stdout] 1   + use std::simd::cmp::SimdOrd;
[INFO] [stdout]     |
[INFO] [stdout] 
[INFO] [stdout] 
[INFO] [stdout] error[E0599]: no method named `reduce_max` found for struct `std::simd::Simd` in the current scope
[INFO] [stdout]    --> /opt/rustwide/cargo-home/registry/src/index.crates.io-6f17d22bba15001f/arrow2-0.17.0/src/compute/aggregate/simd/packed.rs:38:22
[INFO] [stdout]     |
[INFO] [stdout] 38  |                 self.reduce_max()
[INFO] [stdout]     |                      ^^^^^^^^^^ method not found in `Simd<u16, 32>`
[INFO] [stdout] ...
[INFO] [stdout] 109 | simd_ord_int!(u16x32, u16);
[INFO] [stdout]     | -------------------------- in this macro invocation
[INFO] [stdout]    --> /rustc/0e09125c6c3c2fd70d7de961bcf0e51575235fad/library/core/src/../../portable-simd/crates/core_simd/src/simd/num/uint.rs:67:8
[INFO] [stdout]     |
[INFO] [stdout]     = note: the method is available for `std::simd::Simd<u16, 32>` here
[INFO] [stdout]     |
[INFO] [stdout]     = help: items from traits can only be used if the trait is in scope
[INFO] [stdout]     = note: this error originates in the macro `simd_ord_int` (in Nightly builds, run with -Z macro-backtrace for more info)
[INFO] [stdout] help: the following trait is implemented but not in scope; perhaps add a `use` for it:
[INFO] [stdout]     |
[INFO] [stdout] 1   + use std::simd::num::SimdUint;
[INFO] [stdout]     |
[INFO] [stdout] 
[INFO] [stdout] 
[INFO] [stdout] error[E0599]: no method named `reduce_min` found for struct `std::simd::Simd` in the current scope
[INFO] [stdout]    --> /opt/rustwide/cargo-home/registry/src/index.crates.io-6f17d22bba15001f/arrow2-0.17.0/src/compute/aggregate/simd/packed.rs:43:22
[INFO] [stdout]     |
[INFO] [stdout] 43  |                 self.reduce_min()
[INFO] [stdout]     |                      ^^^^^^^^^^ method not found in `Simd<u16, 32>`
[INFO] [stdout] ...
[INFO] [stdout] 109 | simd_ord_int!(u16x32, u16);
[INFO] [stdout]     | -------------------------- in this macro invocation
[INFO] [stdout]    --> /rustc/0e09125c6c3c2fd70d7de961bcf0e51575235fad/library/core/src/../../portable-simd/crates/core_simd/src/simd/num/uint.rs:70:8
[INFO] [stdout]     |
[INFO] [stdout]     = note: the method is available for `std::simd::Simd<u16, 32>` here
[INFO] [stdout]     |
[INFO] [stdout]     = help: items from traits can only be used if the trait is in scope
[INFO] [stdout]     = note: this error originates in the macro `simd_ord_int` (in Nightly builds, run with -Z macro-backtrace for more info)
[INFO] [stdout] help: the following trait is implemented but not in scope; perhaps add a `use` for it:
[INFO] [stdout]     |
[INFO] [stdout] 1   + use std::simd::num::SimdUint;
[INFO] [stdout]     |
[INFO] [stdout] 
[INFO] [stdout] 
[INFO] [stdout] error[E0599]: no method named `simd_max` found for struct `std::simd::Simd` in the current scope
[INFO] [stdout]    --> /opt/rustwide/cargo-home/registry/src/index.crates.io-6f17d22bba15001f/arrow2-0.17.0/src/compute/aggregate/simd/packed.rs:48:22
[INFO] [stdout]     |
[INFO] [stdout] 48  |                 self.simd_max(x)
[INFO] [stdout]     |                      ^^^^^^^^ method not found in `Simd<u16, 32>`
[INFO] [stdout] ...
[INFO] [stdout] 109 | simd_ord_int!(u16x32, u16);
[INFO] [stdout]     | -------------------------- in this macro invocation
[INFO] [stdout]    --> /rustc/0e09125c6c3c2fd70d7de961bcf0e51575235fad/library/core/src/../../portable-simd/crates/core_simd/src/simd/cmp/ord.rs:31:8
[INFO] [stdout]     |
[INFO] [stdout]     = note: the method is available for `std::simd::Simd<u16, 32>` here
[INFO] [stdout]     |
[INFO] [stdout]     = help: items from traits can only be used if the trait is in scope
[INFO] [stdout]     = note: this error originates in the macro `simd_ord_int` (in Nightly builds, run with -Z macro-backtrace for more info)
[INFO] [stdout] help: the following trait is implemented but not in scope; perhaps add a `use` for it:
[INFO] [stdout]     |
[INFO] [stdout] 1   + use std::simd::cmp::SimdOrd;
[INFO] [stdout]     |
[INFO] [stdout] 
[INFO] [stdout] 
[INFO] [stdout] error[E0599]: no method named `simd_min` found for struct `std::simd::Simd` in the current scope
[INFO] [stdout]    --> /opt/rustwide/cargo-home/registry/src/index.crates.io-6f17d22bba15001f/arrow2-0.17.0/src/compute/aggregate/simd/packed.rs:53:22
[INFO] [stdout]     |
[INFO] [stdout] 53  |                 self.simd_min(x)
[INFO] [stdout]     |                      ^^^^^^^^ method not found in `Simd<u16, 32>`
[INFO] [stdout] ...
[INFO] [stdout] 109 | simd_ord_int!(u16x32, u16);
[INFO] [stdout]     | -------------------------- in this macro invocation
[INFO] [stdout]    --> /rustc/0e09125c6c3c2fd70d7de961bcf0e51575235fad/library/core/src/../../portable-simd/crates/core_simd/src/simd/cmp/ord.rs:35:8
[INFO] [stdout]     |
[INFO] [stdout]     = note: the method is available for `std::simd::Simd<u16, 32>` here
[INFO] [stdout]     |
[INFO] [stdout]     = help: items from traits can only be used if the trait is in scope
[INFO] [stdout]     = note: this error originates in the macro `simd_ord_int` (in Nightly builds, run with -Z macro-backtrace for more info)
[INFO] [stdout] help: the following trait is implemented but not in scope; perhaps add a `use` for it:
[INFO] [stdout]     |
[INFO] [stdout] 1   + use std::simd::cmp::SimdOrd;
[INFO] [stdout]     |
[INFO] [stdout] 
[INFO] [stdout] 
[INFO] [stdout] error[E0599]: no method named `reduce_max` found for struct `std::simd::Simd` in the current scope
[INFO] [stdout]    --> /opt/rustwide/cargo-home/registry/src/index.crates.io-6f17d22bba15001f/arrow2-0.17.0/src/compute/aggregate/simd/packed.rs:38:22
[INFO] [stdout]     |
[INFO] [stdout] 38  |                 self.reduce_max()
[INFO] [stdout]     |                      ^^^^^^^^^^ method not found in `Simd<u32, 16>`
[INFO] [stdout] ...
[INFO] [stdout] 110 | simd_ord_int!(u32x16, u32);
[INFO] [stdout]     | -------------------------- in this macro invocation
[INFO] [stdout]    --> /rustc/0e09125c6c3c2fd70d7de961bcf0e51575235fad/library/core/src/../../portable-simd/crates/core_simd/src/simd/num/uint.rs:67:8
[INFO] [stdout]     |
[INFO] [stdout]     = note: the method is available for `std::simd::Simd<u32, 16>` here
[INFO] [stdout]     |
[INFO] [stdout]     = help: items from traits can only be used if the trait is in scope
[INFO] [stdout]     = note: this error originates in the macro `simd_ord_int` (in Nightly builds, run with -Z macro-backtrace for more info)
[INFO] [stdout] help: the following trait is implemented but not in scope; perhaps add a `use` for it:
[INFO] [stdout]     |
[INFO] [stdout] 1   + use std::simd::num::SimdUint;
[INFO] [stdout]     |
[INFO] [stdout] 
[INFO] [stdout] 
[INFO] [stdout] error[E0599]: no method named `reduce_min` found for struct `std::simd::Simd` in the current scope
[INFO] [stdout]    --> /opt/rustwide/cargo-home/registry/src/index.crates.io-6f17d22bba15001f/arrow2-0.17.0/src/compute/aggregate/simd/packed.rs:43:22
[INFO] [stdout]     |
[INFO] [stdout] 43  |                 self.reduce_min()
[INFO] [stdout]     |                      ^^^^^^^^^^ method not found in `Simd<u32, 16>`
[INFO] [stdout] ...
[INFO] [stdout] 110 | simd_ord_int!(u32x16, u32);
[INFO] [stdout]     | -------------------------- in this macro invocation
[INFO] [stdout]    --> /rustc/0e09125c6c3c2fd70d7de961bcf0e51575235fad/library/core/src/../../portable-simd/crates/core_simd/src/simd/num/uint.rs:70:8
[INFO] [stdout]     |
[INFO] [stdout]     = note: the method is available for `std::simd::Simd<u32, 16>` here
[INFO] [stdout]     |
[INFO] [stdout]     = help: items from traits can only be used if the trait is in scope
[INFO] [stdout]     = note: this error originates in the macro `simd_ord_int` (in Nightly builds, run with -Z macro-backtrace for more info)
[INFO] [stdout] help: the following trait is implemented but not in scope; perhaps add a `use` for it:
[INFO] [stdout]     |
[INFO] [stdout] 1   + use std::simd::num::SimdUint;
[INFO] [stdout]     |
[INFO] [stdout] 
[INFO] [stdout] 
[INFO] [stdout] error[E0599]: no method named `simd_max` found for struct `std::simd::Simd` in the current scope
[INFO] [stdout]    --> /opt/rustwide/cargo-home/registry/src/index.crates.io-6f17d22bba15001f/arrow2-0.17.0/src/compute/aggregate/simd/packed.rs:48:22
[INFO] [stdout]     |
[INFO] [stdout] 48  |                 self.simd_max(x)
[INFO] [stdout]     |                      ^^^^^^^^ method not found in `Simd<u32, 16>`
[INFO] [stdout] ...
[INFO] [stdout] 110 | simd_ord_int!(u32x16, u32);
[INFO] [stdout]     | -------------------------- in this macro invocation
[INFO] [stdout]    --> /rustc/0e09125c6c3c2fd70d7de961bcf0e51575235fad/library/core/src/../../portable-simd/crates/core_simd/src/simd/cmp/ord.rs:31:8
[INFO] [stdout]     |
[INFO] [stdout]     = note: the method is available for `std::simd::Simd<u32, 16>` here
[INFO] [stdout]     |
[INFO] [stdout]     = help: items from traits can only be used if the trait is in scope
[INFO] [stdout]     = note: this error originates in the macro `simd_ord_int` (in Nightly builds, run with -Z macro-backtrace for more info)
[INFO] [stdout] help: the following trait is implemented but not in scope; perhaps add a `use` for it:
[INFO] [stdout]     |
[INFO] [stdout] 1   + use std::simd::cmp::SimdOrd;
[INFO] [stdout]     |
[INFO] [stdout] 
[INFO] [stdout] 
[INFO] [stdout] error[E0599]: no method named `simd_min` found for struct `std::simd::Simd` in the current scope
[INFO] [stdout]    --> /opt/rustwide/cargo-home/registry/src/index.crates.io-6f17d22bba15001f/arrow2-0.17.0/src/compute/aggregate/simd/packed.rs:53:22
[INFO] [stdout]     |
[INFO] [stdout] 53  |                 self.simd_min(x)
[INFO] [stdout]     |                      ^^^^^^^^ method not found in `Simd<u32, 16>`
[INFO] [stdout] ...
[INFO] [stdout] 110 | simd_ord_int!(u32x16, u32);
[INFO] [stdout]     | -------------------------- in this macro invocation
[INFO] [stdout]    --> /rustc/0e09125c6c3c2fd70d7de961bcf0e51575235fad/library/core/src/../../portable-simd/crates/core_simd/src/simd/cmp/ord.rs:35:8
[INFO] [stdout]     |
[INFO] [stdout]     = note: the method is available for `std::simd::Simd<u32, 16>` here
[INFO] [stdout]     |
[INFO] [stdout]     = help: items from traits can only be used if the trait is in scope
[INFO] [stdout]     = note: this error originates in the macro `simd_ord_int` (in Nightly builds, run with -Z macro-backtrace for more info)
[INFO] [stdout] help: the following trait is implemented but not in scope; perhaps add a `use` for it:
[INFO] [stdout]     |
[INFO] [stdout] 1   + use std::simd::cmp::SimdOrd;
[INFO] [stdout]     |
[INFO] [stdout] 
[INFO] [stdout] 
[INFO] [stdout] error[E0599]: no method named `reduce_max` found for struct `std::simd::Simd` in the current scope
[INFO] [stdout]    --> /opt/rustwide/cargo-home/registry/src/index.crates.io-6f17d22bba15001f/arrow2-0.17.0/src/compute/aggregate/simd/packed.rs:38:22
[INFO] [stdout]     |
[INFO] [stdout] 38  |                 self.reduce_max()
[INFO] [stdout]     |                      ^^^^^^^^^^ method not found in `Simd<u64, 8>`
[INFO] [stdout] ...
[INFO] [stdout] 111 | simd_ord_int!(u64x8, u64);
[INFO] [stdout]     | ------------------------- in this macro invocation
[INFO] [stdout]    --> /rustc/0e09125c6c3c2fd70d7de961bcf0e51575235fad/library/core/src/../../portable-simd/crates/core_simd/src/simd/num/uint.rs:67:8
[INFO] [stdout]     |
[INFO] [stdout]     = note: the method is available for `std::simd::Simd<u64, 8>` here
[INFO] [stdout]     |
[INFO] [stdout]     = help: items from traits can only be used if the trait is in scope
[INFO] [stdout]     = note: this error originates in the macro `simd_ord_int` (in Nightly builds, run with -Z macro-backtrace for more info)
[INFO] [stdout] help: the following trait is implemented but not in scope; perhaps add a `use` for it:
[INFO] [stdout]     |
[INFO] [stdout] 1   + use std::simd::num::SimdUint;
[INFO] [stdout]     |
[INFO] [stdout] 
[INFO] [stdout] 
[INFO] [stdout] error[E0599]: no method named `reduce_min` found for struct `std::simd::Simd` in the current scope
[INFO] [stdout]    --> /opt/rustwide/cargo-home/registry/src/index.crates.io-6f17d22bba15001f/arrow2-0.17.0/src/compute/aggregate/simd/packed.rs:43:22
[INFO] [stdout]     |
[INFO] [stdout] 43  |                 self.reduce_min()
[INFO] [stdout]     |                      ^^^^^^^^^^ method not found in `Simd<u64, 8>`
[INFO] [stdout] ...
[INFO] [stdout] 111 | simd_ord_int!(u64x8, u64);
[INFO] [stdout]     | ------------------------- in this macro invocation
[INFO] [stdout]    --> /rustc/0e09125c6c3c2fd70d7de961bcf0e51575235fad/library/core/src/../../portable-simd/crates/core_simd/src/simd/num/uint.rs:70:8
[INFO] [stdout]     |
[INFO] [stdout]     = note: the method is available for `std::simd::Simd<u64, 8>` here
[INFO] [stdout]     |
[INFO] [stdout]     = help: items from traits can only be used if the trait is in scope
[INFO] [stdout]     = note: this error originates in the macro `simd_ord_int` (in Nightly builds, run with -Z macro-backtrace for more info)
[INFO] [stdout] help: the following trait is implemented but not in scope; perhaps add a `use` for it:
[INFO] [stdout]     |
[INFO] [stdout] 1   + use std::simd::num::SimdUint;
[INFO] [stdout]     |
[INFO] [stdout] 
[INFO] [stdout] 
[INFO] [stdout] error[E0599]: no method named `simd_max` found for struct `std::simd::Simd` in the current scope
[INFO] [stdout]    --> /opt/rustwide/cargo-home/registry/src/index.crates.io-6f17d22bba15001f/arrow2-0.17.0/src/compute/aggregate/simd/packed.rs:48:22
[INFO] [stdout]     |
[INFO] [stdout] 48  |                 self.simd_max(x)
[INFO] [stdout]     |                      ^^^^^^^^ method not found in `Simd<u64, 8>`
[INFO] [stdout] ...
[INFO] [stdout] 111 | simd_ord_int!(u64x8, u64);
[INFO] [stdout]     | ------------------------- in this macro invocation
[INFO] [stdout]    --> /rustc/0e09125c6c3c2fd70d7de961bcf0e51575235fad/library/core/src/../../portable-simd/crates/core_simd/src/simd/cmp/ord.rs:31:8
[INFO] [stdout]     |
[INFO] [stdout]     = note: the method is available for `std::simd::Simd<u64, 8>` here
[INFO] [stdout]     |
[INFO] [stdout]     = help: items from traits can only be used if the trait is in scope
[INFO] [stdout]     = note: this error originates in the macro `simd_ord_int` (in Nightly builds, run with -Z macro-backtrace for more info)
[INFO] [stdout] help: the following trait is implemented but not in scope; perhaps add a `use` for it:
[INFO] [stdout]     |
[INFO] [stdout] 1   + use std::simd::cmp::SimdOrd;
[INFO] [stdout]     |
[INFO] [stdout] 
[INFO] [stdout] 
[INFO] [stdout] error[E0599]: no method named `simd_min` found for struct `std::simd::Simd` in the current scope
[INFO] [stdout]    --> /opt/rustwide/cargo-home/registry/src/index.crates.io-6f17d22bba15001f/arrow2-0.17.0/src/compute/aggregate/simd/packed.rs:53:22
[INFO] [stdout]     |
[INFO] [stdout] 53  |                 self.simd_min(x)
[INFO] [stdout]     |                      ^^^^^^^^ method not found in `Simd<u64, 8>`
[INFO] [stdout] ...
[INFO] [stdout] 111 | simd_ord_int!(u64x8, u64);
[INFO] [stdout]     | ------------------------- in this macro invocation
[INFO] [stdout]    --> /rustc/0e09125c6c3c2fd70d7de961bcf0e51575235fad/library/core/src/../../portable-simd/crates/core_simd/src/simd/cmp/ord.rs:35:8
[INFO] [stdout]     |
[INFO] [stdout]     = note: the method is available for `std::simd::Simd<u64, 8>` here
[INFO] [stdout]     |
[INFO] [stdout]     = help: items from traits can only be used if the trait is in scope
[INFO] [stdout]     = note: this error originates in the macro `simd_ord_int` (in Nightly builds, run with -Z macro-backtrace for more info)
[INFO] [stdout] help: the following trait is implemented but not in scope; perhaps add a `use` for it:
[INFO] [stdout]     |
[INFO] [stdout] 1   + use std::simd::cmp::SimdOrd;
[INFO] [stdout]     |
[INFO] [stdout] 
[INFO] [stdout] 
[INFO] [stdout] error[E0599]: no method named `reduce_max` found for struct `std::simd::Simd` in the current scope
[INFO] [stdout]    --> /opt/rustwide/cargo-home/registry/src/index.crates.io-6f17d22bba15001f/arrow2-0.17.0/src/compute/aggregate/simd/packed.rs:38:22
[INFO] [stdout]     |
[INFO] [stdout] 38  |                 self.reduce_max()
[INFO] [stdout]     |                      ^^^^^^^^^^ method not found in `Simd<i8, 64>`
[INFO] [stdout] ...
[INFO] [stdout] 112 | simd_ord_int!(i8x64, i8);
[INFO] [stdout]     | ------------------------ in this macro invocation
[INFO] [stdout]    --> /rustc/0e09125c6c3c2fd70d7de961bcf0e51575235fad/library/core/src/../../portable-simd/crates/core_simd/src/simd/num/int.rs:174:8
[INFO] [stdout]     |
[INFO] [stdout]     = note: the method is available for `std::simd::Simd<i8, 64>` here
[INFO] [stdout]     |
[INFO] [stdout]     = help: items from traits can only be used if the trait is in scope
[INFO] [stdout]     = note: this error originates in the macro `simd_ord_int` (in Nightly builds, run with -Z macro-backtrace for more info)
[INFO] [stdout] help: the following trait is implemented but not in scope; perhaps add a `use` for it:
[INFO] [stdout]     |
[INFO] [stdout] 1   + use std::simd::num::SimdInt;
[INFO] [stdout]     |
[INFO] [stdout] 
[INFO] [stdout] 
[INFO] [stdout] error[E0599]: no method named `reduce_min` found for struct `std::simd::Simd` in the current scope
[INFO] [stdout]    --> /opt/rustwide/cargo-home/registry/src/index.crates.io-6f17d22bba15001f/arrow2-0.17.0/src/compute/aggregate/simd/packed.rs:43:22
[INFO] [stdout]     |
[INFO] [stdout] 43  |                 self.reduce_min()
[INFO] [stdout]     |                      ^^^^^^^^^^ method not found in `Simd<i8, 64>`
[INFO] [stdout] ...
[INFO] [stdout] 112 | simd_ord_int!(i8x64, i8);
[INFO] [stdout]     | ------------------------ in this macro invocation
[INFO] [stdout]    --> /rustc/0e09125c6c3c2fd70d7de961bcf0e51575235fad/library/core/src/../../portable-simd/crates/core_simd/src/simd/num/int.rs:188:8
[INFO] [stdout]     |
[INFO] [stdout]     = note: the method is available for `std::simd::Simd<i8, 64>` here
[INFO] [stdout]     |
[INFO] [stdout]     = help: items from traits can only be used if the trait is in scope
[INFO] [stdout]     = note: this error originates in the macro `simd_ord_int` (in Nightly builds, run with -Z macro-backtrace for more info)
[INFO] [stdout] help: the following trait is implemented but not in scope; perhaps add a `use` for it:
[INFO] [stdout]     |
[INFO] [stdout] 1   + use std::simd::num::SimdInt;
[INFO] [stdout]     |
[INFO] [stdout] 
[INFO] [stdout] 
[INFO] [stdout] error[E0599]: no method named `simd_max` found for struct `std::simd::Simd` in the current scope
[INFO] [stdout]    --> /opt/rustwide/cargo-home/registry/src/index.crates.io-6f17d22bba15001f/arrow2-0.17.0/src/compute/aggregate/simd/packed.rs:48:22
[INFO] [stdout]     |
[INFO] [stdout] 48  |                 self.simd_max(x)
[INFO] [stdout]     |                      ^^^^^^^^ method not found in `Simd<i8, 64>`
[INFO] [stdout] ...
[INFO] [stdout] 112 | simd_ord_int!(i8x64, i8);
[INFO] [stdout]     | ------------------------ in this macro invocation
[INFO] [stdout]    --> /rustc/0e09125c6c3c2fd70d7de961bcf0e51575235fad/library/core/src/../../portable-simd/crates/core_simd/src/simd/cmp/ord.rs:31:8
[INFO] [stdout]     |
[INFO] [stdout]     = note: the method is available for `std::simd::Simd<i8, 64>` here
[INFO] [stdout]     |
[INFO] [stdout]     = help: items from traits can only be used if the trait is in scope
[INFO] [stdout]     = note: this error originates in the macro `simd_ord_int` (in Nightly builds, run with -Z macro-backtrace for more info)
[INFO] [stdout] help: the following trait is implemented but not in scope; perhaps add a `use` for it:
[INFO] [stdout]     |
[INFO] [stdout] 1   + use std::simd::cmp::SimdOrd;
[INFO] [stdout]     |
[INFO] [stdout] 
[INFO] [stdout] 
[INFO] [stdout] error[E0599]: no method named `simd_min` found for struct `std::simd::Simd` in the current scope
[INFO] [stdout]    --> /opt/rustwide/cargo-home/registry/src/index.crates.io-6f17d22bba15001f/arrow2-0.17.0/src/compute/aggregate/simd/packed.rs:53:22
[INFO] [stdout]     |
[INFO] [stdout] 53  |                 self.simd_min(x)
[INFO] [stdout]     |                      ^^^^^^^^ method not found in `Simd<i8, 64>`
[INFO] [stdout] ...
[INFO] [stdout] 112 | simd_ord_int!(i8x64, i8);
[INFO] [stdout]     | ------------------------ in this macro invocation
[INFO] [stdout]    --> /rustc/0e09125c6c3c2fd70d7de961bcf0e51575235fad/library/core/src/../../portable-simd/crates/core_simd/src/simd/cmp/ord.rs:35:8
[INFO] [stdout]     |
[INFO] [stdout]     = note: the method is available for `std::simd::Simd<i8, 64>` here
[INFO] [stdout]     |
[INFO] [stdout]     = help: items from traits can only be used if the trait is in scope
[INFO] [stdout]     = note: this error originates in the macro `simd_ord_int` (in Nightly builds, run with -Z macro-backtrace for more info)
[INFO] [stdout] help: the following trait is implemented but not in scope; perhaps add a `use` for it:
[INFO] [stdout]     |
[INFO] [stdout] 1   + use std::simd::cmp::SimdOrd;
[INFO] [stdout]     |
[INFO] [stdout] 
[INFO] [stdout] 
[INFO] [stdout] error[E0599]: no method named `reduce_max` found for struct `std::simd::Simd` in the current scope
[INFO] [stdout]    --> /opt/rustwide/cargo-home/registry/src/index.crates.io-6f17d22bba15001f/arrow2-0.17.0/src/compute/aggregate/simd/packed.rs:38:22
[INFO] [stdout]     |
[INFO] [stdout] 38  |                 self.reduce_max()
[INFO] [stdout]     |                      ^^^^^^^^^^ method not found in `Simd<i16, 32>`
[INFO] [stdout] ...
[INFO] [stdout] 113 | simd_ord_int!(i16x32, i16);
[INFO] [stdout]     | -------------------------- in this macro invocation
[INFO] [stdout]    --> /rustc/0e09125c6c3c2fd70d7de961bcf0e51575235fad/library/core/src/../../portable-simd/crates/core_simd/src/simd/num/int.rs:174:8
[INFO] [stdout]     |
[INFO] [stdout]     = note: the method is available for `std::simd::Simd<i16, 32>` here
[INFO] [stdout]     |
[INFO] [stdout]     = help: items from traits can only be used if the trait is in scope
[INFO] [stdout]     = note: this error originates in the macro `simd_ord_int` (in Nightly builds, run with -Z macro-backtrace for more info)
[INFO] [stdout] help: the following trait is implemented but not in scope; perhaps add a `use` for it:
[INFO] [stdout]     |
[INFO] [stdout] 1   + use std::simd::num::SimdInt;
[INFO] [stdout]     |
[INFO] [stdout] 
[INFO] [stdout] 
[INFO] [stdout] error[E0599]: no method named `reduce_min` found for struct `std::simd::Simd` in the current scope
[INFO] [stdout]    --> /opt/rustwide/cargo-home/registry/src/index.crates.io-6f17d22bba15001f/arrow2-0.17.0/src/compute/aggregate/simd/packed.rs:43:22
[INFO] [stdout]     |
[INFO] [stdout] 43  |                 self.reduce_min()
[INFO] [stdout]     |                      ^^^^^^^^^^ method not found in `Simd<i16, 32>`
[INFO] [stdout] ...
[INFO] [stdout] 113 | simd_ord_int!(i16x32, i16);
[INFO] [stdout]     | -------------------------- in this macro invocation
[INFO] [stdout]    --> /rustc/0e09125c6c3c2fd70d7de961bcf0e51575235fad/library/core/src/../../portable-simd/crates/core_simd/src/simd/num/int.rs:188:8
[INFO] [stdout]     |
[INFO] [stdout]     = note: the method is available for `std::simd::Simd<i16, 32>` here
[INFO] [stdout]     |
[INFO] [stdout]     = help: items from traits can only be used if the trait is in scope
[INFO] [stdout]     = note: this error originates in the macro `simd_ord_int` (in Nightly builds, run with -Z macro-backtrace for more info)
[INFO] [stdout] help: the following trait is implemented but not in scope; perhaps add a `use` for it:
[INFO] [stdout]     |
[INFO] [stdout] 1   + use std::simd::num::SimdInt;
[INFO] [stdout]     |
[INFO] [stdout] 
[INFO] [stdout] 
[INFO] [stdout] error[E0599]: no method named `simd_max` found for struct `std::simd::Simd` in the current scope
[INFO] [stdout]    --> /opt/rustwide/cargo-home/registry/src/index.crates.io-6f17d22bba15001f/arrow2-0.17.0/src/compute/aggregate/simd/packed.rs:48:22
[INFO] [stdout]     |
[INFO] [stdout] 48  |                 self.simd_max(x)
[INFO] [stdout]     |                      ^^^^^^^^ method not found in `Simd<i16, 32>`
[INFO] [stdout] ...
[INFO] [stdout] 113 | simd_ord_int!(i16x32, i16);
[INFO] [stdout]     | -------------------------- in this macro invocation
[INFO] [stdout]    --> /rustc/0e09125c6c3c2fd70d7de961bcf0e51575235fad/library/core/src/../../portable-simd/crates/core_simd/src/simd/cmp/ord.rs:31:8
[INFO] [stdout]     |
[INFO] [stdout]     = note: the method is available for `std::simd::Simd<i16, 32>` here
[INFO] [stdout]     |
[INFO] [stdout]     = help: items from traits can only be used if the trait is in scope
[INFO] [stdout]     = note: this error originates in the macro `simd_ord_int` (in Nightly builds, run with -Z macro-backtrace for more info)
[INFO] [stdout] help: the following trait is implemented but not in scope; perhaps add a `use` for it:
[INFO] [stdout]     |
[INFO] [stdout] 1   + use std::simd::cmp::SimdOrd;
[INFO] [stdout]     |
[INFO] [stdout] 
[INFO] [stdout] 
[INFO] [stdout] error[E0599]: no method named `simd_min` found for struct `std::simd::Simd` in the current scope
[INFO] [stdout]    --> /opt/rustwide/cargo-home/registry/src/index.crates.io-6f17d22bba15001f/arrow2-0.17.0/src/compute/aggregate/simd/packed.rs:53:22
[INFO] [stdout]     |
[INFO] [stdout] 53  |                 self.simd_min(x)
[INFO] [stdout]     |                      ^^^^^^^^ method not found in `Simd<i16, 32>`
[INFO] [stdout] ...
[INFO] [stdout] 113 | simd_ord_int!(i16x32, i16);
[INFO] [stdout]     | -------------------------- in this macro invocation
[INFO] [stdout]    --> /rustc/0e09125c6c3c2fd70d7de961bcf0e51575235fad/library/core/src/../../portable-simd/crates/core_simd/src/simd/cmp/ord.rs:35:8
[INFO] [stdout]     |
[INFO] [stdout]     = note: the method is available for `std::simd::Simd<i16, 32>` here
[INFO] [stdout]     |
[INFO] [stdout]     = help: items from traits can only be used if the trait is in scope
[INFO] [stdout]     = note: this error originates in the macro `simd_ord_int` (in Nightly builds, run with -Z macro-backtrace for more info)
[INFO] [stdout] help: the following trait is implemented but not in scope; perhaps add a `use` for it:
[INFO] [stdout]     |
[INFO] [stdout] 1   + use std::simd::cmp::SimdOrd;
[INFO] [stdout]     |
[INFO] [stdout] 
[INFO] [stdout] 
[INFO] [stdout] error[E0599]: no method named `reduce_max` found for struct `std::simd::Simd` in the current scope
[INFO] [stdout]    --> /opt/rustwide/cargo-home/registry/src/index.crates.io-6f17d22bba15001f/arrow2-0.17.0/src/compute/aggregate/simd/packed.rs:38:22
[INFO] [stdout]     |
[INFO] [stdout] 38  |                 self.reduce_max()
[INFO] [stdout]     |                      ^^^^^^^^^^ method not found in `Simd<i32, 16>`
[INFO] [stdout] ...
[INFO] [stdout] 114 | simd_ord_int!(i32x16, i32);
[INFO] [stdout]     | -------------------------- in this macro invocation
[INFO] [stdout]    --> /rustc/0e09125c6c3c2fd70d7de961bcf0e51575235fad/library/core/src/../../portable-simd/crates/core_simd/src/simd/num/int.rs:174:8
[INFO] [stdout]     |
[INFO] [stdout]     = note: the method is available for `std::simd::Simd<i32, 16>` here
[INFO] [stdout]     |
[INFO] [stdout]     = help: items from traits can only be used if the trait is in scope
[INFO] [stdout]     = note: this error originates in the macro `simd_ord_int` (in Nightly builds, run with -Z macro-backtrace for more info)
[INFO] [stdout] help: the following trait is implemented but not in scope; perhaps add a `use` for it:
[INFO] [stdout]     |
[INFO] [stdout] 1   + use std::simd::num::SimdInt;
[INFO] [stdout]     |
[INFO] [stdout] 
[INFO] [stdout] 
[INFO] [stdout] error[E0599]: no method named `reduce_min` found for struct `std::simd::Simd` in the current scope
[INFO] [stdout]    --> /opt/rustwide/cargo-home/registry/src/index.crates.io-6f17d22bba15001f/arrow2-0.17.0/src/compute/aggregate/simd/packed.rs:43:22
[INFO] [stdout]     |
[INFO] [stdout] 43  |                 self.reduce_min()
[INFO] [stdout]     |                      ^^^^^^^^^^ method not found in `Simd<i32, 16>`
[INFO] [stdout] ...
[INFO] [stdout] 114 | simd_ord_int!(i32x16, i32);
[INFO] [stdout]     | -------------------------- in this macro invocation
[INFO] [stdout]    --> /rustc/0e09125c6c3c2fd70d7de961bcf0e51575235fad/library/core/src/../../portable-simd/crates/core_simd/src/simd/num/int.rs:188:8
[INFO] [stdout]     |
[INFO] [stdout]     = note: the method is available for `std::simd::Simd<i32, 16>` here
[INFO] [stdout]     |
[INFO] [stdout]     = help: items from traits can only be used if the trait is in scope
[INFO] [stdout]     = note: this error originates in the macro `simd_ord_int` (in Nightly builds, run with -Z macro-backtrace for more info)
[INFO] [stdout] help: the following trait is implemented but not in scope; perhaps add a `use` for it:
[INFO] [stdout]     |
[INFO] [stdout] 1   + use std::simd::num::SimdInt;
[INFO] [stdout]     |
[INFO] [stdout] 
[INFO] [stdout] 
[INFO] [stdout] error[E0599]: no method named `simd_max` found for struct `std::simd::Simd` in the current scope
[INFO] [stdout]    --> /opt/rustwide/cargo-home/registry/src/index.crates.io-6f17d22bba15001f/arrow2-0.17.0/src/compute/aggregate/simd/packed.rs:48:22
[INFO] [stdout]     |
[INFO] [stdout] 48  |                 self.simd_max(x)
[INFO] [stdout]     |                      ^^^^^^^^ method not found in `Simd<i32, 16>`
[INFO] [stdout] ...
[INFO] [stdout] 114 | simd_ord_int!(i32x16, i32);
[INFO] [stdout]     | -------------------------- in this macro invocation
[INFO] [stdout]    --> /rustc/0e09125c6c3c2fd70d7de961bcf0e51575235fad/library/core/src/../../portable-simd/crates/core_simd/src/simd/cmp/ord.rs:31:8
[INFO] [stdout]     |
[INFO] [stdout]     = note: the method is available for `std::simd::Simd<i32, 16>` here
[INFO] [stdout]     |
[INFO] [stdout]     = help: items from traits can only be used if the trait is in scope
[INFO] [stdout]     = note: this error originates in the macro `simd_ord_int` (in Nightly builds, run with -Z macro-backtrace for more info)
[INFO] [stdout] help: the following trait is implemented but not in scope; perhaps add a `use` for it:
[INFO] [stdout]     |
[INFO] [stdout] 1   + use std::simd::cmp::SimdOrd;
[INFO] [stdout]     |
[INFO] [stdout] 
[INFO] [stdout] 
[INFO] [stdout] error[E0599]: no method named `simd_min` found for struct `std::simd::Simd` in the current scope
[INFO] [stdout]    --> /opt/rustwide/cargo-home/registry/src/index.crates.io-6f17d22bba15001f/arrow2-0.17.0/src/compute/aggregate/simd/packed.rs:53:22
[INFO] [stdout]     |
[INFO] [stdout] 53  |                 self.simd_min(x)
[INFO] [stdout]     |                      ^^^^^^^^ method not found in `Simd<i32, 16>`
[INFO] [stdout] ...
[INFO] [stdout] 114 | simd_ord_int!(i32x16, i32);
[INFO] [stdout]     | -------------------------- in this macro invocation
[INFO] [stdout]    --> /rustc/0e09125c6c3c2fd70d7de961bcf0e51575235fad/library/core/src/../../portable-simd/crates/core_simd/src/simd/cmp/ord.rs:35:8
[INFO] [stdout]     |
[INFO] [stdout]     = note: the method is available for `std::simd::Simd<i32, 16>` here
[INFO] [stdout]     |
[INFO] [stdout]     = help: items from traits can only be used if the trait is in scope
[INFO] [stdout]     = note: this error originates in the macro `simd_ord_int` (in Nightly builds, run with -Z macro-backtrace for more info)
[INFO] [stdout] help: the following trait is implemented but not in scope; perhaps add a `use` for it:
[INFO] [stdout]     |
[INFO] [stdout] 1   + use std::simd::cmp::SimdOrd;
[INFO] [stdout]     |
[INFO] [stdout] 
[INFO] [stdout] 
[INFO] [stdout] error[E0599]: no method named `reduce_max` found for struct `std::simd::Simd` in the current scope
[INFO] [stdout]    --> /opt/rustwide/cargo-home/registry/src/index.crates.io-6f17d22bba15001f/arrow2-0.17.0/src/compute/aggregate/simd/packed.rs:38:22
[INFO] [stdout]     |
[INFO] [stdout] 38  |                 self.reduce_max()
[INFO] [stdout]     |                      ^^^^^^^^^^ method not found in `Simd<i64, 8>`
[INFO] [stdout] ...
[INFO] [stdout] 115 | simd_ord_int!(i64x8, i64);
[INFO] [stdout]     | ------------------------- in this macro invocation
[INFO] [stdout]    --> /rustc/0e09125c6c3c2fd70d7de961bcf0e51575235fad/library/core/src/../../portable-simd/crates/core_simd/src/simd/num/int.rs:174:8
[INFO] [stdout]     |
[INFO] [stdout]     = note: the method is available for `std::simd::Simd<i64, 8>` here
[INFO] [stdout]     |
[INFO] [stdout]     = help: items from traits can only be used if the trait is in scope
[INFO] [stdout]     = note: this error originates in the macro `simd_ord_int` (in Nightly builds, run with -Z macro-backtrace for more info)
[INFO] [stdout] help: the following trait is implemented but not in scope; perhaps add a `use` for it:
[INFO] [stdout]     |
[INFO] [stdout] 1   + use std::simd::num::SimdInt;
[INFO] [stdout]     |
[INFO] [stdout] 
[INFO] [stdout] 
[INFO] [stdout] error[E0599]: no method named `reduce_min` found for struct `std::simd::Simd` in the current scope
[INFO] [stdout]    --> /opt/rustwide/cargo-home/registry/src/index.crates.io-6f17d22bba15001f/arrow2-0.17.0/src/compute/aggregate/simd/packed.rs:43:22
[INFO] [stdout]     |
[INFO] [stdout] 43  |                 self.reduce_min()
[INFO] [stdout]     |                      ^^^^^^^^^^ method not found in `Simd<i64, 8>`
[INFO] [stdout] ...
[INFO] [stdout] 115 | simd_ord_int!(i64x8, i64);
[INFO] [stdout]     | ------------------------- in this macro invocation
[INFO] [stdout]    --> /rustc/0e09125c6c3c2fd70d7de961bcf0e51575235fad/library/core/src/../../portable-simd/crates/core_simd/src/simd/num/int.rs:188:8
[INFO] [stdout]     |
[INFO] [stdout]     = note: the method is available for `std::simd::Simd<i64, 8>` here
[INFO] [stdout]     |
[INFO] [stdout]     = help: items from traits can only be used if the trait is in scope
[INFO] [stdout]     = note: this error originates in the macro `simd_ord_int` (in Nightly builds, run with -Z macro-backtrace for more info)
[INFO] [stdout] help: the following trait is implemented but not in scope; perhaps add a `use` for it:
[INFO] [stdout]     |
[INFO] [stdout] 1   + use std::simd::num::SimdInt;
[INFO] [stdout]     |
[INFO] [stdout] 
[INFO] [stdout] 
[INFO] [stdout] error[E0599]: no method named `simd_max` found for struct `std::simd::Simd` in the current scope
[INFO] [stdout]    --> /opt/rustwide/cargo-home/registry/src/index.crates.io-6f17d22bba15001f/arrow2-0.17.0/src/compute/aggregate/simd/packed.rs:48:22
[INFO] [stdout]     |
[INFO] [stdout] 48  |                 self.simd_max(x)
[INFO] [stdout]     |                      ^^^^^^^^ method not found in `Simd<i64, 8>`
[INFO] [stdout] ...
[INFO] [stdout] 115 | simd_ord_int!(i64x8, i64);
[INFO] [stdout]     | ------------------------- in this macro invocation
[INFO] [stdout]    --> /rustc/0e09125c6c3c2fd70d7de961bcf0e51575235fad/library/core/src/../../portable-simd/crates/core_simd/src/simd/cmp/ord.rs:31:8
[INFO] [stdout]     |
[INFO] [stdout]     = note: the method is available for `std::simd::Simd<i64, 8>` here
[INFO] [stdout]     |
[INFO] [stdout]     = help: items from traits can only be used if the trait is in scope
[INFO] [stdout]     = note: this error originates in the macro `simd_ord_int` (in Nightly builds, run with -Z macro-backtrace for more info)
[INFO] [stdout] help: the following trait is implemented but not in scope; perhaps add a `use` for it:
[INFO] [stdout]     |
[INFO] [stdout] 1   + use std::simd::cmp::SimdOrd;
[INFO] [stdout]     |
[INFO] [stdout] 
[INFO] [stdout] 
[INFO] [stdout] error[E0599]: no method named `simd_min` found for struct `std::simd::Simd` in the current scope
[INFO] [stdout]    --> /opt/rustwide/cargo-home/registry/src/index.crates.io-6f17d22bba15001f/arrow2-0.17.0/src/compute/aggregate/simd/packed.rs:53:22
[INFO] [stdout]     |
[INFO] [stdout] 53  |                 self.simd_min(x)
[INFO] [stdout]     |                      ^^^^^^^^ method not found in `Simd<i64, 8>`
[INFO] [stdout] ...
[INFO] [stdout] 115 | simd_ord_int!(i64x8, i64);
[INFO] [stdout]     | ------------------------- in this macro invocation
[INFO] [stdout]    --> /rustc/0e09125c6c3c2fd70d7de961bcf0e51575235fad/library/core/src/../../portable-simd/crates/core_simd/src/simd/cmp/ord.rs:35:8
[INFO] [stdout]     |
[INFO] [stdout]     = note: the method is available for `std::simd::Simd<i64, 8>` here
[INFO] [stdout]     |
[INFO] [stdout]     = help: items from traits can only be used if the trait is in scope
[INFO] [stdout]     = note: this error originates in the macro `simd_ord_int` (in Nightly builds, run with -Z macro-backtrace for more info)
[INFO] [stdout] help: the following trait is implemented but not in scope; perhaps add a `use` for it:
[INFO] [stdout]     |
[INFO] [stdout] 1   + use std::simd::cmp::SimdOrd;
[INFO] [stdout]     |
[INFO] [stdout] 
[INFO] [stdout] 
[INFO] [stdout] error[E0599]: no method named `reduce_max` found for struct `std::simd::Simd` in the current scope
[INFO] [stdout]    --> /opt/rustwide/cargo-home/registry/src/index.crates.io-6f17d22bba15001f/arrow2-0.17.0/src/compute/aggregate/simd/packed.rs:77:22
[INFO] [stdout]     |
[INFO] [stdout] 77  |                 self.reduce_max()
[INFO] [stdout]     |                      ^^^^^^^^^^ method not found in `Simd<f32, 16>`
[INFO] [stdout] ...
[INFO] [stdout] 116 | simd_ord_float!(f32x16, f32);
[INFO] [stdout]     | ---------------------------- in this macro invocation
[INFO] [stdout]    --> /rustc/0e09125c6c3c2fd70d7de961bcf0e51575235fad/library/core/src/../../portable-simd/crates/core_simd/src/simd/num/float.rs:210:8
[INFO] [stdout]     |
[INFO] [stdout]     = note: the method is available for `std::simd::Simd<f32, 16>` here
[INFO] [stdout]     |
[INFO] [stdout]     = help: items from traits can only be used if the trait is in scope
[INFO] [stdout]     = note: this error originates in the macro `simd_ord_float` (in Nightly builds, run with -Z macro-backtrace for more info)
[INFO] [stdout] help: the following trait is implemented but not in scope; perhaps add a `use` for it:
[INFO] [stdout]     |
[INFO] [stdout] 1   + use std::simd::num::SimdFloat;
[INFO] [stdout]     |
[INFO] [stdout] 
[INFO] [stdout] 
[INFO] [stdout] error[E0599]: no method named `reduce_min` found for struct `std::simd::Simd` in the current scope
[INFO] [stdout]    --> /opt/rustwide/cargo-home/registry/src/index.crates.io-6f17d22bba15001f/arrow2-0.17.0/src/compute/aggregate/simd/packed.rs:82:22
[INFO] [stdout]     |
[INFO] [stdout] 82  |                 self.reduce_min()
[INFO] [stdout]     |                      ^^^^^^^^^^ method not found in `Simd<f32, 16>`
[INFO] [stdout] ...
[INFO] [stdout] 116 | simd_ord_float!(f32x16, f32);
[INFO] [stdout]     | ---------------------------- in this macro invocation
[INFO] [stdout]    --> /rustc/0e09125c6c3c2fd70d7de961bcf0e51575235fad/library/core/src/../../portable-simd/crates/core_simd/src/simd/num/float.rs:237:8
[INFO] [stdout]     |
[INFO] [stdout]     = note: the method is available for `std::simd::Simd<f32, 16>` here
[INFO] [stdout]     |
[INFO] [stdout]     = help: items from traits can only be used if the trait is in scope
[INFO] [stdout]     = note: this error originates in the macro `simd_ord_float` (in Nightly builds, run with -Z macro-backtrace for more info)
[INFO] [stdout] help: the following trait is implemented but not in scope; perhaps add a `use` for it:
[INFO] [stdout]     |
[INFO] [stdout] 1   + use std::simd::num::SimdFloat;
[INFO] [stdout]     |
[INFO] [stdout] 
[INFO] [stdout] 
[INFO] [stdout] error[E0599]: no method named `simd_max` found for struct `std::simd::Simd` in the current scope
[INFO] [stdout]    --> /opt/rustwide/cargo-home/registry/src/index.crates.io-6f17d22bba15001f/arrow2-0.17.0/src/compute/aggregate/simd/packed.rs:87:22
[INFO] [stdout]     |
[INFO] [stdout] 87  |                 self.simd_max(x)
[INFO] [stdout]     |                      ^^^^^^^^ method not found in `Simd<f32, 16>`
[INFO] [stdout] ...
[INFO] [stdout] 116 | simd_ord_float!(f32x16, f32);
[INFO] [stdout]     | ---------------------------- in this macro invocation
[INFO] [stdout]    --> /rustc/0e09125c6c3c2fd70d7de961bcf0e51575235fad/library/core/src/../../portable-simd/crates/core_simd/src/simd/num/float.rs:147:8
[INFO] [stdout]     |
[INFO] [stdout]     = note: the method is available for `std::simd::Simd<f32, 16>` here
[INFO] [stdout]     |
[INFO] [stdout]     = help: items from traits can only be used if the trait is in scope
[INFO] [stdout]     = note: this error originates in the macro `simd_ord_float` (in Nightly builds, run with -Z macro-backtrace for more info)
[INFO] [stdout] help: the following trait is implemented but not in scope; perhaps add a `use` for it:
[INFO] [stdout]     |
[INFO] [stdout] 1   + use std::simd::num::SimdFloat;
[INFO] [stdout]     |
[INFO] [stdout] 
[INFO] [stdout] 
[INFO] [stdout] error[E0599]: no method named `simd_min` found for struct `std::simd::Simd` in the current scope
[INFO] [stdout]    --> /opt/rustwide/cargo-home/registry/src/index.crates.io-6f17d22bba15001f/arrow2-0.17.0/src/compute/aggregate/simd/packed.rs:92:22
[INFO] [stdout]     |
[INFO] [stdout] 92  |                 self.simd_min(x)
[INFO] [stdout]     |                      ^^^^^^^^ method not found in `Simd<f32, 16>`
[INFO] [stdout] ...
[INFO] [stdout] 116 | simd_ord_float!(f32x16, f32);
[INFO] [stdout]     | ---------------------------- in this macro invocation
[INFO] [stdout]    --> /rustc/0e09125c6c3c2fd70d7de961bcf0e51575235fad/library/core/src/../../portable-simd/crates/core_simd/src/simd/num/float.rs:141:8
[INFO] [stdout]     |
[INFO] [stdout]     = note: the method is available for `std::simd::Simd<f32, 16>` here
[INFO] [stdout]     |
[INFO] [stdout]     = help: items from traits can only be used if the trait is in scope
[INFO] [stdout]     = note: this error originates in the macro `simd_ord_float` (in Nightly builds, run with -Z macro-backtrace for more info)
[INFO] [stdout] help: the following trait is implemented but not in scope; perhaps add a `use` for it:
[INFO] [stdout]     |
[INFO] [stdout] 1   + use std::simd::num::SimdFloat;
[INFO] [stdout]     |
[INFO] [stdout] 
[INFO] [stdout] 
[INFO] [stdout] error[E0599]: no method named `reduce_max` found for struct `std::simd::Simd` in the current scope
[INFO] [stdout]    --> /opt/rustwide/cargo-home/registry/src/index.crates.io-6f17d22bba15001f/arrow2-0.17.0/src/compute/aggregate/simd/packed.rs:77:22
[INFO] [stdout]     |
[INFO] [stdout] 77  |                 self.reduce_max()
[INFO] [stdout]     |                      ^^^^^^^^^^ method not found in `Simd<f64, 8>`
[INFO] [stdout] ...
[INFO] [stdout] 117 | simd_ord_float!(f64x8, f64);
[INFO] [stdout]     | --------------------------- in this macro invocation
[INFO] [stdout]    --> /rustc/0e09125c6c3c2fd70d7de961bcf0e51575235fad/library/core/src/../../portable-simd/crates/core_simd/src/simd/num/float.rs:210:8
[INFO] [stdout]     |
[INFO] [stdout]     = note: the method is available for `std::simd::Simd<f64, 8>` here
[INFO] [stdout]     |
[INFO] [stdout]     = help: items from traits can only be used if the trait is in scope
[INFO] [stdout]     = note: this error originates in the macro `simd_ord_float` (in Nightly builds, run with -Z macro-backtrace for more info)
[INFO] [stdout] help: the following trait is implemented but not in scope; perhaps add a `use` for it:
[INFO] [stdout]     |
[INFO] [stdout] 1   + use std::simd::num::SimdFloat;
[INFO] [stdout]     |
[INFO] [stdout] 
[INFO] [stdout] 
[INFO] [stdout] error[E0599]: no method named `reduce_min` found for struct `std::simd::Simd` in the current scope
[INFO] [stdout]    --> /opt/rustwide/cargo-home/registry/src/index.crates.io-6f17d22bba15001f/arrow2-0.17.0/src/compute/aggregate/simd/packed.rs:82:22
[INFO] [stdout]     |
[INFO] [stdout] 82  |                 self.reduce_min()
[INFO] [stdout]     |                      ^^^^^^^^^^ method not found in `Simd<f64, 8>`
[INFO] [stdout] ...
[INFO] [stdout] 117 | simd_ord_float!(f64x8, f64);
[INFO] [stdout]     | --------------------------- in this macro invocation
[INFO] [stdout]    --> /rustc/0e09125c6c3c2fd70d7de961bcf0e51575235fad/library/core/src/../../portable-simd/crates/core_simd/src/simd/num/float.rs:237:8
[INFO] [stdout]     |
[INFO] [stdout]     = note: the method is available for `std::simd::Simd<f64, 8>` here
[INFO] [stdout]     |
[INFO] [stdout]     = help: items from traits can only be used if the trait is in scope
[INFO] [stdout]     = note: this error originates in the macro `simd_ord_float` (in Nightly builds, run with -Z macro-backtrace for more info)
[INFO] [stdout] help: the following trait is implemented but not in scope; perhaps add a `use` for it:
[INFO] [stdout]     |
[INFO] [stdout] 1   + use std::simd::num::SimdFloat;
[INFO] [stdout]     |
[INFO] [stdout] 
[INFO] [stdout] 
[INFO] [stdout] error[E0599]: no method named `simd_max` found for struct `std::simd::Simd` in the current scope
[INFO] [stdout]    --> /opt/rustwide/cargo-home/registry/src/index.crates.io-6f17d22bba15001f/arrow2-0.17.0/src/compute/aggregate/simd/packed.rs:87:22
[INFO] [stdout]     |
[INFO] [stdout] 87  |                 self.simd_max(x)
[INFO] [stdout]     |                      ^^^^^^^^ method not found in `Simd<f64, 8>`
[INFO] [stdout] ...
[INFO] [stdout] 117 | simd_ord_float!(f64x8, f64);
[INFO] [stdout]     | --------------------------- in this macro invocation
[INFO] [stdout]    --> /rustc/0e09125c6c3c2fd70d7de961bcf0e51575235fad/library/core/src/../../portable-simd/crates/core_simd/src/simd/num/float.rs:147:8
[INFO] [stdout]     |
[INFO] [stdout]     = note: the method is available for `std::simd::Simd<f64, 8>` here
[INFO] [stdout]     |
[INFO] [stdout]     = help: items from traits can only be used if the trait is in scope
[INFO] [stdout]     = note: this error originates in the macro `simd_ord_float` (in Nightly builds, run with -Z macro-backtrace for more info)
[INFO] [stdout] help: the following trait is implemented but not in scope; perhaps add a `use` for it:
[INFO] [stdout]     |
[INFO] [stdout] 1   + use std::simd::num::SimdFloat;
[INFO] [stdout]     |
[INFO] [stdout] 
[INFO] [stdout] 
[INFO] [stdout] error[E0599]: no method named `simd_min` found for struct `std::simd::Simd` in the current scope
[INFO] [stdout]    --> /opt/rustwide/cargo-home/registry/src/index.crates.io-6f17d22bba15001f/arrow2-0.17.0/src/compute/aggregate/simd/packed.rs:92:22
[INFO] [stdout]     |
[INFO] [stdout] 92  |                 self.simd_min(x)
[INFO] [stdout]     |                      ^^^^^^^^ method not found in `Simd<f64, 8>`
[INFO] [stdout] ...
[INFO] [stdout] 117 | simd_ord_float!(f64x8, f64);
[INFO] [stdout]     | --------------------------- in this macro invocation
[INFO] [stdout]    --> /rustc/0e09125c6c3c2fd70d7de961bcf0e51575235fad/library/core/src/../../portable-simd/crates/core_simd/src/simd/num/float.rs:141:8
[INFO] [stdout]     |
[INFO] [stdout]     = note: the method is available for `std::simd::Simd<f64, 8>` here
[INFO] [stdout]     |
[INFO] [stdout]     = help: items from traits can only be used if the trait is in scope
[INFO] [stdout]     = note: this error originates in the macro `simd_ord_float` (in Nightly builds, run with -Z macro-backtrace for more info)
[INFO] [stdout] help: the following trait is implemented but not in scope; perhaps add a `use` for it:
[INFO] [stdout]     |
[INFO] [stdout] 1   + use std::simd::num::SimdFloat;
[INFO] [stdout]     |
[INFO] [stdout] 
[INFO] [stdout] 
[INFO] [stdout] error[E0599]: no method named `simd_eq` found for struct `std::simd::Simd` in the current scope
[INFO] [stdout]   --> /opt/rustwide/cargo-home/registry/src/index.crates.io-6f17d22bba15001f/arrow2-0.17.0/src/compute/comparison/simd/packed.rs:32:22
[INFO] [stdout]    |
[INFO] [stdout] 32 |                 self.simd_eq(other).to_bitmask()
[INFO] [stdout]    |                      ^^^^^^^ method not found in `Simd<u8, 8>`
[INFO] [stdout] ...
[INFO] [stdout] 65 | simd8!(u8, u8x8);
[INFO] [stdout]    | ---------------- in this macro invocation
[INFO] [stdout]   --> /rustc/0e09125c6c3c2fd70d7de961bcf0e51575235fad/library/core/src/../../portable-simd/crates/core_simd/src/simd/cmp/eq.rs:14:8
[INFO] [stdout]    |
[INFO] [stdout]    = note: the method is available for `std::simd::Simd<u8, 8>` here
[INFO] [stdout]    |
[INFO] [stdout]    = help: items from traits can only be used if the trait is in scope
[INFO] [stdout]    = note: this error originates in the macro `simd8` (in Nightly builds, run with -Z macro-backtrace for more info)
[INFO] [stdout] help: the following trait is implemented but not in scope; perhaps add a `use` for it:
[INFO] [stdout]    |
[INFO] [stdout] 1  + use std::simd::cmp::SimdPartialEq;
[INFO] [stdout]    |
[INFO] [stdout] 
[INFO] [stdout] 
[INFO] [stdout] error[E0599]: no method named `simd_ne` found for struct `std::simd::Simd` in the current scope
[INFO] [stdout]   --> /opt/rustwide/cargo-home/registry/src/index.crates.io-6f17d22bba15001f/arrow2-0.17.0/src/compute/comparison/simd/packed.rs:37:22
[INFO] [stdout]    |
[INFO] [stdout] 37 |                 self.simd_ne(other).to_bitmask()
[INFO] [stdout]    |                      ^^^^^^^ method not found in `Simd<u8, 8>`
[INFO] [stdout] ...
[INFO] [stdout] 65 | simd8!(u8, u8x8);
[INFO] [stdout]    | ---------------- in this macro invocation
[INFO] [stdout]   --> /rustc/0e09125c6c3c2fd70d7de961bcf0e51575235fad/library/core/src/../../portable-simd/crates/core_simd/src/simd/cmp/eq.rs:18:8
[INFO] [stdout]    |
[INFO] [stdout]    = note: the method is available for `std::simd::Simd<u8, 8>` here
[INFO] [stdout]    |
[INFO] [stdout]    = help: items from traits can only be used if the trait is in scope
[INFO] [stdout]    = note: this error originates in the macro `simd8` (in Nightly builds, run with -Z macro-backtrace for more info)
[INFO] [stdout] help: the following trait is implemented but not in scope; perhaps add a `use` for it:
[INFO] [stdout]    |
[INFO] [stdout] 1  + use std::simd::cmp::SimdPartialEq;
[INFO] [stdout]    |
[INFO] [stdout] 
[INFO] [stdout] 
[INFO] [stdout] error[E0599]: no method named `simd_le` found for struct `std::simd::Simd` in the current scope
[INFO] [stdout]   --> /opt/rustwide/cargo-home/registry/src/index.crates.io-6f17d22bba15001f/arrow2-0.17.0/src/compute/comparison/simd/packed.rs:44:22
[INFO] [stdout]    |
[INFO] [stdout] 44 |                 self.simd_le(other).to_bitmask()
[INFO] [stdout]    |                      ^^^^^^^ method not found in `Simd<u8, 8>`
[INFO] [stdout] ...
[INFO] [stdout] 65 | simd8!(u8, u8x8);
[INFO] [stdout]    | ---------------- in this macro invocation
[INFO] [stdout]   --> /rustc/0e09125c6c3c2fd70d7de961bcf0e51575235fad/library/core/src/../../portable-simd/crates/core_simd/src/simd/cmp/ord.rs:16:8
[INFO] [stdout]    |
[INFO] [stdout]    = note: the method is available for `std::simd::Simd<u8, 8>` here
[INFO] [stdout]    |
[INFO] [stdout]    = help: items from traits can only be used if the trait is in scope
[INFO] [stdout]    = note: this error originates in the macro `simd8` (in Nightly builds, run with -Z macro-backtrace for more info)
[INFO] [stdout] help: the following trait is implemented but not in scope; perhaps add a `use` for it:
[INFO] [stdout]    |
[INFO] [stdout] 1  + use std::simd::cmp::SimdPartialOrd;
[INFO] [stdout]    |
[INFO] [stdout] 
[INFO] [stdout] 
[INFO] [stdout] error[E0599]: no method named `simd_lt` found for struct `std::simd::Simd` in the current scope
[INFO] [stdout]   --> /opt/rustwide/cargo-home/registry/src/index.crates.io-6f17d22bba15001f/arrow2-0.17.0/src/compute/comparison/simd/packed.rs:49:22
[INFO] [stdout]    |
[INFO] [stdout] 49 |                 self.simd_lt(other).to_bitmask()
[INFO] [stdout]    |                      ^^^^^^^ method not found in `Simd<u8, 8>`
[INFO] [stdout] ...
[INFO] [stdout] 65 | simd8!(u8, u8x8);
[INFO] [stdout]    | ---------------- in this macro invocation
[INFO] [stdout]   --> /rustc/0e09125c6c3c2fd70d7de961bcf0e51575235fad/library/core/src/../../portable-simd/crates/core_simd/src/simd/cmp/ord.rs:12:8
[INFO] [stdout]    |
[INFO] [stdout]    = note: the method is available for `std::simd::Simd<u8, 8>` here
[INFO] [stdout]    |
[INFO] [stdout]    = help: items from traits can only be used if the trait is in scope
[INFO] [stdout]    = note: this error originates in the macro `simd8` (in Nightly builds, run with -Z macro-backtrace for more info)
[INFO] [stdout] help: the following trait is implemented but not in scope; perhaps add a `use` for it:
[INFO] [stdout]    |
[INFO] [stdout] 1  + use std::simd::cmp::SimdPartialOrd;
[INFO] [stdout]    |
[INFO] [stdout] 
[INFO] [stdout] 
[INFO] [stdout] error[E0599]: no method named `simd_ge` found for struct `std::simd::Simd` in the current scope
[INFO] [stdout]   --> /opt/rustwide/cargo-home/registry/src/index.crates.io-6f17d22bba15001f/arrow2-0.17.0/src/compute/comparison/simd/packed.rs:54:22
[INFO] [stdout]    |
[INFO] [stdout] 54 |                 self.simd_ge(other).to_bitmask()
[INFO] [stdout]    |                      ^^^^^^^ method not found in `Simd<u8, 8>`
[INFO] [stdout] ...
[INFO] [stdout] 65 | simd8!(u8, u8x8);
[INFO] [stdout]    | ---------------- in this macro invocation
[INFO] [stdout]   --> /rustc/0e09125c6c3c2fd70d7de961bcf0e51575235fad/library/core/src/../../portable-simd/crates/core_simd/src/simd/cmp/ord.rs:24:8
[INFO] [stdout]    |
[INFO] [stdout]    = note: the method is available for `std::simd::Simd<u8, 8>` here
[INFO] [stdout]    |
[INFO] [stdout]    = help: items from traits can only be used if the trait is in scope
[INFO] [stdout]    = note: this error originates in the macro `simd8` (in Nightly builds, run with -Z macro-backtrace for more info)
[INFO] [stdout] help: the following trait is implemented but not in scope; perhaps add a `use` for it:
[INFO] [stdout]    |
[INFO] [stdout] 1  + use std::simd::cmp::SimdPartialOrd;
[INFO] [stdout]    |
[INFO] [stdout] 
[INFO] [stdout] 
[INFO] [stdout] error[E0599]: no method named `simd_gt` found for struct `std::simd::Simd` in the current scope
[INFO] [stdout]   --> /opt/rustwide/cargo-home/registry/src/index.crates.io-6f17d22bba15001f/arrow2-0.17.0/src/compute/comparison/simd/packed.rs:59:22
[INFO] [stdout]    |
[INFO] [stdout] 59 |                 self.simd_gt(other).to_bitmask()
[INFO] [stdout]    |                      ^^^^^^^ method not found in `Simd<u8, 8>`
[INFO] [stdout] ...
[INFO] [stdout] 65 | simd8!(u8, u8x8);
[INFO] [stdout]    | ---------------- in this macro invocation
[INFO] [stdout]   --> /rustc/0e09125c6c3c2fd70d7de961bcf0e51575235fad/library/core/src/../../portable-simd/crates/core_simd/src/simd/cmp/ord.rs:20:8
[INFO] [stdout]    |
[INFO] [stdout]    = note: the method is available for `std::simd::Simd<u8, 8>` here
[INFO] [stdout]    |
[INFO] [stdout]    = help: items from traits can only be used if the trait is in scope
[INFO] [stdout]    = note: this error originates in the macro `simd8` (in Nightly builds, run with -Z macro-backtrace for more info)
[INFO] [stdout] help: the following trait is implemented but not in scope; perhaps add a `use` for it:
[INFO] [stdout]    |
[INFO] [stdout] 1  + use std::simd::cmp::SimdPartialOrd;
[INFO] [stdout]    |
[INFO] [stdout] 
[INFO] [stdout] 
[INFO] [stdout] error[E0599]: no method named `simd_eq` found for struct `std::simd::Simd` in the current scope
[INFO] [stdout]   --> /opt/rustwide/cargo-home/registry/src/index.crates.io-6f17d22bba15001f/arrow2-0.17.0/src/compute/comparison/simd/packed.rs:32:22
[INFO] [stdout]    |
[INFO] [stdout] 32 |                 self.simd_eq(other).to_bitmask()
[INFO] [stdout]    |                      ^^^^^^^ method not found in `Simd<u16, 8>`
[INFO] [stdout] ...
[INFO] [stdout] 66 | simd8!(u16, u16x8);
[INFO] [stdout]    | ------------------ in this macro invocation
[INFO] [stdout]   --> /rustc/0e09125c6c3c2fd70d7de961bcf0e51575235fad/library/core/src/../../portable-simd/crates/core_simd/src/simd/cmp/eq.rs:14:8
[INFO] [stdout]    |
[INFO] [stdout]    = note: the method is available for `std::simd::Simd<u16, 8>` here
[INFO] [stdout]    |
[INFO] [stdout]    = help: items from traits can only be used if the trait is in scope
[INFO] [stdout]    = note: this error originates in the macro `simd8` (in Nightly builds, run with -Z macro-backtrace for more info)
[INFO] [stdout] help: the following trait is implemented but not in scope; perhaps add a `use` for it:
[INFO] [stdout]    |
[INFO] [stdout] 1  + use std::simd::cmp::SimdPartialEq;
[INFO] [stdout]    |
[INFO] [stdout] 
[INFO] [stdout] 
[INFO] [stdout] error[E0599]: no method named `simd_ne` found for struct `std::simd::Simd` in the current scope
[INFO] [stdout]   --> /opt/rustwide/cargo-home/registry/src/index.crates.io-6f17d22bba15001f/arrow2-0.17.0/src/compute/comparison/simd/packed.rs:37:22
[INFO] [stdout]    |
[INFO] [stdout] 37 |                 self.simd_ne(other).to_bitmask()
[INFO] [stdout]    |                      ^^^^^^^ method not found in `Simd<u16, 8>`
[INFO] [stdout] ...
[INFO] [stdout] 66 | simd8!(u16, u16x8);
[INFO] [stdout]    | ------------------ in this macro invocation
[INFO] [stdout]   --> /rustc/0e09125c6c3c2fd70d7de961bcf0e51575235fad/library/core/src/../../portable-simd/crates/core_simd/src/simd/cmp/eq.rs:18:8
[INFO] [stdout]    |
[INFO] [stdout]    = note: the method is available for `std::simd::Simd<u16, 8>` here
[INFO] [stdout]    |
[INFO] [stdout]    = help: items from traits can only be used if the trait is in scope
[INFO] [stdout]    = note: this error originates in the macro `simd8` (in Nightly builds, run with -Z macro-backtrace for more info)
[INFO] [stdout] help: the following trait is implemented but not in scope; perhaps add a `use` for it:
[INFO] [stdout]    |
[INFO] [stdout] 1  + use std::simd::cmp::SimdPartialEq;
[INFO] [stdout]    |
[INFO] [stdout] 
[INFO] [stdout] 
[INFO] [stdout] error[E0599]: no method named `simd_le` found for struct `std::simd::Simd` in the current scope
[INFO] [stdout]   --> /opt/rustwide/cargo-home/registry/src/index.crates.io-6f17d22bba15001f/arrow2-0.17.0/src/compute/comparison/simd/packed.rs:44:22
[INFO] [stdout]    |
[INFO] [stdout] 44 |                 self.simd_le(other).to_bitmask()
[INFO] [stdout]    |                      ^^^^^^^ method not found in `Simd<u16, 8>`
[INFO] [stdout] ...
[INFO] [stdout] 66 | simd8!(u16, u16x8);
[INFO] [stdout]    | ------------------ in this macro invocation
[INFO] [stdout]   --> /rustc/0e09125c6c3c2fd70d7de961bcf0e51575235fad/library/core/src/../../portable-simd/crates/core_simd/src/simd/cmp/ord.rs:16:8
[INFO] [stdout]    |
[INFO] [stdout]    = note: the method is available for `std::simd::Simd<u16, 8>` here
[INFO] [stdout]    |
[INFO] [stdout]    = help: items from traits can only be used if the trait is in scope
[INFO] [stdout]    = note: this error originates in the macro `simd8` (in Nightly builds, run with -Z macro-backtrace for more info)
[INFO] [stdout] help: the following trait is implemented but not in scope; perhaps add a `use` for it:
[INFO] [stdout]    |
[INFO] [stdout] 1  + use std::simd::cmp::SimdPartialOrd;
[INFO] [stdout]    |
[INFO] [stdout] 
[INFO] [stdout] 
[INFO] [stdout] error[E0599]: no method named `simd_lt` found for struct `std::simd::Simd` in the current scope
[INFO] [stdout]   --> /opt/rustwide/cargo-home/registry/src/index.crates.io-6f17d22bba15001f/arrow2-0.17.0/src/compute/comparison/simd/packed.rs:49:22
[INFO] [stdout]    |
[INFO] [stdout] 49 |                 self.simd_lt(other).to_bitmask()
[INFO] [stdout]    |                      ^^^^^^^ method not found in `Simd<u16, 8>`
[INFO] [stdout] ...
[INFO] [stdout] 66 | simd8!(u16, u16x8);
[INFO] [stdout]    | ------------------ in this macro invocation
[INFO] [stdout]   --> /rustc/0e09125c6c3c2fd70d7de961bcf0e51575235fad/library/core/src/../../portable-simd/crates/core_simd/src/simd/cmp/ord.rs:12:8
[INFO] [stdout]    |
[INFO] [stdout]    = note: the method is available for `std::simd::Simd<u16, 8>` here
[INFO] [stdout]    |
[INFO] [stdout]    = help: items from traits can only be used if the trait is in scope
[INFO] [stdout]    = note: this error originates in the macro `simd8` (in Nightly builds, run with -Z macro-backtrace for more info)
[INFO] [stdout] help: the following trait is implemented but not in scope; perhaps add a `use` for it:
[INFO] [stdout]    |
[INFO] [stdout] 1  + use std::simd::cmp::SimdPartialOrd;
[INFO] [stdout]    |
[INFO] [stdout] 
[INFO] [stdout] 
[INFO] [stdout] error[E0599]: no method named `simd_ge` found for struct `std::simd::Simd` in the current scope
[INFO] [stdout]   --> /opt/rustwide/cargo-home/registry/src/index.crates.io-6f17d22bba15001f/arrow2-0.17.0/src/compute/comparison/simd/packed.rs:54:22
[INFO] [stdout]    |
[INFO] [stdout] 54 |                 self.simd_ge(other).to_bitmask()
[INFO] [stdout]    |                      ^^^^^^^ method not found in `Simd<u16, 8>`
[INFO] [stdout] ...
[INFO] [stdout] 66 | simd8!(u16, u16x8);
[INFO] [stdout]    | ------------------ in this macro invocation
[INFO] [stdout]   --> /rustc/0e09125c6c3c2fd70d7de961bcf0e51575235fad/library/core/src/../../portable-simd/crates/core_simd/src/simd/cmp/ord.rs:24:8
[INFO] [stdout]    |
[INFO] [stdout]    = note: the method is available for `std::simd::Simd<u16, 8>` here
[INFO] [stdout]    |
[INFO] [stdout]    = help: items from traits can only be used if the trait is in scope
[INFO] [stdout]    = note: this error originates in the macro `simd8` (in Nightly builds, run with -Z macro-backtrace for more info)
[INFO] [stdout] help: the following trait is implemented but not in scope; perhaps add a `use` for it:
[INFO] [stdout]    |
[INFO] [stdout] 1  + use std::simd::cmp::SimdPartialOrd;
[INFO] [stdout]    |
[INFO] [stdout] 
[INFO] [stdout] 
[INFO] [stdout] error[E0599]: no method named `simd_gt` found for struct `std::simd::Simd` in the current scope
[INFO] [stdout]   --> /opt/rustwide/cargo-home/registry/src/index.crates.io-6f17d22bba15001f/arrow2-0.17.0/src/compute/comparison/simd/packed.rs:59:22
[INFO] [stdout]    |
[INFO] [stdout] 59 |                 self.simd_gt(other).to_bitmask()
[INFO] [stdout]    |                      ^^^^^^^ method not found in `Simd<u16, 8>`
[INFO] [stdout] ...
[INFO] [stdout] 66 | simd8!(u16, u16x8);
[INFO] [stdout]    | ------------------ in this macro invocation
[INFO] [stdout]   --> /rustc/0e09125c6c3c2fd70d7de961bcf0e51575235fad/library/core/src/../../portable-simd/crates/core_simd/src/simd/cmp/ord.rs:20:8
[INFO] [stdout]    |
[INFO] [stdout]    = note: the method is available for `std::simd::Simd<u16, 8>` here
[INFO] [stdout]    |
[INFO] [stdout]    = help: items from traits can only be used if the trait is in scope
[INFO] [stdout]    = note: this error originates in the macro `simd8` (in Nightly builds, run with -Z macro-backtrace for more info)
[INFO] [stdout] help: the following trait is implemented but not in scope; perhaps add a `use` for it:
[INFO] [stdout]    |
[INFO] [stdout] 1  + use std::simd::cmp::SimdPartialOrd;
[INFO] [stdout]    |
[INFO] [stdout] 
[INFO] [stdout] 
[INFO] [stdout] error[E0599]: no method named `simd_eq` found for struct `std::simd::Simd` in the current scope
[INFO] [stdout]   --> /opt/rustwide/cargo-home/registry/src/index.crates.io-6f17d22bba15001f/arrow2-0.17.0/src/compute/comparison/simd/packed.rs:32:22
[INFO] [stdout]    |
[INFO] [stdout] 32 |                 self.simd_eq(other).to_bitmask()
[INFO] [stdout]    |                      ^^^^^^^ method not found in `Simd<u32, 8>`
[INFO] [stdout] ...
[INFO] [stdout] 67 | simd8!(u32, u32x8);
[INFO] [stdout]    | ------------------ in this macro invocation
[INFO] [stdout]   --> /rustc/0e09125c6c3c2fd70d7de961bcf0e51575235fad/library/core/src/../../portable-simd/crates/core_simd/src/simd/cmp/eq.rs:14:8
[INFO] [stdout]    |
[INFO] [stdout]    = note: the method is available for `std::simd::Simd<u32, 8>` here
[INFO] [stdout]    |
[INFO] [stdout]    = help: items from traits can only be used if the trait is in scope
[INFO] [stdout]    = note: this error originates in the macro `simd8` (in Nightly builds, run with -Z macro-backtrace for more info)
[INFO] [stdout] help: the following trait is implemented but not in scope; perhaps add a `use` for it:
[INFO] [stdout]    |
[INFO] [stdout] 1  + use std::simd::cmp::SimdPartialEq;
[INFO] [stdout]    |
[INFO] [stdout] 
[INFO] [stdout] 
[INFO] [stdout] error[E0599]: no method named `simd_ne` found for struct `std::simd::Simd` in the current scope
[INFO] [stdout]   --> /opt/rustwide/cargo-home/registry/src/index.crates.io-6f17d22bba15001f/arrow2-0.17.0/src/compute/comparison/simd/packed.rs:37:22
[INFO] [stdout]    |
[INFO] [stdout] 37 |                 self.simd_ne(other).to_bitmask()
[INFO] [stdout]    |                      ^^^^^^^ method not found in `Simd<u32, 8>`
[INFO] [stdout] ...
[INFO] [stdout] 67 | simd8!(u32, u32x8);
[INFO] [stdout]    | ------------------ in this macro invocation
[INFO] [stdout]   --> /rustc/0e09125c6c3c2fd70d7de961bcf0e51575235fad/library/core/src/../../portable-simd/crates/core_simd/src/simd/cmp/eq.rs:18:8
[INFO] [stdout]    |
[INFO] [stdout]    = note: the method is available for `std::simd::Simd<u32, 8>` here
[INFO] [stdout]    |
[INFO] [stdout]    = help: items from traits can only be used if the trait is in scope
[INFO] [stdout]    = note: this error originates in the macro `simd8` (in Nightly builds, run with -Z macro-backtrace for more info)
[INFO] [stdout] help: the following trait is implemented but not in scope; perhaps add a `use` for it:
[INFO] [stdout]    |
[INFO] [stdout] 1  + use std::simd::cmp::SimdPartialEq;
[INFO] [stdout]    |
[INFO] [stdout] 
[INFO] [stdout] 
[INFO] [stdout] error[E0599]: no method named `simd_le` found for struct `std::simd::Simd` in the current scope
[INFO] [stdout]   --> /opt/rustwide/cargo-home/registry/src/index.crates.io-6f17d22bba15001f/arrow2-0.17.0/src/compute/comparison/simd/packed.rs:44:22
[INFO] [stdout]    |
[INFO] [stdout] 44 |                 self.simd_le(other).to_bitmask()
[INFO] [stdout]    |                      ^^^^^^^ method not found in `Simd<u32, 8>`
[INFO] [stdout] ...
[INFO] [stdout] 67 | simd8!(u32, u32x8);
[INFO] [stdout]    | ------------------ in this macro invocation
[INFO] [stdout]   --> /rustc/0e09125c6c3c2fd70d7de961bcf0e51575235fad/library/core/src/../../portable-simd/crates/core_simd/src/simd/cmp/ord.rs:16:8
[INFO] [stdout]    |
[INFO] [stdout]    = note: the method is available for `std::simd::Simd<u32, 8>` here
[INFO] [stdout]    |
[INFO] [stdout]    = help: items from traits can only be used if the trait is in scope
[INFO] [stdout]    = note: this error originates in the macro `simd8` (in Nightly builds, run with -Z macro-backtrace for more info)
[INFO] [stdout] help: the following trait is implemented but not in scope; perhaps add a `use` for it:
[INFO] [stdout]    |
[INFO] [stdout] 1  + use std::simd::cmp::SimdPartialOrd;
[INFO] [stdout]    |
[INFO] [stdout] 
[INFO] [stdout] 
[INFO] [stdout] error[E0599]: no method named `simd_lt` found for struct `std::simd::Simd` in the current scope
[INFO] [stdout]   --> /opt/rustwide/cargo-home/registry/src/index.crates.io-6f17d22bba15001f/arrow2-0.17.0/src/compute/comparison/simd/packed.rs:49:22
[INFO] [stdout]    |
[INFO] [stdout] 49 |                 self.simd_lt(other).to_bitmask()
[INFO] [stdout]    |                      ^^^^^^^ method not found in `Simd<u32, 8>`
[INFO] [stdout] ...
[INFO] [stdout] 67 | simd8!(u32, u32x8);
[INFO] [stdout]    | ------------------ in this macro invocation
[INFO] [stdout]   --> /rustc/0e09125c6c3c2fd70d7de961bcf0e51575235fad/library/core/src/../../portable-simd/crates/core_simd/src/simd/cmp/ord.rs:12:8
[INFO] [stdout]    |
[INFO] [stdout]    = note: the method is available for `std::simd::Simd<u32, 8>` here
[INFO] [stdout]    |
[INFO] [stdout]    = help: items from traits can only be used if the trait is in scope
[INFO] [stdout]    = note: this error originates in the macro `simd8` (in Nightly builds, run with -Z macro-backtrace for more info)
[INFO] [stdout] help: the following trait is implemented but not in scope; perhaps add a `use` for it:
[INFO] [stdout]    |
[INFO] [stdout] 1  + use std::simd::cmp::SimdPartialOrd;
[INFO] [stdout]    |
[INFO] [stdout] 
[INFO] [stdout] 
[INFO] [stdout] error[E0599]: no method named `simd_ge` found for struct `std::simd::Simd` in the current scope
[INFO] [stdout]   --> /opt/rustwide/cargo-home/registry/src/index.crates.io-6f17d22bba15001f/arrow2-0.17.0/src/compute/comparison/simd/packed.rs:54:22
[INFO] [stdout]    |
[INFO] [stdout] 54 |                 self.simd_ge(other).to_bitmask()
[INFO] [stdout]    |                      ^^^^^^^ method not found in `Simd<u32, 8>`
[INFO] [stdout] ...
[INFO] [stdout] 67 | simd8!(u32, u32x8);
[INFO] [stdout]    | ------------------ in this macro invocation
[INFO] [stdout]   --> /rustc/0e09125c6c3c2fd70d7de961bcf0e51575235fad/library/core/src/../../portable-simd/crates/core_simd/src/simd/cmp/ord.rs:24:8
[INFO] [stdout]    |
[INFO] [stdout]    = note: the method is available for `std::simd::Simd<u32, 8>` here
[INFO] [stdout]    |
[INFO] [stdout]    = help: items from traits can only be used if the trait is in scope
[INFO] [stdout]    = note: this error originates in the macro `simd8` (in Nightly builds, run with -Z macro-backtrace for more info)
[INFO] [stdout] help: the following trait is implemented but not in scope; perhaps add a `use` for it:
[INFO] [stdout]    |
[INFO] [stdout] 1  + use std::simd::cmp::SimdPartialOrd;
[INFO] [stdout]    |
[INFO] [stdout] 
[INFO] [stdout] 
[INFO] [stdout] error[E0599]: no method named `simd_gt` found for struct `std::simd::Simd` in the current scope
[INFO] [stdout]   --> /opt/rustwide/cargo-home/registry/src/index.crates.io-6f17d22bba15001f/arrow2-0.17.0/src/compute/comparison/simd/packed.rs:59:22
[INFO] [stdout]    |
[INFO] [stdout] 59 |                 self.simd_gt(other).to_bitmask()
[INFO] [stdout]    |                      ^^^^^^^ method not found in `Simd<u32, 8>`
[INFO] [stdout] ...
[INFO] [stdout] 67 | simd8!(u32, u32x8);
[INFO] [stdout]    | ------------------ in this macro invocation
[INFO] [stdout]   --> /rustc/0e09125c6c3c2fd70d7de961bcf0e51575235fad/library/core/src/../../portable-simd/crates/core_simd/src/simd/cmp/ord.rs:20:8
[INFO] [stdout]    |
[INFO] [stdout]    = note: the method is available for `std::simd::Simd<u32, 8>` here
[INFO] [stdout]    |
[INFO] [stdout]    = help: items from traits can only be used if the trait is in scope
[INFO] [stdout]    = note: this error originates in the macro `simd8` (in Nightly builds, run with -Z macro-backtrace for more info)
[INFO] [stdout] help: the following trait is implemented but not in scope; perhaps add a `use` for it:
[INFO] [stdout]    |
[INFO] [stdout] 1  + use std::simd::cmp::SimdPartialOrd;
[INFO] [stdout]    |
[INFO] [stdout] 
[INFO] [stdout] 
[INFO] [stdout] error[E0599]: no method named `simd_eq` found for struct `std::simd::Simd` in the current scope
[INFO] [stdout]   --> /opt/rustwide/cargo-home/registry/src/index.crates.io-6f17d22bba15001f/arrow2-0.17.0/src/compute/comparison/simd/packed.rs:32:22
[INFO] [stdout]    |
[INFO] [stdout] 32 |                 self.simd_eq(other).to_bitmask()
[INFO] [stdout]    |                      ^^^^^^^ method not found in `Simd<u64, 8>`
[INFO] [stdout] ...
[INFO] [stdout] 68 | simd8!(u64, u64x8);
[INFO] [stdout]    | ------------------ in this macro invocation
[INFO] [stdout]   --> /rustc/0e09125c6c3c2fd70d7de961bcf0e51575235fad/library/core/src/../../portable-simd/crates/core_simd/src/simd/cmp/eq.rs:14:8
[INFO] [stdout]    |
[INFO] [stdout]    = note: the method is available for `std::simd::Simd<u64, 8>` here
[INFO] [stdout]    |
[INFO] [stdout]    = help: items from traits can only be used if the trait is in scope
[INFO] [stdout]    = note: this error originates in the macro `simd8` (in Nightly builds, run with -Z macro-backtrace for more info)
[INFO] [stdout] help: the following trait is implemented but not in scope; perhaps add a `use` for it:
[INFO] [stdout]    |
[INFO] [stdout] 1  + use std::simd::cmp::SimdPartialEq;
[INFO] [stdout]    |
[INFO] [stdout] 
[INFO] [stdout] 
[INFO] [stdout] error[E0599]: no method named `simd_ne` found for struct `std::simd::Simd` in the current scope
[INFO] [stdout]   --> /opt/rustwide/cargo-home/registry/src/index.crates.io-6f17d22bba15001f/arrow2-0.17.0/src/compute/comparison/simd/packed.rs:37:22
[INFO] [stdout]    |
[INFO] [stdout] 37 |                 self.simd_ne(other).to_bitmask()
[INFO] [stdout]    |                      ^^^^^^^ method not found in `Simd<u64, 8>`
[INFO] [stdout] ...
[INFO] [stdout] 68 | simd8!(u64, u64x8);
[INFO] [stdout]    | ------------------ in this macro invocation
[INFO] [stdout]   --> /rustc/0e09125c6c3c2fd70d7de961bcf0e51575235fad/library/core/src/../../portable-simd/crates/core_simd/src/simd/cmp/eq.rs:18:8
[INFO] [stdout]    |
[INFO] [stdout]    = note: the method is available for `std::simd::Simd<u64, 8>` here
[INFO] [stdout]    |
[INFO] [stdout]    = help: items from traits can only be used if the trait is in scope
[INFO] [stdout]    = note: this error originates in the macro `simd8` (in Nightly builds, run with -Z macro-backtrace for more info)
[INFO] [stdout] help: the following trait is implemented but not in scope; perhaps add a `use` for it:
[INFO] [stdout]    |
[INFO] [stdout] 1  + use std::simd::cmp::SimdPartialEq;
[INFO] [stdout]    |
[INFO] [stdout] 
[INFO] [stdout] 
[INFO] [stdout] error[E0599]: no method named `simd_le` found for struct `std::simd::Simd` in the current scope
[INFO] [stdout]   --> /opt/rustwide/cargo-home/registry/src/index.crates.io-6f17d22bba15001f/arrow2-0.17.0/src/compute/comparison/simd/packed.rs:44:22
[INFO] [stdout]    |
[INFO] [stdout] 44 |                 self.simd_le(other).to_bitmask()
[INFO] [stdout]    |                      ^^^^^^^ method not found in `Simd<u64, 8>`
[INFO] [stdout] ...
[INFO] [stdout] 68 | simd8!(u64, u64x8);
[INFO] [stdout]    | ------------------ in this macro invocation
[INFO] [stdout]   --> /rustc/0e09125c6c3c2fd70d7de961bcf0e51575235fad/library/core/src/../../portable-simd/crates/core_simd/src/simd/cmp/ord.rs:16:8
[INFO] [stdout]    |
[INFO] [stdout]    = note: the method is available for `std::simd::Simd<u64, 8>` here
[INFO] [stdout]    |
[INFO] [stdout]    = help: items from traits can only be used if the trait is in scope
[INFO] [stdout]    = note: this error originates in the macro `simd8` (in Nightly builds, run with -Z macro-backtrace for more info)
[INFO] [stdout] help: the following trait is implemented but not in scope; perhaps add a `use` for it:
[INFO] [stdout]    |
[INFO] [stdout] 1  + use std::simd::cmp::SimdPartialOrd;
[INFO] [stdout]    |
[INFO] [stdout] 
[INFO] [stdout] 
[INFO] [stdout] error[E0599]: no method named `simd_lt` found for struct `std::simd::Simd` in the current scope
[INFO] [stdout]   --> /opt/rustwide/cargo-home/registry/src/index.crates.io-6f17d22bba15001f/arrow2-0.17.0/src/compute/comparison/simd/packed.rs:49:22
[INFO] [stdout]    |
[INFO] [stdout] 49 |                 self.simd_lt(other).to_bitmask()
[INFO] [stdout]    |                      ^^^^^^^ method not found in `Simd<u64, 8>`
[INFO] [stdout] ...
[INFO] [stdout] 68 | simd8!(u64, u64x8);
[INFO] [stdout]    | ------------------ in this macro invocation
[INFO] [stdout]   --> /rustc/0e09125c6c3c2fd70d7de961bcf0e51575235fad/library/core/src/../../portable-simd/crates/core_simd/src/simd/cmp/ord.rs:12:8
[INFO] [stdout]    |
[INFO] [stdout]    = note: the method is available for `std::simd::Simd<u64, 8>` here
[INFO] [stdout]    |
[INFO] [stdout]    = help: items from traits can only be used if the trait is in scope
[INFO] [stdout]    = note: this error originates in the macro `simd8` (in Nightly builds, run with -Z macro-backtrace for more info)
[INFO] [stdout] help: the following trait is implemented but not in scope; perhaps add a `use` for it:
[INFO] [stdout]    |
[INFO] [stdout] 1  + use std::simd::cmp::SimdPartialOrd;
[INFO] [stdout]    |
[INFO] [stdout] 
[INFO] [stdout] 
[INFO] [stdout] error[E0599]: no method named `simd_ge` found for struct `std::simd::Simd` in the current scope
[INFO] [stdout]   --> /opt/rustwide/cargo-home/registry/src/index.crates.io-6f17d22bba15001f/arrow2-0.17.0/src/compute/comparison/simd/packed.rs:54:22
[INFO] [stdout]    |
[INFO] [stdout] 54 |                 self.simd_ge(other).to_bitmask()
[INFO] [stdout]    |                      ^^^^^^^ method not found in `Simd<u64, 8>`
[INFO] [stdout] ...
[INFO] [stdout] 68 | simd8!(u64, u64x8);
[INFO] [stdout]    | ------------------ in this macro invocation
[INFO] [stdout]   --> /rustc/0e09125c6c3c2fd70d7de961bcf0e51575235fad/library/core/src/../../portable-simd/crates/core_simd/src/simd/cmp/ord.rs:24:8
[INFO] [stdout]    |
[INFO] [stdout]    = note: the method is available for `std::simd::Simd<u64, 8>` here
[INFO] [stdout]    |
[INFO] [stdout]    = help: items from traits can only be used if the trait is in scope
[INFO] [stdout]    = note: this error originates in the macro `simd8` (in Nightly builds, run with -Z macro-backtrace for more info)
[INFO] [stdout] help: the following trait is implemented but not in scope; perhaps add a `use` for it:
[INFO] [stdout]    |
[INFO] [stdout] 1  + use std::simd::cmp::SimdPartialOrd;
[INFO] [stdout]    |
[INFO] [stdout] 
[INFO] [stdout] 
[INFO] [stdout] error[E0599]: no method named `simd_gt` found for struct `std::simd::Simd` in the current scope
[INFO] [stdout]   --> /opt/rustwide/cargo-home/registry/src/index.crates.io-6f17d22bba15001f/arrow2-0.17.0/src/compute/comparison/simd/packed.rs:59:22
[INFO] [stdout]    |
[INFO] [stdout] 59 |                 self.simd_gt(other).to_bitmask()
[INFO] [stdout]    |                      ^^^^^^^ method not found in `Simd<u64, 8>`
[INFO] [stdout] ...
[INFO] [stdout] 68 | simd8!(u64, u64x8);
[INFO] [stdout]    | ------------------ in this macro invocation
[INFO] [stdout]   --> /rustc/0e09125c6c3c2fd70d7de961bcf0e51575235fad/library/core/src/../../portable-simd/crates/core_simd/src/simd/cmp/ord.rs:20:8
[INFO] [stdout]    |
[INFO] [stdout]    = note: the method is available for `std::simd::Simd<u64, 8>` here
[INFO] [stdout]    |
[INFO] [stdout]    = help: items from traits can only be used if the trait is in scope
[INFO] [stdout]    = note: this error originates in the macro `simd8` (in Nightly builds, run with -Z macro-backtrace for more info)
[INFO] [stdout] help: the following trait is implemented but not in scope; perhaps add a `use` for it:
[INFO] [stdout]    |
[INFO] [stdout] 1  + use std::simd::cmp::SimdPartialOrd;
[INFO] [stdout]    |
[INFO] [stdout] 
[INFO] [stdout] 
[INFO] [stdout] error[E0599]: no method named `simd_eq` found for struct `std::simd::Simd` in the current scope
[INFO] [stdout]   --> /opt/rustwide/cargo-home/registry/src/index.crates.io-6f17d22bba15001f/arrow2-0.17.0/src/compute/comparison/simd/packed.rs:32:22
[INFO] [stdout]    |
[INFO] [stdout] 32 |                 self.simd_eq(other).to_bitmask()
[INFO] [stdout]    |                      ^^^^^^^ method not found in `Simd<i8, 8>`
[INFO] [stdout] ...
[INFO] [stdout] 69 | simd8!(i8, i8x8);
[INFO] [stdout]    | ---------------- in this macro invocation
[INFO] [stdout]   --> /rustc/0e09125c6c3c2fd70d7de961bcf0e51575235fad/library/core/src/../../portable-simd/crates/core_simd/src/simd/cmp/eq.rs:14:8
[INFO] [stdout]    |
[INFO] [stdout]    = note: the method is available for `std::simd::Simd<i8, 8>` here
[INFO] [stdout]    |
[INFO] [stdout]    = help: items from traits can only be used if the trait is in scope
[INFO] [stdout]    = note: this error originates in the macro `simd8` (in Nightly builds, run with -Z macro-backtrace for more info)
[INFO] [stdout] help: the following trait is implemented but not in scope; perhaps add a `use` for it:
[INFO] [stdout]    |
[INFO] [stdout] 1  + use std::simd::cmp::SimdPartialEq;
[INFO] [stdout]    |
[INFO] [stdout] 
[INFO] [stdout] 
[INFO] [stdout] error[E0599]: no method named `simd_ne` found for struct `std::simd::Simd` in the current scope
[INFO] [stdout]   --> /opt/rustwide/cargo-home/registry/src/index.crates.io-6f17d22bba15001f/arrow2-0.17.0/src/compute/comparison/simd/packed.rs:37:22
[INFO] [stdout]    |
[INFO] [stdout] 37 |                 self.simd_ne(other).to_bitmask()
[INFO] [stdout]    |                      ^^^^^^^ method not found in `Simd<i8, 8>`
[INFO] [stdout] ...
[INFO] [stdout] 69 | simd8!(i8, i8x8);
[INFO] [stdout]    | ---------------- in this macro invocation
[INFO] [stdout]   --> /rustc/0e09125c6c3c2fd70d7de961bcf0e51575235fad/library/core/src/../../portable-simd/crates/core_simd/src/simd/cmp/eq.rs:18:8
[INFO] [stdout]    |
[INFO] [stdout]    = note: the method is available for `std::simd::Simd<i8, 8>` here
[INFO] [stdout]    |
[INFO] [stdout]    = help: items from traits can only be used if the trait is in scope
[INFO] [stdout]    = note: this error originates in the macro `simd8` (in Nightly builds, run with -Z macro-backtrace for more info)
[INFO] [stdout] help: the following trait is implemented but not in scope; perhaps add a `use` for it:
[INFO] [stdout]    |
[INFO] [stdout] 1  + use std::simd::cmp::SimdPartialEq;
[INFO] [stdout]    |
[INFO] [stdout] 
[INFO] [stdout] 
[INFO] [stdout] error[E0599]: no method named `simd_le` found for struct `std::simd::Simd` in the current scope
[INFO] [stdout]   --> /opt/rustwide/cargo-home/registry/src/index.crates.io-6f17d22bba15001f/arrow2-0.17.0/src/compute/comparison/simd/packed.rs:44:22
[INFO] [stdout]    |
[INFO] [stdout] 44 |                 self.simd_le(other).to_bitmask()
[INFO] [stdout]    |                      ^^^^^^^ method not found in `Simd<i8, 8>`
[INFO] [stdout] ...
[INFO] [stdout] 69 | simd8!(i8, i8x8);
[INFO] [stdout]    | ---------------- in this macro invocation
[INFO] [stdout]   --> /rustc/0e09125c6c3c2fd70d7de961bcf0e51575235fad/library/core/src/../../portable-simd/crates/core_simd/src/simd/cmp/ord.rs:16:8
[INFO] [stdout]    |
[INFO] [stdout]    = note: the method is available for `std::simd::Simd<i8, 8>` here
[INFO] [stdout]    |
[INFO] [stdout]    = help: items from traits can only be used if the trait is in scope
[INFO] [stdout]    = note: this error originates in the macro `simd8` (in Nightly builds, run with -Z macro-backtrace for more info)
[INFO] [stdout] help: the following trait is implemented but not in scope; perhaps add a `use` for it:
[INFO] [stdout]    |
[INFO] [stdout] 1  + use std::simd::cmp::SimdPartialOrd;
[INFO] [stdout]    |
[INFO] [stdout] 
[INFO] [stdout] 
[INFO] [stdout] error[E0599]: no method named `simd_lt` found for struct `std::simd::Simd` in the current scope
[INFO] [stdout]   --> /opt/rustwide/cargo-home/registry/src/index.crates.io-6f17d22bba15001f/arrow2-0.17.0/src/compute/comparison/simd/packed.rs:49:22
[INFO] [stdout]    |
[INFO] [stdout] 49 |                 self.simd_lt(other).to_bitmask()
[INFO] [stdout]    |                      ^^^^^^^ method not found in `Simd<i8, 8>`
[INFO] [stdout] ...
[INFO] [stdout] 69 | simd8!(i8, i8x8);
[INFO] [stdout]    | ---------------- in this macro invocation
[INFO] [stdout]   --> /rustc/0e09125c6c3c2fd70d7de961bcf0e51575235fad/library/core/src/../../portable-simd/crates/core_simd/src/simd/cmp/ord.rs:12:8
[INFO] [stdout]    |
[INFO] [stdout]    = note: the method is available for `std::simd::Simd<i8, 8>` here
[INFO] [stdout]    |
[INFO] [stdout]    = help: items from traits can only be used if the trait is in scope
[INFO] [stdout]    = note: this error originates in the macro `simd8` (in Nightly builds, run with -Z macro-backtrace for more info)
[INFO] [stdout] help: the following trait is implemented but not in scope; perhaps add a `use` for it:
[INFO] [stdout]    |
[INFO] [stdout] 1  + use std::simd::cmp::SimdPartialOrd;
[INFO] [stdout]    |
[INFO] [stdout] 
[INFO] [stdout] 
[INFO] [stdout] error[E0599]: no method named `simd_ge` found for struct `std::simd::Simd` in the current scope
[INFO] [stdout]   --> /opt/rustwide/cargo-home/registry/src/index.crates.io-6f17d22bba15001f/arrow2-0.17.0/src/compute/comparison/simd/packed.rs:54:22
[INFO] [stdout]    |
[INFO] [stdout] 54 |                 self.simd_ge(other).to_bitmask()
[INFO] [stdout]    |                      ^^^^^^^ method not found in `Simd<i8, 8>`
[INFO] [stdout] ...
[INFO] [stdout] 69 | simd8!(i8, i8x8);
[INFO] [stdout]    | ---------------- in this macro invocation
[INFO] [stdout]   --> /rustc/0e09125c6c3c2fd70d7de961bcf0e51575235fad/library/core/src/../../portable-simd/crates/core_simd/src/simd/cmp/ord.rs:24:8
[INFO] [stdout]    |
[INFO] [stdout]    = note: the method is available for `std::simd::Simd<i8, 8>` here
[INFO] [stdout]    |
[INFO] [stdout]    = help: items from traits can only be used if the trait is in scope
[INFO] [stdout]    = note: this error originates in the macro `simd8` (in Nightly builds, run with -Z macro-backtrace for more info)
[INFO] [stdout] help: the following trait is implemented but not in scope; perhaps add a `use` for it:
[INFO] [stdout]    |
[INFO] [stdout] 1  + use std::simd::cmp::SimdPartialOrd;
[INFO] [stdout]    |
[INFO] [stdout] 
[INFO] [stdout] 
[INFO] [stdout] error[E0599]: no method named `simd_gt` found for struct `std::simd::Simd` in the current scope
[INFO] [stdout]   --> /opt/rustwide/cargo-home/registry/src/index.crates.io-6f17d22bba15001f/arrow2-0.17.0/src/compute/comparison/simd/packed.rs:59:22
[INFO] [stdout]    |
[INFO] [stdout] 59 |                 self.simd_gt(other).to_bitmask()
[INFO] [stdout]    |                      ^^^^^^^ method not found in `Simd<i8, 8>`
[INFO] [stdout] ...
[INFO] [stdout] 69 | simd8!(i8, i8x8);
[INFO] [stdout]    | ---------------- in this macro invocation
[INFO] [stdout]   --> /rustc/0e09125c6c3c2fd70d7de961bcf0e51575235fad/library/core/src/../../portable-simd/crates/core_simd/src/simd/cmp/ord.rs:20:8
[INFO] [stdout]    |
[INFO] [stdout]    = note: the method is available for `std::simd::Simd<i8, 8>` here
[INFO] [stdout]    |
[INFO] [stdout]    = help: items from traits can only be used if the trait is in scope
[INFO] [stdout]    = note: this error originates in the macro `simd8` (in Nightly builds, run with -Z macro-backtrace for more info)
[INFO] [stdout] help: the following trait is implemented but not in scope; perhaps add a `use` for it:
[INFO] [stdout]    |
[INFO] [stdout] 1  + use std::simd::cmp::SimdPartialOrd;
[INFO] [stdout]    |
[INFO] [stdout] 
[INFO] [stdout] 
[INFO] [stdout] error[E0599]: no method named `simd_eq` found for struct `std::simd::Simd` in the current scope
[INFO] [stdout]   --> /opt/rustwide/cargo-home/registry/src/index.crates.io-6f17d22bba15001f/arrow2-0.17.0/src/compute/comparison/simd/packed.rs:32:22
[INFO] [stdout]    |
[INFO] [stdout] 32 |                 self.simd_eq(other).to_bitmask()
[INFO] [stdout]    |                      ^^^^^^^ method not found in `Simd<i16, 8>`
[INFO] [stdout] ...
[INFO] [stdout] 70 | simd8!(i16, i16x8);
[INFO] [stdout]    | ------------------ in this macro invocation
[INFO] [stdout]   --> /rustc/0e09125c6c3c2fd70d7de961bcf0e51575235fad/library/core/src/../../portable-simd/crates/core_simd/src/simd/cmp/eq.rs:14:8
[INFO] [stdout]    |
[INFO] [stdout]    = note: the method is available for `std::simd::Simd<i16, 8>` here
[INFO] [stdout]    |
[INFO] [stdout]    = help: items from traits can only be used if the trait is in scope
[INFO] [stdout]    = note: this error originates in the macro `simd8` (in Nightly builds, run with -Z macro-backtrace for more info)
[INFO] [stdout] help: the following trait is implemented but not in scope; perhaps add a `use` for it:
[INFO] [stdout]    |
[INFO] [stdout] 1  + use std::simd::cmp::SimdPartialEq;
[INFO] [stdout]    |
[INFO] [stdout] 
[INFO] [stdout] 
[INFO] [stdout] error[E0599]: no method named `simd_ne` found for struct `std::simd::Simd` in the current scope
[INFO] [stdout]   --> /opt/rustwide/cargo-home/registry/src/index.crates.io-6f17d22bba15001f/arrow2-0.17.0/src/compute/comparison/simd/packed.rs:37:22
[INFO] [stdout]    |
[INFO] [stdout] 37 |                 self.simd_ne(other).to_bitmask()
[INFO] [stdout]    |                      ^^^^^^^ method not found in `Simd<i16, 8>`
[INFO] [stdout] ...
[INFO] [stdout] 70 | simd8!(i16, i16x8);
[INFO] [stdout]    | ------------------ in this macro invocation
[INFO] [stdout]   --> /rustc/0e09125c6c3c2fd70d7de961bcf0e51575235fad/library/core/src/../../portable-simd/crates/core_simd/src/simd/cmp/eq.rs:18:8
[INFO] [stdout]    |
[INFO] [stdout]    = note: the method is available for `std::simd::Simd<i16, 8>` here
[INFO] [stdout]    |
[INFO] [stdout]    = help: items from traits can only be used if the trait is in scope
[INFO] [stdout]    = note: this error originates in the macro `simd8` (in Nightly builds, run with -Z macro-backtrace for more info)
[INFO] [stdout] help: the following trait is implemented but not in scope; perhaps add a `use` for it:
[INFO] [stdout]    |
[INFO] [stdout] 1  + use std::simd::cmp::SimdPartialEq;
[INFO] [stdout]    |
[INFO] [stdout] 
[INFO] [stdout] 
[INFO] [stdout] error[E0599]: no method named `simd_le` found for struct `std::simd::Simd` in the current scope
[INFO] [stdout]   --> /opt/rustwide/cargo-home/registry/src/index.crates.io-6f17d22bba15001f/arrow2-0.17.0/src/compute/comparison/simd/packed.rs:44:22
[INFO] [stdout]    |
[INFO] [stdout] 44 |                 self.simd_le(other).to_bitmask()
[INFO] [stdout]    |                      ^^^^^^^ method not found in `Simd<i16, 8>`
[INFO] [stdout] ...
[INFO] [stdout] 70 | simd8!(i16, i16x8);
[INFO] [stdout]    | ------------------ in this macro invocation
[INFO] [stdout]   --> /rustc/0e09125c6c3c2fd70d7de961bcf0e51575235fad/library/core/src/../../portable-simd/crates/core_simd/src/simd/cmp/ord.rs:16:8
[INFO] [stdout]    |
[INFO] [stdout]    = note: the method is available for `std::simd::Simd<i16, 8>` here
[INFO] [stdout]    |
[INFO] [stdout]    = help: items from traits can only be used if the trait is in scope
[INFO] [stdout]    = note: this error originates in the macro `simd8` (in Nightly builds, run with -Z macro-backtrace for more info)
[INFO] [stdout] help: the following trait is implemented but not in scope; perhaps add a `use` for it:
[INFO] [stdout]    |
[INFO] [stdout] 1  + use std::simd::cmp::SimdPartialOrd;
[INFO] [stdout]    |
[INFO] [stdout] 
[INFO] [stdout] 
[INFO] [stdout] error[E0599]: no method named `simd_lt` found for struct `std::simd::Simd` in the current scope
[INFO] [stdout]   --> /opt/rustwide/cargo-home/registry/src/index.crates.io-6f17d22bba15001f/arrow2-0.17.0/src/compute/comparison/simd/packed.rs:49:22
[INFO] [stdout]    |
[INFO] [stdout] 49 |                 self.simd_lt(other).to_bitmask()
[INFO] [stdout]    |                      ^^^^^^^ method not found in `Simd<i16, 8>`
[INFO] [stdout] ...
[INFO] [stdout] 70 | simd8!(i16, i16x8);
[INFO] [stdout]    | ------------------ in this macro invocation
[INFO] [stdout]   --> /rustc/0e09125c6c3c2fd70d7de961bcf0e51575235fad/library/core/src/../../portable-simd/crates/core_simd/src/simd/cmp/ord.rs:12:8
[INFO] [stdout]    |
[INFO] [stdout]    = note: the method is available for `std::simd::Simd<i16, 8>` here
[INFO] [stdout]    |
[INFO] [stdout]    = help: items from traits can only be used if the trait is in scope
[INFO] [stdout]    = note: this error originates in the macro `simd8` (in Nightly builds, run with -Z macro-backtrace for more info)
[INFO] [stdout] help: the following trait is implemented but not in scope; perhaps add a `use` for it:
[INFO] [stdout]    |
[INFO] [stdout] 1  + use std::simd::cmp::SimdPartialOrd;
[INFO] [stdout]    |
[INFO] [stdout] 
[INFO] [stdout] 
[INFO] [stdout] error[E0599]: no method named `simd_ge` found for struct `std::simd::Simd` in the current scope
[INFO] [stdout]   --> /opt/rustwide/cargo-home/registry/src/index.crates.io-6f17d22bba15001f/arrow2-0.17.0/src/compute/comparison/simd/packed.rs:54:22
[INFO] [stdout]    |
[INFO] [stdout] 54 |                 self.simd_ge(other).to_bitmask()
[INFO] [stdout]    |                      ^^^^^^^ method not found in `Simd<i16, 8>`
[INFO] [stdout] ...
[INFO] [stdout] 70 | simd8!(i16, i16x8);
[INFO] [stdout]    | ------------------ in this macro invocation
[INFO] [stdout]   --> /rustc/0e09125c6c3c2fd70d7de961bcf0e51575235fad/library/core/src/../../portable-simd/crates/core_simd/src/simd/cmp/ord.rs:24:8
[INFO] [stdout]    |
[INFO] [stdout]    = note: the method is available for `std::simd::Simd<i16, 8>` here
[INFO] [stdout]    |
[INFO] [stdout]    = help: items from traits can only be used if the trait is in scope
[INFO] [stdout]    = note: this error originates in the macro `simd8` (in Nightly builds, run with -Z macro-backtrace for more info)
[INFO] [stdout] help: the following trait is implemented but not in scope; perhaps add a `use` for it:
[INFO] [stdout]    |
[INFO] [stdout] 1  + use std::simd::cmp::SimdPartialOrd;
[INFO] [stdout]    |
[INFO] [stdout] 
[INFO] [stdout] 
[INFO] [stdout] error[E0599]: no method named `simd_gt` found for struct `std::simd::Simd` in the current scope
[INFO] [stdout]   --> /opt/rustwide/cargo-home/registry/src/index.crates.io-6f17d22bba15001f/arrow2-0.17.0/src/compute/comparison/simd/packed.rs:59:22
[INFO] [stdout]    |
[INFO] [stdout] 59 |                 self.simd_gt(other).to_bitmask()
[INFO] [stdout]    |                      ^^^^^^^ method not found in `Simd<i16, 8>`
[INFO] [stdout] ...
[INFO] [stdout] 70 | simd8!(i16, i16x8);
[INFO] [stdout]    | ------------------ in this macro invocation
[INFO] [stdout]   --> /rustc/0e09125c6c3c2fd70d7de961bcf0e51575235fad/library/core/src/../../portable-simd/crates/core_simd/src/simd/cmp/ord.rs:20:8
[INFO] [stdout]    |
[INFO] [stdout]    = note: the method is available for `std::simd::Simd<i16, 8>` here
[INFO] [stdout]    |
[INFO] [stdout]    = help: items from traits can only be used if the trait is in scope
[INFO] [stdout]    = note: this error originates in the macro `simd8` (in Nightly builds, run with -Z macro-backtrace for more info)
[INFO] [stdout] help: the following trait is implemented but not in scope; perhaps add a `use` for it:
[INFO] [stdout]    |
[INFO] [stdout] 1  + use std::simd::cmp::SimdPartialOrd;
[INFO] [stdout]    |
[INFO] [stdout] 
[INFO] [stdout] 
[INFO] [stdout] error[E0599]: no method named `simd_eq` found for struct `std::simd::Simd` in the current scope
[INFO] [stdout]   --> /opt/rustwide/cargo-home/registry/src/index.crates.io-6f17d22bba15001f/arrow2-0.17.0/src/compute/comparison/simd/packed.rs:32:22
[INFO] [stdout]    |
[INFO] [stdout] 32 |                 self.simd_eq(other).to_bitmask()
[INFO] [stdout]    |                      ^^^^^^^ method not found in `Simd<i32, 8>`
[INFO] [stdout] ...
[INFO] [stdout] 71 | simd8!(i32, i32x8);
[INFO] [stdout]    | ------------------ in this macro invocation
[INFO] [stdout]   --> /rustc/0e09125c6c3c2fd70d7de961bcf0e51575235fad/library/core/src/../../portable-simd/crates/core_simd/src/simd/cmp/eq.rs:14:8
[INFO] [stdout]    |
[INFO] [stdout]    = note: the method is available for `std::simd::Simd<i32, 8>` here
[INFO] [stdout]    |
[INFO] [stdout]    = help: items from traits can only be used if the trait is in scope
[INFO] [stdout]    = note: this error originates in the macro `simd8` (in Nightly builds, run with -Z macro-backtrace for more info)
[INFO] [stdout] help: the following trait is implemented but not in scope; perhaps add a `use` for it:
[INFO] [stdout]    |
[INFO] [stdout] 1  + use std::simd::cmp::SimdPartialEq;
[INFO] [stdout]    |
[INFO] [stdout] 
[INFO] [stdout] 
[INFO] [stdout] error[E0599]: no method named `simd_ne` found for struct `std::simd::Simd` in the current scope
[INFO] [stdout]   --> /opt/rustwide/cargo-home/registry/src/index.crates.io-6f17d22bba15001f/arrow2-0.17.0/src/compute/comparison/simd/packed.rs:37:22
[INFO] [stdout]    |
[INFO] [stdout] 37 |                 self.simd_ne(other).to_bitmask()
[INFO] [stdout]    |                      ^^^^^^^ method not found in `Simd<i32, 8>`
[INFO] [stdout] ...
[INFO] [stdout] 71 | simd8!(i32, i32x8);
[INFO] [stdout]    | ------------------ in this macro invocation
[INFO] [stdout]   --> /rustc/0e09125c6c3c2fd70d7de961bcf0e51575235fad/library/core/src/../../portable-simd/crates/core_simd/src/simd/cmp/eq.rs:18:8
[INFO] [stdout]    |
[INFO] [stdout]    = note: the method is available for `std::simd::Simd<i32, 8>` here
[INFO] [stdout]    |
[INFO] [stdout]    = help: items from traits can only be used if the trait is in scope
[INFO] [stdout]    = note: this error originates in the macro `simd8` (in Nightly builds, run with -Z macro-backtrace for more info)
[INFO] [stdout] help: the following trait is implemented but not in scope; perhaps add a `use` for it:
[INFO] [stdout]    |
[INFO] [stdout] 1  + use std::simd::cmp::SimdPartialEq;
[INFO] [stdout]    |
[INFO] [stdout] 
[INFO] [stdout] 
[INFO] [stdout] error[E0599]: no method named `simd_le` found for struct `std::simd::Simd` in the current scope
[INFO] [stdout]   --> /opt/rustwide/cargo-home/registry/src/index.crates.io-6f17d22bba15001f/arrow2-0.17.0/src/compute/comparison/simd/packed.rs:44:22
[INFO] [stdout]    |
[INFO] [stdout] 44 |                 self.simd_le(other).to_bitmask()
[INFO] [stdout]    |                      ^^^^^^^ method not found in `Simd<i32, 8>`
[INFO] [stdout] ...
[INFO] [stdout] 71 | simd8!(i32, i32x8);
[INFO] [stdout]    | ------------------ in this macro invocation
[INFO] [stdout]   --> /rustc/0e09125c6c3c2fd70d7de961bcf0e51575235fad/library/core/src/../../portable-simd/crates/core_simd/src/simd/cmp/ord.rs:16:8
[INFO] [stdout]    |
[INFO] [stdout]    = note: the method is available for `std::simd::Simd<i32, 8>` here
[INFO] [stdout]    |
[INFO] [stdout]    = help: items from traits can only be used if the trait is in scope
[INFO] [stdout]    = note: this error originates in the macro `simd8` (in Nightly builds, run with -Z macro-backtrace for more info)
[INFO] [stdout] help: the following trait is implemented but not in scope; perhaps add a `use` for it:
[INFO] [stdout]    |
[INFO] [stdout] 1  + use std::simd::cmp::SimdPartialOrd;
[INFO] [stdout]    |
[INFO] [stdout] 
[INFO] [stdout] 
[INFO] [stdout] error[E0599]: no method named `simd_lt` found for struct `std::simd::Simd` in the current scope
[INFO] [stdout]   --> /opt/rustwide/cargo-home/registry/src/index.crates.io-6f17d22bba15001f/arrow2-0.17.0/src/compute/comparison/simd/packed.rs:49:22
[INFO] [stdout]    |
[INFO] [stdout] 49 |                 self.simd_lt(other).to_bitmask()
[INFO] [stdout]    |                      ^^^^^^^ method not found in `Simd<i32, 8>`
[INFO] [stdout] ...
[INFO] [stdout] 71 | simd8!(i32, i32x8);
[INFO] [stdout]    | ------------------ in this macro invocation
[INFO] [stdout]   --> /rustc/0e09125c6c3c2fd70d7de961bcf0e51575235fad/library/core/src/../../portable-simd/crates/core_simd/src/simd/cmp/ord.rs:12:8
[INFO] [stdout]    |
[INFO] [stdout]    = note: the method is available for `std::simd::Simd<i32, 8>` here
[INFO] [stdout]    |
[INFO] [stdout]    = help: items from traits can only be used if the trait is in scope
[INFO] [stdout]    = note: this error originates in the macro `simd8` (in Nightly builds, run with -Z macro-backtrace for more info)
[INFO] [stdout] help: the following trait is implemented but not in scope; perhaps add a `use` for it:
[INFO] [stdout]    |
[INFO] [stdout] 1  + use std::simd::cmp::SimdPartialOrd;
[INFO] [stdout]    |
[INFO] [stdout] 
[INFO] [stdout] 
[INFO] [stdout] error[E0599]: no method named `simd_ge` found for struct `std::simd::Simd` in the current scope
[INFO] [stdout]   --> /opt/rustwide/cargo-home/registry/src/index.crates.io-6f17d22bba15001f/arrow2-0.17.0/src/compute/comparison/simd/packed.rs:54:22
[INFO] [stdout]    |
[INFO] [stdout] 54 |                 self.simd_ge(other).to_bitmask()
[INFO] [stdout]    |                      ^^^^^^^ method not found in `Simd<i32, 8>`
[INFO] [stdout] ...
[INFO] [stdout] 71 | simd8!(i32, i32x8);
[INFO] [stdout]    | ------------------ in this macro invocation
[INFO] [stdout]   --> /rustc/0e09125c6c3c2fd70d7de961bcf0e51575235fad/library/core/src/../../portable-simd/crates/core_simd/src/simd/cmp/ord.rs:24:8
[INFO] [stdout]    |
[INFO] [stdout]    = note: the method is available for `std::simd::Simd<i32, 8>` here
[INFO] [stdout]    |
[INFO] [stdout]    = help: items from traits can only be used if the trait is in scope
[INFO] [stdout]    = note: this error originates in the macro `simd8` (in Nightly builds, run with -Z macro-backtrace for more info)
[INFO] [stdout] help: the following trait is implemented but not in scope; perhaps add a `use` for it:
[INFO] [stdout]    |
[INFO] [stdout] 1  + use std::simd::cmp::SimdPartialOrd;
[INFO] [stdout]    |
[INFO] [stdout] 
[INFO] [stdout] 
[INFO] [stdout] error[E0599]: no method named `simd_gt` found for struct `std::simd::Simd` in the current scope
[INFO] [stdout]   --> /opt/rustwide/cargo-home/registry/src/index.crates.io-6f17d22bba15001f/arrow2-0.17.0/src/compute/comparison/simd/packed.rs:59:22
[INFO] [stdout]    |
[INFO] [stdout] 59 |                 self.simd_gt(other).to_bitmask()
[INFO] [stdout]    |                      ^^^^^^^ method not found in `Simd<i32, 8>`
[INFO] [stdout] ...
[INFO] [stdout] 71 | simd8!(i32, i32x8);
[INFO] [stdout]    | ------------------ in this macro invocation
[INFO] [stdout]   --> /rustc/0e09125c6c3c2fd70d7de961bcf0e51575235fad/library/core/src/../../portable-simd/crates/core_simd/src/simd/cmp/ord.rs:20:8
[INFO] [stdout]    |
[INFO] [stdout]    = note: the method is available for `std::simd::Simd<i32, 8>` here
[INFO] [stdout]    |
[INFO] [stdout]    = help: items from traits can only be used if the trait is in scope
[INFO] [stdout]    = note: this error originates in the macro `simd8` (in Nightly builds, run with -Z macro-backtrace for more info)
[INFO] [stdout] help: the following trait is implemented but not in scope; perhaps add a `use` for it:
[INFO] [stdout]    |
[INFO] [stdout] 1  + use std::simd::cmp::SimdPartialOrd;
[INFO] [stdout]    |
[INFO] [stdout] 
[INFO] [stdout] 
[INFO] [stdout] error[E0599]: no method named `simd_eq` found for struct `std::simd::Simd` in the current scope
[INFO] [stdout]   --> /opt/rustwide/cargo-home/registry/src/index.crates.io-6f17d22bba15001f/arrow2-0.17.0/src/compute/comparison/simd/packed.rs:32:22
[INFO] [stdout]    |
[INFO] [stdout] 32 |                 self.simd_eq(other).to_bitmask()
[INFO] [stdout]    |                      ^^^^^^^ method not found in `Simd<i64, 8>`
[INFO] [stdout] ...
[INFO] [stdout] 72 | simd8!(i64, i64x8);
[INFO] [stdout]    | ------------------ in this macro invocation
[INFO] [stdout]   --> /rustc/0e09125c6c3c2fd70d7de961bcf0e51575235fad/library/core/src/../../portable-simd/crates/core_simd/src/simd/cmp/eq.rs:14:8
[INFO] [stdout]    |
[INFO] [stdout]    = note: the method is available for `std::simd::Simd<i64, 8>` here
[INFO] [stdout]    |
[INFO] [stdout]    = help: items from traits can only be used if the trait is in scope
[INFO] [stdout]    = note: this error originates in the macro `simd8` (in Nightly builds, run with -Z macro-backtrace for more info)
[INFO] [stdout] help: the following trait is implemented but not in scope; perhaps add a `use` for it:
[INFO] [stdout]    |
[INFO] [stdout] 1  + use std::simd::cmp::SimdPartialEq;
[INFO] [stdout]    |
[INFO] [stdout] 
[INFO] [stdout] 
[INFO] [stdout] error[E0599]: no method named `simd_ne` found for struct `std::simd::Simd` in the current scope
[INFO] [stdout]   --> /opt/rustwide/cargo-home/registry/src/index.crates.io-6f17d22bba15001f/arrow2-0.17.0/src/compute/comparison/simd/packed.rs:37:22
[INFO] [stdout]    |
[INFO] [stdout] 37 |                 self.simd_ne(other).to_bitmask()
[INFO] [stdout]    |                      ^^^^^^^ method not found in `Simd<i64, 8>`
[INFO] [stdout] ...
[INFO] [stdout] 72 | simd8!(i64, i64x8);
[INFO] [stdout]    | ------------------ in this macro invocation
[INFO] [stdout]   --> /rustc/0e09125c6c3c2fd70d7de961bcf0e51575235fad/library/core/src/../../portable-simd/crates/core_simd/src/simd/cmp/eq.rs:18:8
[INFO] [stdout]    |
[INFO] [stdout]    = note: the method is available for `std::simd::Simd<i64, 8>` here
[INFO] [stdout]    |
[INFO] [stdout]    = help: items from traits can only be used if the trait is in scope
[INFO] [stdout]    = note: this error originates in the macro `simd8` (in Nightly builds, run with -Z macro-backtrace for more info)
[INFO] [stdout] help: the following trait is implemented but not in scope; perhaps add a `use` for it:
[INFO] [stdout]    |
[INFO] [stdout] 1  + use std::simd::cmp::SimdPartialEq;
[INFO] [stdout]    |
[INFO] [stdout] 
[INFO] [stdout] 
[INFO] [stdout] error[E0599]: no method named `simd_le` found for struct `std::simd::Simd` in the current scope
[INFO] [stdout]   --> /opt/rustwide/cargo-home/registry/src/index.crates.io-6f17d22bba15001f/arrow2-0.17.0/src/compute/comparison/simd/packed.rs:44:22
[INFO] [stdout]    |
[INFO] [stdout] 44 |                 self.simd_le(other).to_bitmask()
[INFO] [stdout]    |                      ^^^^^^^ method not found in `Simd<i64, 8>`
[INFO] [stdout] ...
[INFO] [stdout] 72 | simd8!(i64, i64x8);
[INFO] [stdout]    | ------------------ in this macro invocation
[INFO] [stdout]   --> /rustc/0e09125c6c3c2fd70d7de961bcf0e51575235fad/library/core/src/../../portable-simd/crates/core_simd/src/simd/cmp/ord.rs:16:8
[INFO] [stdout]    |
[INFO] [stdout]    = note: the method is available for `std::simd::Simd<i64, 8>` here
[INFO] [stdout]    |
[INFO] [stdout]    = help: items from traits can only be used if the trait is in scope
[INFO] [stdout]    = note: this error originates in the macro `simd8` (in Nightly builds, run with -Z macro-backtrace for more info)
[INFO] [stdout] help: the following trait is implemented but not in scope; perhaps add a `use` for it:
[INFO] [stdout]    |
[INFO] [stdout] 1  + use std::simd::cmp::SimdPartialOrd;
[INFO] [stdout]    |
[INFO] [stdout] 
[INFO] [stdout] 
[INFO] [stdout] error[E0599]: no method named `simd_lt` found for struct `std::simd::Simd` in the current scope
[INFO] [stdout]   --> /opt/rustwide/cargo-home/registry/src/index.crates.io-6f17d22bba15001f/arrow2-0.17.0/src/compute/comparison/simd/packed.rs:49:22
[INFO] [stdout]    |
[INFO] [stdout] 49 |                 self.simd_lt(other).to_bitmask()
[INFO] [stdout]    |                      ^^^^^^^ method not found in `Simd<i64, 8>`
[INFO] [stdout] ...
[INFO] [stdout] 72 | simd8!(i64, i64x8);
[INFO] [stdout]    | ------------------ in this macro invocation
[INFO] [stdout]   --> /rustc/0e09125c6c3c2fd70d7de961bcf0e51575235fad/library/core/src/../../portable-simd/crates/core_simd/src/simd/cmp/ord.rs:12:8
[INFO] [stdout]    |
[INFO] [stdout]    = note: the method is available for `std::simd::Simd<i64, 8>` here
[INFO] [stdout]    |
[INFO] [stdout]    = help: items from traits can only be used if the trait is in scope
[INFO] [stdout]    = note: this error originates in the macro `simd8` (in Nightly builds, run with -Z macro-backtrace for more info)
[INFO] [stdout] help: the following trait is implemented but not in scope; perhaps add a `use` for it:
[INFO] [stdout]    |
[INFO] [stdout] 1  + use std::simd::cmp::SimdPartialOrd;
[INFO] [stdout]    |
[INFO] [stdout] 
[INFO] [stdout] 
[INFO] [stdout] error[E0599]: no method named `simd_ge` found for struct `std::simd::Simd` in the current scope
[INFO] [stdout]   --> /opt/rustwide/cargo-home/registry/src/index.crates.io-6f17d22bba15001f/arrow2-0.17.0/src/compute/comparison/simd/packed.rs:54:22
[INFO] [stdout]    |
[INFO] [stdout] 54 |                 self.simd_ge(other).to_bitmask()
[INFO] [stdout]    |                      ^^^^^^^ method not found in `Simd<i64, 8>`
[INFO] [stdout] ...
[INFO] [stdout] 72 | simd8!(i64, i64x8);
[INFO] [stdout]    | ------------------ in this macro invocation
[INFO] [stdout]   --> /rustc/0e09125c6c3c2fd70d7de961bcf0e51575235fad/library/core/src/../../portable-simd/crates/core_simd/src/simd/cmp/ord.rs:24:8
[INFO] [stdout]    |
[INFO] [stdout]    = note: the method is available for `std::simd::Simd<i64, 8>` here
[INFO] [stdout]    |
[INFO] [stdout]    = help: items from traits can only be used if the trait is in scope
[INFO] [stdout]    = note: this error originates in the macro `simd8` (in Nightly builds, run with -Z macro-backtrace for more info)
[INFO] [stdout] help: the following trait is implemented but not in scope; perhaps add a `use` for it:
[INFO] [stdout]    |
[INFO] [stdout] 1  + use std::simd::cmp::SimdPartialOrd;
[INFO] [stdout]    |
[INFO] [stdout] 
[INFO] [stdout] 
[INFO] [stdout] error[E0599]: no method named `simd_gt` found for struct `std::simd::Simd` in the current scope
[INFO] [stdout]   --> /opt/rustwide/cargo-home/registry/src/index.crates.io-6f17d22bba15001f/arrow2-0.17.0/src/compute/comparison/simd/packed.rs:59:22
[INFO] [stdout]    |
[INFO] [stdout] 59 |                 self.simd_gt(other).to_bitmask()
[INFO] [stdout]    |                      ^^^^^^^ method not found in `Simd<i64, 8>`
[INFO] [stdout] ...
[INFO] [stdout] 72 | simd8!(i64, i64x8);
[INFO] [stdout]    | ------------------ in this macro invocation
[INFO] [stdout]   --> /rustc/0e09125c6c3c2fd70d7de961bcf0e51575235fad/library/core/src/../../portable-simd/crates/core_simd/src/simd/cmp/ord.rs:20:8
[INFO] [stdout]    |
[INFO] [stdout]    = note: the method is available for `std::simd::Simd<i64, 8>` here
[INFO] [stdout]    |
[INFO] [stdout]    = help: items from traits can only be used if the trait is in scope
[INFO] [stdout]    = note: this error originates in the macro `simd8` (in Nightly builds, run with -Z macro-backtrace for more info)
[INFO] [stdout] help: the following trait is implemented but not in scope; perhaps add a `use` for it:
[INFO] [stdout]    |
[INFO] [stdout] 1  + use std::simd::cmp::SimdPartialOrd;
[INFO] [stdout]    |
[INFO] [stdout] 
[INFO] [stdout] 
[INFO] [stdout] error[E0599]: no method named `simd_eq` found for struct `std::simd::Simd` in the current scope
[INFO] [stdout]   --> /opt/rustwide/cargo-home/registry/src/index.crates.io-6f17d22bba15001f/arrow2-0.17.0/src/compute/comparison/simd/packed.rs:32:22
[INFO] [stdout]    |
[INFO] [stdout] 32 |                 self.simd_eq(other).to_bitmask()
[INFO] [stdout]    |                      ^^^^^^^ method not found in `Simd<f32, 8>`
[INFO] [stdout] ...
[INFO] [stdout] 77 | simd8!(f32, f32x8);
[INFO] [stdout]    | ------------------ in this macro invocation
[INFO] [stdout]   --> /rustc/0e09125c6c3c2fd70d7de961bcf0e51575235fad/library/core/src/../../portable-simd/crates/core_simd/src/simd/cmp/eq.rs:14:8
[INFO] [stdout]    |
[INFO] [stdout]    = note: the method is available for `std::simd::Simd<f32, 8>` here
[INFO] [stdout]    |
[INFO] [stdout]    = help: items from traits can only be used if the trait is in scope
[INFO] [stdout]    = note: this error originates in the macro `simd8` (in Nightly builds, run with -Z macro-backtrace for more info)
[INFO] [stdout] help: the following trait is implemented but not in scope; perhaps add a `use` for it:
[INFO] [stdout]    |
[INFO] [stdout] 1  + use std::simd::cmp::SimdPartialEq;
[INFO] [stdout]    |
[INFO] [stdout] 
[INFO] [stdout] 
[INFO] [stdout] error[E0599]: no method named `simd_ne` found for struct `std::simd::Simd` in the current scope
[INFO] [stdout]   --> /opt/rustwide/cargo-home/registry/src/index.crates.io-6f17d22bba15001f/arrow2-0.17.0/src/compute/comparison/simd/packed.rs:37:22
[INFO] [stdout]    |
[INFO] [stdout] 37 |                 self.simd_ne(other).to_bitmask()
[INFO] [stdout]    |                      ^^^^^^^ method not found in `Simd<f32, 8>`
[INFO] [stdout] ...
[INFO] [stdout] 77 | simd8!(f32, f32x8);
[INFO] [stdout]    | ------------------ in this macro invocation
[INFO] [stdout]   --> /rustc/0e09125c6c3c2fd70d7de961bcf0e51575235fad/library/core/src/../../portable-simd/crates/core_simd/src/simd/cmp/eq.rs:18:8
[INFO] [stdout]    |
[INFO] [stdout]    = note: the method is available for `std::simd::Simd<f32, 8>` here
[INFO] [stdout]    |
[INFO] [stdout]    = help: items from traits can only be used if the trait is in scope
[INFO] [stdout]    = note: this error originates in the macro `simd8` (in Nightly builds, run with -Z macro-backtrace for more info)
[INFO] [stdout] help: the following trait is implemented but not in scope; perhaps add a `use` for it:
[INFO] [stdout]    |
[INFO] [stdout] 1  + use std::simd::cmp::SimdPartialEq;
[INFO] [stdout]    |
[INFO] [stdout] 
[INFO] [stdout] 
[INFO] [stdout] error[E0599]: no method named `simd_le` found for struct `std::simd::Simd` in the current scope
[INFO] [stdout]   --> /opt/rustwide/cargo-home/registry/src/index.crates.io-6f17d22bba15001f/arrow2-0.17.0/src/compute/comparison/simd/packed.rs:44:22
[INFO] [stdout]    |
[INFO] [stdout] 44 |                 self.simd_le(other).to_bitmask()
[INFO] [stdout]    |                      ^^^^^^^ method not found in `Simd<f32, 8>`
[INFO] [stdout] ...
[INFO] [stdout] 77 | simd8!(f32, f32x8);
[INFO] [stdout]    | ------------------ in this macro invocation
[INFO] [stdout]   --> /rustc/0e09125c6c3c2fd70d7de961bcf0e51575235fad/library/core/src/../../portable-simd/crates/core_simd/src/simd/cmp/ord.rs:16:8
[INFO] [stdout]    |
[INFO] [stdout]    = note: the method is available for `std::simd::Simd<f32, 8>` here
[INFO] [stdout]    |
[INFO] [stdout]    = help: items from traits can only be used if the trait is in scope
[INFO] [stdout]    = note: this error originates in the macro `simd8` (in Nightly builds, run with -Z macro-backtrace for more info)
[INFO] [stdout] help: the following trait is implemented but not in scope; perhaps add a `use` for it:
[INFO] [stdout]    |
[INFO] [stdout] 1  + use std::simd::cmp::SimdPartialOrd;
[INFO] [stdout]    |
[INFO] [stdout] 
[INFO] [stdout] 
[INFO] [stdout] error[E0599]: no method named `simd_lt` found for struct `std::simd::Simd` in the current scope
[INFO] [stdout]   --> /opt/rustwide/cargo-home/registry/src/index.crates.io-6f17d22bba15001f/arrow2-0.17.0/src/compute/comparison/simd/packed.rs:49:22
[INFO] [stdout]    |
[INFO] [stdout] 49 |                 self.simd_lt(other).to_bitmask()
[INFO] [stdout]    |                      ^^^^^^^ method not found in `Simd<f32, 8>`
[INFO] [stdout] ...
[INFO] [stdout] 77 | simd8!(f32, f32x8);
[INFO] [stdout]    | ------------------ in this macro invocation
[INFO] [stdout]   --> /rustc/0e09125c6c3c2fd70d7de961bcf0e51575235fad/library/core/src/../../portable-simd/crates/core_simd/src/simd/cmp/ord.rs:12:8
[INFO] [stdout]    |
[INFO] [stdout]    = note: the method is available for `std::simd::Simd<f32, 8>` here
[INFO] [stdout]    |
[INFO] [stdout]    = help: items from traits can only be used if the trait is in scope
[INFO] [stdout]    = note: this error originates in the macro `simd8` (in Nightly builds, run with -Z macro-backtrace for more info)
[INFO] [stdout] help: the following trait is implemented but not in scope; perhaps add a `use` for it:
[INFO] [stdout]    |
[INFO] [stdout] 1  + use std::simd::cmp::SimdPartialOrd;
[INFO] [stdout]    |
[INFO] [stdout] 
[INFO] [stdout] 
[INFO] [stdout] error[E0599]: no method named `simd_ge` found for struct `std::simd::Simd` in the current scope
[INFO] [stdout]   --> /opt/rustwide/cargo-home/registry/src/index.crates.io-6f17d22bba15001f/arrow2-0.17.0/src/compute/comparison/simd/packed.rs:54:22
[INFO] [stdout]    |
[INFO] [stdout] 54 |                 self.simd_ge(other).to_bitmask()
[INFO] [stdout]    |                      ^^^^^^^ method not found in `Simd<f32, 8>`
[INFO] [stdout] ...
[INFO] [stdout] 77 | simd8!(f32, f32x8);
[INFO] [stdout]    | ------------------ in this macro invocation
[INFO] [stdout]   --> /rustc/0e09125c6c3c2fd70d7de961bcf0e51575235fad/library/core/src/../../portable-simd/crates/core_simd/src/simd/cmp/ord.rs:24:8
[INFO] [stdout]    |
[INFO] [stdout]    = note: the method is available for `std::simd::Simd<f32, 8>` here
[INFO] [stdout]    |
[INFO] [stdout]    = help: items from traits can only be used if the trait is in scope
[INFO] [stdout]    = note: this error originates in the macro `simd8` (in Nightly builds, run with -Z macro-backtrace for more info)
[INFO] [stdout] help: the following trait is implemented but not in scope; perhaps add a `use` for it:
[INFO] [stdout]    |
[INFO] [stdout] 1  + use std::simd::cmp::SimdPartialOrd;
[INFO] [stdout]    |
[INFO] [stdout] 
[INFO] [stdout] 
[INFO] [stdout] error[E0599]: no method named `simd_gt` found for struct `std::simd::Simd` in the current scope
[INFO] [stdout]   --> /opt/rustwide/cargo-home/registry/src/index.crates.io-6f17d22bba15001f/arrow2-0.17.0/src/compute/comparison/simd/packed.rs:59:22
[INFO] [stdout]    |
[INFO] [stdout] 59 |                 self.simd_gt(other).to_bitmask()
[INFO] [stdout]    |                      ^^^^^^^ method not found in `Simd<f32, 8>`
[INFO] [stdout] ...
[INFO] [stdout] 77 | simd8!(f32, f32x8);
[INFO] [stdout]    | ------------------ in this macro invocation
[INFO] [stdout]   --> /rustc/0e09125c6c3c2fd70d7de961bcf0e51575235fad/library/core/src/../../portable-simd/crates/core_simd/src/simd/cmp/ord.rs:20:8
[INFO] [stdout]    |
[INFO] [stdout]    = note: the method is available for `std::simd::Simd<f32, 8>` here
[INFO] [stdout]    |
[INFO] [stdout]    = help: items from traits can only be used if the trait is in scope
[INFO] [stdout]    = note: this error originates in the macro `simd8` (in Nightly builds, run with -Z macro-backtrace for more info)
[INFO] [stdout] help: the following trait is implemented but not in scope; perhaps add a `use` for it:
[INFO] [stdout]    |
[INFO] [stdout] 1  + use std::simd::cmp::SimdPartialOrd;
[INFO] [stdout]    |
[INFO] [stdout] 
[INFO] [stdout] 
[INFO] [stdout] error[E0599]: no method named `simd_eq` found for struct `std::simd::Simd` in the current scope
[INFO] [stdout]   --> /opt/rustwide/cargo-home/registry/src/index.crates.io-6f17d22bba15001f/arrow2-0.17.0/src/compute/comparison/simd/packed.rs:32:22
[INFO] [stdout]    |
[INFO] [stdout] 32 |                 self.simd_eq(other).to_bitmask()
[INFO] [stdout]    |                      ^^^^^^^ method not found in `Simd<f64, 8>`
[INFO] [stdout] ...
[INFO] [stdout] 78 | simd8!(f64, f64x8);
[INFO] [stdout]    | ------------------ in this macro invocation
[INFO] [stdout]   --> /rustc/0e09125c6c3c2fd70d7de961bcf0e51575235fad/library/core/src/../../portable-simd/crates/core_simd/src/simd/cmp/eq.rs:14:8
[INFO] [stdout]    |
[INFO] [stdout]    = note: the method is available for `std::simd::Simd<f64, 8>` here
[INFO] [stdout]    |
[INFO] [stdout]    = help: items from traits can only be used if the trait is in scope
[INFO] [stdout]    = note: this error originates in the macro `simd8` (in Nightly builds, run with -Z macro-backtrace for more info)
[INFO] [stdout] help: the following trait is implemented but not in scope; perhaps add a `use` for it:
[INFO] [stdout]    |
[INFO] [stdout] 1  + use std::simd::cmp::SimdPartialEq;
[INFO] [stdout]    |
[INFO] [stdout] 
[INFO] [stdout] 
[INFO] [stdout] error[E0599]: no method named `simd_ne` found for struct `std::simd::Simd` in the current scope
[INFO] [stdout]   --> /opt/rustwide/cargo-home/registry/src/index.crates.io-6f17d22bba15001f/arrow2-0.17.0/src/compute/comparison/simd/packed.rs:37:22
[INFO] [stdout]    |
[INFO] [stdout] 37 |                 self.simd_ne(other).to_bitmask()
[INFO] [stdout]    |                      ^^^^^^^ method not found in `Simd<f64, 8>`
[INFO] [stdout] ...
[INFO] [stdout] 78 | simd8!(f64, f64x8);
[INFO] [stdout]    | ------------------ in this macro invocation
[INFO] [stdout]   --> /rustc/0e09125c6c3c2fd70d7de961bcf0e51575235fad/library/core/src/../../portable-simd/crates/core_simd/src/simd/cmp/eq.rs:18:8
[INFO] [stdout]    |
[INFO] [stdout]    = note: the method is available for `std::simd::Simd<f64, 8>` here
[INFO] [stdout]    |
[INFO] [stdout]    = help: items from traits can only be used if the trait is in scope
[INFO] [stdout]    = note: this error originates in the macro `simd8` (in Nightly builds, run with -Z macro-backtrace for more info)
[INFO] [stdout] help: the following trait is implemented but not in scope; perhaps add a `use` for it:
[INFO] [stdout]    |
[INFO] [stdout] 1  + use std::simd::cmp::SimdPartialEq;
[INFO] [stdout]    |
[INFO] [stdout] 
[INFO] [stdout] 
[INFO] [stdout] error[E0599]: no method named `simd_le` found for struct `std::simd::Simd` in the current scope
[INFO] [stdout]   --> /opt/rustwide/cargo-home/registry/src/index.crates.io-6f17d22bba15001f/arrow2-0.17.0/src/compute/comparison/simd/packed.rs:44:22
[INFO] [stdout]    |
[INFO] [stdout] 44 |                 self.simd_le(other).to_bitmask()
[INFO] [stdout]    |                      ^^^^^^^ method not found in `Simd<f64, 8>`
[INFO] [stdout] ...
[INFO] [stdout] 78 | simd8!(f64, f64x8);
[INFO] [stdout]    | ------------------ in this macro invocation
[INFO] [stdout]   --> /rustc/0e09125c6c3c2fd70d7de961bcf0e51575235fad/library/core/src/../../portable-simd/crates/core_simd/src/simd/cmp/ord.rs:16:8
[INFO] [stdout]    |
[INFO] [stdout]    = note: the method is available for `std::simd::Simd<f64, 8>` here
[INFO] [stdout]    |
[INFO] [stdout]    = help: items from traits can only be used if the trait is in scope
[INFO] [stdout]    = note: this error originates in the macro `simd8` (in Nightly builds, run with -Z macro-backtrace for more info)
[INFO] [stdout] help: the following trait is implemented but not in scope; perhaps add a `use` for it:
[INFO] [stdout]    |
[INFO] [stdout] 1  + use std::simd::cmp::SimdPartialOrd;
[INFO] [stdout]    |
[INFO] [stdout] 
[INFO] [stdout] 
[INFO] [stdout] error[E0599]: no method named `simd_lt` found for struct `std::simd::Simd` in the current scope
[INFO] [stdout]   --> /opt/rustwide/cargo-home/registry/src/index.crates.io-6f17d22bba15001f/arrow2-0.17.0/src/compute/comparison/simd/packed.rs:49:22
[INFO] [stdout]    |
[INFO] [stdout] 49 |                 self.simd_lt(other).to_bitmask()
[INFO] [stdout]    |                      ^^^^^^^ method not found in `Simd<f64, 8>`
[INFO] [stdout] ...
[INFO] [stdout] 78 | simd8!(f64, f64x8);
[INFO] [stdout]    | ------------------ in this macro invocation
[INFO] [stdout]   --> /rustc/0e09125c6c3c2fd70d7de961bcf0e51575235fad/library/core/src/../../portable-simd/crates/core_simd/src/simd/cmp/ord.rs:12:8
[INFO] [stdout]    |
[INFO] [stdout]    = note: the method is available for `std::simd::Simd<f64, 8>` here
[INFO] [stdout]    |
[INFO] [stdout]    = help: items from traits can only be used if the trait is in scope
[INFO] [stdout]    = note: this error originates in the macro `simd8` (in Nightly builds, run with -Z macro-backtrace for more info)
[INFO] [stdout] help: the following trait is implemented but not in scope; perhaps add a `use` for it:
[INFO] [stdout]    |
[INFO] [stdout] 1  + use std::simd::cmp::SimdPartialOrd;
[INFO] [stdout]    |
[INFO] [stdout] 
[INFO] [stdout] 
[INFO] [stdout] error[E0599]: no method named `simd_ge` found for struct `std::simd::Simd` in the current scope
[INFO] [stdout]   --> /opt/rustwide/cargo-home/registry/src/index.crates.io-6f17d22bba15001f/arrow2-0.17.0/src/compute/comparison/simd/packed.rs:54:22
[INFO] [stdout]    |
[INFO] [stdout] 54 |                 self.simd_ge(other).to_bitmask()
[INFO] [stdout]    |                      ^^^^^^^ method not found in `Simd<f64, 8>`
[INFO] [stdout] ...
[INFO] [stdout] 78 | simd8!(f64, f64x8);
[INFO] [stdout]    | ------------------ in this macro invocation
[INFO] [stdout]   --> /rustc/0e09125c6c3c2fd70d7de961bcf0e51575235fad/library/core/src/../../portable-simd/crates/core_simd/src/simd/cmp/ord.rs:24:8
[INFO] [stdout]    |
[INFO] [stdout]    = note: the method is available for `std::simd::Simd<f64, 8>` here
[INFO] [stdout]    |
[INFO] [stdout]    = help: items from traits can only be used if the trait is in scope
[INFO] [stdout]    = note: this error originates in the macro `simd8` (in Nightly builds, run with -Z macro-backtrace for more info)
[INFO] [stdout] help: the following trait is implemented but not in scope; perhaps add a `use` for it:
[INFO] [stdout]    |
[INFO] [stdout] 1  + use std::simd::cmp::SimdPartialOrd;
[INFO] [stdout]    |
[INFO] [stdout] 
[INFO] [stdout] 
[INFO] [stdout] error[E0599]: no method named `simd_gt` found for struct `std::simd::Simd` in the current scope
[INFO] [stdout]   --> /opt/rustwide/cargo-home/registry/src/index.crates.io-6f17d22bba15001f/arrow2-0.17.0/src/compute/comparison/simd/packed.rs:59:22
[INFO] [stdout]    |
[INFO] [stdout] 59 |                 self.simd_gt(other).to_bitmask()
[INFO] [stdout]    |                      ^^^^^^^ method not found in `Simd<f64, 8>`
[INFO] [stdout] ...
[INFO] [stdout] 78 | simd8!(f64, f64x8);
[INFO] [stdout]    | ------------------ in this macro invocation
[INFO] [stdout]   --> /rustc/0e09125c6c3c2fd70d7de961bcf0e51575235fad/library/core/src/../../portable-simd/crates/core_simd/src/simd/cmp/ord.rs:20:8
[INFO] [stdout]    |
[INFO] [stdout]    = note: the method is available for `std::simd::Simd<f64, 8>` here
[INFO] [stdout]    |
[INFO] [stdout]    = help: items from traits can only be used if the trait is in scope
[INFO] [stdout]    = note: this error originates in the macro `simd8` (in Nightly builds, run with -Z macro-backtrace for more info)
[INFO] [stdout] help: the following trait is implemented but not in scope; perhaps add a `use` for it:
[INFO] [stdout]    |
[INFO] [stdout] 1  + use std::simd::cmp::SimdPartialOrd;
[INFO] [stdout]    |
[INFO] [stdout] 
[INFO] [stdout] 
[INFO] [stdout] error: aborting due to 119 previous errors
[INFO] [stdout] 
[INFO] [stdout] 
[INFO] [stdout] Some errors have detailed explanations: E0432, E0554, E0599.
[INFO] [stdout] 
[INFO] [stdout] For more information about an error, try `rustc --explain E0432`.
[INFO] [stdout] 
[INFO] [stderr] error: could not compile `arrow2` (lib) due to 120 previous errors
[INFO] running `Command { std: "docker" "inspect" "78fa289b244679743e5a7ef6ecc1bab19e05b7bc6f24b45a50660c06db709e9f", kill_on_drop: false }`
[INFO] running `Command { std: "docker" "rm" "-f" "78fa289b244679743e5a7ef6ecc1bab19e05b7bc6f24b45a50660c06db709e9f", kill_on_drop: false }`
[INFO] [stdout] 78fa289b244679743e5a7ef6ecc1bab19e05b7bc6f24b45a50660c06db709e9f
