[INFO] cloning repository https://github.com/JRF63/nvenc-rs
[INFO] running `Command { std: "git" "-c" "credential.helper=" "-c" "credential.helper=/workspace/cargo-home/bin/git-credential-null" "clone" "--bare" "https://github.com/JRF63/nvenc-rs" "/workspace/cache/git-repos/https%3A%2F%2Fgithub.com%2FJRF63%2Fnvenc-rs", kill_on_drop: false }`
[INFO] [stderr] Cloning into bare repository '/workspace/cache/git-repos/https%3A%2F%2Fgithub.com%2FJRF63%2Fnvenc-rs'...
[INFO] running `Command { std: "git" "rev-parse" "HEAD", kill_on_drop: false }`
[INFO] [stdout] 61896129ad922ec56852181231f8fdc4cb98874a
[INFO] documenting JRF63/nvenc-rs against 1.75.0 for beta-1.76-rustdoc-1
[INFO] running `Command { std: "git" "clone" "/workspace/cache/git-repos/https%3A%2F%2Fgithub.com%2FJRF63%2Fnvenc-rs" "/workspace/builds/worker-1-tc1/source", kill_on_drop: false }`
[INFO] [stderr] Cloning into '/workspace/builds/worker-1-tc1/source'...
[INFO] [stderr] done.
[INFO] validating manifest of git repo https://github.com/JRF63/nvenc-rs on toolchain 1.75.0
[INFO] running `Command { std: CARGO_HOME="/workspace/cargo-home" RUSTUP_HOME="/workspace/rustup-home" "/workspace/cargo-home/bin/cargo" "+1.75.0" "metadata" "--manifest-path" "Cargo.toml" "--no-deps", kill_on_drop: false }`
[INFO] started tweaking git repo https://github.com/JRF63/nvenc-rs
[INFO] finished tweaking git repo https://github.com/JRF63/nvenc-rs
[INFO] tweaked toml for git repo https://github.com/JRF63/nvenc-rs written to /workspace/builds/worker-1-tc1/source/Cargo.toml
[INFO] crate git repo https://github.com/JRF63/nvenc-rs already has a lockfile, it will not be regenerated
[INFO] running `Command { std: CARGO_HOME="/workspace/cargo-home" RUSTUP_HOME="/workspace/rustup-home" "/workspace/cargo-home/bin/cargo" "+1.75.0" "fetch" "--manifest-path" "Cargo.toml", kill_on_drop: false }`
[INFO] [stderr] warning: virtual workspace defaulting to `resolver = "1"` despite one or more workspace members being on edition 2021 which implies `resolver = "2"`
[INFO] [stderr] note: to keep the current resolver, specify `workspace.resolver = "1"` in the workspace root's manifest
[INFO] [stderr] note: to use the edition 2021 resolver, specify `workspace.resolver = "2"` in the workspace root's manifest
[INFO] [stderr] note: for more details see https://doc.rust-lang.org/cargo/reference/resolver.html#resolver-versions
[INFO] running `Command { std: "docker" "create" "-v" "/var/lib/crater-agent-workspace/builds/worker-1-tc1/target:/opt/rustwide/target:rw,Z" "-v" "/var/lib/crater-agent-workspace/builds/worker-1-tc1/source:/opt/rustwide/workdir:ro,Z" "-v" "/var/lib/crater-agent-workspace/cargo-home:/opt/rustwide/cargo-home:ro,Z" "-v" "/var/lib/crater-agent-workspace/rustup-home:/opt/rustwide/rustup-home:ro,Z" "-e" "SOURCE_DIR=/opt/rustwide/workdir" "-e" "CARGO_TARGET_DIR=/opt/rustwide/target" "-e" "CARGO_HOME=/opt/rustwide/cargo-home" "-e" "RUSTUP_HOME=/opt/rustwide/rustup-home" "-w" "/opt/rustwide/workdir" "-m" "1610612736" "--user" "0:0" "--network" "none" "ghcr.io/rust-lang/crates-build-env/linux@sha256:2788e3201cd34a07e3172128adcd8b3090168a8e3bcc40d7c032b9dda1df7d1c" "/opt/rustwide/cargo-home/bin/cargo" "+1.75.0" "metadata" "--no-deps" "--format-version=1", kill_on_drop: false }`
[INFO] [stdout] 971e307c3b9653ffe2d55028651fa0207a023fbd1459f0bf5750ebd4b30448f0
[INFO] running `Command { std: "docker" "start" "-a" "971e307c3b9653ffe2d55028651fa0207a023fbd1459f0bf5750ebd4b30448f0", kill_on_drop: false }`
[INFO] running `Command { std: "docker" "inspect" "971e307c3b9653ffe2d55028651fa0207a023fbd1459f0bf5750ebd4b30448f0", kill_on_drop: false }`
[INFO] running `Command { std: "docker" "rm" "-f" "971e307c3b9653ffe2d55028651fa0207a023fbd1459f0bf5750ebd4b30448f0", kill_on_drop: false }`
[INFO] [stdout] 971e307c3b9653ffe2d55028651fa0207a023fbd1459f0bf5750ebd4b30448f0
[INFO] running `Command { std: "docker" "create" "-v" "/var/lib/crater-agent-workspace/builds/worker-1-tc1/target:/opt/rustwide/target:rw,Z" "-v" "/var/lib/crater-agent-workspace/builds/worker-1-tc1/source:/opt/rustwide/workdir:ro,Z" "-v" "/var/lib/crater-agent-workspace/cargo-home:/opt/rustwide/cargo-home:ro,Z" "-v" "/var/lib/crater-agent-workspace/rustup-home:/opt/rustwide/rustup-home:ro,Z" "-e" "SOURCE_DIR=/opt/rustwide/workdir" "-e" "CARGO_TARGET_DIR=/opt/rustwide/target" "-e" "CARGO_INCREMENTAL=0" "-e" "RUST_BACKTRACE=full" "-e" "RUSTFLAGS=--cap-lints=warn" "-e" "RUSTDOCFLAGS=--cap-lints=warn" "-e" "CARGO_HOME=/opt/rustwide/cargo-home" "-e" "RUSTUP_HOME=/opt/rustwide/rustup-home" "-w" "/opt/rustwide/workdir" "-m" "1610612736" "--user" "0:0" "--network" "none" "ghcr.io/rust-lang/crates-build-env/linux@sha256:2788e3201cd34a07e3172128adcd8b3090168a8e3bcc40d7c032b9dda1df7d1c" "/opt/rustwide/cargo-home/bin/cargo" "+1.75.0" "doc" "--frozen" "--no-deps" "--document-private-items" "--message-format=json", kill_on_drop: false }`
[INFO] [stdout] 1941f0f39af1ebb46017d3ec3a08370e627c8f6785def04555b122fa01ed9503
[INFO] running `Command { std: "docker" "start" "-a" "1941f0f39af1ebb46017d3ec3a08370e627c8f6785def04555b122fa01ed9503", kill_on_drop: false }`
[INFO] [stderr] warning: virtual workspace defaulting to `resolver = "1"` despite one or more workspace members being on edition 2021 which implies `resolver = "2"`
[INFO] [stderr] note: to keep the current resolver, specify `workspace.resolver = "1"` in the workspace root's manifest
[INFO] [stderr] note: to use the edition 2021 resolver, specify `workspace.resolver = "2"` in the workspace root's manifest
[INFO] [stderr] note: for more details see https://doc.rust-lang.org/cargo/reference/resolver.html#resolver-versions
[INFO] [stderr]    Compiling proc-macro2 v1.0.47
[INFO] [stderr]    Compiling memchr v2.5.0
[INFO] [stderr]    Compiling unicode-ident v1.0.5
[INFO] [stderr]    Compiling quote v1.0.21
[INFO] [stderr]    Compiling libc v0.2.137
[INFO] [stderr]    Compiling glob v0.3.0
[INFO] [stderr]    Compiling syn v1.0.103
[INFO] [stderr]    Compiling cfg-if v1.0.0
[INFO] [stderr]    Compiling log v0.4.17
[INFO] [stderr]    Compiling minimal-lexical v0.2.1
[INFO] [stderr]    Compiling libloading v0.7.3
[INFO] [stderr]    Compiling either v1.8.0
[INFO] [stderr]    Compiling regex-syntax v0.6.27
[INFO] [stderr]    Compiling bindgen v0.63.0
[INFO] [stderr]    Compiling clang-sys v1.4.0
[INFO] [stderr]    Compiling nom v7.1.1
[INFO] [stderr]    Compiling aho-corasick v0.7.19
[INFO] [stderr]    Compiling rustc-hash v1.1.0
[INFO] [stderr]    Compiling lazy_static v1.4.0
[INFO] [stderr]    Compiling peeking_take_while v0.1.2
[INFO] [stderr]    Compiling bitflags v1.3.2
[INFO] [stderr]    Compiling shlex v1.1.0
[INFO] [stderr]    Compiling lazycell v1.3.0
[INFO] [stderr]    Compiling thiserror v1.0.37
[INFO] [stderr]    Compiling which v4.3.0
[INFO] [stderr]    Compiling regex v1.7.1
[INFO] [stderr]    Compiling cexpr v0.6.0
[INFO] [stderr]    Compiling thiserror-impl v1.0.37
[INFO] [stderr]    Compiling nvenc-sys v0.1.0 (/opt/rustwide/workdir/nvenc-sys)
[INFO] [stderr]  Documenting nvenc-sys v0.1.0 (/opt/rustwide/workdir/nvenc-sys)
[INFO] [stdout] warning: `extern` block uses type `u128`, which is not FFI-safe
[INFO] [stdout]  --> /opt/rustwide/target/debug/build/nvenc-sys-32520f6f16abc353/out/nvenc_v11_1.rs:3:12282
[INFO] [stdout]   |
[INFO] [stdout] 3 | ... __endptr : * mut * mut :: std :: os :: raw :: c_char) -> u128 ; } extern "C" { pub fn strtol (__nptr : * const :: std :: os :: raw ::...
[INFO] [stdout]   |                                                              ^^^^ not FFI-safe
[INFO] [stdout]   |
[INFO] [stdout]   = note: 128-bit integers don't currently have a known stable ABI
[INFO] [stdout]   = note: `#[warn(improper_ctypes)]` on by default
[INFO] [stdout] 
[INFO] [stdout] 
[INFO] [stdout] warning: `extern` block uses type `u128`, which is not FFI-safe
[INFO] [stdout]  --> /opt/rustwide/target/debug/build/nvenc-sys-32520f6f16abc353/out/nvenc_v11_1.rs:3:33771
[INFO] [stdout]   |
[INFO] [stdout] 3 | ...:: raw :: c_char ; } extern "C" { pub fn qecvt (__value : u128 , __ndigit : :: std :: os :: raw :: c_int , __decpt : * mut :: std :: o...
[INFO] [stdout]   |                                                              ^^^^ not FFI-safe
[INFO] [stdout]   |
[INFO] [stdout]   = note: 128-bit integers don't currently have a known stable ABI
[INFO] [stdout] 
[INFO] [stdout] 
[INFO] [stdout] warning: `extern` block uses type `u128`, which is not FFI-safe
[INFO] [stdout]  --> /opt/rustwide/target/debug/build/nvenc-sys-32520f6f16abc353/out/nvenc_v11_1.rs:3:33992
[INFO] [stdout]   |
[INFO] [stdout] 3 | ...:: raw :: c_char ; } extern "C" { pub fn qfcvt (__value : u128 , __ndigit : :: std :: os :: raw :: c_int , __decpt : * mut :: std :: o...
[INFO] [stdout]   |                                                              ^^^^ not FFI-safe
[INFO] [stdout]   |
[INFO] [stdout]   = note: 128-bit integers don't currently have a known stable ABI
[INFO] [stdout] 
[INFO] [stdout] 
[INFO] [stdout] warning: `extern` block uses type `u128`, which is not FFI-safe
[INFO] [stdout]  --> /opt/rustwide/target/debug/build/nvenc-sys-32520f6f16abc353/out/nvenc_v11_1.rs:3:34213
[INFO] [stdout]   |
[INFO] [stdout] 3 | ...:: raw :: c_char ; } extern "C" { pub fn qgcvt (__value : u128 , __ndigit : :: std :: os :: raw :: c_int , __buf : * mut :: std :: os ...
[INFO] [stdout]   |                                                              ^^^^ not FFI-safe
[INFO] [stdout]   |
[INFO] [stdout]   = note: 128-bit integers don't currently have a known stable ABI
[INFO] [stdout] 
[INFO] [stdout] 
[INFO] [stdout] warning: `extern` block uses type `u128`, which is not FFI-safe
[INFO] [stdout]  --> /opt/rustwide/target/debug/build/nvenc-sys-32520f6f16abc353/out/nvenc_v11_1.rs:3:34941
[INFO] [stdout]   |
[INFO] [stdout] 3 | ...: raw :: c_int ; } extern "C" { pub fn qecvt_r (__value : u128 , __ndigit : :: std :: os :: raw :: c_int , __decpt : * mut :: std :: o...
[INFO] [stdout]   |                                                              ^^^^ not FFI-safe
[INFO] [stdout]   |
[INFO] [stdout]   = note: 128-bit integers don't currently have a known stable ABI
[INFO] [stdout] 
[INFO] [stdout] 
[INFO] [stdout] warning: `extern` block uses type `u128`, which is not FFI-safe
[INFO] [stdout]  --> /opt/rustwide/target/debug/build/nvenc-sys-32520f6f16abc353/out/nvenc_v11_1.rs:3:35219
[INFO] [stdout]   |
[INFO] [stdout] 3 | ...: raw :: c_int ; } extern "C" { pub fn qfcvt_r (__value : u128 , __ndigit : :: std :: os :: raw :: c_int , __decpt : * mut :: std :: o...
[INFO] [stdout]   |                                                              ^^^^ not FFI-safe
[INFO] [stdout]   |
[INFO] [stdout]   = note: 128-bit integers don't currently have a known stable ABI
[INFO] [stdout] 
[INFO] [stdout] 
[INFO] [stdout] warning: 6 warnings emitted
[INFO] [stdout] 
[INFO] [stdout] 
[INFO] [stderr]  Documenting nvenc v0.1.0 (/opt/rustwide/workdir/nvenc)
[INFO] [stdout] error[E0412]: cannot find type `LibraryImpl` in this scope
[INFO] [stdout]   --> nvenc/src/encoder/library/mod.rs:25:20
[INFO] [stdout]    |
[INFO] [stdout] 25 | pub struct Library(LibraryImpl);
[INFO] [stdout]    |                    ^^^^^^^^^^^ not found in this scope
[INFO] [stdout] 
[INFO] [stdout] 
[INFO] [stdout] error[E0412]: cannot find type `LibraryImpl` in this scope
[INFO] [stdout]   --> nvenc/src/encoder/library/mod.rs:36:28
[INFO] [stdout]    |
[INFO] [stdout] 36 |     fn as_inner(&self) -> &LibraryImpl {
[INFO] [stdout]    |                            ^^^^^^^^^^^ not found in this scope
[INFO] [stdout] 
[INFO] [stdout] 
[INFO] [stdout] error[E0050]: method `wait` has 2 parameters but the declaration in trait `encoder::event::EventObjectTrait::wait` has 1
[INFO] [stdout]   --> nvenc/src/encoder/event/non_windows.rs:11:13
[INFO] [stdout]    |
[INFO] [stdout] 11 |     fn wait(&self, _timeout_millis: u32) -> crate::Result<()> {
[INFO] [stdout]    |             ^^^^^^^^^^^^^^^^^^^^^^^^^^^ expected 1 parameter, found 2
[INFO] [stdout]    |
[INFO] [stdout]   ::: nvenc/src/encoder/event/mod.rs:17:13
[INFO] [stdout]    |
[INFO] [stdout] 17 |     fn wait(&self) -> Result<()>;
[INFO] [stdout]    |             ----- trait requires 1 parameter
[INFO] [stdout] 
[INFO] [stdout] 
[INFO] [stdout] error: aborting due to 3 previous errors
[INFO] [stdout] 
[INFO] [stdout] 
[INFO] [stdout] Some errors have detailed explanations: E0050, E0412.
[INFO] [stdout] 
[INFO] [stdout] For more information about an error, try `rustc --explain E0050`.
[INFO] [stdout] 
[INFO] [stderr] error: could not document `nvenc`
[INFO] [stderr] 
[INFO] [stderr] Caused by:
[INFO] [stderr]   process didn't exit successfully: `/opt/rustwide/rustup-home/toolchains/1.75.0-x86_64-unknown-linux-gnu/bin/rustdoc --edition=2021 --crate-type lib --crate-name nvenc nvenc/src/lib.rs -o /opt/rustwide/target/doc --error-format=json --json=diagnostic-rendered-ansi,artifacts,future-incompat --document-private-items -C metadata=9bd266454209542f -L dependency=/opt/rustwide/target/debug/deps --extern nvenc_sys=/opt/rustwide/target/debug/deps/libnvenc_sys-b18c4e4ca13adfcf.rmeta --extern thiserror=/opt/rustwide/target/debug/deps/libthiserror-b075f6ef61219a6f.rmeta --cap-lints=warn --crate-version 0.1.0` (exit status: 1)
[INFO] [stderr] warning: build failed, waiting for other jobs to finish...
[INFO] running `Command { std: "docker" "inspect" "1941f0f39af1ebb46017d3ec3a08370e627c8f6785def04555b122fa01ed9503", kill_on_drop: false }`
[INFO] running `Command { std: "docker" "rm" "-f" "1941f0f39af1ebb46017d3ec3a08370e627c8f6785def04555b122fa01ed9503", kill_on_drop: false }`
[INFO] [stdout] 1941f0f39af1ebb46017d3ec3a08370e627c8f6785def04555b122fa01ed9503
