[INFO] cloning repository https://github.com/JBlevinss/-rust-gpu
[INFO] running `Command { std: "git" "-c" "credential.helper=" "-c" "credential.helper=/workspace/cargo-home/bin/git-credential-null" "clone" "--bare" "https://github.com/JBlevinss/-rust-gpu" "/workspace/cache/git-repos/https%3A%2F%2Fgithub.com%2FJBlevinss%2F-rust-gpu", kill_on_drop: false }`
[INFO] [stderr] Cloning into bare repository '/workspace/cache/git-repos/https%3A%2F%2Fgithub.com%2FJBlevinss%2F-rust-gpu'...
[INFO] running `Command { std: "git" "rev-parse" "HEAD", kill_on_drop: false }`
[INFO] [stdout] b2e5eb75951545782b121665c20f9f1c66fe5bdd
[INFO] documenting JBlevinss/-rust-gpu against 1.75.0 for beta-1.76-rustdoc-1
[INFO] running `Command { std: "git" "clone" "/workspace/cache/git-repos/https%3A%2F%2Fgithub.com%2FJBlevinss%2F-rust-gpu" "/workspace/builds/worker-6-tc1/source", kill_on_drop: false }`
[INFO] [stderr] Cloning into '/workspace/builds/worker-6-tc1/source'...
[INFO] [stderr] done.
[INFO] validating manifest of git repo https://github.com/JBlevinss/-rust-gpu on toolchain 1.75.0
[INFO] running `Command { std: CARGO_HOME="/workspace/cargo-home" RUSTUP_HOME="/workspace/rustup-home" "/workspace/cargo-home/bin/cargo" "+1.75.0" "metadata" "--manifest-path" "Cargo.toml" "--no-deps", kill_on_drop: false }`
[INFO] removed /workspace/builds/worker-6-tc1/source/.cargo/config
[INFO] removed /workspace/builds/worker-6-tc1/source/rust-toolchain.toml
[INFO] started tweaking git repo https://github.com/JBlevinss/-rust-gpu
[INFO] finished tweaking git repo https://github.com/JBlevinss/-rust-gpu
[INFO] tweaked toml for git repo https://github.com/JBlevinss/-rust-gpu written to /workspace/builds/worker-6-tc1/source/Cargo.toml
[INFO] crate git repo https://github.com/JBlevinss/-rust-gpu already has a lockfile, it will not be regenerated
[INFO] running `Command { std: CARGO_HOME="/workspace/cargo-home" RUSTUP_HOME="/workspace/rustup-home" "/workspace/cargo-home/bin/cargo" "+1.75.0" "fetch" "--manifest-path" "Cargo.toml", kill_on_drop: false }`
[INFO] [stderr]     Updating crates.io index
[INFO] [stderr]  Downloading crates ...
[INFO] [stderr]   Downloaded rustfix v0.6.1
[INFO] [stderr]   Downloaded gpu-alloc v0.5.2
[INFO] [stderr]   Downloaded calloop v0.10.2
[INFO] [stderr]   Downloaded wgpu v0.16.0
[INFO] [stderr]   Downloaded android_logger v0.13.1
[INFO] [stderr]   Downloaded pipe v0.4.0
[INFO] [stderr]   Downloaded num_enum v0.5.5
[INFO] [stderr]   Downloaded num_enum_derive v0.5.5
[INFO] [stderr]   Downloaded android_log-sys v0.3.0
[INFO] [stderr]   Downloaded glam v0.24.0
[INFO] [stderr]   Downloaded minifb v0.24.0
[INFO] [stderr]   Downloaded profiling v1.0.4
[INFO] [stderr]   Downloaded objc2 v0.3.0-beta.3.patch-leaks.2
[INFO] [stderr]   Downloaded compiletest_rs v0.9.0
[INFO] [stderr]   Downloaded orbclient v0.3.43
[INFO] [stderr]   Downloaded wgpu-core v0.16.0
[INFO] [stderr]   Downloaded internal-iterator v0.2.1
[INFO] [stderr]   Downloaded ash-molten v0.13.1+1.1.10
[INFO] [stderr]   Downloaded spirt v0.2.0
[INFO] running `Command { std: "docker" "create" "-v" "/var/lib/crater-agent-workspace/builds/worker-6-tc1/target:/opt/rustwide/target:rw,Z" "-v" "/var/lib/crater-agent-workspace/builds/worker-6-tc1/source:/opt/rustwide/workdir:ro,Z" "-v" "/var/lib/crater-agent-workspace/cargo-home:/opt/rustwide/cargo-home:ro,Z" "-v" "/var/lib/crater-agent-workspace/rustup-home:/opt/rustwide/rustup-home:ro,Z" "-e" "SOURCE_DIR=/opt/rustwide/workdir" "-e" "CARGO_TARGET_DIR=/opt/rustwide/target" "-e" "CARGO_HOME=/opt/rustwide/cargo-home" "-e" "RUSTUP_HOME=/opt/rustwide/rustup-home" "-w" "/opt/rustwide/workdir" "-m" "1610612736" "--user" "0:0" "--network" "none" "ghcr.io/rust-lang/crates-build-env/linux@sha256:2788e3201cd34a07e3172128adcd8b3090168a8e3bcc40d7c032b9dda1df7d1c" "/opt/rustwide/cargo-home/bin/cargo" "+1.75.0" "metadata" "--no-deps" "--format-version=1", kill_on_drop: false }`
[INFO] [stdout] 4bcfafc003c1ef9f7a3c4f40d2cb71d25b967cad7708118d6e81fbe5e9628f4a
[INFO] running `Command { std: "docker" "start" "-a" "4bcfafc003c1ef9f7a3c4f40d2cb71d25b967cad7708118d6e81fbe5e9628f4a", kill_on_drop: false }`
[INFO] running `Command { std: "docker" "inspect" "4bcfafc003c1ef9f7a3c4f40d2cb71d25b967cad7708118d6e81fbe5e9628f4a", kill_on_drop: false }`
[INFO] running `Command { std: "docker" "rm" "-f" "4bcfafc003c1ef9f7a3c4f40d2cb71d25b967cad7708118d6e81fbe5e9628f4a", kill_on_drop: false }`
[INFO] [stdout] 4bcfafc003c1ef9f7a3c4f40d2cb71d25b967cad7708118d6e81fbe5e9628f4a
[INFO] running `Command { std: "docker" "create" "-v" "/var/lib/crater-agent-workspace/builds/worker-6-tc1/target:/opt/rustwide/target:rw,Z" "-v" "/var/lib/crater-agent-workspace/builds/worker-6-tc1/source:/opt/rustwide/workdir:ro,Z" "-v" "/var/lib/crater-agent-workspace/cargo-home:/opt/rustwide/cargo-home:ro,Z" "-v" "/var/lib/crater-agent-workspace/rustup-home:/opt/rustwide/rustup-home:ro,Z" "-e" "SOURCE_DIR=/opt/rustwide/workdir" "-e" "CARGO_TARGET_DIR=/opt/rustwide/target" "-e" "CARGO_INCREMENTAL=0" "-e" "RUST_BACKTRACE=full" "-e" "RUSTFLAGS=--cap-lints=warn" "-e" "RUSTDOCFLAGS=--cap-lints=warn" "-e" "CARGO_HOME=/opt/rustwide/cargo-home" "-e" "RUSTUP_HOME=/opt/rustwide/rustup-home" "-w" "/opt/rustwide/workdir" "-m" "1610612736" "--user" "0:0" "--network" "none" "ghcr.io/rust-lang/crates-build-env/linux@sha256:2788e3201cd34a07e3172128adcd8b3090168a8e3bcc40d7c032b9dda1df7d1c" "/opt/rustwide/cargo-home/bin/cargo" "+1.75.0" "doc" "--frozen" "--no-deps" "--document-private-items" "--message-format=json", kill_on_drop: false }`
[INFO] [stdout] 4e70c07d680baa77806e391302dc0f98e6682d2aacf128b2f1e41416f3eb81e9
[INFO] running `Command { std: "docker" "start" "-a" "4e70c07d680baa77806e391302dc0f98e6682d2aacf128b2f1e41416f3eb81e9", kill_on_drop: false }`
[INFO] [stderr]    Compiling proc-macro2 v1.0.47
[INFO] [stderr]    Compiling unicode-ident v1.0.5
[INFO] [stderr]    Compiling syn v1.0.105
[INFO] [stderr]    Compiling autocfg v1.0.1
[INFO] [stderr]    Compiling libc v0.2.140
[INFO] [stderr]    Compiling libm v0.2.1
[INFO] [stderr]    Compiling serde_derive v1.0.156
[INFO] [stderr]    Compiling serde v1.0.156
[INFO] [stderr]     Checking once_cell v1.17.1
[INFO] [stderr]    Compiling memchr v2.4.1
[INFO] [stderr]    Compiling log v0.4.14
[INFO] [stderr]     Checking libloading v0.7.2
[INFO] [stderr]    Compiling pkg-config v0.3.24
[INFO] [stderr]    Compiling crossbeam-utils v0.8.11
[INFO] [stderr]    Compiling spirv-std-types v0.8.0 (/opt/rustwide/workdir/crates/spirv-std/shared)
[INFO] [stderr]     Checking unicode-width v0.1.9
[INFO] [stderr]    Compiling serde_json v1.0.73
[INFO] [stderr]     Checking either v1.8.0
[INFO] [stderr]     Checking itoa v1.0.1
[INFO] [stderr]     Checking ryu v1.0.9
[INFO] [stderr]     Checking regex-syntax v0.6.27
[INFO] [stderr]     Checking dlib v0.5.0
[INFO] [stderr]    Compiling nom v7.1.0
[INFO] [stderr]     Checking stable_deref_trait v1.2.0
[INFO] [stderr]     Checking itertools v0.10.5
[INFO] [stderr]     Checking internal-iterator v0.2.1
[INFO] [stderr]     Checking scoped-tls v1.0.0
[INFO] [stderr]    Compiling num-traits v0.2.15
[INFO] [stderr]    Compiling memoffset v0.6.5
[INFO] [stderr]    Compiling indexmap v1.9.2
[INFO] [stderr]     Checking longest-increasing-subsequence v0.1.0
[INFO] [stderr]    Compiling miniz_oxide v0.4.4
[INFO] [stderr]     Checking rustc-demangle v0.1.21
[INFO] [stderr]    Compiling crc32fast v1.3.0
[INFO] [stderr]    Compiling wayland-sys v0.29.5
[INFO] [stderr]     Checking crossbeam-channel v0.5.8
[INFO] [stderr]    Compiling io-lifetimes v1.0.6
[INFO] [stderr]     Checking aho-corasick v0.7.18
[INFO] [stderr]     Checking ar v0.9.0
[INFO] [stderr]    Compiling quote v1.0.14
[INFO] [stderr]     Checking glam v0.24.0
[INFO] [stderr]    Compiling unicode-segmentation v1.8.0
[INFO] [stderr]    Compiling rustix v0.36.9
[INFO] [stderr]    Compiling wayland-scanner v0.29.5
[INFO] [stderr]     Checking elsa v1.7.0
[INFO] [stderr]     Checking walkdir v2.3.2
[INFO] [stderr]    Compiling jobserver v0.1.24
[INFO] [stderr]    Compiling x11-dl v2.19.1
[INFO] [stderr]    Compiling futures-core v0.3.19
[INFO] [stderr]    Compiling heck v0.3.3
[INFO] [stderr]     Checking raw-window-handle v0.5.1
[INFO] [stderr]    Compiling cc v1.0.72
[INFO] [stderr]     Checking linux-raw-sys v0.1.4
[INFO] [stderr]     Checking termcolor v1.1.2
[INFO] [stderr]    Compiling proc-macro-error-attr v1.0.4
[INFO] [stderr]     Checking ash v0.37.2+1.3.238
[INFO] [stderr]    Compiling smithay-client-toolkit v0.16.0
[INFO] [stderr]     Checking strict-num v0.1.0
[INFO] [stderr]    Compiling futures-channel v0.3.19
[INFO] [stderr]     Checking fixedbitset v0.4.0
[INFO] [stderr]     Checking arrayref v0.3.7
[INFO] [stderr]     Checking raw-string v0.3.5
[INFO] [stderr]    Compiling futures-task v0.3.19
[INFO] [stderr]     Checking petgraph v0.6.0
[INFO] [stderr]     Checking codespan-reporting v0.11.1
[INFO] [stderr]     Checking getrandom v0.2.3
[INFO] [stderr]     Checking nix v0.24.3
[INFO] [stderr]     Checking filetime v0.2.15
[INFO] [stderr]     Checking ahash v0.7.6
[INFO] [stderr]     Checking inotify-sys v0.1.5
[INFO] [stderr]     Checking mio v0.7.14
[INFO] [stderr]     Checking spirv v0.2.0+1.5.4
[INFO] [stderr]     Checking regex v1.6.0
[INFO] [stderr]     Checking inotify v0.9.6
[INFO] [stderr]     Checking flate2 v1.0.22
[INFO] [stderr]     Checking hashbrown v0.11.2
[INFO] [stderr]     Checking memmap2 v0.5.10
[INFO] [stderr]     Checking atty v0.2.14
[INFO] [stderr]     Checking num_cpus v1.13.1
[INFO] [stderr]     Checking notify v5.0.0-pre.13
[INFO] [stderr]    Compiling wayland-client v0.29.5
[INFO] [stderr]    Compiling wayland-protocols v0.29.5
[INFO] [stderr]     Checking xcursor v0.3.4
[INFO] [stderr]     Checking png v0.17.7
[INFO] [stderr]     Checking bit-set v0.5.2
[INFO] [stderr]    Compiling spirv-tools-sys v0.7.0
[INFO] [stderr]     Checking lock_api v0.4.6
[INFO] [stderr]     Checking textwrap v0.11.0
[INFO] [stderr]     Checking bitflags v2.3.1
[INFO] [stderr]    Compiling rustversion v1.0.6
[INFO] [stderr]     Checking rspirv v0.11.0+1.5.4
[INFO] [stderr]     Checking futures-sink v0.3.19
[INFO] [stderr]     Checking ansi_term v0.12.1
[INFO] [stderr]    Compiling crossbeam-epoch v0.9.5
[INFO] [stderr]     Checking sanitize-filename v0.4.0
[INFO] [stderr]    Compiling futures-util v0.3.19
[INFO] [stderr]     Checking strsim v0.8.0
[INFO] [stderr]    Compiling winit v0.28.3
[INFO] [stderr]     Checking wgpu-types v0.16.0
[INFO] [stderr]     Checking gpu-descriptor v0.2.2
[INFO] [stderr]     Checking clap v2.34.0
[INFO] [stderr]     Checking gpu-alloc v0.5.2
[INFO] [stderr]     Checking khronos-egl v4.1.0
[INFO] [stderr]     Checking pin-project-lite v0.2.7
[INFO] [stderr]     Checking futures-io v0.3.19
[INFO] [stderr]     Checking profiling v1.0.4
[INFO] [stderr]     Checking glow v0.12.1
[INFO] [stderr]     Checking slab v0.4.5
[INFO] [stderr]    Compiling rayon-core v1.9.1
[INFO] [stderr]     Checking dirs-sys-next v0.1.2
[INFO] [stderr]     Checking mio v0.8.0
[INFO] [stderr]    Compiling anyhow v1.0.52
[INFO] [stderr]     Checking percent-encoding v2.1.0
[INFO] [stderr]     Checking dirs-next v2.0.0
[INFO] [stderr]     Checking crossbeam-deque v0.8.1
[INFO] [stderr]     Checking is-terminal v0.4.5
[INFO] [stderr]    Compiling rayon v1.5.1
[INFO] [stderr]    Compiling example-runner-wgpu v0.0.0 (/opt/rustwide/workdir/examples/runners/wgpu)
[INFO] [stderr]     Checking humantime v2.1.0
[INFO] [stderr]     Checking env_logger v0.10.0
[INFO] [stderr]     Checking term v0.7.0
[INFO] [stderr]    Compiling minifb v0.24.0
[INFO] [stderr]     Checking getopts v0.2.21
[INFO] [stderr]    Compiling compiletest_rs v0.9.0
[INFO] [stderr]     Checking tempfile v3.4.0
[INFO] [stderr]     Checking raw-window-handle v0.4.2
[INFO] [stderr]    Compiling proc-macro-error v1.0.4
[INFO] [stderr]     Checking tester v0.9.0
[INFO] [stderr]    Compiling example-runner-ash v0.0.0 (/opt/rustwide/workdir/examples/runners/ash)
[INFO] [stderr]     Checking diff v0.1.12
[INFO] [stderr]  Documenting spirv-std-types v0.8.0 (/opt/rustwide/workdir/crates/spirv-std/shared)
[INFO] [stderr]     Checking futures-executor v0.3.19
[INFO] [stderr]     Checking futures v0.3.19
[INFO] [stderr]    Compiling bytemuck_derive v1.3.0
[INFO] [stderr]    Compiling spirv-std-macros v0.8.0 (/opt/rustwide/workdir/crates/spirv-std/macros)
[INFO] [stderr]    Compiling thiserror-impl v1.0.30
[INFO] [stderr]    Compiling rustc_codegen_spirv v0.8.0 (/opt/rustwide/workdir/crates/rustc_codegen_spirv)
[INFO] [stderr]    Compiling structopt-derive v0.4.18
[INFO] [stderr]    Compiling strum_macros v0.23.1
[INFO] [stderr] error: failed to run custom build command for `rustc_codegen_spirv v0.8.0 (/opt/rustwide/workdir/crates/rustc_codegen_spirv)`
[INFO] [stderr] note: To improve backtraces for build dependencies, set the CARGO_PROFILE_DEV_BUILD_OVERRIDE_DEBUG=true environment variable to enable debug information generation.
[INFO] [stderr] 
[INFO] [stderr] Caused by:
[INFO] [stderr]   process didn't exit successfully: `/opt/rustwide/target/debug/build/rustc_codegen_spirv-c2ff76b4247ae42f/build-script-build` (exit status: 1)
[INFO] [stderr]   --- stdout
[INFO] [stderr]   cargo:rerun-if-env-changed=RUSTGPU_SKIP_TOOLCHAIN_CHECK
[INFO] [stderr] 
[INFO] [stderr]   --- stderr
[INFO] [stderr]   No such file or directory (os error 2)
[INFO] [stderr] warning: build failed, waiting for other jobs to finish...
[INFO] [stderr] error: could not compile `ash` (lib)
[INFO] [stderr] 
[INFO] [stderr] Caused by:
[INFO] [stderr]   process didn't exit successfully: `/opt/rustwide/rustup-home/toolchains/1.75.0-x86_64-unknown-linux-gnu/bin/rustc --crate-name ash --edition=2018 /opt/rustwide/cargo-home/registry/src/index.crates.io-6f17d22bba15001f/ash-0.37.2+1.3.238/src/lib.rs --error-format=json --json=diagnostic-rendered-ansi,artifacts,future-incompat --crate-type lib --emit=dep-info,metadata -C embed-bitcode=no -C debuginfo=2 --cfg 'feature="debug"' --cfg 'feature="default"' --cfg 'feature="libloading"' --cfg 'feature="loaded"' -C metadata=fcc89cf723efb45b -C extra-filename=-fcc89cf723efb45b --out-dir /opt/rustwide/target/debug/deps -L dependency=/opt/rustwide/target/debug/deps --extern libloading=/opt/rustwide/target/debug/deps/liblibloading-2074fc13ab3d6261.rmeta --cap-lints allow --cap-lints=warn` (signal: 9, SIGKILL: kill)
[INFO] [stderr] error: could not compile `serde_derive` (lib)
[INFO] [stderr] 
[INFO] [stderr] Caused by:
[INFO] [stderr]   process didn't exit successfully: `/opt/rustwide/rustup-home/toolchains/1.75.0-x86_64-unknown-linux-gnu/bin/rustc --crate-name serde_derive /opt/rustwide/cargo-home/registry/src/index.crates.io-6f17d22bba15001f/serde_derive-1.0.156/src/lib.rs --error-format=json --json=diagnostic-rendered-ansi,artifacts,future-incompat --crate-type proc-macro --emit=dep-info,link -C prefer-dynamic -C embed-bitcode=no --cfg 'feature="default"' -C metadata=6036ca60147c4fe1 -C extra-filename=-6036ca60147c4fe1 --out-dir /opt/rustwide/target/debug/deps -L dependency=/opt/rustwide/target/debug/deps --extern proc_macro2=/opt/rustwide/target/debug/deps/libproc_macro2-80c0e23a418d5be8.rlib --extern quote=/opt/rustwide/target/debug/deps/libquote-fcc917c63468a85d.rlib --extern syn=/opt/rustwide/target/debug/deps/libsyn-b6a532cc8126f1e2.rlib --extern proc_macro --cap-lints allow --cap-lints=warn` (signal: 9, SIGKILL: kill)
[INFO] [stderr] The following warnings were emitted during compilation:
[INFO] [stderr] 
[INFO] [stderr] warning: spirv-tools-sys@0.7.0: c++: fatal error: Killed signal terminated program cc1plus
[INFO] [stderr] warning: spirv-tools-sys@0.7.0: compilation terminated.
[INFO] [stderr] warning: spirv-tools-sys@0.7.0: c++: fatal error: Killed signal terminated program cc1plus
[INFO] [stderr] warning: spirv-tools-sys@0.7.0: compilation terminated.
[INFO] [stderr] 
[INFO] [stderr] error: failed to run custom build command for `spirv-tools-sys v0.7.0`
[INFO] [stderr] note: To improve backtraces for build dependencies, set the CARGO_PROFILE_DEV_BUILD_OVERRIDE_DEBUG=true environment variable to enable debug information generation.
[INFO] [stderr] 
[INFO] [stderr] Caused by:
[INFO] [stderr]   process didn't exit successfully: `/opt/rustwide/target/debug/build/spirv-tools-sys-271675f7111d203f/build-script-build` (exit status: 1)
[INFO] [stderr]   --- stdout
[INFO] [stderr]   OPT_LEVEL = Some("0")
[INFO] [stderr]   TARGET = Some("x86_64-unknown-linux-gnu")
[INFO] [stderr]   HOST = Some("x86_64-unknown-linux-gnu")
[INFO] [stderr]   CC_x86_64-unknown-linux-gnu = None
[INFO] [stderr]   CC_x86_64_unknown_linux_gnu = None
[INFO] [stderr]   HOST_CC = None
[INFO] [stderr]   CC = None
[INFO] [stderr]   CFLAGS_x86_64-unknown-linux-gnu = None
[INFO] [stderr]   CFLAGS_x86_64_unknown_linux_gnu = None
[INFO] [stderr]   HOST_CFLAGS = None
[INFO] [stderr]   CFLAGS = None
[INFO] [stderr]   CRATE_CC_NO_DEFAULTS = None
[INFO] [stderr]   DEBUG = Some("true")
[INFO] [stderr]   CARGO_CFG_TARGET_FEATURE = Some("fxsr,sse,sse2")
[INFO] [stderr]   CXX_x86_64-unknown-linux-gnu = None
[INFO] [stderr]   CXX_x86_64_unknown_linux_gnu = None
[INFO] [stderr]   HOST_CXX = None
[INFO] [stderr]   CXX = None
[INFO] [stderr]   CXXFLAGS_x86_64-unknown-linux-gnu = None
[INFO] [stderr]   CXXFLAGS_x86_64_unknown_linux_gnu = None
[INFO] [stderr]   HOST_CXXFLAGS = None
[INFO] [stderr]   CXXFLAGS = None
[INFO] [stderr]   running: "c++" "-O0" "-ffunction-sections" "-fdata-sections" "-fPIC" "-g" "-fno-omit-frame-pointer" "-m64" "-I" "spirv-tools/" "-I" "spirv-tools/include" "-I" "generated/" "-I" "spirv-headers/include" "-I" "spirv-headers/include/spirv/unified1" "-Wall" "-Wextra" "-Wall" "-Wextra" "-Wnon-virtual-dtor" "-Wno-missing-field-initializers" "-Werror" "-std=c++11" "-fno-exceptions" "-fno-rtti" "-Wno-long-long" "-Wshadow" "-Wundef" "-Wconversion" "-Wno-sign-conversion" "-Wno-deprecated-declarations" "-std=gnu++11" "-DSPIRV_CHECK_CONTEXT" "-DSPIRV_LINUX" "-o" "/opt/rustwide/target/debug/build/spirv-tools-sys-efb028863d614978/out/spirv-tools/source/util/bit_vector.o" "-c" "spirv-tools/source/util/bit_vector.cpp"
[INFO] [stderr]   running: "c++" "-O0" "-ffunction-sections" "-fdata-sections" "-fPIC" "-g" "-fno-omit-frame-pointer" "-m64" "-I" "spirv-tools/" "-I" "spirv-tools/include" "-I" "generated/" "-I" "spirv-headers/include" "-I" "spirv-headers/include/spirv/unified1" "-Wall" "-Wextra" "-Wall" "-Wextra" "-Wnon-virtual-dtor" "-Wno-missing-field-initializers" "-Werror" "-std=c++11" "-fno-exceptions" "-fno-rtti" "-Wno-long-long" "-Wshadow" "-Wundef" "-Wconversion" "-Wno-sign-conversion" "-Wno-deprecated-declarations" "-std=gnu++11" "-DSPIRV_CHECK_CONTEXT" "-DSPIRV_LINUX" "-o" "/opt/rustwide/target/debug/build/spirv-tools-sys-efb028863d614978/out/spirv-tools/source/util/parse_number.o" "-c" "spirv-tools/source/util/parse_number.cpp"
[INFO] [stderr]   running: "c++" "-O0" "-ffunction-sections" "-fdata-sections" "-fPIC" "-g" "-fno-omit-frame-pointer" "-m64" "-I" "spirv-tools/" "-I" "spirv-tools/include" "-I" "generated/" "-I" "spirv-headers/include" "-I" "spirv-headers/include/spirv/unified1" "-Wall" "-Wextra" "-Wall" "-Wextra" "-Wnon-virtual-dtor" "-Wno-missing-field-initializers" "-Werror" "-std=c++11" "-fno-exceptions" "-fno-rtti" "-Wno-long-long" "-Wshadow" "-Wundef" "-Wconversion" "-Wno-sign-conversion" "-Wno-deprecated-declarations" "-std=gnu++11" "-DSPIRV_CHECK_CONTEXT" "-DSPIRV_LINUX" "-o" "/opt/rustwide/target/debug/build/spirv-tools-sys-efb028863d614978/out/spirv-tools/source/util/string_utils.o" "-c" "spirv-tools/source/util/string_utils.cpp"
[INFO] [stderr]   running: "c++" "-O0" "-ffunction-sections" "-fdata-sections" "-fPIC" "-g" "-fno-omit-frame-pointer" "-m64" "-I" "spirv-tools/" "-I" "spirv-tools/include" "-I" "generated/" "-I" "spirv-headers/include" "-I" "spirv-headers/include/spirv/unified1" "-Wall" "-Wextra" "-Wall" "-Wextra" "-Wnon-virtual-dtor" "-Wno-missing-field-initializers" "-Werror" "-std=c++11" "-fno-exceptions" "-fno-rtti" "-Wno-long-long" "-Wshadow" "-Wundef" "-Wconversion" "-Wno-sign-conversion" "-Wno-deprecated-declarations" "-std=gnu++11" "-DSPIRV_CHECK_CONTEXT" "-DSPIRV_LINUX" "-o" "/opt/rustwide/target/debug/build/spirv-tools-sys-efb028863d614978/out/spirv-tools/source/assembly_grammar.o" "-c" "spirv-tools/source/assembly_grammar.cpp"
[INFO] [stderr]   running: "c++" "-O0" "-ffunction-sections" "-fdata-sections" "-fPIC" "-g" "-fno-omit-frame-pointer" "-m64" "-I" "spirv-tools/" "-I" "spirv-tools/include" "-I" "generated/" "-I" "spirv-headers/include" "-I" "spirv-headers/include/spirv/unified1" "-Wall" "-Wextra" "-Wall" "-Wextra" "-Wnon-virtual-dtor" "-Wno-missing-field-initializers" "-Werror" "-std=c++11" "-fno-exceptions" "-fno-rtti" "-Wno-long-long" "-Wshadow" "-Wundef" "-Wconversion" "-Wno-sign-conversion" "-Wno-deprecated-declarations" "-std=gnu++11" "-DSPIRV_CHECK_CONTEXT" "-DSPIRV_LINUX" "-o" "/opt/rustwide/target/debug/build/spirv-tools-sys-efb028863d614978/out/spirv-tools/source/binary.o" "-c" "spirv-tools/source/binary.cpp"
[INFO] [stderr]   running: "c++" "-O0" "-ffunction-sections" "-fdata-sections" "-fPIC" "-g" "-fno-omit-frame-pointer" "-m64" "-I" "spirv-tools/" "-I" "spirv-tools/include" "-I" "generated/" "-I" "spirv-headers/include" "-I" "spirv-headers/include/spirv/unified1" "-Wall" "-Wextra" "-Wall" "-Wextra" "-Wnon-virtual-dtor" "-Wno-missing-field-initializers" "-Werror" "-std=c++11" "-fno-exceptions" "-fno-rtti" "-Wno-long-long" "-Wshadow" "-Wundef" "-Wconversion" "-Wno-sign-conversion" "-Wno-deprecated-declarations" "-std=gnu++11" "-DSPIRV_CHECK_CONTEXT" "-DSPIRV_LINUX" "-o" "/opt/rustwide/target/debug/build/spirv-tools-sys-efb028863d614978/out/spirv-tools/source/diagnostic.o" "-c" "spirv-tools/source/diagnostic.cpp"
[INFO] [stderr]   running: "c++" "-O0" "-ffunction-sections" "-fdata-sections" "-fPIC" "-g" "-fno-omit-frame-pointer" "-m64" "-I" "spirv-tools/" "-I" "spirv-tools/include" "-I" "generated/" "-I" "spirv-headers/include" "-I" "spirv-headers/include/spirv/unified1" "-Wall" "-Wextra" "-Wall" "-Wextra" "-Wnon-virtual-dtor" "-Wno-missing-field-initializers" "-Werror" "-std=c++11" "-fno-exceptions" "-fno-rtti" "-Wno-long-long" "-Wshadow" "-Wundef" "-Wconversion" "-Wno-sign-conversion" "-Wno-deprecated-declarations" "-std=gnu++11" "-DSPIRV_CHECK_CONTEXT" "-DSPIRV_LINUX" "-o" "/opt/rustwide/target/debug/build/spirv-tools-sys-efb028863d614978/out/spirv-tools/source/disassemble.o" "-c" "spirv-tools/source/disassemble.cpp"
[INFO] [stderr]   running: "c++" "-O0" "-ffunction-sections" "-fdata-sections" "-fPIC" "-g" "-fno-omit-frame-pointer" "-m64" "-I" "spirv-tools/" "-I" "spirv-tools/include" "-I" "generated/" "-I" "spirv-headers/include" "-I" "spirv-headers/include/spirv/unified1" "-Wall" "-Wextra" "-Wall" "-Wextra" "-Wnon-virtual-dtor" "-Wno-missing-field-initializers" "-Werror" "-std=c++11" "-fno-exceptions" "-fno-rtti" "-Wno-long-long" "-Wshadow" "-Wundef" "-Wconversion" "-Wno-sign-conversion" "-Wno-deprecated-declarations" "-std=gnu++11" "-DSPIRV_CHECK_CONTEXT" "-DSPIRV_LINUX" "-o" "/opt/rustwide/target/debug/build/spirv-tools-sys-efb028863d614978/out/spirv-tools/source/enum_string_mapping.o" "-c" "spirv-tools/source/enum_string_mapping.cpp"
[INFO] [stderr]   exit status: 0
[INFO] [stderr]   running: "c++" "-O0" "-ffunction-sections" "-fdata-sections" "-fPIC" "-g" "-fno-omit-frame-pointer" "-m64" "-I" "spirv-tools/" "-I" "spirv-tools/include" "-I" "generated/" "-I" "spirv-headers/include" "-I" "spirv-headers/include/spirv/unified1" "-Wall" "-Wextra" "-Wall" "-Wextra" "-Wnon-virtual-dtor" "-Wno-missing-field-initializers" "-Werror" "-std=c++11" "-fno-exceptions" "-fno-rtti" "-Wno-long-long" "-Wshadow" "-Wundef" "-Wconversion" "-Wno-sign-conversion" "-Wno-deprecated-declarations" "-std=gnu++11" "-DSPIRV_CHECK_CONTEXT" "-DSPIRV_LINUX" "-o" "/opt/rustwide/target/debug/build/spirv-tools-sys-efb028863d614978/out/spirv-tools/source/ext_inst.o" "-c" "spirv-tools/source/ext_inst.cpp"
[INFO] [stderr]   exit status: 0
[INFO] [stderr]   exit status: 0
[INFO] [stderr]   running: "c++" "-O0" "-ffunction-sections" "-fdata-sections" "-fPIC" "-g" "-fno-omit-frame-pointer" "-m64" "-I" "spirv-tools/" "-I" "spirv-tools/include" "-I" "generated/" "-I" "spirv-headers/include" "-I" "spirv-headers/include/spirv/unified1" "-Wall" "-Wextra" "-Wall" "-Wextra" "-Wnon-virtual-dtor" "-Wno-missing-field-initializers" "-Werror" "-std=c++11" "-fno-exceptions" "-fno-rtti" "-Wno-long-long" "-Wshadow" "-Wundef" "-Wconversion" "-Wno-sign-conversion" "-Wno-deprecated-declarations" "-std=gnu++11" "-DSPIRV_CHECK_CONTEXT" "-DSPIRV_LINUX" "-o" "/opt/rustwide/target/debug/build/spirv-tools-sys-efb028863d614978/out/spirv-tools/source/extensions.o" "-c" "spirv-tools/source/extensions.cpp"
[INFO] [stderr]   exit status: 0
[INFO] [stderr]   running: "c++" "-O0" "-ffunction-sections" "-fdata-sections" "-fPIC" "-g" "-fno-omit-frame-pointer" "-m64" "-I" "spirv-tools/" "-I" "spirv-tools/include" "-I" "generated/" "-I" "spirv-headers/include" "-I" "spirv-headers/include/spirv/unified1" "-Wall" "-Wextra" "-Wall" "-Wextra" "-Wnon-virtual-dtor" "-Wno-missing-field-initializers" "-Werror" "-std=c++11" "-fno-exceptions" "-fno-rtti" "-Wno-long-long" "-Wshadow" "-Wundef" "-Wconversion" "-Wno-sign-conversion" "-Wno-deprecated-declarations" "-std=gnu++11" "-DSPIRV_CHECK_CONTEXT" "-DSPIRV_LINUX" "-o" "/opt/rustwide/target/debug/build/spirv-tools-sys-efb028863d614978/out/spirv-tools/source/libspirv.o" "-c" "spirv-tools/source/libspirv.cpp"
[INFO] [stderr]   exit status: 0
[INFO] [stderr]   running: "c++" "-O0" "-ffunction-sections" "-fdata-sections" "-fPIC" "-g" "-fno-omit-frame-pointer" "-m64" "-I" "spirv-tools/" "-I" "spirv-tools/include" "-I" "generated/" "-I" "spirv-headers/include" "-I" "spirv-headers/include/spirv/unified1" "-Wall" "-Wextra" "-Wall" "-Wextra" "-Wnon-virtual-dtor" "-Wno-missing-field-initializers" "-Werror" "-std=c++11" "-fno-exceptions" "-fno-rtti" "-Wno-long-long" "-Wshadow" "-Wundef" "-Wconversion" "-Wno-sign-conversion" "-Wno-deprecated-declarations" "-std=gnu++11" "-DSPIRV_CHECK_CONTEXT" "-DSPIRV_LINUX" "-o" "/opt/rustwide/target/debug/build/spirv-tools-sys-efb028863d614978/out/spirv-tools/source/name_mapper.o" "-c" "spirv-tools/source/name_mapper.cpp"
[INFO] [stderr]   exit status: 0
[INFO] [stderr]   running: "c++" "-O0" "-ffunction-sections" "-fdata-sections" "-fPIC" "-g" "-fno-omit-frame-pointer" "-m64" "-I" "spirv-tools/" "-I" "spirv-tools/include" "-I" "generated/" "-I" "spirv-headers/include" "-I" "spirv-headers/include/spirv/unified1" "-Wall" "-Wextra" "-Wall" "-Wextra" "-Wnon-virtual-dtor" "-Wno-missing-field-initializers" "-Werror" "-std=c++11" "-fno-exceptions" "-fno-rtti" "-Wno-long-long" "-Wshadow" "-Wundef" "-Wconversion" "-Wno-sign-conversion" "-Wno-deprecated-declarations" "-std=gnu++11" "-DSPIRV_CHECK_CONTEXT" "-DSPIRV_LINUX" "-o" "/opt/rustwide/target/debug/build/spirv-tools-sys-efb028863d614978/out/spirv-tools/source/opcode.o" "-c" "spirv-tools/source/opcode.cpp"
[INFO] [stderr]   exit status: 0
[INFO] [stderr]   running: "c++" "-O0" "-ffunction-sections" "-fdata-sections" "-fPIC" "-g" "-fno-omit-frame-pointer" "-m64" "-I" "spirv-tools/" "-I" "spirv-tools/include" "-I" "generated/" "-I" "spirv-headers/include" "-I" "spirv-headers/include/spirv/unified1" "-Wall" "-Wextra" "-Wall" "-Wextra" "-Wnon-virtual-dtor" "-Wno-missing-field-initializers" "-Werror" "-std=c++11" "-fno-exceptions" "-fno-rtti" "-Wno-long-long" "-Wshadow" "-Wundef" "-Wconversion" "-Wno-sign-conversion" "-Wno-deprecated-declarations" "-std=gnu++11" "-DSPIRV_CHECK_CONTEXT" "-DSPIRV_LINUX" "-o" "/opt/rustwide/target/debug/build/spirv-tools-sys-efb028863d614978/out/spirv-tools/source/operand.o" "-c" "spirv-tools/source/operand.cpp"
[INFO] [stderr]   running: "c++" "-O0" "-ffunction-sections" "-fdata-sections" "-fPIC" "-g" "-fno-omit-frame-pointer" "-m64" "-I" "spirv-tools/" "-I" "spirv-tools/include" "-I" "generated/" "-I" "spirv-headers/include" "-I" "spirv-headers/include/spirv/unified1" "-Wall" "-Wextra" "-Wall" "-Wextra" "-Wnon-virtual-dtor" "-Wno-missing-field-initializers" "-Werror" "-std=c++11" "-fno-exceptions" "-fno-rtti" "-Wno-long-long" "-Wshadow" "-Wundef" "-Wconversion" "-Wno-sign-conversion" "-Wno-deprecated-declarations" "-std=gnu++11" "-DSPIRV_CHECK_CONTEXT" "-DSPIRV_LINUX" "-o" "/opt/rustwide/target/debug/build/spirv-tools-sys-efb028863d614978/out/spirv-tools/source/parsed_operand.o" "-c" "spirv-tools/source/parsed_operand.cpp"
[INFO] [stderr]   running: "c++" "-O0" "-ffunction-sections" "-fdata-sections" "-fPIC" "-g" "-fno-omit-frame-pointer" "-m64" "-I" "spirv-tools/" "-I" "spirv-tools/include" "-I" "generated/" "-I" "spirv-headers/include" "-I" "spirv-headers/include/spirv/unified1" "-Wall" "-Wextra" "-Wall" "-Wextra" "-Wnon-virtual-dtor" "-Wno-missing-field-initializers" "-Werror" "-std=c++11" "-fno-exceptions" "-fno-rtti" "-Wno-long-long" "-Wshadow" "-Wundef" "-Wconversion" "-Wno-sign-conversion" "-Wno-deprecated-declarations" "-std=gnu++11" "-DSPIRV_CHECK_CONTEXT" "-DSPIRV_LINUX" "-o" "/opt/rustwide/target/debug/build/spirv-tools-sys-efb028863d614978/out/spirv-tools/source/print.o" "-c" "spirv-tools/source/print.cpp"
[INFO] [stderr]   exit status: 0
[INFO] [stderr]   exit status: 0
[INFO] [stderr]   running: "c++" "-O0" "-ffunction-sections" "-fdata-sections" "-fPIC" "-g" "-fno-omit-frame-pointer" "-m64" "-I" "spirv-tools/" "-I" "spirv-tools/include" "-I" "generated/" "-I" "spirv-headers/include" "-I" "spirv-headers/include/spirv/unified1" "-Wall" "-Wextra" "-Wall" "-Wextra" "-Wnon-virtual-dtor" "-Wno-missing-field-initializers" "-Werror" "-std=c++11" "-fno-exceptions" "-fno-rtti" "-Wno-long-long" "-Wshadow" "-Wundef" "-Wconversion" "-Wno-sign-conversion" "-Wno-deprecated-declarations" "-std=gnu++11" "-DSPIRV_CHECK_CONTEXT" "-DSPIRV_LINUX" "-o" "/opt/rustwide/target/debug/build/spirv-tools-sys-efb028863d614978/out/spirv-tools/source/software_version.o" "-c" "spirv-tools/source/software_version.cpp"
[INFO] [stderr]   exit status: 0
[INFO] [stderr]   exit status: 0
[INFO] [stderr]   running: "c++" "-O0" "-ffunction-sections" "-fdata-sections" "-fPIC" "-g" "-fno-omit-frame-pointer" "-m64" "-I" "spirv-tools/" "-I" "spirv-tools/include" "-I" "generated/" "-I" "spirv-headers/include" "-I" "spirv-headers/include/spirv/unified1" "-Wall" "-Wextra" "-Wall" "-Wextra" "-Wnon-virtual-dtor" "-Wno-missing-field-initializers" "-Werror" "-std=c++11" "-fno-exceptions" "-fno-rtti" "-Wno-long-long" "-Wshadow" "-Wundef" "-Wconversion" "-Wno-sign-conversion" "-Wno-deprecated-declarations" "-std=gnu++11" "-DSPIRV_CHECK_CONTEXT" "-DSPIRV_LINUX" "-o" "/opt/rustwide/target/debug/build/spirv-tools-sys-efb028863d614978/out/spirv-tools/source/spirv_endian.o" "-c" "spirv-tools/source/spirv_endian.cpp"
[INFO] [stderr]   exit status: 0
[INFO] [stderr]   exit status: 0
[INFO] [stderr]   running: "c++" "-O0" "-ffunction-sections" "-fdata-sections" "-fPIC" "-g" "-fno-omit-frame-pointer" "-m64" "-I" "spirv-tools/" "-I" "spirv-tools/include" "-I" "generated/" "-I" "spirv-headers/include" "-I" "spirv-headers/include/spirv/unified1" "-Wall" "-Wextra" "-Wall" "-Wextra" "-Wnon-virtual-dtor" "-Wno-missing-field-initializers" "-Werror" "-std=c++11" "-fno-exceptions" "-fno-rtti" "-Wno-long-long" "-Wshadow" "-Wundef" "-Wconversion" "-Wno-sign-conversion" "-Wno-deprecated-declarations" "-std=gnu++11" "-DSPIRV_CHECK_CONTEXT" "-DSPIRV_LINUX" "-o" "/opt/rustwide/target/debug/build/spirv-tools-sys-efb028863d614978/out/spirv-tools/source/spirv_fuzzer_options.o" "-c" "spirv-tools/source/spirv_fuzzer_options.cpp"
[INFO] [stderr]   exit status: 0
[INFO] [stderr]   exit status: 0
[INFO] [stderr]   exit status: 0
[INFO] [stderr]   running: "c++" "-O0" "-ffunction-sections" "-fdata-sections" "-fPIC" "-g" "-fno-omit-frame-pointer" "-m64" "-I" "spirv-tools/" "-I" "spirv-tools/include" "-I" "generated/" "-I" "spirv-headers/include" "-I" "spirv-headers/include/spirv/unified1" "-Wall" "-Wextra" "-Wall" "-Wextra" "-Wnon-virtual-dtor" "-Wno-missing-field-initializers" "-Werror" "-std=c++11" "-fno-exceptions" "-fno-rtti" "-Wno-long-long" "-Wshadow" "-Wundef" "-Wconversion" "-Wno-sign-conversion" "-Wno-deprecated-declarations" "-std=gnu++11" "-DSPIRV_CHECK_CONTEXT" "-DSPIRV_LINUX" "-o" "/opt/rustwide/target/debug/build/spirv-tools-sys-efb028863d614978/out/spirv-tools/source/spirv_optimizer_options.o" "-c" "spirv-tools/source/spirv_optimizer_options.cpp"
[INFO] [stderr]   exit status: 0
[INFO] [stderr]   running: "c++" "-O0" "-ffunction-sections" "-fdata-sections" "-fPIC" "-g" "-fno-omit-frame-pointer" "-m64" "-I" "spirv-tools/" "-I" "spirv-tools/include" "-I" "generated/" "-I" "spirv-headers/include" "-I" "spirv-headers/include/spirv/unified1" "-Wall" "-Wextra" "-Wall" "-Wextra" "-Wnon-virtual-dtor" "-Wno-missing-field-initializers" "-Werror" "-std=c++11" "-fno-exceptions" "-fno-rtti" "-Wno-long-long" "-Wshadow" "-Wundef" "-Wconversion" "-Wno-sign-conversion" "-Wno-deprecated-declarations" "-std=gnu++11" "-DSPIRV_CHECK_CONTEXT" "-DSPIRV_LINUX" "-o" "/opt/rustwide/target/debug/build/spirv-tools-sys-efb028863d614978/out/spirv-tools/source/spirv_reducer_options.o" "-c" "spirv-tools/source/spirv_reducer_options.cpp"
[INFO] [stderr]   exit status: 0
[INFO] [stderr]   exit status: 0
[INFO] [stderr]   running: "c++" "-O0" "-ffunction-sections" "-fdata-sections" "-fPIC" "-g" "-fno-omit-frame-pointer" "-m64" "-I" "spirv-tools/" "-I" "spirv-tools/include" "-I" "generated/" "-I" "spirv-headers/include" "-I" "spirv-headers/include/spirv/unified1" "-Wall" "-Wextra" "-Wall" "-Wextra" "-Wnon-virtual-dtor" "-Wno-missing-field-initializers" "-Werror" "-std=c++11" "-fno-exceptions" "-fno-rtti" "-Wno-long-long" "-Wshadow" "-Wundef" "-Wconversion" "-Wno-sign-conversion" "-Wno-deprecated-declarations" "-std=gnu++11" "-DSPIRV_CHECK_CONTEXT" "-DSPIRV_LINUX" "-o" "/opt/rustwide/target/debug/build/spirv-tools-sys-efb028863d614978/out/spirv-tools/source/spirv_target_env.o" "-c" "spirv-tools/source/spirv_target_env.cpp"
[INFO] [stderr]   exit status: 0
[INFO] [stderr]   running: "c++" "-O0" "-ffunction-sections" "-fdata-sections" "-fPIC" "-g" "-fno-omit-frame-pointer" "-m64" "-I" "spirv-tools/" "-I" "spirv-tools/include" "-I" "generated/" "-I" "spirv-headers/include" "-I" "spirv-headers/include/spirv/unified1" "-Wall" "-Wextra" "-Wall" "-Wextra" "-Wnon-virtual-dtor" "-Wno-missing-field-initializers" "-Werror" "-std=c++11" "-fno-exceptions" "-fno-rtti" "-Wno-long-long" "-Wshadow" "-Wundef" "-Wconversion" "-Wno-sign-conversion" "-Wno-deprecated-declarations" "-std=gnu++11" "-DSPIRV_CHECK_CONTEXT" "-DSPIRV_LINUX" "-o" "/opt/rustwide/target/debug/build/spirv-tools-sys-efb028863d614978/out/spirv-tools/source/spirv_validator_options.o" "-c" "spirv-tools/source/spirv_validator_options.cpp"
[INFO] [stderr]   running: "c++" "-O0" "-ffunction-sections" "-fdata-sections" "-fPIC" "-g" "-fno-omit-frame-pointer" "-m64" "-I" "spirv-tools/" "-I" "spirv-tools/include" "-I" "generated/" "-I" "spirv-headers/include" "-I" "spirv-headers/include/spirv/unified1" "-Wall" "-Wextra" "-Wall" "-Wextra" "-Wnon-virtual-dtor" "-Wno-missing-field-initializers" "-Werror" "-std=c++11" "-fno-exceptions" "-fno-rtti" "-Wno-long-long" "-Wshadow" "-Wundef" "-Wconversion" "-Wno-sign-conversion" "-Wno-deprecated-declarations" "-std=gnu++11" "-DSPIRV_CHECK_CONTEXT" "-DSPIRV_LINUX" "-o" "/opt/rustwide/target/debug/build/spirv-tools-sys-efb028863d614978/out/spirv-tools/source/table.o" "-c" "spirv-tools/source/table.cpp"
[INFO] [stderr]   running: "c++" "-O0" "-ffunction-sections" "-fdata-sections" "-fPIC" "-g" "-fno-omit-frame-pointer" "-m64" "-I" "spirv-tools/" "-I" "spirv-tools/include" "-I" "generated/" "-I" "spirv-headers/include" "-I" "spirv-headers/include/spirv/unified1" "-Wall" "-Wextra" "-Wall" "-Wextra" "-Wnon-virtual-dtor" "-Wno-missing-field-initializers" "-Werror" "-std=c++11" "-fno-exceptions" "-fno-rtti" "-Wno-long-long" "-Wshadow" "-Wundef" "-Wconversion" "-Wno-sign-conversion" "-Wno-deprecated-declarations" "-std=gnu++11" "-DSPIRV_CHECK_CONTEXT" "-DSPIRV_LINUX" "-o" "/opt/rustwide/target/debug/build/spirv-tools-sys-efb028863d614978/out/spirv-tools/source/text.o" "-c" "spirv-tools/source/text.cpp"
[INFO] [stderr]   running: "c++" "-O0" "-ffunction-sections" "-fdata-sections" "-fPIC" "-g" "-fno-omit-frame-pointer" "-m64" "-I" "spirv-tools/" "-I" "spirv-tools/include" "-I" "generated/" "-I" "spirv-headers/include" "-I" "spirv-headers/include/spirv/unified1" "-Wall" "-Wextra" "-Wall" "-Wextra" "-Wnon-virtual-dtor" "-Wno-missing-field-initializers" "-Werror" "-std=c++11" "-fno-exceptions" "-fno-rtti" "-Wno-long-long" "-Wshadow" "-Wundef" "-Wconversion" "-Wno-sign-conversion" "-Wno-deprecated-declarations" "-std=gnu++11" "-DSPIRV_CHECK_CONTEXT" "-DSPIRV_LINUX" "-o" "/opt/rustwide/target/debug/build/spirv-tools-sys-efb028863d614978/out/spirv-tools/source/text_handler.o" "-c" "spirv-tools/source/text_handler.cpp"
[INFO] [stderr]   exit status: 0
[INFO] [stderr]   running: "c++" "-O0" "-ffunction-sections" "-fdata-sections" "-fPIC" "-g" "-fno-omit-frame-pointer" "-m64" "-I" "spirv-tools/" "-I" "spirv-tools/include" "-I" "generated/" "-I" "spirv-headers/include" "-I" "spirv-headers/include/spirv/unified1" "-Wall" "-Wextra" "-Wall" "-Wextra" "-Wnon-virtual-dtor" "-Wno-missing-field-initializers" "-Werror" "-std=c++11" "-fno-exceptions" "-fno-rtti" "-Wno-long-long" "-Wshadow" "-Wundef" "-Wconversion" "-Wno-sign-conversion" "-Wno-deprecated-declarations" "-std=gnu++11" "-DSPIRV_CHECK_CONTEXT" "-DSPIRV_LINUX" "-o" "/opt/rustwide/target/debug/build/spirv-tools-sys-efb028863d614978/out/spirv-tools/source/val/validate.o" "-c" "spirv-tools/source/val/validate.cpp"
[INFO] [stderr]   exit status: 0
[INFO] [stderr]   exit status: 0
[INFO] [stderr]   running: "c++" "-O0" "-ffunction-sections" "-fdata-sections" "-fPIC" "-g" "-fno-omit-frame-pointer" "-m64" "-I" "spirv-tools/" "-I" "spirv-tools/include" "-I" "generated/" "-I" "spirv-headers/include" "-I" "spirv-headers/include/spirv/unified1" "-Wall" "-Wextra" "-Wall" "-Wextra" "-Wnon-virtual-dtor" "-Wno-missing-field-initializers" "-Werror" "-std=c++11" "-fno-exceptions" "-fno-rtti" "-Wno-long-long" "-Wshadow" "-Wundef" "-Wconversion" "-Wno-sign-conversion" "-Wno-deprecated-declarations" "-std=gnu++11" "-DSPIRV_CHECK_CONTEXT" "-DSPIRV_LINUX" "-o" "/opt/rustwide/target/debug/build/spirv-tools-sys-efb028863d614978/out/spirv-tools/source/val/validate_adjacency.o" "-c" "spirv-tools/source/val/validate_adjacency.cpp"
[INFO] [stderr]   running: "c++" "-O0" "-ffunction-sections" "-fdata-sections" "-fPIC" "-g" "-fno-omit-frame-pointer" "-m64" "-I" "spirv-tools/" "-I" "spirv-tools/include" "-I" "generated/" "-I" "spirv-headers/include" "-I" "spirv-headers/include/spirv/unified1" "-Wall" "-Wextra" "-Wall" "-Wextra" "-Wnon-virtual-dtor" "-Wno-missing-field-initializers" "-Werror" "-std=c++11" "-fno-exceptions" "-fno-rtti" "-Wno-long-long" "-Wshadow" "-Wundef" "-Wconversion" "-Wno-sign-conversion" "-Wno-deprecated-declarations" "-std=gnu++11" "-DSPIRV_CHECK_CONTEXT" "-DSPIRV_LINUX" "-o" "/opt/rustwide/target/debug/build/spirv-tools-sys-efb028863d614978/out/spirv-tools/source/val/validate_annotation.o" "-c" "spirv-tools/source/val/validate_annotation.cpp"
[INFO] [stderr]   exit status: 0
[INFO] [stderr]   running: "c++" "-O0" "-ffunction-sections" "-fdata-sections" "-fPIC" "-g" "-fno-omit-frame-pointer" "-m64" "-I" "spirv-tools/" "-I" "spirv-tools/include" "-I" "generated/" "-I" "spirv-headers/include" "-I" "spirv-headers/include/spirv/unified1" "-Wall" "-Wextra" "-Wall" "-Wextra" "-Wnon-virtual-dtor" "-Wno-missing-field-initializers" "-Werror" "-std=c++11" "-fno-exceptions" "-fno-rtti" "-Wno-long-long" "-Wshadow" "-Wundef" "-Wconversion" "-Wno-sign-conversion" "-Wno-deprecated-declarations" "-std=gnu++11" "-DSPIRV_CHECK_CONTEXT" "-DSPIRV_LINUX" "-o" "/opt/rustwide/target/debug/build/spirv-tools-sys-efb028863d614978/out/spirv-tools/source/val/validate_arithmetics.o" "-c" "spirv-tools/source/val/validate_arithmetics.cpp"
[INFO] [stderr]   running: "c++" "-O0" "-ffunction-sections" "-fdata-sections" "-fPIC" "-g" "-fno-omit-frame-pointer" "-m64" "-I" "spirv-tools/" "-I" "spirv-tools/include" "-I" "generated/" "-I" "spirv-headers/include" "-I" "spirv-headers/include/spirv/unified1" "-Wall" "-Wextra" "-Wall" "-Wextra" "-Wnon-virtual-dtor" "-Wno-missing-field-initializers" "-Werror" "-std=c++11" "-fno-exceptions" "-fno-rtti" "-Wno-long-long" "-Wshadow" "-Wundef" "-Wconversion" "-Wno-sign-conversion" "-Wno-deprecated-declarations" "-std=gnu++11" "-DSPIRV_CHECK_CONTEXT" "-DSPIRV_LINUX" "-o" "/opt/rustwide/target/debug/build/spirv-tools-sys-efb028863d614978/out/spirv-tools/source/val/validate_atomics.o" "-c" "spirv-tools/source/val/validate_atomics.cpp"
[INFO] [stderr]   running: "c++" "-O0" "-ffunction-sections" "-fdata-sections" "-fPIC" "-g" "-fno-omit-frame-pointer" "-m64" "-I" "spirv-tools/" "-I" "spirv-tools/include" "-I" "generated/" "-I" "spirv-headers/include" "-I" "spirv-headers/include/spirv/unified1" "-Wall" "-Wextra" "-Wall" "-Wextra" "-Wnon-virtual-dtor" "-Wno-missing-field-initializers" "-Werror" "-std=c++11" "-fno-exceptions" "-fno-rtti" "-Wno-long-long" "-Wshadow" "-Wundef" "-Wconversion" "-Wno-sign-conversion" "-Wno-deprecated-declarations" "-std=gnu++11" "-DSPIRV_CHECK_CONTEXT" "-DSPIRV_LINUX" "-o" "/opt/rustwide/target/debug/build/spirv-tools-sys-efb028863d614978/out/spirv-tools/source/val/validate_barriers.o" "-c" "spirv-tools/source/val/validate_barriers.cpp"
[INFO] [stderr]   running: "c++" "-O0" "-ffunction-sections" "-fdata-sections" "-fPIC" "-g" "-fno-omit-frame-pointer" "-m64" "-I" "spirv-tools/" "-I" "spirv-tools/include" "-I" "generated/" "-I" "spirv-headers/include" "-I" "spirv-headers/include/spirv/unified1" "-Wall" "-Wextra" "-Wall" "-Wextra" "-Wnon-virtual-dtor" "-Wno-missing-field-initializers" "-Werror" "-std=c++11" "-fno-exceptions" "-fno-rtti" "-Wno-long-long" "-Wshadow" "-Wundef" "-Wconversion" "-Wno-sign-conversion" "-Wno-deprecated-declarations" "-std=gnu++11" "-DSPIRV_CHECK_CONTEXT" "-DSPIRV_LINUX" "-o" "/opt/rustwide/target/debug/build/spirv-tools-sys-efb028863d614978/out/spirv-tools/source/val/validate_bitwise.o" "-c" "spirv-tools/source/val/validate_bitwise.cpp"
[INFO] [stderr]   running: "c++" "-O0" "-ffunction-sections" "-fdata-sections" "-fPIC" "-g" "-fno-omit-frame-pointer" "-m64" "-I" "spirv-tools/" "-I" "spirv-tools/include" "-I" "generated/" "-I" "spirv-headers/include" "-I" "spirv-headers/include/spirv/unified1" "-Wall" "-Wextra" "-Wall" "-Wextra" "-Wnon-virtual-dtor" "-Wno-missing-field-initializers" "-Werror" "-std=c++11" "-fno-exceptions" "-fno-rtti" "-Wno-long-long" "-Wshadow" "-Wundef" "-Wconversion" "-Wno-sign-conversion" "-Wno-deprecated-declarations" "-std=gnu++11" "-DSPIRV_CHECK_CONTEXT" "-DSPIRV_LINUX" "-o" "/opt/rustwide/target/debug/build/spirv-tools-sys-efb028863d614978/out/spirv-tools/source/val/validate_builtins.o" "-c" "spirv-tools/source/val/validate_builtins.cpp"
[INFO] [stderr]   running: "c++" "-O0" "-ffunction-sections" "-fdata-sections" "-fPIC" "-g" "-fno-omit-frame-pointer" "-m64" "-I" "spirv-tools/" "-I" "spirv-tools/include" "-I" "generated/" "-I" "spirv-headers/include" "-I" "spirv-headers/include/spirv/unified1" "-Wall" "-Wextra" "-Wall" "-Wextra" "-Wnon-virtual-dtor" "-Wno-missing-field-initializers" "-Werror" "-std=c++11" "-fno-exceptions" "-fno-rtti" "-Wno-long-long" "-Wshadow" "-Wundef" "-Wconversion" "-Wno-sign-conversion" "-Wno-deprecated-declarations" "-std=gnu++11" "-DSPIRV_CHECK_CONTEXT" "-DSPIRV_LINUX" "-o" "/opt/rustwide/target/debug/build/spirv-tools-sys-efb028863d614978/out/spirv-tools/source/val/validate_capability.o" "-c" "spirv-tools/source/val/validate_capability.cpp"
[INFO] [stderr]   running: "c++" "-O0" "-ffunction-sections" "-fdata-sections" "-fPIC" "-g" "-fno-omit-frame-pointer" "-m64" "-I" "spirv-tools/" "-I" "spirv-tools/include" "-I" "generated/" "-I" "spirv-headers/include" "-I" "spirv-headers/include/spirv/unified1" "-Wall" "-Wextra" "-Wall" "-Wextra" "-Wnon-virtual-dtor" "-Wno-missing-field-initializers" "-Werror" "-std=c++11" "-fno-exceptions" "-fno-rtti" "-Wno-long-long" "-Wshadow" "-Wundef" "-Wconversion" "-Wno-sign-conversion" "-Wno-deprecated-declarations" "-std=gnu++11" "-DSPIRV_CHECK_CONTEXT" "-DSPIRV_LINUX" "-o" "/opt/rustwide/target/debug/build/spirv-tools-sys-efb028863d614978/out/spirv-tools/source/val/validate_cfg.o" "-c" "spirv-tools/source/val/validate_cfg.cpp"
[INFO] [stderr]   running: "c++" "-O0" "-ffunction-sections" "-fdata-sections" "-fPIC" "-g" "-fno-omit-frame-pointer" "-m64" "-I" "spirv-tools/" "-I" "spirv-tools/include" "-I" "generated/" "-I" "spirv-headers/include" "-I" "spirv-headers/include/spirv/unified1" "-Wall" "-Wextra" "-Wall" "-Wextra" "-Wnon-virtual-dtor" "-Wno-missing-field-initializers" "-Werror" "-std=c++11" "-fno-exceptions" "-fno-rtti" "-Wno-long-long" "-Wshadow" "-Wundef" "-Wconversion" "-Wno-sign-conversion" "-Wno-deprecated-declarations" "-std=gnu++11" "-DSPIRV_CHECK_CONTEXT" "-DSPIRV_LINUX" "-o" "/opt/rustwide/target/debug/build/spirv-tools-sys-efb028863d614978/out/spirv-tools/source/val/validate_composites.o" "-c" "spirv-tools/source/val/validate_composites.cpp"
[INFO] [stderr]   cargo:warning=c++: fatal error: Killed signal terminated program cc1plus
[INFO] [stderr]   cargo:warning=compilation terminated.
[INFO] [stderr]   exit status: 1
[INFO] [stderr]   running: "c++" "-O0" "-ffunction-sections" "-fdata-sections" "-fPIC" "-g" "-fno-omit-frame-pointer" "-m64" "-I" "spirv-tools/" "-I" "spirv-tools/include" "-I" "generated/" "-I" "spirv-headers/include" "-I" "spirv-headers/include/spirv/unified1" "-Wall" "-Wextra" "-Wall" "-Wextra" "-Wnon-virtual-dtor" "-Wno-missing-field-initializers" "-Werror" "-std=c++11" "-fno-exceptions" "-fno-rtti" "-Wno-long-long" "-Wshadow" "-Wundef" "-Wconversion" "-Wno-sign-conversion" "-Wno-deprecated-declarations" "-std=gnu++11" "-DSPIRV_CHECK_CONTEXT" "-DSPIRV_LINUX" "-o" "/opt/rustwide/target/debug/build/spirv-tools-sys-efb028863d614978/out/spirv-tools/source/val/validate_constants.o" "-c" "spirv-tools/source/val/validate_constants.cpp"
[INFO] [stderr]   exit status: 0
[INFO] [stderr]   exit status: 0
[INFO] [stderr]   exit status: 0
[INFO] [stderr]   cargo:warning=c++: fatal error: Killed signal terminated program cc1plus
[INFO] [stderr]   cargo:warning=compilation terminated.
[INFO] [stderr]   exit status: 1
[INFO] [stderr]   exit status: 0
[INFO] [stderr]   exit status: 0
[INFO] [stderr]   exit status: 0
[INFO] [stderr]   exit status: 0
[INFO] [stderr]   exit status: 0
[INFO] [stderr]   exit status: 0
[INFO] [stderr]   exit status: 0
[INFO] [stderr]   exit status: 0
[INFO] [stderr]   exit status: 0
[INFO] [stderr] 
[INFO] [stderr]   --- stderr
[INFO] [stderr] 
[INFO] [stderr] 
[INFO] [stderr]   error occurred: Command "c++" "-O0" "-ffunction-sections" "-fdata-sections" "-fPIC" "-g" "-fno-omit-frame-pointer" "-m64" "-I" "spirv-tools/" "-I" "spirv-tools/include" "-I" "generated/" "-I" "spirv-headers/include" "-I" "spirv-headers/include/spirv/unified1" "-Wall" "-Wextra" "-Wall" "-Wextra" "-Wnon-virtual-dtor" "-Wno-missing-field-initializers" "-Werror" "-std=c++11" "-fno-exceptions" "-fno-rtti" "-Wno-long-long" "-Wshadow" "-Wundef" "-Wconversion" "-Wno-sign-conversion" "-Wno-deprecated-declarations" "-std=gnu++11" "-DSPIRV_CHECK_CONTEXT" "-DSPIRV_LINUX" "-o" "/opt/rustwide/target/debug/build/spirv-tools-sys-efb028863d614978/out/spirv-tools/source/val/validate.o" "-c" "spirv-tools/source/val/validate.cpp" with args "c++" did not execute successfully (status code exit status: 1).
[INFO] [stderr] 
[INFO] [stderr] 
[INFO] running `Command { std: "docker" "inspect" "4e70c07d680baa77806e391302dc0f98e6682d2aacf128b2f1e41416f3eb81e9", kill_on_drop: false }`
[INFO] running `Command { std: "docker" "rm" "-f" "4e70c07d680baa77806e391302dc0f98e6682d2aacf128b2f1e41416f3eb81e9", kill_on_drop: false }`
[INFO] [stdout] 4e70c07d680baa77806e391302dc0f98e6682d2aacf128b2f1e41416f3eb81e9
